Report for MooseX-Types-Locale-Country-0.04

Back
From: metabase:user:3198cbe2-2aae-11df-837a-5e0a49663a4f
Subject: FAIL MooseX-Types-Locale-Country-0.04 v5.18.1 GNU/Linux
Date: 2013-10-14T10:07:52Z

This distribution has been tested as part of the CPAN Testers
project, supporting the Perl programming language.  See
http://wiki.cpantesters.org/ for more information or email
questions to cpan-testers-discuss@perl.org


--
Dear Moriya Masaki,

This is a computer-generated report for MooseX-Types-Locale-Country-0.04
on perl 5.18.1, created by CPAN-Reporter-1.2010.

Thank you for uploading your work to CPAN.  However, there was a problem
testing your distribution.

If you think this report is invalid, please consult the CPAN Testers Wiki
for suggestions on how to avoid getting FAIL reports for missing library
or binary dependencies, unsupported operating systems, and so on:

http://wiki.cpantesters.org/wiki/CPANAuthorNotes

Sections of this report:

    * Tester comments
    * Program output
    * Prerequisites
    * Environment and other context

------------------------------
TESTER COMMENTS
------------------------------

Additional comments from tester:

this report is from an automated smoke testing program
and was not reviewed by a human for accuracy

------------------------------
PROGRAM OUTPUT
------------------------------

Output from '/usr/bin/make test':

PERL_DL_NONLAZY=1 /home/graham/perls/perl-5.18.1/bin/perl "-MExtUtils::Command::MM" "-MTest::Harness" "-e" "undef *Test::Harness::Switches; test_harness(0, 'inc', 'blib/lib', 'blib/arch')" t/*.t
Test::Builder::Module version 0.99 required--this is only version 0.94 at /home/graham/perls/perl-5.18.1/lib/5.18.1/Test/More.pm line 23.
BEGIN failed--compilation aborted at /home/graham/perls/perl-5.18.1/lib/5.18.1/Test/More.pm line 23.
Compilation failed in require at t/lib/Test/MooseX/Types/Locale/Country/Base.pm line 17.
BEGIN failed--compilation aborted at t/lib/Test/MooseX/Types/Locale/Country/Base.pm line 17.
Compilation failed in require at (eval 2) line 2.
	...propagated at /home/graham/perls/perl-5.18.1/lib/5.18.1/base.pm line 84.
BEGIN failed--compilation aborted at t/lib/Test/MooseX/Types/Locale/Country.pm line 18.
Compilation failed in require at t/00_normal.t line 8.
BEGIN failed--compilation aborted at t/00_normal.t line 8.
t/00_normal.t ......... 
Dubious, test returned 255 (wstat 65280, 0xff00)
No subtests run 
Test::Builder::Module version 0.99 required--this is only version 0.94 at /home/graham/perls/perl-5.18.1/lib/5.18.1/Test/More.pm line 23.
BEGIN failed--compilation aborted at /home/graham/perls/perl-5.18.1/lib/5.18.1/Test/More.pm line 23.
Compilation failed in require at t/lib/Test/MooseX/Types/Locale/Country/Getopt.pm line 16.
BEGIN failed--compilation aborted at t/lib/Test/MooseX/Types/Locale/Country/Getopt.pm line 16.
Compilation failed in require at t/01_normal_getopt.t line 13.
BEGIN failed--compilation aborted at t/01_normal_getopt.t line 13.
t/01_normal_getopt.t .. 
Dubious, test returned 255 (wstat 65280, 0xff00)
No subtests run 
Test::Builder::Module version 0.99 required--this is only version 0.94 at /home/graham/perls/perl-5.18.1/lib/5.18.1/Test/More.pm line 23.
BEGIN failed--compilation aborted at /home/graham/perls/perl-5.18.1/lib/5.18.1/Test/More.pm line 23.
Compilation failed in require at t/lib/Test/MooseX/Types/Locale/Country/Fast.pm line 17.
BEGIN failed--compilation aborted at t/lib/Test/MooseX/Types/Locale/Country/Fast.pm line 17.
Compilation failed in require at t/10_fast.t line 8.
BEGIN failed--compilation aborted at t/10_fast.t line 8.
t/10_fast.t ........... 
Dubious, test returned 255 (wstat 65280, 0xff00)
No subtests run 
Test::Builder::Module version 0.99 required--this is only version 0.94 at /home/graham/perls/perl-5.18.1/lib/5.18.1/Test/More.pm line 23.
BEGIN failed--compilation aborted at /home/graham/perls/perl-5.18.1/lib/5.18.1/Test/More.pm line 23.
Compilation failed in require at t/lib/Test/MooseX/Types/Locale/Country/Fast/Getopt.pm line 16.
BEGIN failed--compilation aborted at t/lib/Test/MooseX/Types/Locale/Country/Fast/Getopt.pm line 16.
Compilation failed in require at t/11_fast_getopt.t line 13.
BEGIN failed--compilation aborted at t/11_fast_getopt.t line 13.
t/11_fast_getopt.t .... 
Dubious, test returned 255 (wstat 65280, 0xff00)
No subtests run 

Test Summary Report
-------------------
t/00_normal.t       (Wstat: 65280 Tests: 0 Failed: 0)
  Non-zero exit status: 255
  Parse errors: No plan found in TAP output
t/01_normal_getopt.t (Wstat: 65280 Tests: 0 Failed: 0)
  Non-zero exit status: 255
  Parse errors: No plan found in TAP output
t/10_fast.t         (Wstat: 65280 Tests: 0 Failed: 0)
  Non-zero exit status: 255
  Parse errors: No plan found in TAP output
t/11_fast_getopt.t  (Wstat: 65280 Tests: 0 Failed: 0)
  Non-zero exit status: 255
  Parse errors: No plan found in TAP output
Files=4, Tests=0,  1 wallclock secs ( 0.04 usr  0.00 sys +  0.07 cusr  0.03 csys =  0.14 CPU)
Result: FAIL
Failed 4/4 test programs. 0/0 subtests failed.
make: *** [test_dynamic] Error 255

------------------------------
PREREQUISITES
------------------------------

Prerequisite modules loaded:

requires:

    Module              Need     Have    
    ------------------- -------- --------
    Locale::Country     0        3.27    
    Moose               0.41     2.1100  
    MooseX::Types       0.19     0.38    
    namespace::clean    0.08     0.24    
    perl                5.008001 5.018001

build_requires:

    Module              Need     Have    
    ------------------- -------- --------
    ExtUtils::MakeMaker 6.42     6.79_04 
    Test::Class         0.34     0.39    
    Test::Exception     0.27     0.32    
    Test::More          0        0.99    
    Test::Requires      0        0.07    
    Test::Warn          0        0.24    

configure_requires:

    Module              Need     Have    
    ------------------- -------- --------
    ExtUtils::MakeMaker 6.42     6.79_04 


------------------------------
ENVIRONMENT AND OTHER CONTEXT
------------------------------

Environment variables:

    AUTOMATED_TESTING = 1
    LANG = en_GB.UTF-8
    PATH = /home/graham/perls/perl-5.18.1/bin:/usr/local/sbin:/usr/local/bin:/usr/bin:/usr/bin/vendor_perl:/usr/bin/core_perl
    PERL5LIB = 
    PERL5OPT = 
    PERL5_CPANPLUS_IS_RUNNING = 8448
    PERL5_CPAN_IS_RUNNING = 8448
    PERL5_CPAN_IS_RUNNING_IN_RECURSION = 369,8448
    PERL_CR_SMOKER_CURRENT = Business-CyberSource-0.009000
    PERL_EXTUTILS_AUTOINSTALL = --defaultdeps
    PERL_MM_USE_DEFAULT = 1
    SHELL = /bin/bash
    TERM = xterm

Perl special variables (and OS-specific diagnostics, for MSWin32):

    $^X = /home/graham/perls/perl-5.18.1/bin/perl
    $UID/$EUID = 1000 / 1000
    $GID = 100 10 95 98 100
    $EGID = 100 10 95 98 100

Perl module toolchain versions installed:

    Module              Have    
    ------------------- --------
    CPAN                2.03    
    CPAN::Meta          2.132830
    Cwd                 3.40    
    ExtUtils::CBuilder  0.280212
    ExtUtils::Command   1.18    
    ExtUtils::Install   1.59    
    ExtUtils::MakeMaker 6.79_04 
    ExtUtils::Manifest  1.63    
    ExtUtils::ParseXS   3.22    
    File::Spec          3.40    
    JSON                2.59    
    JSON::PP            2.27202 
    Module::Build       0.4003  
    Module::Signature   0.73    
    Parse::CPAN::Meta   1.4409  
    Test::Harness       3.29    
    Test::More          0.99    
    YAML                0.84    
    YAML::Syck          1.27    
    version             0.9904  


--

Summary of my perl5 (revision 5 version 18 subversion 1) configuration:
   
  Platform:
    osname=linux, osvers=3.11.4-1-arch, archname=x86_64-linux
    uname='linux grosics 3.11.4-1-arch #1 smp preempt sat oct 5 21:22:51 cest 2013 x86_64 gnulinux '
    config_args=''
    hint=recommended, useposix=true, d_sigaction=define
    useithreads=undef, usemultiplicity=undef
    useperlio=define, d_sfio=undef, uselargefiles=define, usesocks=undef
    use64bitint=define, use64bitall=define, uselongdouble=undef
    usemymalloc=n, bincompat5005=undef
  Compiler:
    cc='cc', ccflags ='-fno-strict-aliasing -pipe -fstack-protector -I/usr/local/include -D_LARGEFILE_SOURCE -D_FILE_OFFSET_BITS=64',
    optimize='-O2',
    cppflags='-fno-strict-aliasing -pipe -fstack-protector -I/usr/local/include'
    ccversion='', gccversion='4.8.1 20130725 (prerelease)', gccosandvers=''
    intsize=4, longsize=8, ptrsize=8, doublesize=8, byteorder=12345678
    d_longlong=define, longlongsize=8, d_longdbl=define, longdblsize=16
    ivtype='long', ivsize=8, nvtype='double', nvsize=8, Off_t='off_t', lseeksize=8
    alignbytes=8, prototype=define
  Linker and Libraries:
    ld='cc', ldflags =' -fstack-protector -L/usr/local/lib'
    libpth=/usr/local/lib /lib/../lib /usr/lib/../lib /lib /usr/lib /lib64 /usr/lib64
    libs=-lnsl -lgdbm -ldb -ldl -lm -lcrypt -lutil -lc -lgdbm_compat
    perllibs=-lnsl -ldl -lm -lcrypt -lutil -lc
    libc=/lib/libc-2.18.so, so=so, useshrplib=false, libperl=libperl.a
    gnulibc_version='2.18'
  Dynamic Linking:
    dlsrc=dl_dlopen.xs, dlext=so, d_dlsymun=undef, ccdlflags='-Wl,-E'
    cccdlflags='-fPIC', lddlflags='-shared -O2 -L/usr/local/lib -fstack-protector'


Characteristics of this binary (from libperl): 
  Compile-time options: HAS_TIMES PERLIO_LAYERS PERL_DONT_CREATE_GVSV
                        PERL_HASH_FUNC_ONE_AT_A_TIME_HARD PERL_MALLOC_WRAP
                        PERL_PRESERVE_IVUV PERL_SAWAMPERSAND USE_64_BIT_ALL
                        USE_64_BIT_INT USE_LARGE_FILES USE_LOCALE
                        USE_LOCALE_COLLATE USE_LOCALE_CTYPE
                        USE_LOCALE_NUMERIC USE_PERLIO USE_PERL_ATOF
  Built under linux
  Compiled at Oct 11 2013 10:49:28
  %ENV:
    PERL5LIB=""
    PERL5OPT=""
    PERL5_CPANPLUS_IS_RUNNING="8448"
    PERL5_CPAN_IS_RUNNING="8448"
    PERL5_CPAN_IS_RUNNING_IN_RECURSION="369,8448"
    PERL_CR_SMOKER_CURRENT="Business-CyberSource-0.009000"
    PERL_EXTUTILS_AUTOINSTALL="--defaultdeps"
    PERL_MM_USE_DEFAULT="1"
  @INC:
    /home/graham/perls/perl-5.18.1/lib/site_perl/5.18.1/x86_64-linux
    /home/graham/perls/perl-5.18.1/lib/site_perl/5.18.1
    /home/graham/perls/perl-5.18.1/lib/5.18.1/x86_64-linux
    /home/graham/perls/perl-5.18.1/lib/5.18.1
    .