Report for HTTP-Server-Brick-0.1.4

Back
From: metabase:user:314402c4-2aae-11df-837a-5e0a49663a4f
Subject: FAIL HTTP-Server-Brick-0.1.4 v5.20.2 FreeBSD
Date: 2015-03-19T07:35:14Z

This distribution has been tested as part of the CPAN Testers
project, supporting the Perl programming language.  See
http://wiki.cpantesters.org/ for more information or email
questions to cpan-testers-discuss@perl.org


--
Dear Mark Aufflick,

This is a computer-generated report for HTTP-Server-Brick-0.1.4
on perl 5.20.2, created by CPAN-Reporter-1.2011.

Thank you for uploading your work to CPAN.  However, there was a problem
testing your distribution.

If you think this report is invalid, please consult the CPAN Testers Wiki
for suggestions on how to avoid getting FAIL reports for missing library
or binary dependencies, unsupported operating systems, and so on:

http://wiki.cpantesters.org/wiki/CPANAuthorNotes

Sections of this report:

    * Tester comments
    * Program output
    * Prerequisites
    * Environment and other context

------------------------------
TESTER COMMENTS
------------------------------

Additional comments from tester:

none provided

------------------------------
PROGRAM OUTPUT
------------------------------

Output from './Build test':

# Testing HTTP::Server::Brick v0.1.4
t/00.load.t ....... ok
t/pod-coverage.t .. ok
t/pod.t ........... ok
# 
# 
# Using port: 85432 and host: 127.0.0.1 for test server.
# If these are not suitable settings on your machine, set the environment
# variables HSB_TEST_PORT and HSB_TEST_HOST to something suitable.
# 
# Configuring server
# Starting server

#   Failed test 'Pathological case - mount doesn't exist (result code as expected).'
#   at t/serving.t line 49.
#          got: 500
#     expected: 404

#   Failed test 'Pathological case - mount doesn't exist (content matched).'
#   at t/serving.t line 50.
#                   'Can't connect to 127.0.0.1:85432
# 
# servname not supported for ai_socktype at /usr/perl5.20.2p/lib/site_perl/5.20.2/LWP/Protocol/http.pm line 47.
# '
#     doesn't match '(?^:Not Found in Site Map)'

#   Failed test 'Directory indexing (result code as expected).'
#   at t/serving.t line 49.
#          got: 500
#     expected: 200

#   Failed test 'Directory indexing (content matched).'
#   at t/serving.t line 50.
#                   'Can't connect to 127.0.0.1:85432
# 
# servname not supported for ai_socktype at /usr/perl5.20.2p/lib/site_perl/5.20.2/LWP/Protocol/http.pm line 47.
# '
#     doesn't match '(?^s:static/test.*foo.html.*foo.txt)'

#   Failed test 'Directory indexing (Mime type)'
#   at t/serving.t line 52.
#          got: 'text/plain'
#     expected: 'text/html'

#   Failed test 'Static file not found (result code as expected).'
#   at t/serving.t line 49.
#          got: 500
#     expected: 404

#   Failed test 'Static file not found (content matched).'
#   at t/serving.t line 50.
#                   'Can't connect to 127.0.0.1:85432
# 
# servname not supported for ai_socktype at /usr/perl5.20.2p/lib/site_perl/5.20.2/LWP/Protocol/http.pm line 47.
# '
#     doesn't match '(?^:File Not Found)'

#   Failed test 'Plain text static file (result code as expected).'
#   at t/serving.t line 49.
#          got: 500
#     expected: 200

#   Failed test 'Plain text static file (content matched).'
#   at t/serving.t line 50.
#                   'Can't connect to 127.0.0.1:85432
# 
# servname not supported for ai_socktype at /usr/perl5.20.2p/lib/site_perl/5.20.2/LWP/Protocol/http.pm line 47.
# '
#     doesn't match '(?^:Hello Everybody)'

#   Failed test 'HTML static file (result code as expected).'
#   at t/serving.t line 49.
#          got: 500
#     expected: 200

#   Failed test 'HTML static file (content matched).'
#   at t/serving.t line 50.
#                   'Can't connect to 127.0.0.1:85432
# 
# servname not supported for ai_socktype at /usr/perl5.20.2p/lib/site_perl/5.20.2/LWP/Protocol/http.pm line 47.
# '
#     doesn't match '(?^:<html><body><h1>Hi Dr Nick</h1></body></html>)'

#   Failed test 'HTML static file (Mime type)'
#   at t/serving.t line 52.
#          got: 'text/plain'
#     expected: 'text/html'

#   Failed test 'HTTP Return code via handler return value (result code as expected).'
#   at t/serving.t line 49.
#          got: 500
#     expected: 409

#   Failed test 'HTTP Return code via handler return value (content matched).'
#   at t/serving.t line 50.
#                   'Can't connect to 127.0.0.1:85432
# 
# servname not supported for ai_socktype at /usr/perl5.20.2p/lib/site_perl/5.20.2/LWP/Protocol/http.pm line 47.
# '
#     doesn't match '(?^:Conflict)'

#   Failed test 'HTTP Return code via HTTP::Response->code() (result code as expected).'
#   at t/serving.t line 49.
#          got: 500
#     expected: 405

#   Failed test 'HTTP Return code via HTTP::Response->code() (content matched).'
#   at t/serving.t line 50.
#                   'Can't connect to 127.0.0.1:85432
# 
# servname not supported for ai_socktype at /usr/perl5.20.2p/lib/site_perl/5.20.2/LWP/Protocol/http.pm line 47.
# '
#     doesn't match '(?^:Not Allowed)'

#   Failed test 'More specific mount matched first (result code as expected).'
#   at t/serving.t line 49.
#          got: 500
#     expected: 409

#   Failed test 'More specific mount matched first (content matched).'
#   at t/serving.t line 50.
#                   'Can't connect to 127.0.0.1:85432
# 
# servname not supported for ai_socktype at /usr/perl5.20.2p/lib/site_perl/5.20.2/LWP/Protocol/http.pm line 47.
# '
#     doesn't match '(?^:Conflict)'

#   Failed test 'Regular HTML mounted handler (result code as expected).'
#   at t/serving.t line 49.
#          got: 500
#     expected: 200

#   Failed test 'Regular HTML mounted handler (content matched).'
#   at t/serving.t line 50.
#                   'Can't connect to 127.0.0.1:85432
# 
# servname not supported for ai_socktype at /usr/perl5.20.2p/lib/site_perl/5.20.2/LWP/Protocol/http.pm line 47.
# '
#     doesn't match '(?^:<html><body>No wildcards here</body></html>)'

#   Failed test 'Regular HTML mounted handler (Mime type)'
#   at t/serving.t line 52.
#          got: 'text/plain'
#     expected: 'text/html'

#   Failed test 'Handlers default to non-wildcard (result code as expected).'
#   at t/serving.t line 49.
#          got: 500
#     expected: 404

#   Failed test 'Handlers default to non-wildcard (content matched).'
#   at t/serving.t line 50.
#                   'Can't connect to 127.0.0.1:85432
# 
# servname not supported for ai_socktype at /usr/perl5.20.2p/lib/site_perl/5.20.2/LWP/Protocol/http.pm line 47.
# '
#     doesn't match '(?^:Not Found)'

#   Failed test 'Wildcard mounted handler root (path info) (result code as expected).'
#   at t/serving.t line 49.
#          got: 500
#     expected: 200

#   Failed test 'Wildcard mounted handler root (path info) (content matched).'
#   at t/serving.t line 50.
#                   'Can't connect to 127.0.0.1:85432
# 
# servname not supported for ai_socktype at /usr/perl5.20.2p/lib/site_perl/5.20.2/LWP/Protocol/http.pm line 47.
# '
#     doesn't match '(?^:Path info: </p>)'

#   Failed test 'Wildcard mounted handler root (path info) (Mime type)'
#   at t/serving.t line 52.
#          got: 'text/plain'
#     expected: 'text/html'

#   Failed test 'Wildcard mounted handler root (mount path) (result code as expected).'
#   at t/serving.t line 49.
#          got: 500
#     expected: 200

#   Failed test 'Wildcard mounted handler root (mount path) (content matched).'
#   at t/serving.t line 50.
#                   'Can't connect to 127.0.0.1:85432
# 
# servname not supported for ai_socktype at /usr/perl5.20.2p/lib/site_perl/5.20.2/LWP/Protocol/http.pm line 47.
# '
#     doesn't match '(?^:Mount path: /test/wildcard_handler</p>)'

#   Failed test 'Wildcard mounted handler root (mount path) (Mime type)'
#   at t/serving.t line 52.
#          got: 'text/plain'
#     expected: 'text/html'

#   Failed test 'Wildcard mounted handler with extra path (result code as expected).'
#   at t/serving.t line 49.
#          got: 500
#     expected: 200

#   Failed test 'Wildcard mounted handler with extra path (content matched).'
#   at t/serving.t line 50.
#                   'Can't connect to 127.0.0.1:85432
# 
# servname not supported for ai_socktype at /usr/perl5.20.2p/lib/site_perl/5.20.2/LWP/Protocol/http.pm line 47.
# '
#     doesn't match '(?^:Path info: /foo/bar</p>)'

#   Failed test 'Wildcard mounted handler with extra path (Mime type)'
#   at t/serving.t line 52.
#          got: 'text/plain'
#     expected: 'text/html'

#   Failed test 'Wildcard mounted handler with extra path (mount path) (result code as expected).'
#   at t/serving.t line 49.
#          got: 500
#     expected: 200

#   Failed test 'Wildcard mounted handler with extra path (mount path) (content matched).'
#   at t/serving.t line 50.
#                   'Can't connect to 127.0.0.1:85432
# 
# servname not supported for ai_socktype at /usr/perl5.20.2p/lib/site_perl/5.20.2/LWP/Protocol/http.pm line 47.
# '
#     doesn't match '(?^:Mount path: /test/wildcard_handler</p>)'

#   Failed test 'Wildcard mounted handler with extra path (mount path) (Mime type)'
#   at t/serving.t line 52.
#          got: 'text/plain'
#     expected: 'text/html'

#   Failed test 'Fully qualified Redirect (result code as expected).'
#   at t/serving.t line 49.
#          got: 500
#     expected: 200

#   Failed test 'Fully qualified Redirect (content matched).'
#   at t/serving.t line 50.
#                   'Can't connect to 127.0.0.1:85432
# 
# servname not supported for ai_socktype at /usr/perl5.20.2p/lib/site_perl/5.20.2/LWP/Protocol/http.pm line 47.
# '
#     doesn't match '(?^:<html><body>No wildcards here</body></html>)'

#   Failed test 'Fully qualified Redirect (Mime type)'
#   at t/serving.t line 52.
#          got: 'text/plain'
#     expected: 'text/html'

#   Failed test 'Relative Redirect (result code as expected).'
#   at t/serving.t line 49.
#          got: 500
#     expected: 200

#   Failed test 'Relative Redirect (content matched).'
#   at t/serving.t line 50.
#                   'Can't connect to 127.0.0.1:85432
# 
# servname not supported for ai_socktype at /usr/perl5.20.2p/lib/site_perl/5.20.2/LWP/Protocol/http.pm line 47.
# '
#     doesn't match '(?^:Path info: /flubber</p>)'

#   Failed test 'Relative Redirect (Mime type)'
#   at t/serving.t line 52.
#          got: 'text/plain'
#     expected: 'text/html'

#   Failed test 'HTTP::Response custom mime type (result code as expected).'
#   at t/serving.t line 49.
#          got: 500
#     expected: 200

#   Failed test 'HTTP::Response custom mime type (content matched).'
#   at t/serving.t line 50.
#                   'Can't connect to 127.0.0.1:85432
# 
# servname not supported for ai_socktype at /usr/perl5.20.2p/lib/site_perl/5.20.2/LWP/Protocol/http.pm line 47.
# '
#     doesn't match '(?^s:^2,3,5,7,11,13,17,19,23,29$)'

#   Failed test 'HTTP::Response custom mime type (Mime type)'
#   at t/serving.t line 52.
#          got: 'text/plain'
#     expected: 'text/csv'

#   Failed test 'X-Brick-Remote-IP header (result code as expected).'
#   at t/serving.t line 49.
#          got: 500
#     expected: 200

#   Failed test 'X-Brick-Remote-IP header (content matched).'
#   at t/serving.t line 50.
#                   'Can't connect to 127.0.0.1:85432
# 
# servname not supported for ai_socktype at /usr/perl5.20.2p/lib/site_perl/5.20.2/LWP/Protocol/http.pm line 47.
# '
#     doesn't match '(?^:^X-Brick-Remote-IP header is: 127.0.0.1$)'

#   Failed test 'X-Brick-Remote-IP header (Mime type)'
#   at t/serving.t line 52.
#          got: 'text/plain'
#     expected: 'text/html'
# Configuring forked server
# Starting server

#   Failed test 'Pathological case - mount doesn't exist (result code as expected).'
#   at t/serving.t line 49.
#          got: 500
#     expected: 404

#   Failed test 'Pathological case - mount doesn't exist (content matched).'
#   at t/serving.t line 50.
#                   'Can't connect to 127.0.0.1:85432
# 
# servname not supported for ai_socktype at /usr/perl5.20.2p/lib/site_perl/5.20.2/LWP/Protocol/http.pm line 47.
# '
#     doesn't match '(?^:Not Found in Site Map)'

#   Failed test 'Directory indexing (result code as expected).'
#   at t/serving.t line 49.
#          got: 500
#     expected: 200

#   Failed test 'Directory indexing (content matched).'
#   at t/serving.t line 50.
#                   'Can't connect to 127.0.0.1:85432
# 
# servname not supported for ai_socktype at /usr/perl5.20.2p/lib/site_perl/5.20.2/LWP/Protocol/http.pm line 47.
# '
#     doesn't match '(?^s:static/test.*foo.html.*foo.txt)'

#   Failed test 'Directory indexing (Mime type)'
#   at t/serving.t line 52.
#          got: 'text/plain'
#     expected: 'text/html'

#   Failed test 'Static file not found (result code as expected).'
#   at t/serving.t line 49.
#          got: 500
#     expected: 404

#   Failed test 'Static file not found (content matched).'
#   at t/serving.t line 50.
#                   'Can't connect to 127.0.0.1:85432
# 
# servname not supported for ai_socktype at /usr/perl5.20.2p/lib/site_perl/5.20.2/LWP/Protocol/http.pm line 47.
# '
#     doesn't match '(?^:File Not Found)'

#   Failed test 'Plain text static file (result code as expected).'
#   at t/serving.t line 49.
#          got: 500
#     expected: 200

#   Failed test 'Plain text static file (content matched).'
#   at t/serving.t line 50.
#                   'Can't connect to 127.0.0.1:85432
# 
# servname not supported for ai_socktype at /usr/perl5.20.2p/lib/site_perl/5.20.2/LWP/Protocol/http.pm line 47.
# '
#     doesn't match '(?^:Hello Everybody)'

#   Failed test 'HTML static file (result code as expected).'
#   at t/serving.t line 49.
#          got: 500
#     expected: 200

#   Failed test 'HTML static file (content matched).'
#   at t/serving.t line 50.
#                   'Can't connect to 127.0.0.1:85432
# 
# servname not supported for ai_socktype at /usr/perl5.20.2p/lib/site_perl/5.20.2/LWP/Protocol/http.pm line 47.
# '
#     doesn't match '(?^:<html><body><h1>Hi Dr Nick</h1></body></html>)'

#   Failed test 'HTML static file (Mime type)'
#   at t/serving.t line 52.
#          got: 'text/plain'
#     expected: 'text/html'

#   Failed test 'HTTP Return code via handler return value (result code as expected).'
#   at t/serving.t line 49.
#          got: 500
#     expected: 409

#   Failed test 'HTTP Return code via handler return value (content matched).'
#   at t/serving.t line 50.
#                   'Can't connect to 127.0.0.1:85432
# 
# servname not supported for ai_socktype at /usr/perl5.20.2p/lib/site_perl/5.20.2/LWP/Protocol/http.pm line 47.
# '
#     doesn't match '(?^:Conflict)'

#   Failed test 'HTTP Return code via HTTP::Response->code() (result code as expected).'
#   at t/serving.t line 49.
#          got: 500
#     expected: 405

#   Failed test 'HTTP Return code via HTTP::Response->code() (content matched).'
#   at t/serving.t line 50.
#                   'Can't connect to 127.0.0.1:85432
# 
# servname not supported for ai_socktype at /usr/perl5.20.2p/lib/site_perl/5.20.2/LWP/Protocol/http.pm line 47.
# '
#     doesn't match '(?^:Not Allowed)'

#   Failed test 'More specific mount matched first (result code as expected).'
#   at t/serving.t line 49.
#          got: 500
#     expected: 409

#   Failed test 'More specific mount matched first (content matched).'
#   at t/serving.t line 50.
#                   'Can't connect to 127.0.0.1:85432
# 
# servname not supported for ai_socktype at /usr/perl5.20.2p/lib/site_perl/5.20.2/LWP/Protocol/http.pm line 47.
# '
#     doesn't match '(?^:Conflict)'

#   Failed test 'Regular HTML mounted handler (result code as expected).'
#   at t/serving.t line 49.
#          got: 500
#     expected: 200

#   Failed test 'Regular HTML mounted handler (content matched).'
#   at t/serving.t line 50.
#                   'Can't connect to 127.0.0.1:85432
# 
# servname not supported for ai_socktype at /usr/perl5.20.2p/lib/site_perl/5.20.2/LWP/Protocol/http.pm line 47.
# '
#     doesn't match '(?^:<html><body>No wildcards here</body></html>)'

#   Failed test 'Regular HTML mounted handler (Mime type)'
#   at t/serving.t line 52.
#          got: 'text/plain'
#     expected: 'text/html'

#   Failed test 'Handlers default to non-wildcard (result code as expected).'
#   at t/serving.t line 49.
#          got: 500
#     expected: 404

#   Failed test 'Handlers default to non-wildcard (content matched).'
#   at t/serving.t line 50.
#                   'Can't connect to 127.0.0.1:85432
# 
# servname not supported for ai_socktype at /usr/perl5.20.2p/lib/site_perl/5.20.2/LWP/Protocol/http.pm line 47.
# '
#     doesn't match '(?^:Not Found)'

#   Failed test 'Wildcard mounted handler root (path info) (result code as expected).'
#   at t/serving.t line 49.
#          got: 500
#     expected: 200

#   Failed test 'Wildcard mounted handler root (path info) (content matched).'
#   at t/serving.t line 50.
#                   'Can't connect to 127.0.0.1:85432
# 
# servname not supported for ai_socktype at /usr/perl5.20.2p/lib/site_perl/5.20.2/LWP/Protocol/http.pm line 47.
# '
#     doesn't match '(?^:Path info: </p>)'

#   Failed test 'Wildcard mounted handler root (path info) (Mime type)'
#   at t/serving.t line 52.
#          got: 'text/plain'
#     expected: 'text/html'

#   Failed test 'Wildcard mounted handler root (mount path) (result code as expected).'
#   at t/serving.t line 49.
#          got: 500
#     expected: 200

#   Failed test 'Wildcard mounted handler root (mount path) (content matched).'
#   at t/serving.t line 50.
#                   'Can't connect to 127.0.0.1:85432
# 
# servname not supported for ai_socktype at /usr/perl5.20.2p/lib/site_perl/5.20.2/LWP/Protocol/http.pm line 47.
# '
#     doesn't match '(?^:Mount path: /test/wildcard_handler</p>)'

#   Failed test 'Wildcard mounted handler root (mount path) (Mime type)'
#   at t/serving.t line 52.
#          got: 'text/plain'
#     expected: 'text/html'

#   Failed test 'Wildcard mounted handler with extra path (result code as expected).'
#   at t/serving.t line 49.
#          got: 500
#     expected: 200

#   Failed test 'Wildcard mounted handler with extra path (content matched).'
#   at t/serving.t line 50.
#                   'Can't connect to 127.0.0.1:85432
# 
# servname not supported for ai_socktype at /usr/perl5.20.2p/lib/site_perl/5.20.2/LWP/Protocol/http.pm line 47.
# '
#     doesn't match '(?^:Path info: /foo/bar</p>)'

#   Failed test 'Wildcard mounted handler with extra path (Mime type)'
#   at t/serving.t line 52.
#          got: 'text/plain'
#     expected: 'text/html'

#   Failed test 'Wildcard mounted handler with extra path (mount path) (result code as expected).'
#   at t/serving.t line 49.
#          got: 500
#     expected: 200

#   Failed test 'Wildcard mounted handler with extra path (mount path) (content matched).'
#   at t/serving.t line 50.
#                   'Can't connect to 127.0.0.1:85432
# 
# servname not supported for ai_socktype at /usr/perl5.20.2p/lib/site_perl/5.20.2/LWP/Protocol/http.pm line 47.
# '
#     doesn't match '(?^:Mount path: /test/wildcard_handler</p>)'

#   Failed test 'Wildcard mounted handler with extra path (mount path) (Mime type)'
#   at t/serving.t line 52.
#          got: 'text/plain'
#     expected: 'text/html'

#   Failed test 'Fully qualified Redirect (result code as expected).'
#   at t/serving.t line 49.
#          got: 500
#     expected: 200

#   Failed test 'Fully qualified Redirect (content matched).'
#   at t/serving.t line 50.
#                   'Can't connect to 127.0.0.1:85432
# 
# servname not supported for ai_socktype at /usr/perl5.20.2p/lib/site_perl/5.20.2/LWP/Protocol/http.pm line 47.
# '
#     doesn't match '(?^:<html><body>No wildcards here</body></html>)'

#   Failed test 'Fully qualified Redirect (Mime type)'
#   at t/serving.t line 52.
#          got: 'text/plain'
#     expected: 'text/html'

#   Failed test 'Relative Redirect (result code as expected).'
#   at t/serving.t line 49.
#          got: 500
#     expected: 200

#   Failed test 'Relative Redirect (content matched).'
#   at t/serving.t line 50.
#                   'Can't connect to 127.0.0.1:85432
# 
# servname not supported for ai_socktype at /usr/perl5.20.2p/lib/site_perl/5.20.2/LWP/Protocol/http.pm line 47.
# '
#     doesn't match '(?^:Path info: /flubber</p>)'

#   Failed test 'Relative Redirect (Mime type)'
#   at t/serving.t line 52.
#          got: 'text/plain'
#     expected: 'text/html'

#   Failed test 'HTTP::Response custom mime type (result code as expected).'
#   at t/serving.t line 49.
#          got: 500
#     expected: 200

#   Failed test 'HTTP::Response custom mime type (content matched).'
#   at t/serving.t line 50.
#                   'Can't connect to 127.0.0.1:85432
# 
# servname not supported for ai_socktype at /usr/perl5.20.2p/lib/site_perl/5.20.2/LWP/Protocol/http.pm line 47.
# '
#     doesn't match '(?^s:^2,3,5,7,11,13,17,19,23,29$)'

#   Failed test 'HTTP::Response custom mime type (Mime type)'
#   at t/serving.t line 52.
#          got: 'text/plain'
#     expected: 'text/csv'

#   Failed test 'X-Brick-Remote-IP header (result code as expected).'
#   at t/serving.t line 49.
#          got: 500
#     expected: 200

#   Failed test 'X-Brick-Remote-IP header (content matched).'
#   at t/serving.t line 50.
#                   'Can't connect to 127.0.0.1:85432
# 
# servname not supported for ai_socktype at /usr/perl5.20.2p/lib/site_perl/5.20.2/LWP/Protocol/http.pm line 47.
# '
#     doesn't match '(?^:^X-Brick-Remote-IP header is: 127.0.0.1$)'

#   Failed test 'X-Brick-Remote-IP header (Mime type)'
#   at t/serving.t line 52.
#          got: 'text/plain'
#     expected: 'text/html'
# Looks like you failed 94 tests of 281.
t/serving.t ....... 
Dubious, test returned 94 (wstat 24064, 0x5e00)
Failed 94/281 subtests 
	(less 140 skipped subtests: 47 okay)

Test Summary Report
-------------------
t/serving.t     (Wstat: 24064 Tests: 281 Failed: 94)
  Failed tests:  5-6, 8-10, 12-13, 15-16, 19-21, 23-24, 26-27
                29-30, 32-34, 36-37, 39-41, 43-45, 47-49
                51-53, 55-57, 59-61, 63-65, 67-69, 75-76
                78-80, 82-83, 85-86, 89-91, 93-94, 96-97
                99-100, 102-104, 106-107, 109-111, 113-115
                117-119, 121-123, 125-127, 129-131, 133-135
                137-139
  Non-zero exit status: 94
Files=4, Tests=284, 19 wallclock secs ( 0.22 usr  0.09 sys +  1.66 cusr  0.60 csys =  2.58 CPU)
Result: FAIL
Failed 1/4 test programs. 94/284 subtests failed.

------------------------------
PREREQUISITES
------------------------------

Prerequisite modules loaded:

requires:

    Module          Need Have    
    --------------- ---- --------
    HTTP::Daemon    0    6.01    
    HTTP::Status    0    6.03    
    IO::Handle      0    1.35    
    LWP             0    6.13    
    LWP::MediaTypes 0    6.02    
    LWP::UserAgent  0    6.13    
    Module::Build   0    0.4211  
    Test::More      0    1.001014
    version         0    0.9912  

configure_requires:

    Module          Need Have    
    --------------- ---- --------
    Module::Build   0.35 0.4211  


------------------------------
ENVIRONMENT AND OTHER CONTEXT
------------------------------

Environment variables:

    DBIC_NO_WARN_BAD_PERL = 1
    LC_ALL = de_DE.ISO8859-1
    PATH = /usr/local/bin:/usr/bin:/bin:/usr/local/sbin:/usr/sbin:/sbin:/home/cpansand/bin/freebsd10.0:/home/cpansand/bin/sh:/home/cpansand/bin:/usr/games:/home/cpansand/devel:/home/eserte/src/srezic-misc/scripts
    PERL5LIB = /home/cpansand/.cpan/build/Metabrik-1.08-HE9cF_/blib/arch:/home/cpansand/.cpan/build/Metabrik-1.08-HE9cF_/blib/lib:/home/cpansand/.cpan/build/Net-SNMPTrapd-0.15-OzM9KB/blib/arch:/home/cpansand/.cpan/build/Net-SNMPTrapd-0.15-OzM9KB/blib/lib
    PERL5OPT = 
    PERL5_CPANPLUS_IS_RUNNING = 86837
    PERL5_CPAN_IS_RUNNING = 86837
    PERL5_CPAN_IS_RUNNING_IN_RECURSION = 86796,86837
    PERLDOC = -MPod::Perldoc::ToTextOverstrike
    PERL_BATCH = yes
    PERL_CPAN_REPORTER_CONFIG = /var/tmp/cpansmoker-1023/RrRWPZM2_Q_config.ini
    PERL_EXTUTILS_AUTOINSTALL = --defaultdeps
    PERL_HTML_DISPLAY_CLASS = HTML::Display::Mozilla
    SHELL = /usr/local/bin/zsh
    TERM = screen
    TMPDIR = /var/tmp/cpansmoker-1023

Perl special variables (and OS-specific diagnostics, for MSWin32):

    $^X = /usr/perl5.20.2p/bin/perl5.20.2
    $UID/$EUID = 1023 / 1023
    $GID = 1023 1023
    $EGID = 1023 1023

Perl module toolchain versions installed:

    Module              Have    
    ------------------- --------
    CPAN                2.10    
    CPAN::Meta          2.150001
    Cwd                 3.48_01 
    ExtUtils::CBuilder  0.280217
    ExtUtils::Command   1.18    
    ExtUtils::Install   1.67    
    ExtUtils::MakeMaker 7.04    
    ExtUtils::Manifest  1.70    
    ExtUtils::ParseXS   3.24    
    File::Spec          3.48_01 
    JSON                2.90    
    JSON::PP            2.27203 
    Module::Build       0.4211  
    Module::Signature   n/a     
    Parse::CPAN::Meta   1.4414  
    Test::Harness       3.30    
    Test::More          1.001014
    YAML                1.14    
    YAML::Syck          1.29    
    version             0.9912  


--

Summary of my perl5 (revision 5 version 20 subversion 2) configuration:
   
  Platform:
    osname=freebsd, osvers=10.1-release, archname=amd64-freebsd
    uname='freebsd cvrsnica-freebsd-101.herceg.de 10.1-release freebsd 10.1-release #0 r274401: tue nov 11 21:02:49 utc 2014 root@releng1.nyi.freebsd.org:usrobjusrsrcsysgeneric amd64 '
    config_args='-ds -e -Dprefix=/usr/perl5.20.2p'
    hint=recommended, useposix=true, d_sigaction=define
    useithreads=undef, usemultiplicity=undef
    use64bitint=define, use64bitall=define, uselongdouble=undef
    usemymalloc=n, bincompat5005=undef
  Compiler:
    cc='cc', ccflags ='-DHAS_FPSETMASK -DHAS_FLOATINGPOINT_H -fno-strict-aliasing -pipe -fstack-protector -I/usr/local/include',
    optimize='-O',
    cppflags='-DHAS_FPSETMASK -DHAS_FLOATINGPOINT_H -fno-strict-aliasing -pipe -fstack-protector -I/usr/local/include'
    ccversion='', gccversion='4.2.1 Compatible FreeBSD Clang 3.4.1 (tags/RELEASE_34/dot1-final 208032)', gccosandvers=''
    intsize=4, longsize=8, ptrsize=8, doublesize=8, byteorder=12345678
    d_longlong=define, longlongsize=8, d_longdbl=define, longdblsize=16
    ivtype='long', ivsize=8, nvtype='double', nvsize=8, Off_t='off_t', lseeksize=8
    alignbytes=8, prototype=define
  Linker and Libraries:
    ld='cc', ldflags ='-pthread -Wl,-E  -fstack-protector -L/usr/local/lib'
    libpth=/usr/lib /usr/local/lib /usr/include/clang/3.4.1 /usr/lib
    libs=-lgdbm -lm -lcrypt -lutil -lc
    perllibs=-lm -lcrypt -lutil -lc
    libc=, so=so, useshrplib=false, libperl=libperl.a
    gnulibc_version=''
  Dynamic Linking:
    dlsrc=dl_dlopen.xs, dlext=so, d_dlsymun=undef, ccdlflags=' '
    cccdlflags='-DPIC -fPIC', lddlflags='-shared  -L/usr/local/lib -fstack-protector'


Characteristics of this binary (from libperl): 
  Compile-time options: HAS_TIMES PERLIO_LAYERS PERL_DONT_CREATE_GVSV
                        PERL_HASH_FUNC_ONE_AT_A_TIME_HARD PERL_MALLOC_WRAP
                        PERL_NEW_COPY_ON_WRITE PERL_PRESERVE_IVUV
                        USE_64_BIT_ALL USE_64_BIT_INT USE_LARGE_FILES
                        USE_LOCALE USE_LOCALE_COLLATE USE_LOCALE_CTYPE
                        USE_LOCALE_NUMERIC USE_PERLIO USE_PERL_ATOF
  Built under freebsd
  Compiled at Feb 14 2015 20:35:40
  %ENV:
    PERL5LIB="/home/cpansand/.cpan/build/Metabrik-1.08-HE9cF_/blib/arch:/home/cpansand/.cpan/build/Metabrik-1.08-HE9cF_/blib/lib:/home/cpansand/.cpan/build/Net-SNMPTrapd-0.15-OzM9KB/blib/arch:/home/cpansand/.cpan/build/Net-SNMPTrapd-0.15-OzM9KB/blib/lib"
    PERL5OPT=""
    PERL5_CPANPLUS_IS_RUNNING="86837"
    PERL5_CPAN_IS_RUNNING="86837"
    PERL5_CPAN_IS_RUNNING_IN_RECURSION="86796,86837"
    PERLDOC="-MPod::Perldoc::ToTextOverstrike"
    PERL_BATCH="yes"
    PERL_CPAN_REPORTER_CONFIG="/var/tmp/cpansmoker-1023/RrRWPZM2_Q_config.ini"
    PERL_EXTUTILS_AUTOINSTALL="--defaultdeps"
    PERL_HTML_DISPLAY_CLASS="HTML::Display::Mozilla"
  @INC:
    /home/cpansand/.cpan/build/Metabrik-1.08-HE9cF_/blib/arch
    /home/cpansand/.cpan/build/Metabrik-1.08-HE9cF_/blib/lib
    /home/cpansand/.cpan/build/Net-SNMPTrapd-0.15-OzM9KB/blib/arch
    /home/cpansand/.cpan/build/Net-SNMPTrapd-0.15-OzM9KB/blib/lib
    /usr/perl5.20.2p/lib/site_perl/5.20.2/amd64-freebsd
    /usr/perl5.20.2p/lib/site_perl/5.20.2
    /usr/perl5.20.2p/lib/5.20.2/amd64-freebsd
    /usr/perl5.20.2p/lib/5.20.2
    .