Report for WWW-Txodds-0.68

Back
From: metabase:user:3215efbe-2aae-11df-837a-5e0a49663a4f
Subject: FAIL WWW-Txodds-0.68 v5.16.3 GNU/Linux
Date: 2013-03-20T04:56:09Z

This distribution has been tested as part of the CPAN Testers
project, supporting the Perl programming language.  See
http://wiki.cpantesters.org/ for more information or email
questions to cpan-testers-discuss@perl.org


--
Dear Alexander Babenko,

This is a computer-generated report for WWW-Txodds-0.68
on perl 5.16.3, created by CPAN-Reporter-1.2009.

Thank you for uploading your work to CPAN.  However, there was a problem
testing your distribution.

If you think this report is invalid, please consult the CPAN Testers Wiki
for suggestions on how to avoid getting FAIL reports for missing library
or binary dependencies, unsupported operating systems, and so on:

http://wiki.cpantesters.org/wiki/CPANAuthorNotes

Sections of this report:

    * Tester comments
    * Program output
    * Prerequisites
    * Environment and other context

------------------------------
TESTER COMMENTS
------------------------------

Additional comments from tester:

this report is from an automated smoke testing program
and was not reviewed by a human for accuracy

------------------------------
PROGRAM OUTPUT
------------------------------

Output from '/usr/bin/make test':

PERL_DL_NONLAZY=1 /opt/perl/nothreads/5.16.3/bin/perl "-MExtUtils::Command::MM" "-e" "test_harness(0, 'blib/lib', 'blib/arch')" t/*.t
# Testing WWW::Txodds 0.68, Perl 5.016003, /opt/perl/nothreads/5.16.3/bin/perl
t/00-load.t ....... ok
t/boilerplate.t ... ok
t/manifest.t ...... skipped: Author tests not required for installation
t/pod-coverage.t .. ok

#   Failed test 'POD test for blib/lib/WWW/Txodds.pm'
#   at /opt/perl/nothreads/5.16.3/lib/site_perl/5.16.3/Test/Pod.pm line 186.
Wide character in print at /opt/perl/nothreads/5.16.3/lib/5.16.3/Test/Builder.pm line 1813.
# blib/lib/WWW/Txodds.pm (353): Non-ASCII character seen before =encoding in '–'. Assuming UTF-8
# blib/lib/WWW/Txodds.pm (442): Expected text after =item, not a number
# blib/lib/WWW/Txodds.pm (446): Expected text after =item, not a number
# blib/lib/WWW/Txodds.pm (450): Expected text after =item, not a number
# Looks like you failed 1 test of 1.
t/pod.t ........... 
Dubious, test returned 1 (wstat 256, 0x100)
Failed 1/1 subtests 
t/txodds.t ........ ok

Test Summary Report
-------------------
t/boilerplate.t (Wstat: 0 Tests: 3 Failed: 0)
  TODO passed:   1, 3
t/pod.t         (Wstat: 256 Tests: 1 Failed: 1)
  Failed test:  1
  Non-zero exit status: 1
Files=6, Tests=9,  1 wallclock secs ( 0.03 usr  0.01 sys +  0.38 cusr  0.02 csys =  0.44 CPU)
Result: FAIL
Failed 1/6 test programs. 1/9 subtests failed.
make: *** [test_dynamic] Error 255

------------------------------
PREREQUISITES
------------------------------

Prerequisite modules loaded:

requires:

    Module                Need Have   
    --------------------- ---- -------
    Carp                  0    1.26   
    HTTP::Request::Common 0    6.04   
    LWP::UserAgent        0    6.05   
    Test::More            0    0.98_03
    XML::LibXML::Simple   0    0.93   

build_requires:

    Module                Need Have   
    --------------------- ---- -------
    ExtUtils::MakeMaker   0    6.64   


------------------------------
ENVIRONMENT AND OTHER CONTEXT
------------------------------

Environment variables:

    AUTOMATED_TESTING = 1
    LANG = C
    PATH = /opt/perl/nothreads/5.16.3/bin:/usr/local/sbin:/usr/local/bin:/usr/sbin:/usr/bin:/sbin:/bin:/usr/games
    PERL5LIB = 
    PERL5OPT = 
    PERL5_CPANPLUS_IS_RUNNING = 19321
    PERL5_CPAN_IS_RUNNING = 19321
    PERL5_CPAN_IS_RUNNING_IN_RECURSION = 21753,19321
    PERL_CR_SMOKER_CURRENT = WWW-Txodds-0.68
    PERL_EXTUTILS_AUTOINSTALL = --defaultdeps
    PERL_MM_USE_DEFAULT = 1
    SHELL = /bin/bash
    TERM = screen

Perl special variables (and OS-specific diagnostics, for MSWin32):

    $^X = /opt/perl/nothreads/5.16.3/bin/perl
    $UID/$EUID = 1000 / 1000
    $GID = 1000 4 24 27 30 46 112 113 1000
    $EGID = 1000 4 24 27 30 46 112 113 1000

Perl module toolchain versions installed:

    Module              Have    
    ------------------- --------
    CPAN                2.00    
    CPAN::Meta          2.120351
    Cwd                 3.40    
    ExtUtils::CBuilder  0.280205
    ExtUtils::Command   1.17    
    ExtUtils::Install   1.58    
    ExtUtils::MakeMaker 6.64    
    ExtUtils::Manifest  1.61    
    ExtUtils::ParseXS   3.18    
    File::Spec          3.40    
    JSON                2.53    
    JSON::PP            2.27200 
    Module::Build       0.4003  
    Module::Signature   0.70    
    Parse::CPAN::Meta   1.4404  
    Test::Harness       3.26    
    Test::More          0.98_03 
    YAML                0.81    
    YAML::Syck          1.25    
    version             0.9902  


--

Summary of my perl5 (revision 5 version 16 subversion 3) configuration:
   
  Platform:
    osname=linux, osvers=3.2.0-38-virtual, archname=x86_64-linux
    uname='linux cpansmoker 3.2.0-38-virtual #61-ubuntu smp tue feb 19 12:37:47 utc 2013 x86_64 x86_64 x86_64 gnulinux '
    config_args='-des -Dprefix=/opt/perl/nothreads/5.16.3'
    hint=recommended, useposix=true, d_sigaction=define
    useithreads=undef, usemultiplicity=undef
    useperlio=define, d_sfio=undef, uselargefiles=define, usesocks=undef
    use64bitint=define, use64bitall=define, uselongdouble=undef
    usemymalloc=n, bincompat5005=undef
  Compiler:
    cc='cc', ccflags ='-fno-strict-aliasing -pipe -fstack-protector -I/usr/local/include -D_LARGEFILE_SOURCE -D_FILE_OFFSET_BITS=64',
    optimize='-O2',
    cppflags='-fno-strict-aliasing -pipe -fstack-protector -I/usr/local/include'
    ccversion='', gccversion='4.6.3', gccosandvers=''
    intsize=4, longsize=8, ptrsize=8, doublesize=8, byteorder=12345678
    d_longlong=define, longlongsize=8, d_longdbl=define, longdblsize=16
    ivtype='long', ivsize=8, nvtype='double', nvsize=8, Off_t='off_t', lseeksize=8
    alignbytes=8, prototype=define
  Linker and Libraries:
    ld='cc', ldflags =' -fstack-protector -L/usr/local/lib'
    libpth=/usr/local/lib /lib/x86_64-linux-gnu /lib/../lib /usr/lib/x86_64-linux-gnu /usr/lib/../lib /lib /usr/lib
    libs=-lnsl -lgdbm -ldb -ldl -lm -lcrypt -lutil -lc -lgdbm_compat
    perllibs=-lnsl -ldl -lm -lcrypt -lutil -lc
    libc=, so=so, useshrplib=false, libperl=libperl.a
    gnulibc_version='2.15'
  Dynamic Linking:
    dlsrc=dl_dlopen.xs, dlext=so, d_dlsymun=undef, ccdlflags='-Wl,-E'
    cccdlflags='-fPIC', lddlflags='-shared -O2 -L/usr/local/lib -fstack-protector'


Characteristics of this binary (from libperl): 
  Compile-time options: HAS_TIMES PERLIO_LAYERS PERL_DONT_CREATE_GVSV
                        PERL_MALLOC_WRAP PERL_PRESERVE_IVUV USE_64_BIT_ALL
                        USE_64_BIT_INT USE_LARGE_FILES USE_LOCALE
                        USE_LOCALE_COLLATE USE_LOCALE_CTYPE
                        USE_LOCALE_NUMERIC USE_PERLIO USE_PERL_ATOF
  Built under linux
  Compiled at Mar 18 2013 16:09:17
  %ENV:
    PERL5LIB=""
    PERL5OPT=""
    PERL5_CPANPLUS_IS_RUNNING="19321"
    PERL5_CPAN_IS_RUNNING="19321"
    PERL5_CPAN_IS_RUNNING_IN_RECURSION="21753,19321"
    PERL_CR_SMOKER_CURRENT="WWW-Txodds-0.68"
    PERL_EXTUTILS_AUTOINSTALL="--defaultdeps"
    PERL_MM_USE_DEFAULT="1"
  @INC:
    /opt/perl/nothreads/5.16.3/lib/site_perl/5.16.3/x86_64-linux
    /opt/perl/nothreads/5.16.3/lib/site_perl/5.16.3
    /opt/perl/nothreads/5.16.3/lib/5.16.3/x86_64-linux
    /opt/perl/nothreads/5.16.3/lib/5.16.3
    .