Back
From: metabase:user:320bfe00-2aae-11df-837a-5e0a49663a4f
Subject: FAIL Pod-POM-Web-1.17 v5.17.0 GNU/Linux
Date: 2012-05-27T21:32:35Z
This distribution has been tested as part of the CPAN Testers
project, supporting the Perl programming language. See
http://wiki.cpantesters.org/ for more information or email
questions to cpan-testers-discuss@perl.org
--
Dear Laurent Dami,
This is a computer-generated report for Pod-POM-Web-1.17
on perl 5.17.0, created by CPAN-Reporter-1.2006.
Thank you for uploading your work to CPAN. However, there was a problem
testing your distribution.
If you think this report is invalid, please consult the CPAN Testers Wiki
for suggestions on how to avoid getting FAIL reports for missing library
or binary dependencies, unsupported operating systems, and so on:
http://wiki.cpantesters.org/wiki/CPANAuthorNotes
Sections of this report:
* Tester comments
* Program output
* Prerequisites
* Environment and other context
------------------------------
TESTER COMMENTS
------------------------------
Additional comments from tester:
none provided
------------------------------
PROGRAM OUTPUT
------------------------------
Output from './Build test':
defined(%hash) is deprecated at /home/src/perl/repoperls/installed-perls/perl/v5.17.0-17-gf0ccce9/127e/lib/site_perl/5.17.0/Pod/POM/Node.pm line 82.
(Maybe you should just omit the defined()?)
t/indexer.t ... ok
# Failed test 'POD test for blib/lib/Pod/POM/Web.pm'
# at /home/src/perl/repoperls/installed-perls/perl/v5.17.0-17-gf0ccce9/127e/lib/site_perl/5.17.0/Test/Pod.pm line 182.
# blib/lib/Pod/POM/Web.pm (1986): Non-ASCII character seen before =encoding in 'Rémi'. Assuming ISO8859-1
# Looks like you failed 1 test of 3.
t/pod.t .......
Dubious, test returned 1 (wstat 256, 0x100)
Failed 1/3 subtests
defined(%hash) is deprecated at /home/src/perl/repoperls/installed-perls/perl/v5.17.0-17-gf0ccce9/127e/lib/site_perl/5.17.0/Pod/POM/Node.pm line 82.
(Maybe you should just omit the defined()?)
# Testing Pod::POM::Web 1.17, Perl 5.017000, /home/sand/src/perl/repoperls/installed-perls/perl/v5.17.0-17-gf0ccce9/127e/bin/perl
t/requests.t .. ok
Test Summary Report
-------------------
t/pod.t (Wstat: 256 Tests: 3 Failed: 1)
Failed test: 1
Non-zero exit status: 1
Files=3, Tests=15, 2 wallclock secs ( 0.03 usr 0.00 sys + 1.46 cusr 0.10 csys = 1.59 CPU)
Result: FAIL
Failed 1/3 test programs. 1/15 subtests failed.
------------------------------
PREREQUISITES
------------------------------
Prerequisite modules loaded:
requires:
Module Need Have
-------------------- ----- ------
Alien::GvaScript 1.021 1.22
Config 0 0
Encode::Guess 0 2.05
HTTP::Daemon 0 6.01
List::MoreUtils 0 0.33
List::Util 0 1.25
MIME::Types 0 1.34
Module::CoreList 0 2.67
Pod::POM 0.25 0.25
Pod::POM::View::HTML 0 1.06
POSIX 0 1.30
Time::HiRes 0 1.9725
URI 0 1.60
URI::QueryParam 0 0
build_requires:
Module Need Have
-------------------- ----- ------
Test::More 0 0.98
configure_requires:
Module Need Have
-------------------- ----- ------
Module::Build 0.38 0.40
------------------------------
ENVIRONMENT AND OTHER CONTEXT
------------------------------
Environment variables:
LANG = en_US.UTF-8
LANGUAGE = en_US:en
PATH = /home/sand/bin:/usr/local/bin:/usr/bin:/bin:/usr/bin/X11:/usr/games:/usr/local/perl/bin:/usr/X11/bin:/sbin:/usr/sbin
PERL5LIB =
PERL5OPT =
PERL5_CPANPLUS_IS_RUNNING = 29120
PERL5_CPAN_IS_RUNNING = 29120
SHELL = /usr/bin/zsh
TERM = screen
Perl special variables (and OS-specific diagnostics, for MSWin32):
$^X = /home/sand/src/perl/repoperls/installed-perls/perl/v5.17.0-17-gf0ccce9/127e/bin/perl
$UID/$EUID = 1005 / 1005
$GID = 1005 1005
$EGID = 1005 1005
Perl module toolchain versions installed:
Module Have
------------------- --------
CPAN 1.9800
CPAN::Meta 2.120921
Cwd 3.39_02
ExtUtils::CBuilder 0.280206
ExtUtils::Command 1.17
ExtUtils::Install 1.58
ExtUtils::MakeMaker 6.63_02
ExtUtils::Manifest 1.61
ExtUtils::ParseXS 3.17
File::Spec 3.39_02
JSON 2.53
JSON::PP 2.27200
Module::Build 0.40
Module::Signature 0.68
Parse::CPAN::Meta 1.4404
Test::Harness 3.23
Test::More 0.98
YAML 0.81
YAML::Syck 1.20
version 0.99
--
Summary of my perl5 (revision 5 version 17 subversion 0) configuration:
Commit id: f0ccce9ba3f3b541e45776f57b8f362699c084d9
Platform:
osname=linux, osvers=3.2.0-2-amd64, archname=x86_64-linux-ld
uname='linux k83 3.2.0-2-amd64 #1 smp mon apr 30 05:20:23 utc 2012 x86_64 gnulinux '
config_args='-Dprefix=/home/src/perl/repoperls/installed-perls/perl/v5.17.0-17-gf0ccce9/127e -Dmyhostname=k83 -Dinstallusrbinperl=n -Uversiononly -Dusedevel -des -Ui_db -Uuseithreads -Duselongdouble -DDEBUGGING=-g'
hint=recommended, useposix=true, d_sigaction=define
useithreads=undef, usemultiplicity=undef
useperlio=define, d_sfio=undef, uselargefiles=define, usesocks=undef
use64bitint=define, use64bitall=define, uselongdouble=define
usemymalloc=n, bincompat5005=undef
Compiler:
cc='cc', ccflags ='-fno-strict-aliasing -pipe -fstack-protector -I/usr/local/include -D_LARGEFILE_SOURCE -D_FILE_OFFSET_BITS=64',
optimize='-O2 -g',
cppflags='-fno-strict-aliasing -pipe -fstack-protector -I/usr/local/include'
ccversion='', gccversion='4.6.3', gccosandvers=''
intsize=4, longsize=8, ptrsize=8, doublesize=8, byteorder=12345678
d_longlong=define, longlongsize=8, d_longdbl=define, longdblsize=16
ivtype='long', ivsize=8, nvtype='long double', nvsize=16, Off_t='off_t', lseeksize=8
alignbytes=16, prototype=define
Linker and Libraries:
ld='cc', ldflags =' -fstack-protector -L/usr/local/lib'
libpth=/usr/local/lib /lib/x86_64-linux-gnu /lib/../lib /usr/lib/x86_64-linux-gnu /usr/lib/../lib /lib /usr/lib
libs=-lnsl -ldb -ldl -lm -lcrypt -lutil -lc
perllibs=-lnsl -ldl -lm -lcrypt -lutil -lc
libc=, so=so, useshrplib=false, libperl=libperl.a
gnulibc_version='2.13'
Dynamic Linking:
dlsrc=dl_dlopen.xs, dlext=so, d_dlsymun=undef, ccdlflags='-Wl,-E'
cccdlflags='-fPIC', lddlflags='-shared -O2 -g -L/usr/local/lib -fstack-protector'
Characteristics of this binary (from libperl):
Compile-time options: HAS_TIMES PERLIO_LAYERS PERL_DONT_CREATE_GVSV
PERL_MALLOC_WRAP PERL_PRESERVE_IVUV PERL_USE_DEVEL
USE_64_BIT_ALL USE_64_BIT_INT USE_LARGE_FILES
USE_LOCALE USE_LOCALE_COLLATE USE_LOCALE_CTYPE
USE_LOCALE_NUMERIC USE_LONG_DOUBLE USE_PERLIO
USE_PERL_ATOF
Built under linux
Compiled at May 27 2012 02:10:05
%ENV:
PERL5LIB=""
PERL5OPT=""
PERL5_CPANPLUS_IS_RUNNING="29120"
PERL5_CPAN_IS_RUNNING="29120"
@INC:
/home/src/perl/repoperls/installed-perls/perl/v5.17.0-17-gf0ccce9/127e/lib/site_perl/5.17.0/x86_64-linux-ld
/home/src/perl/repoperls/installed-perls/perl/v5.17.0-17-gf0ccce9/127e/lib/site_perl/5.17.0
/home/src/perl/repoperls/installed-perls/perl/v5.17.0-17-gf0ccce9/127e/lib/5.17.0/x86_64-linux-ld
/home/src/perl/repoperls/installed-perls/perl/v5.17.0-17-gf0ccce9/127e/lib/5.17.0
.