Report for DBI-1.611_94

Back
From: metabase:user:313c3972-2aae-11df-837a-5e0a49663a4f
Subject: FAIL DBI-1.611_94 5.8.8 
Date: 2010-07-15T16:03:14Z

This distribution has been tested as part of the CPAN Testers
project, supporting the Perl programming language.  See
http://wiki.cpantesters.org/ for more information or email
questions to cpan-testers-discuss@perl.org


--
Dear Tim Bunce,

This is a computer-generated report for DBI-1.611_94
on perl 5.8.8, created by CPAN-Reporter-1.1711.

Thank you for uploading your work to CPAN.  However, there was a problem
testing your distribution.

If you think this report is invalid, please consult the CPAN Testers Wiki
for suggestions on how to avoid getting FAIL reports for missing library
or binary dependencies, unsupported operating systems, and so on:

http://wiki.cpantesters.org/wiki/CPANAuthorNotes

Sections of this report:

    * Tester comments
    * Program output
    * Prerequisites
    * Environment and other context

------------------------------
TESTER COMMENTS
------------------------------

Additional comments from tester:

none provided

------------------------------
PROGRAM OUTPUT
------------------------------

Output from 'nmake test':


Microsoft(R) Program Maintenance Utility Version 7.00.9955
Copyright (C) Microsoft Corporation.  All rights reserved.

	C:\Perl\bin\perl.exe "-MExtUtils::Command::MM" "-e" "test_harness(0, 'blib\lib', 'blib\arch')" t/*.t
t/01basics.t ............... ok
t/02dbidrv.t ............... ok
t/03handle.t ............... ok
t/04mods.t ................. ok
t/05concathash.t ........... ok
t/06attrs.t ................ ok
t/07kids.t ................. ok
t/08keeperr.t .............. ok
t/09trace.t ................ ok
t/10examp.t ................ ok
t/11fetch.t ................ ok
t/12quote.t ................ ok
t/13taint.t ................ ok
t/14utf8.t ................. ok
t/15array.t ................ ok
t/19fhtrace.t .............. ok
t/20meta.t ................. ok
t/30subclass.t ............. ok
t/35thrclone.t ............. ok
t/40profile.t .............. ok
t/41prof_dump.t ............ ok
t/42prof_data.t ............ ok
t/43prof_env.t ............. ok
t/49dbd_file.t ............. ok
t/50dbm_simple.t ........... ok
t/51dbm_file.t ............. ok
t/52dbm_complex.t .......... ok
t/60preparse.t ............. ok
t/65transact.t ............. ok
t/70callbacks.t ............ ok
t/72childhandles.t ......... ok
t/80proxy.t ................ skipped: modules required for proxy are probably not installed (e.g., RPC/PlClient.pm)
t/85gofer.t ................ ok
t/86gofer_fail.t ........... ok
t/87gofer_cache.t .......... ok
t/90sql_type_cast.t ........ ok
t/pod-coverage.t ........... skipped: Currently a developer-only test
t/pod.t .................... ok
t/zvg_01basics.t ........... ok
t/zvg_02dbidrv.t ........... ok
t/zvg_03handle.t ........... ok
t/zvg_04mods.t ............. ok
t/zvg_05concathash.t ....... ok
t/zvg_06attrs.t ............ ok
t/zvg_07kids.t ............. ok
t/zvg_08keeperr.t .......... ok
t/zvg_09trace.t ............ ok
t/zvg_10examp.t ............ ok
t/zvg_11fetch.t ............ ok
t/zvg_12quote.t ............ ok
t/zvg_13taint.t ............ skipped: Taint attribute tests not functional with DBI_AUTOPROXY
t/zvg_14utf8.t ............. ok
t/zvg_15array.t ............ ok
t/zvg_19fhtrace.t .......... ok
t/zvg_20meta.t ............. ok
t/zvg_30subclass.t ......... ok
t/zvg_35thrclone.t ......... ok
t/zvg_40profile.t .......... ok
t/zvg_41prof_dump.t ........ ok
t/zvg_42prof_data.t ........ ok
t/zvg_43prof_env.t ......... ok
t/zvg_49dbd_file.t ......... ok
t/zvg_50dbm_simple.t ....... ok
t/zvg_51dbm_file.t ......... ok
t/zvg_52dbm_complex.t ...... skipped: Needs more love to run with Gofer, too
t/zvg_60preparse.t ......... ok
t/zvg_65transact.t ......... skipped: Transactions not supported by DBD::Gofer
t/zvg_70callbacks.t ........ ok
t/zvg_72childhandles.t ..... ok
t/zvg_80proxy.t ............ skipped: modules required for proxy are probably not installed (e.g., RPC/PlClient.pm)
t/zvg_85gofer.t ............ ok
t/zvg_86gofer_fail.t ....... skipped: Gofer DBI_AUTOPROXY
t/zvg_87gofer_cache.t ...... skipped: Gofer DBI_AUTOPROXY
t/zvg_90sql_type_cast.t .... ok
t/zvn_49dbd_file.t ......... ok
t/zvn_50dbm_simple.t ....... ok
t/zvn_51dbm_file.t ......... ok
t/zvn_52dbm_complex.t ...... skipped: Not running with SQL::Statement
t/zvn_85gofer.t ............ ok
t/zvp_01basics.t ........... ok
t/zvp_02dbidrv.t ........... ok
t/zvp_03handle.t ........... ok
t/zvp_04mods.t ............. ok
t/zvp_05concathash.t ....... ok
t/zvp_06attrs.t ............ ok
t/zvp_07kids.t ............. skipped: $h->{Kids} attribute not supported for DBI::PurePerl
t/zvp_08keeperr.t .......... ok
t/zvp_09trace.t ............ ok
t/zvp_10examp.t ............ ok
t/zvp_11fetch.t ............ ok
t/zvp_12quote.t ............ ok
t/zvp_13taint.t ............ skipped: Taint attributes not supported with DBI::PurePerl
t/zvp_14utf8.t ............. ok
t/zvp_15array.t ............ ok
t/zvp_19fhtrace.t .......... ok
t/zvp_20meta.t ............. ok
t/zvp_30subclass.t ......... ok
t/zvp_35thrclone.t ......... ok
t/zvp_40profile.t .......... skipped: profiling not supported for DBI::PurePerl
t/zvp_41prof_dump.t ........ skipped: profiling not supported for DBI::PurePerl
t/zvp_42prof_data.t ........ skipped: profiling not supported for DBI::PurePerl
t/zvp_43prof_env.t ......... skipped: profiling not supported for DBI::PurePerl
t/zvp_49dbd_file.t ......... ok
t/zvp_50dbm_simple.t ....... ok
t/zvp_51dbm_file.t ......... ok
t/zvp_52dbm_complex.t ...... ok
t/zvp_60preparse.t ......... skipped: preparse not supported for DBI::PurePerl
t/zvp_65transact.t ......... ok
t/zvp_70callbacks.t ........ skipped: $h->{Callbacks} attribute not supported for DBI::PurePerl
t/zvp_72childhandles.t ..... ok
t/zvp_80proxy.t ............ skipped: modules required for proxy are probably not installed (e.g., RPC/PlClient.pm)
t/zvp_85gofer.t ............ ok
t/zvp_86gofer_fail.t ....... skipped: requires Callbacks which are not supported with PurePerl
t/zvp_87gofer_cache.t ...... ok
t/zvp_90sql_type_cast.t .... ok

#   Failed test 'C:\Perl\cpan\build\DBI-1.611_94-04Etyb\test_output\db_1916_2 removed'
#   at ./t/49dbd_file.t line 97.
# Looks like you failed 1 test of 30.
t/zvxgn_49dbd_file.t ....... 
Dubious, test returned 1 (wstat 256, 0x100)
Failed 1/30 subtests 
	(less 6 skipped subtests: 23 okay)
t/zvxgn_50dbm_simple.t ..... ok
t/zvxgn_51dbm_file.t ....... ok
t/zvxgn_52dbm_complex.t .... skipped: Not running with SQL::Statement
t/zvxgn_85gofer.t .......... ok
t/zvxgnp_49dbd_file.t ...... ok
t/zvxgnp_50dbm_simple.t .... ok
t/zvxgnp_51dbm_file.t ...... ok
t/zvxgnp_52dbm_complex.t ... skipped: Not running with SQL::Statement
t/zvxgnp_85gofer.t ......... ok
t/zvxgp_01basics.t ......... ok
t/zvxgp_02dbidrv.t ......... ok
t/zvxgp_03handle.t ......... ok
t/zvxgp_04mods.t ........... ok
t/zvxgp_05concathash.t ..... ok
t/zvxgp_06attrs.t .......... ok
t/zvxgp_07kids.t ........... skipped: $h->{Kids} attribute not supported for DBI::PurePerl
t/zvxgp_08keeperr.t ........ ok
t/zvxgp_09trace.t .......... ok
t/zvxgp_10examp.t .......... ok
t/zvxgp_11fetch.t .......... ok
t/zvxgp_12quote.t .......... ok
t/zvxgp_13taint.t .......... skipped: Taint attributes not supported with DBI::PurePerl
t/zvxgp_14utf8.t ........... ok
t/zvxgp_15array.t .......... ok
t/zvxgp_19fhtrace.t ........ ok
t/zvxgp_20meta.t ........... ok
t/zvxgp_30subclass.t ....... ok
t/zvxgp_35thrclone.t ....... ok
t/zvxgp_40profile.t ........ skipped: profiling not supported for DBI::PurePerl
t/zvxgp_41prof_dump.t ...... skipped: profiling not supported for DBI::PurePerl
t/zvxgp_42prof_data.t ...... skipped: profiling not supported for DBI::PurePerl
t/zvxgp_43prof_env.t ....... skipped: profiling not supported for DBI::PurePerl
t/zvxgp_49dbd_file.t ....... ok
t/zvxgp_50dbm_simple.t ..... ok
t/zvxgp_51dbm_file.t ....... ok
t/zvxgp_52dbm_complex.t .... skipped: Needs more love to run with Gofer, too
t/zvxgp_60preparse.t ....... skipped: preparse not supported for DBI::PurePerl
t/zvxgp_65transact.t ....... skipped: Transactions not supported by DBD::Gofer
t/zvxgp_70callbacks.t ...... skipped: $h->{Callbacks} attribute not supported for DBI::PurePerl
t/zvxgp_72childhandles.t ... ok
t/zvxgp_80proxy.t .......... skipped: modules required for proxy are probably not installed (e.g., RPC/PlClient.pm)
t/zvxgp_85gofer.t .......... ok
t/zvxgp_86gofer_fail.t ..... skipped: requires Callbacks which are not supported with PurePerl
t/zvxgp_87gofer_cache.t .... skipped: Gofer DBI_AUTOPROXY
t/zvxgp_90sql_type_cast.t .. ok
t/zvxnp_49dbd_file.t ....... ok
t/zvxnp_50dbm_simple.t ..... ok
t/zvxnp_51dbm_file.t ....... ok
t/zvxnp_52dbm_complex.t .... skipped: Not running with SQL::Statement
t/zvxnp_85gofer.t .......... ok

Test Summary Report
-------------------
t/zvxgn_49dbd_file.t     (Wstat: 256 Tests: 30 Failed: 1)
  Failed test:  15
  Non-zero exit status: 1
Files=166, Tests=7182, 540 wallclock secs ( 3.55 usr +  1.03 sys =  4.58 CPU)
Result: FAIL
Failed 1/166 test programs. 1/7182 subtests failed.
NMAKE : fatal error U1077: 'C:\Perl\bin\perl.exe' : ƒŠƒ^[ƒ“ ƒR[ƒh '0xff'
Stop.

------------------------------
PREREQUISITES
------------------------------

Prerequisite modules loaded:

requires:

    Module              Need Have   
    ------------------- ---- -------
    ExtUtils::MakeMaker 6.48 6.56   
    Test::Simple        0.90 0.95_02

configure_requires:

    Module              Need Have   
    ------------------- ---- -------
    ExtUtils::MakeMaker 0    6.56   


------------------------------
ENVIRONMENT AND OTHER CONTEXT
------------------------------

Environment variables:

    COMSPEC = C:\WINDOWS\system32\cmd.exe
    INCLUDE = C:\Program Files\Microsoft Visual Studio .NET\VC7\ATLMFC\INCLUDE;C:\Program Files\Microsoft Visual Studio .NET\VC7\INCLUDE;C:\boost;C:\Program Files\Microsoft Visual Studio .NET\VC7\PlatformSDK\include\prerelease;C:\Program Files\Microsoft Visual Studio .NET\VC7\PlatformSDK\include;C:\Program Files\Microsoft Visual Studio .NET\FrameworkSDK\include;C:\Program Files\Microsoft Visual Studio .NET\FrameworkSDK\include\;
    LIB = C:\Program Files\Microsoft Visual Studio .NET\VC7\ATLMFC\LIB;C:\Program Files\Microsoft Visual Studio .NET\VC7\LIB;C:\Program Files\Microsoft Visual Studio .NET\VC7\PlatformSDK\lib\prerelease;C:\Program Files\Microsoft Visual Studio .NET\VC7\PlatformSDK\lib;C:\Program Files\Microsoft Visual Studio .NET\FrameworkSDK\lib;C:\Program Files\Microsoft Visual Studio .NET\FrameworkSDK\Lib\;
    NUMBER_OF_PROCESSORS = 1
    PATH = C:\Program Files\Microsoft Visual Studio .NET\Common7\IDE;C:\Program Files\Microsoft Visual Studio .NET\VC7\BIN;C:\Program Files\Microsoft Visual Studio .NET\Common7\Tools;C:\Program Files\Microsoft Visual Studio .NET\Common7\Tools\bin\prerelease;C:\Program Files\Microsoft Visual Studio .NET\Common7\Tools\bin;C:\Program Files\Microsoft Visual Studio .NET\FrameworkSDK\bin;C:\WINDOWS\Microsoft.NET\Framework\v1.0.3705;C:\ImageMagick;C:\Perl\bin;C:\mdd;C:\MeCab\bin;C:\PostgreSQL\bin;C:\glut;C:\GTK\bin;C:\PDCurses\win32;C:\qdbm;C:\icu4c\bin;C:\openssl\bin;C:\iconv\.;C:\nkf\.;C:\PsTools\.;C:\dm\bin;C:\tcc;C:\SWIG\;C:\patch;C:\diff;C:\NAnt\bin;C:\Dev-Cpp\bin;C:\Python\;C:\WINDOWS\system32;C:\WINDOWS;C:\WINDOWS\System32\Wbem;C:\Program Files\Microsoft SQL Server\90\Tools\binn\;C:\WINDOWS\system32\WindowsPowerShell\v1.0;;C:\perl2exe;C:\perl6\bin;C:\Program Files\Microsoft Network Monitor 3\;C:\Program Files\ASE;C:\Program Files\Network Associates\PGPNT;C:\WINDOWS\system32\kktools;C:\Program Files\Common Files\DivX Shared\;C:\Program Files\EmEditor;C:\Program Files\TortoiseGit\bin;C:\PROGRA~1\WIDEST~1\ws\bin;C:\PROGRA~1\WIDEST~1\ruby\bin;C:\PROGRA~1\WIDEST~1\Perl\bin;C:\PROGRA~1\WIDEST~1\Python;C:\PROGRA~1\WIDEST~1\gcc\bin;C:\PROGRA~1\WIDEST~1\gcc\libexec\gcc\mingw32\3.4.5;C:\Program Files\QuickTime\QTSystem\;C:\Program Files\Oracle\Berkeley DB 4.6.21\bin;C:\Program Files\Oracle\Berkeley DB 4.6.21\bin\debug;C:\Program Files\OpenCV\bin;C:\CMake\bin;C:\Program Files\Nmap;;
    PERL5LIB = 
    PERL5OPT = 
    PERL5_CPANPLUS_IS_RUNNING = 2432
    PERL5_CPAN_IS_RUNNING = 2432
    PERL5_INCLUDE = C:\Perl\lib\CORE
    PERL5_LIB = C:\Perl\lib\CORE\perl58.lib
    PERL_CPANM_HOME = C:\Perl\cpanminus
    PROCESSOR_IDENTIFIER = x86 Family 15 Model 2 Stepping 9, GenuineIntel
    TEMP = C:\DOCUME~1\TARO-N~1\LOCALS~1\Temp

Perl special variables (and OS-specific diagnostics, for MSWin32):

    $^X = C:\Perl\bin\perl.exe
    $UID/$EUID = 0 / 0
    $GID = 0
    $EGID = 0
    Win32::GetOSName = WinXP/.Net
    Win32::GetOSVersion = Service Pack 3, 5, 1, 2600, 2, 3, 0, 256, 1
    Win32::FsType = NTFS
    Win32::IsAdminUser = 1

Perl module toolchain versions installed:

    Module              Have   
    ------------------- -------
    CPAN                1.94_58
    Cwd                 3.31   
    ExtUtils::CBuilder  0.2703 
    ExtUtils::Command   1.16   
    ExtUtils::Install   1.54   
    ExtUtils::MakeMaker 6.56   
    ExtUtils::Manifest  1.57   
    ExtUtils::ParseXS   2.2206 
    File::Spec          3.31   
    Module::Build       0.3607 
    Module::Signature   0.63   
    Test::Harness       3.21   
    Test::More          0.95_02
    YAML                0.71   
    YAML::Syck          1.10   
    version             0.82   


--

Summary of my perl5 (revision 5 version 8 subversion 8) configuration:
  Platform:
    osname=MSWin32, osvers=5.0, archname=MSWin32-x86-multi-thread
    uname=''
    config_args='undef'
    hint=recommended, useposix=true, d_sigaction=undef
    usethreads=define use5005threads=undef useithreads=define usemultiplicity=define
    useperlio=define d_sfio=undef uselargefiles=define usesocks=undef
    use64bitint=undef use64bitall=undef uselongdouble=undef
    usemymalloc=n, bincompat5005=undef
  Compiler:
    cc='cl', ccflags ='-nologo -GF -W3 -MD -Zi -DNDEBUG -O1 -DWIN32 -D_CONSOLE -DNO_STRICT -DHAVE_DES_FCRYPT -DNO_HASH_SEED -DUSE_SITECUSTOMIZE -DPERL_IMPLICIT_CONTEXT -DPERL_IMPLICIT_SYS -DUSE_PERLIO -DPERL_MSVCRT_READFIX',
    optimize='-MD -Zi -DNDEBUG -O1',
    cppflags='-DWIN32'
    ccversion='12.00.8804', gccversion='', gccosandvers=''
    intsize=4, longsize=4, ptrsize=4, doublesize=8, byteorder=1234
    d_longlong=undef, longlongsize=8, d_longdbl=define, longdblsize=10
    ivtype='long', ivsize=4, nvtype='double', nvsize=8, Off_t='__int64', lseeksize=8
    alignbytes=8, prototype=define
  Linker and Libraries:
    ld='link', ldflags ='-nologo -nodefaultlib -debug -opt:ref,icf  -libpath:"C:\Perl\lib\CORE"  -machine:x86'
    libpth=\lib
    libs=  oldnames.lib kernel32.lib user32.lib gdi32.lib winspool.lib  comdlg32.lib advapi32.lib shell32.lib ole32.lib oleaut32.lib  netapi32.lib uuid.lib ws2_32.lib mpr.lib winmm.lib  version.lib odbc32.lib odbccp32.lib msvcrt.lib
    perllibs=  oldnames.lib kernel32.lib user32.lib gdi32.lib winspool.lib  comdlg32.lib advapi32.lib shell32.lib ole32.lib oleaut32.lib  netapi32.lib uuid.lib ws2_32.lib mpr.lib winmm.lib  version.lib odbc32.lib odbccp32.lib msvcrt.lib
    libc=msvcrt.lib, so=dll, useshrplib=yes, libperl=perl58.lib
    gnulibc_version=''
  Dynamic Linking:
    dlsrc=dl_win32.xs, dlext=dll, d_dlsymun=undef, ccdlflags=' '
    cccdlflags=' ', lddlflags='-dll -nologo -nodefaultlib -debug -opt:ref,icf  -libpath:"C:\Perl\lib\CORE"  -machine:x86'


Characteristics of this binary (from libperl): 
  Compile-time options: MULTIPLICITY PERL_IMPLICIT_CONTEXT
                        PERL_IMPLICIT_SYS PERL_MALLOC_WRAP
                        PL_OP_SLAB_ALLOC USE_ITHREADS USE_LARGE_FILES
                        USE_PERLIO USE_SITECUSTOMIZE
  Locally applied patches:
	ActivePerl Build 817 [257965]
	Iin_load_module moved for compatibility with build 806
	PerlEx support in CGI::Carp
	Less verbose ExtUtils::Install and Pod::Find
	Patch for CAN-2005-0448 from Debian with modifications
	Partly reverted 24733 to preserve binary compatibilty
	27528 win32_pclose() error exit doesn't unlock mutex
	27527 win32_async_check() can loop indefinitely
	27515 ignore directories when searching @INC
	27359 Fix -d:Foo=bar syntax
	27210 Fix quote typo in c2ph
	27203 Allow compiling swigged C++ code
	27200 Make stat() on Windows handle trailing slashes correctly
	27194 Get perl_fini() running on HP-UX again
	27133 Initialise lastparen in the regexp structure
	27034 Avoid "Prototype mismatch" warnings with autouse
	26970 Make Passive mode the default for Net::FTP
	26921 Avoid getprotobyname/number calls in IO::Socket::INET
	26897,26903 Make common IPPROTO_* constants always available
	26670 Make '-s' on the shebang line parse -foo=bar switches
	26379 Fix alarm() for Windows 2003
	26087 Storable 0.1 compatibility
	25861 IO::File performace issue
	25084 long groups entry could cause memory exhaustion
	24699 ICMP_UNREACHABLE handling in Net::Ping
  Built under MSWin32
  Compiled at Mar 20 2006 17:54:25
  %ENV:
    PERL5_CPANPLUS_IS_RUNNING="2432"
    PERL5_CPAN_IS_RUNNING="2432"
    PERL5_INCLUDE="C:\Perl\lib\CORE"
    PERL5_LIB="C:\Perl\lib\CORE\perl58.lib"
    PERL_CPANM_HOME="C:\Perl\cpanminus"
  @INC:
    C:/Perl/lib
    C:/Perl/site/lib
    .