Report for Test-Class-0.42

Back
From: metabase:user:314402c4-2aae-11df-837a-5e0a49663a4f
Subject: FAIL Test-Class-0.42 v5.12.4 FreeBSD
Date: 2014-06-12T04:38:58Z

This distribution has been tested as part of the CPAN Testers
project, supporting the Perl programming language.  See
http://wiki.cpantesters.org/ for more information or email
questions to cpan-testers-discuss@perl.org


--
Dear Karen Etheridge,

This is a computer-generated report for Test-Class-0.42
on perl 5.12.4, created by CPAN-Reporter-1.2010.

Thank you for uploading your work to CPAN.  However, there was a problem
testing your distribution.

If you think this report is invalid, please consult the CPAN Testers Wiki
for suggestions on how to avoid getting FAIL reports for missing library
or binary dependencies, unsupported operating systems, and so on:

http://wiki.cpantesters.org/wiki/CPANAuthorNotes

Sections of this report:

    * Tester comments
    * Program output
    * Prerequisites
    * Environment and other context

------------------------------
TESTER COMMENTS
------------------------------

Additional comments from tester:

none provided

------------------------------
PROGRAM OUTPUT
------------------------------

Output from '/usr/bin/make test':

PERL_DL_NONLAZY=1 /usr/local/bin/perl5.12.4 "-MExtUtils::Command::MM" "-MTest::Harness" "-e" "undef *Test::Harness::Switches; test_harness(0, 'blib/lib', 'blib/arch')" t/*.t
# Testing Test::Class::Load 0.42, Perl 5.012004, /usr/local/bin/perl5.12.4
t/00-load.t .................... ok
t/20-load-classes.t ............ ok
t/21-load-subclassed.t ......... ok
t/_new.t ....................... ok
t/bad-autoloads.t .............. skipped: need Contextual::Return
t/bailout.t .................... ok
t/builder.t .................... ok
t/compile.t .................... ok
t/current_method.t ............. ok
t/diag_on_failure.t ............ ok
t/die-in-setup.t ............... ok
t/die_before_plan.t ............ ok
t/expected_tests.t ............. ok
t/fail1.t ...................... ok

#   Failed test 'fail2'
#   at t/fail2.t line 38.
# STDOUT is:
# not ok 1 - undef isa 'Object'
# not ok 2 - cannot create Objects
# 
# not:
# (?-xism:not ok 1 - (?:The thing|undef) isa '?Object'?\n)
# not ok 2 - cannot create Objects
# 
# as expected
# STDERR is:
# #   Failed test 'undef isa 'Object''
# #   at t/fail2.t line 18.
# #   (in Object::Test->_test_new)
# #     undef isn't defined
# #   Failed test 'cannot create Objects'
# #   at t/fail2.t line 18.
# #   (in Object::Test->_test_new)
# 
# not:
# /#\s+Failed\ test.*?\n?.*?at\ t\/fail2\.t line 18.*\n?/
# #   (in Object::Test->_test_new)
# (?-xism:#\s+(?:The thing|undef) isn't defined\n)
# /#\s+Failed\ test.*?\n?.*?at\ t\/fail2\.t line 18.*\n?/
# #   (in Object::Test->_test_new)
# 
# as expected
t/fail2.t ...................... 
Failed 1/2 subtests 
t/fail3.t ...................... ok
t/filter.t ..................... ok
t/filter_bad_filter.t .......... ok
t/filter_fixtures.t ............ ok
t/filter_fixtures_only.t ....... ok
t/filter_multiple.t ............ ok
t/header.t ..................... ok
t/late_header.t ................ ok
t/methodinfo.t ................. ok
t/named_test.t ................. ok
t/num_method_tests.t ........... ok
t/num_tests.t .................. ok
t/override.t ................... ok
t/rt15870.t .................... ok
t/rt17264.t .................... ok
t/run_all_tests.t .............. ok
t/runtests.t ................... ok

#   Failed test 'early die handled'
#   at t/runtests_die.t line 34.
# STDOUT is:
# not ok 1 - undef isa 'Object'
# not ok 2 - test_object died (could not create object)
# 
# not:
# (?-xism:not ok 1 - (?:The thing|undef) isa '?Object'?\n)
# not ok 2 - test_object died (could not create object)
# 
# as expected
# STDERR is:
# #   Failed test 'undef isa 'Object''
# #   at t/runtests_die.t line 15.
# #   (in Foo->test_object)
# #     undef isn't defined
# #   Failed test 'test_object died (could not create object)'
# #   at t/runtests_die.t line 33.
# #   (in Foo->test_object)
# 
# not:
# /#\s+Failed\ test.*?\n?.*?at\ t\/runtests_die\.t line 15.*\n?/
# #   (in Foo->test_object)
# (?-xism:#     (?:The thing|undef) isn't defined\n)
# /#\s+Failed\ test.*?\n?.*?at\ t\/runtests_die\.t line 33.*\n?/
# #   (in Foo->test_object)
# 
# as expected
t/runtests_die.t ............... 
Failed 1/1 subtests 
t/runtests_die_empty.t ......... ok
t/runtests_die_nearlyempty.t ... ok
t/runtests_extra.t ............. ok
t/runtests_noplan.t ............ ok
t/runtests_of.t ................ ok
t/runtests_result.t ............ ok

#   Failed test 'early return handled (fail)'
#   at t/runtests_return.t line 42.
# STDERR is:
# #   Failed test '(Bar::darwin_only returned before plan complete)'
# #   at /usr/local/src/CPAN/build/Test-Class-0.42-5yO93F/blib/lib/Test/Class.pm line 392.
# #   (in Bar->darwin_only)
# #   Failed test '(Bar::darwin_only returned before plan complete)'
# #   at /usr/local/src/CPAN/build/Test-Class-0.42-5yO93F/blib/lib/Test/Class.pm line 392.
# #   (in Bar->darwin_only)
# 
# not:
# (?s-xim:.*in Bar->darwin_only.*)
# 
# as expected
t/runtests_return.t ............ 
Failed 1/2 subtests 
t/runtests_trailing.t .......... ok
t/runtests_with_wrong_class.t .. ok
t/show_plan_in_shutdown.t ...... ok
t/skip1.t ...................... ok
t/skip2.t ...................... ok
t/skip_class_reason.t .......... ok
# 
# Bar::Test->the_test
t/skip_empty_classes.t ......... ok
t/spaces.t ..................... ok
t/startup.t .................... ok
t/startup_that_dies.t .......... ok
t/test_classes.t ............... ok
t/test_deep.t .................. ok
t/test_method.t ................ ok
t/test_verbose.t ............... ok
t/Tests.t ...................... ok
# Test::More: 0.99
t/todo.t ....................... ok

Test Summary Report
-------------------
t/fail2.t                    (Wstat: 0 Tests: 2 Failed: 1)
  Failed test:  1
t/runtests_die.t             (Wstat: 0 Tests: 1 Failed: 1)
  Failed test:  1
t/runtests_return.t          (Wstat: 0 Tests: 2 Failed: 1)
  Failed test:  2
Files=56, Tests=186,  6 wallclock secs ( 0.23 usr  0.16 sys +  4.59 cusr  1.13 csys =  6.12 CPU)
Result: FAIL
Failed 3/56 test programs. 3/186 subtests failed.
*** [test_dynamic] Error code 255

Stop in /usr/local/src/CPAN/build/Test-Class-0.42-5yO93F.

------------------------------
PREREQUISITES
------------------------------

Prerequisite modules loaded:

requires:

    Module                Need Have    
    --------------------- ---- --------
    Attribute::Handlers   0.77 0.87    
    base                  0    2.15    
    Carp                  0    1.17    
    constant              0    1.20    
    Fcntl                 0    1.06    
    File::Find            0    1.15    
    File::Spec            0    3.40    
    IO::File              1.09 1.14    
    MRO::Compat           0.11 0.12    
    overload              0    1.10    
    Storable              2.04 2.22    
    strict                0    1.04    
    Test                  0    1.25_02 
    Test::Builder         0.78 0.99    
    Test::Builder::Tester 1.02 1.23_002
    Test::Exception       0.25 0.32    
    Test::More            0.78 0.99    
    Test::Simple          0.78 0.99    
    warnings              0    1.09    

build_requires:

    Module                Need Have    
    --------------------- ---- --------
    ExtUtils::MakeMaker   0    6.80    

configure_requires:

    Module                Need Have    
    --------------------- ---- --------
    Module::Build         0.42 0.4205  


------------------------------
ENVIRONMENT AND OTHER CONTEXT
------------------------------

Environment variables:

    DBIC_NO_WARN_BAD_PERL = 1
    LC_ALL = de_DE.ISO8859-1
    PATH = /usr/local/bin:/usr/bin:/bin:/usr/local/sbin:/usr/sbin:/sbin:/home/e/eserte/bin/freebsd9.1:/home/e/eserte/bin/sh:/home/e/eserte/bin:/usr/games:/home/e/eserte/devel:/home/e/eserte/src/srezic-misc/scripts
    PERL5LIB = /usr/local/src/CPAN/build/MRO-Compat-0.12-6dt0R8/blib/arch:/usr/local/src/CPAN/build/MRO-Compat-0.12-6dt0R8/blib/lib:/usr/local/src/CPAN/build/Module-Build-0.4205-cCKgq_/blib/arch:/usr/local/src/CPAN/build/Module-Build-0.4205-cCKgq_/blib/lib:/usr/local/src/CPAN/build/Test-Exception-0.32-2SyjAO/blib/arch:/usr/local/src/CPAN/build/Test-Exception-0.32-2SyjAO/blib/lib:/usr/local/src/CPAN/build/Sub-Uplevel-0.24-CfibUC/blib/arch:/usr/local/src/CPAN/build/Sub-Uplevel-0.24-CfibUC/blib/lib:/usr/local/src/CPAN/build/PkgConfig-0.07720-XH7CHG/blib/arch:/usr/local/src/CPAN/build/PkgConfig-0.07720-XH7CHG/blib/lib
    PERL5OPT = 
    PERL5_CPANPLUS_IS_RUNNING = 92705
    PERL5_CPAN_IS_RUNNING = 92705
    PERL5_CPAN_IS_RUNNING_IN_RECURSION = 58206,92705
    PERLDOC = -MPod::Perldoc::ToTextOverstrike
    PERL_BATCH = yes
    PERL_CPAN_REPORTER_CONFIG = /var/tmp/cpansmoker-1000/Z5mCAZZVow_config.ini
    PERL_EXTUTILS_AUTOINSTALL = --defaultdeps
    PERL_HTML_DISPLAY_CLASS = HTML::Display::Mozilla
    SHELL = /usr/local/bin/zsh
    STDPERL = perl
    TERM = screen
    TMPDIR = /var/tmp/cpansmoker-1000

Perl special variables (and OS-specific diagnostics, for MSWin32):

    $^X = /usr/local/bin/perl5.12.4
    $UID/$EUID = 1000 / 1000
    $GID = 1000 1000 0 5 1023 1024
    $EGID = 1000 1000 0 5 1023 1024

Perl module toolchain versions installed:

    Module              Have    
    ------------------- --------
    CPAN                1.94_56 
    CPAN::Meta          2.120351
    Cwd                 3.40    
    ExtUtils::CBuilder  0.27    
    ExtUtils::Command   1.16    
    ExtUtils::Install   1.55    
    ExtUtils::MakeMaker 6.80    
    ExtUtils::Manifest  1.60    
    ExtUtils::ParseXS   2.21    
    File::Spec          3.40    
    JSON                n/a     
    JSON::PP            2.27200 
    Module::Build       0.4205  
    Module::Signature   n/a     
    Parse::CPAN::Meta   1.4405  
    Test::Harness       3.17    
    Test::More          0.99    
    YAML                0.84    
    YAML::Syck          1.27    
    version             0.88    


--

Summary of my perl5 (revision 5 version 12 subversion 4) configuration:
   
  Platform:
    osname=freebsd, osvers=9.2-release, archname=amd64-freebsd
    uname='freebsd cvrsnica.herceg.de 9.2-release freebsd 9.2-release #0 r255898: thu sep 26 22:50:31 utc 2013 root@bake.isc.freebsd.org:usrobjusrsrcsysgeneric amd64 '
    config_args='-D useshrplib=true -Dprefix=/usr/perl5.12.4 -Dusemymalloc=n -D cc=ccache cc -Dgccansipedantic -de'
    hint=recommended, useposix=true, d_sigaction=define
    useithreads=undef, usemultiplicity=undef
    useperlio=define, d_sfio=undef, uselargefiles=define, usesocks=undef
    use64bitint=define, use64bitall=define, uselongdouble=undef
    usemymalloc=n, bincompat5005=undef
  Compiler:
    cc='ccache cc', ccflags ='-DHAS_FPSETMASK -DHAS_FLOATINGPOINT_H -fno-strict-aliasing -pipe -fstack-protector -I/usr/local/include',
    optimize='-O2 -pipe',
    cppflags='-DHAS_FPSETMASK -DHAS_FLOATINGPOINT_H -fno-strict-aliasing -pipe -fstack-protector -I/usr/local/include'
    ccversion='', gccversion='4.2.1 20070831 patched [FreeBSD]', gccosandvers=''
    intsize=4, longsize=8, ptrsize=8, doublesize=8, byteorder=12345678
    d_longlong=define, longlongsize=8, d_longdbl=define, longdblsize=16
    ivtype='long', ivsize=8, nvtype='double', nvsize=8, Off_t='off_t', lseeksize=8
    alignbytes=8, prototype=define
  Linker and Libraries:
    ld='ccache cc', ldflags ='-Wl,-E  -fstack-protector -L/usr/local/lib'
    libpth=/usr/lib /usr/local/lib
    libs=-lgdbm -lm -lcrypt -lutil -lc
    perllibs=-lm -lcrypt -lutil -lc
    libc=, so=so, useshrplib=true, libperl=libperl.so
    gnulibc_version=''
  Dynamic Linking:
    dlsrc=dl_dlopen.xs, dlext=so, d_dlsymun=undef, ccdlflags='  -Wl,-R/usr/perl5.12.4/lib/5.12.4/amd64-freebsd/CORE'
    cccdlflags='-DPIC -fPIC', lddlflags='-shared  -L/usr/local/lib -fstack-protector'


Characteristics of this binary (from libperl): 
  Compile-time options: PERL_DONT_CREATE_GVSV PERL_MALLOC_WRAP PERL_USE_DEVEL
                        USE_64_BIT_ALL USE_64_BIT_INT USE_LARGE_FILES
                        USE_PERLIO USE_PERL_ATOF
  Built under freebsd
  Compiled at Oct 30 2013 17:01:31
  %ENV:
    PERL5LIB="/usr/local/src/CPAN/build/MRO-Compat-0.12-6dt0R8/blib/arch:/usr/local/src/CPAN/build/MRO-Compat-0.12-6dt0R8/blib/lib:/usr/local/src/CPAN/build/Module-Build-0.4205-cCKgq_/blib/arch:/usr/local/src/CPAN/build/Module-Build-0.4205-cCKgq_/blib/lib:/usr/local/src/CPAN/build/Test-Exception-0.32-2SyjAO/blib/arch:/usr/local/src/CPAN/build/Test-Exception-0.32-2SyjAO/blib/lib:/usr/local/src/CPAN/build/Sub-Uplevel-0.24-CfibUC/blib/arch:/usr/local/src/CPAN/build/Sub-Uplevel-0.24-CfibUC/blib/lib:/usr/local/src/CPAN/build/PkgConfig-0.07720-XH7CHG/blib/arch:/usr/local/src/CPAN/build/PkgConfig-0.07720-XH7CHG/blib/lib"
    PERL5OPT=""
    PERL5_CPANPLUS_IS_RUNNING="92705"
    PERL5_CPAN_IS_RUNNING="92705"
    PERL5_CPAN_IS_RUNNING_IN_RECURSION="58206,92705"
    PERLDOC="-MPod::Perldoc::ToTextOverstrike"
    PERL_BATCH="yes"
    PERL_CPAN_REPORTER_CONFIG="/var/tmp/cpansmoker-1000/Z5mCAZZVow_config.ini"
    PERL_EXTUTILS_AUTOINSTALL="--defaultdeps"
    PERL_HTML_DISPLAY_CLASS="HTML::Display::Mozilla"
  @INC:
    /usr/local/src/CPAN/build/MRO-Compat-0.12-6dt0R8/blib/arch
    /usr/local/src/CPAN/build/MRO-Compat-0.12-6dt0R8/blib/lib
    /usr/local/src/CPAN/build/Module-Build-0.4205-cCKgq_/blib/arch
    /usr/local/src/CPAN/build/Module-Build-0.4205-cCKgq_/blib/lib
    /usr/local/src/CPAN/build/Test-Exception-0.32-2SyjAO/blib/arch
    /usr/local/src/CPAN/build/Test-Exception-0.32-2SyjAO/blib/lib
    /usr/local/src/CPAN/build/Sub-Uplevel-0.24-CfibUC/blib/arch
    /usr/local/src/CPAN/build/Sub-Uplevel-0.24-CfibUC/blib/lib
    /usr/local/src/CPAN/build/PkgConfig-0.07720-XH7CHG/blib/arch
    /usr/local/src/CPAN/build/PkgConfig-0.07720-XH7CHG/blib/lib
    /usr/perl5.12.4/lib/site_perl/5.12.4/amd64-freebsd
    /usr/perl5.12.4/lib/site_perl/5.12.4
    /usr/perl5.12.4/lib/5.12.4/amd64-freebsd
    /usr/perl5.12.4/lib/5.12.4
    .