Report for Sereal-Decoder-3.000_003

Back
From: metabase:user:320bfe00-2aae-11df-837a-5e0a49663a4f
Subject: FAIL Sereal-Decoder-3.000_003 v5.8.5 GNU/Linux
Date: 2014-06-01T23:00:04Z

This distribution has been tested as part of the CPAN Testers
project, supporting the Perl programming language.  See
http://wiki.cpantesters.org/ for more information or email
questions to cpan-testers-discuss@perl.org


--
Dear Yves,

This is a computer-generated report for Sereal-Decoder-3.000_003
on perl 5.8.5, created by CPAN-Reporter-1.2011.

Thank you for uploading your work to CPAN.  However, there was a problem
testing your distribution.

If you think this report is invalid, please consult the CPAN Testers Wiki
for suggestions on how to avoid getting FAIL reports for missing library
or binary dependencies, unsupported operating systems, and so on:

http://wiki.cpantesters.org/wiki/CPANAuthorNotes

Sections of this report:

    * Tester comments
    * Program output
    * Prerequisites
    * Environment and other context

------------------------------
TESTER COMMENTS
------------------------------

Additional comments from tester:

this report is from an automated smoke testing program
and was not reviewed by a human for accuracy

------------------------------
PROGRAM OUTPUT
------------------------------

Output from '/usr/bin/make test':

Running Mkbootstrap for Sereal::Decoder ()
chmod 644 Decoder.bs
PERL_DL_NONLAZY=1 /home/sand/src/perl/repoperls/installed-perls/perl/perl-5.8.5/5da8/bin/perl "-MExtUtils::Command::MM" "-MTest::Harness" "-e" "undef *Test::Harness::Switches; test_harness(0, 'blib/lib', 'blib/arch')" t/*.t
Can't load '/tmp/loop_over_bdir-2737-IjnvDk/Sereal-Decoder-3.000_003-Tf_394/blib/arch/auto/Sereal/Decoder/Decoder.so' for module Sereal::Decoder: /tmp/loop_over_bdir-2737-IjnvDk/Sereal-Decoder-3.000_003-Tf_394/blib/arch/auto/Sereal/Decoder/Decoder.so: undefined symbol: HvRITER_set at /home/sand/src/perl/repoperls/installed-perls/perl/perl-5.8.5/5da8/lib/5.8.5/x86_64-linux/DynaLoader.pm line 230.
 at t/001_load.t line 4.
Compilation failed in require at t/001_load.t line 4.
BEGIN failed--compilation aborted at t/001_load.t line 4.
t/001_load.t ............... 
Dubious, test returned 2 (wstat 512, 0x200)
No subtests run 
Can't load '/tmp/loop_over_bdir-2737-IjnvDk/Sereal-Decoder-3.000_003-Tf_394/blib/arch/auto/Sereal/Decoder/Decoder.so' for module Sereal::Decoder: /tmp/loop_over_bdir-2737-IjnvDk/Sereal-Decoder-3.000_003-Tf_394/blib/arch/auto/Sereal/Decoder/Decoder.so: undefined symbol: HvRITER_set at /home/sand/src/perl/repoperls/installed-perls/perl/perl-5.8.5/5da8/lib/5.8.5/x86_64-linux/DynaLoader.pm line 230.
 at t/010_desperate.t line 4.
Compilation failed in require at t/010_desperate.t line 4.
BEGIN failed--compilation aborted at t/010_desperate.t line 4.
t/010_desperate.t .......... 
Dubious, test returned 2 (wstat 512, 0x200)
No subtests run 
Can't load '/tmp/loop_over_bdir-2737-IjnvDk/Sereal-Decoder-3.000_003-Tf_394/blib/arch/auto/Sereal/Decoder/Decoder.so' for module Sereal::Decoder: /tmp/loop_over_bdir-2737-IjnvDk/Sereal-Decoder-3.000_003-Tf_394/blib/arch/auto/Sereal/Decoder/Decoder.so: undefined symbol: HvRITER_set at /home/sand/src/perl/repoperls/installed-perls/perl/perl-5.8.5/5da8/lib/5.8.5/x86_64-linux/DynaLoader.pm line 230.
 at t/020_incremental.t line 4.
Compilation failed in require at t/020_incremental.t line 4.
BEGIN failed--compilation aborted at t/020_incremental.t line 4.
t/020_incremental.t ........ 
Dubious, test returned 2 (wstat 512, 0x200)
No subtests run 
Can't load '/tmp/loop_over_bdir-2737-IjnvDk/Sereal-Decoder-3.000_003-Tf_394/blib/arch/auto/Sereal/Decoder/Decoder.so' for module Sereal::Decoder: /tmp/loop_over_bdir-2737-IjnvDk/Sereal-Decoder-3.000_003-Tf_394/blib/arch/auto/Sereal/Decoder/Decoder.so: undefined symbol: HvRITER_set at /home/sand/src/perl/repoperls/installed-perls/perl/perl-5.8.5/5da8/lib/5.8.5/x86_64-linux/DynaLoader.pm line 230.
 at t/030_looks_like_sereal.t line 4.
Compilation failed in require at t/030_looks_like_sereal.t line 4.
BEGIN failed--compilation aborted at t/030_looks_like_sereal.t line 4.
t/030_looks_like_sereal.t .. 
Dubious, test returned 2 (wstat 512, 0x200)
No subtests run 
Can't load '/tmp/loop_over_bdir-2737-IjnvDk/Sereal-Decoder-3.000_003-Tf_394/blib/arch/auto/Sereal/Decoder/Decoder.so' for module Sereal::Decoder: /tmp/loop_over_bdir-2737-IjnvDk/Sereal-Decoder-3.000_003-Tf_394/blib/arch/auto/Sereal/Decoder/Decoder.so: undefined symbol: HvRITER_set at /home/sand/src/perl/repoperls/installed-perls/perl/perl-5.8.5/5da8/lib/5.8.5/x86_64-linux/DynaLoader.pm line 230.
 at t/040_special_vars.t line 4.
Compilation failed in require at t/040_special_vars.t line 4.
BEGIN failed--compilation aborted at t/040_special_vars.t line 4.
t/040_special_vars.t ....... 
Dubious, test returned 2 (wstat 512, 0x200)
No subtests run 
Can't load '/tmp/loop_over_bdir-2737-IjnvDk/Sereal-Decoder-3.000_003-Tf_394/blib/arch/auto/Sereal/Decoder/Decoder.so' for module Sereal::Decoder: /tmp/loop_over_bdir-2737-IjnvDk/Sereal-Decoder-3.000_003-Tf_394/blib/arch/auto/Sereal/Decoder/Decoder.so: undefined symbol: HvRITER_set at /home/sand/src/perl/repoperls/installed-perls/perl/perl-5.8.5/5da8/lib/5.8.5/x86_64-linux/DynaLoader.pm line 230.
 at t/060_each.t line 4.
Compilation failed in require at t/060_each.t line 4.
BEGIN failed--compilation aborted at t/060_each.t line 4.
t/060_each.t ............... 
Dubious, test returned 2 (wstat 512, 0x200)
No subtests run 
Can't load '/tmp/loop_over_bdir-2737-IjnvDk/Sereal-Decoder-3.000_003-Tf_394/blib/arch/auto/Sereal/Decoder/Decoder.so' for module Sereal::Decoder: /tmp/loop_over_bdir-2737-IjnvDk/Sereal-Decoder-3.000_003-Tf_394/blib/arch/auto/Sereal/Decoder/Decoder.so: undefined symbol: HvRITER_set at /home/sand/src/perl/repoperls/installed-perls/perl/perl-5.8.5/5da8/lib/5.8.5/x86_64-linux/DynaLoader.pm line 230.
 at t/070_alias_options.t line 4.
Compilation failed in require at t/070_alias_options.t line 4.
BEGIN failed--compilation aborted at t/070_alias_options.t line 4.
t/070_alias_options.t ...... 
Dubious, test returned 2 (wstat 512, 0x200)
No subtests run 
Can't load '/tmp/loop_over_bdir-2737-IjnvDk/Sereal-Decoder-3.000_003-Tf_394/blib/arch/auto/Sereal/Decoder/Decoder.so' for module Sereal::Decoder: /tmp/loop_over_bdir-2737-IjnvDk/Sereal-Decoder-3.000_003-Tf_394/blib/arch/auto/Sereal/Decoder/Decoder.so: undefined symbol: HvRITER_set at /home/sand/src/perl/repoperls/installed-perls/perl/perl-5.8.5/5da8/lib/5.8.5/x86_64-linux/DynaLoader.pm line 230.
 at t/110_nobless.t line 4.
Compilation failed in require at t/110_nobless.t line 4.
BEGIN failed--compilation aborted at t/110_nobless.t line 4.
t/110_nobless.t ............ 
Dubious, test returned 2 (wstat 512, 0x200)
No subtests run 
Can't load '/tmp/loop_over_bdir-2737-IjnvDk/Sereal-Decoder-3.000_003-Tf_394/blib/arch/auto/Sereal/Decoder/Decoder.so' for module Sereal::Decoder: /tmp/loop_over_bdir-2737-IjnvDk/Sereal-Decoder-3.000_003-Tf_394/blib/arch/auto/Sereal/Decoder/Decoder.so: undefined symbol: HvRITER_set at /home/sand/src/perl/repoperls/installed-perls/perl/perl-5.8.5/5da8/lib/5.8.5/x86_64-linux/DynaLoader.pm line 230.
 at t/150_dec_exception.t line 4.
Compilation failed in require at t/150_dec_exception.t line 4.
BEGIN failed--compilation aborted at t/150_dec_exception.t line 4.
t/150_dec_exception.t ...... 
Dubious, test returned 2 (wstat 512, 0x200)
No subtests run 
Can't load '/tmp/loop_over_bdir-2737-IjnvDk/Sereal-Decoder-3.000_003-Tf_394/blib/arch/auto/Sereal/Decoder/Decoder.so' for module Sereal::Decoder: /tmp/loop_over_bdir-2737-IjnvDk/Sereal-Decoder-3.000_003-Tf_394/blib/arch/auto/Sereal/Decoder/Decoder.so: undefined symbol: HvRITER_set at /home/sand/src/perl/repoperls/installed-perls/perl/perl-5.8.5/5da8/lib/5.8.5/x86_64-linux/DynaLoader.pm line 230.
 at t/160_recursion.t line 4.
Compilation failed in require at t/160_recursion.t line 4.
BEGIN failed--compilation aborted at t/160_recursion.t line 4.
t/160_recursion.t .......... 
Dubious, test returned 2 (wstat 512, 0x200)
No subtests run 
Can't load '/tmp/loop_over_bdir-2737-IjnvDk/Sereal-Decoder-3.000_003-Tf_394/blib/arch/auto/Sereal/Decoder/Decoder.so' for module Sereal::Decoder: /tmp/loop_over_bdir-2737-IjnvDk/Sereal-Decoder-3.000_003-Tf_394/blib/arch/auto/Sereal/Decoder/Decoder.so: undefined symbol: HvRITER_set at /home/sand/src/perl/repoperls/installed-perls/perl/perl-5.8.5/5da8/lib/5.8.5/x86_64-linux/DynaLoader.pm line 230.
 at t/200_bulk.t line 4.
Compilation failed in require at t/200_bulk.t line 4.
BEGIN failed--compilation aborted at t/200_bulk.t line 4.
t/200_bulk.t ............... 
Dubious, test returned 2 (wstat 512, 0x200)
No subtests run 
Can't load '/tmp/loop_over_bdir-2737-IjnvDk/Sereal-Decoder-3.000_003-Tf_394/blib/arch/auto/Sereal/Decoder/Decoder.so' for module Sereal::Decoder: /tmp/loop_over_bdir-2737-IjnvDk/Sereal-Decoder-3.000_003-Tf_394/blib/arch/auto/Sereal/Decoder/Decoder.so: undefined symbol: HvRITER_set at /home/sand/src/perl/repoperls/installed-perls/perl/perl-5.8.5/5da8/lib/5.8.5/x86_64-linux/DynaLoader.pm line 230.
 at t/300_overload.t line 4.
Compilation failed in require at t/300_overload.t line 4.
BEGIN failed--compilation aborted at t/300_overload.t line 4.
t/300_overload.t ........... 
Dubious, test returned 2 (wstat 512, 0x200)
No subtests run 
Can't load '/tmp/loop_over_bdir-2737-IjnvDk/Sereal-Decoder-3.000_003-Tf_394/blib/arch/auto/Sereal/Decoder/Decoder.so' for module Sereal::Decoder: /tmp/loop_over_bdir-2737-IjnvDk/Sereal-Decoder-3.000_003-Tf_394/blib/arch/auto/Sereal/Decoder/Decoder.so: undefined symbol: HvRITER_set at /home/sand/src/perl/repoperls/installed-perls/perl/perl-5.8.5/5da8/lib/5.8.5/x86_64-linux/DynaLoader.pm line 230.
 at t/400_utf8validate.t line 5.
Compilation failed in require at t/400_utf8validate.t line 5.
BEGIN failed--compilation aborted at t/400_utf8validate.t line 5.
t/400_utf8validate.t ....... 
Dubious, test returned 2 (wstat 512, 0x200)
No subtests run 
Can't load '/tmp/loop_over_bdir-2737-IjnvDk/Sereal-Decoder-3.000_003-Tf_394/blib/arch/auto/Sereal/Decoder/Decoder.so' for module Sereal::Decoder: /tmp/loop_over_bdir-2737-IjnvDk/Sereal-Decoder-3.000_003-Tf_394/blib/arch/auto/Sereal/Decoder/Decoder.so: undefined symbol: HvRITER_set at /home/sand/src/perl/repoperls/installed-perls/perl/perl-5.8.5/5da8/lib/5.8.5/x86_64-linux/DynaLoader.pm line 230.
 at t/500_utf8decoding.t line 5.
Compilation failed in require at t/500_utf8decoding.t line 5.
BEGIN failed--compilation aborted at t/500_utf8decoding.t line 5.
t/500_utf8decoding.t ....... 
Dubious, test returned 2 (wstat 512, 0x200)
No subtests run 
Can't load '/tmp/loop_over_bdir-2737-IjnvDk/Sereal-Decoder-3.000_003-Tf_394/blib/arch/auto/Sereal/Decoder/Decoder.so' for module Sereal::Decoder: /tmp/loop_over_bdir-2737-IjnvDk/Sereal-Decoder-3.000_003-Tf_394/blib/arch/auto/Sereal/Decoder/Decoder.so: undefined symbol: HvRITER_set at /home/sand/src/perl/repoperls/installed-perls/perl/perl-5.8.5/5da8/lib/5.8.5/x86_64-linux/DynaLoader.pm line 230.
 at t/700_roundtrip.t line 4.
Compilation failed in require at t/700_roundtrip.t line 4.
BEGIN failed--compilation aborted at t/700_roundtrip.t line 4.
t/700_roundtrip.t .......... 
Dubious, test returned 2 (wstat 512, 0x200)
No subtests run 
Can't load '/tmp/loop_over_bdir-2737-IjnvDk/Sereal-Decoder-3.000_003-Tf_394/blib/arch/auto/Sereal/Decoder/Decoder.so' for module Sereal::Decoder: /tmp/loop_over_bdir-2737-IjnvDk/Sereal-Decoder-3.000_003-Tf_394/blib/arch/auto/Sereal/Decoder/Decoder.so: undefined symbol: HvRITER_set at /home/sand/src/perl/repoperls/installed-perls/perl/perl-5.8.5/5da8/lib/5.8.5/x86_64-linux/DynaLoader.pm line 230.
 at t/701_roundtrip_v1.t line 4.
Compilation failed in require at t/701_roundtrip_v1.t line 4.
BEGIN failed--compilation aborted at t/701_roundtrip_v1.t line 4.
t/701_roundtrip_v1.t ....... 
Dubious, test returned 2 (wstat 512, 0x200)
No subtests run 
Can't load '/tmp/loop_over_bdir-2737-IjnvDk/Sereal-Decoder-3.000_003-Tf_394/blib/arch/auto/Sereal/Decoder/Decoder.so' for module Sereal::Decoder: /tmp/loop_over_bdir-2737-IjnvDk/Sereal-Decoder-3.000_003-Tf_394/blib/arch/auto/Sereal/Decoder/Decoder.so: undefined symbol: HvRITER_set at /home/sand/src/perl/repoperls/installed-perls/perl/perl-5.8.5/5da8/lib/5.8.5/x86_64-linux/DynaLoader.pm line 230.
 at t/702_roundtrip_v2.t line 4.
Compilation failed in require at t/702_roundtrip_v2.t line 4.
BEGIN failed--compilation aborted at t/702_roundtrip_v2.t line 4.
t/702_roundtrip_v2.t ....... 
Dubious, test returned 2 (wstat 512, 0x200)
No subtests run 
t/800_threads.t ............ skipped: Perl not compiled with 'useithreads'
Can't load '/tmp/loop_over_bdir-2737-IjnvDk/Sereal-Decoder-3.000_003-Tf_394/blib/arch/auto/Sereal/Decoder/Decoder.so' for module Sereal::Decoder: /tmp/loop_over_bdir-2737-IjnvDk/Sereal-Decoder-3.000_003-Tf_394/blib/arch/auto/Sereal/Decoder/Decoder.so: undefined symbol: HvRITER_set at /home/sand/src/perl/repoperls/installed-perls/perl/perl-5.8.5/5da8/lib/5.8.5/x86_64-linux/DynaLoader.pm line 230.
 at t/900_regr_issue_15.t line 4.
Compilation failed in require at t/900_regr_issue_15.t line 4.
BEGIN failed--compilation aborted at t/900_regr_issue_15.t line 4.
t/900_regr_issue_15.t ...... 
Dubious, test returned 2 (wstat 512, 0x200)
No subtests run 
Can't load '/tmp/loop_over_bdir-2737-IjnvDk/Sereal-Decoder-3.000_003-Tf_394/blib/arch/auto/Sereal/Decoder/Decoder.so' for module Sereal::Decoder: /tmp/loop_over_bdir-2737-IjnvDk/Sereal-Decoder-3.000_003-Tf_394/blib/arch/auto/Sereal/Decoder/Decoder.so: undefined symbol: HvRITER_set at /home/sand/src/perl/repoperls/installed-perls/perl/perl-5.8.5/5da8/lib/5.8.5/x86_64-linux/DynaLoader.pm line 230.
 at t/901_regr_segv.t line 5.
Compilation failed in require at t/901_regr_segv.t line 5.
BEGIN failed--compilation aborted at t/901_regr_segv.t line 5.
t/901_regr_segv.t .......... 
Dubious, test returned 2 (wstat 512, 0x200)
No subtests run 
Can't load '/tmp/loop_over_bdir-2737-IjnvDk/Sereal-Decoder-3.000_003-Tf_394/blib/arch/auto/Sereal/Decoder/Decoder.so' for module Sereal::Decoder: /tmp/loop_over_bdir-2737-IjnvDk/Sereal-Decoder-3.000_003-Tf_394/blib/arch/auto/Sereal/Decoder/Decoder.so: undefined symbol: HvRITER_set at /home/sand/src/perl/repoperls/installed-perls/perl/perl-5.8.5/5da8/lib/5.8.5/x86_64-linux/DynaLoader.pm line 230.
 at t/902_bad_input.t line 4.
Compilation failed in require at t/902_bad_input.t line 4.
BEGIN failed--compilation aborted at t/902_bad_input.t line 4.
t/902_bad_input.t .......... 
Dubious, test returned 2 (wstat 512, 0x200)
No subtests run 
Can't load '/tmp/loop_over_bdir-2737-IjnvDk/Sereal-Decoder-3.000_003-Tf_394/blib/arch/auto/Sereal/Decoder/Decoder.so' for module Sereal::Decoder: /tmp/loop_over_bdir-2737-IjnvDk/Sereal-Decoder-3.000_003-Tf_394/blib/arch/auto/Sereal/Decoder/Decoder.so: undefined symbol: HvRITER_set at /home/sand/src/perl/repoperls/installed-perls/perl/perl-5.8.5/5da8/lib/5.8.5/x86_64-linux/DynaLoader.pm line 230.
 at t/903_reentrancy.t line 3.
Compilation failed in require at t/903_reentrancy.t line 3.
BEGIN failed--compilation aborted at t/903_reentrancy.t line 3.
t/903_reentrancy.t ......... 
Dubious, test returned 2 (wstat 512, 0x200)
No subtests run 

Test Summary Report
-------------------
t/001_load.t             (Wstat: 512 Tests: 0 Failed: 0)
  Non-zero exit status: 2
  Parse errors: No plan found in TAP output
t/010_desperate.t        (Wstat: 512 Tests: 0 Failed: 0)
  Non-zero exit status: 2
  Parse errors: No plan found in TAP output
t/020_incremental.t      (Wstat: 512 Tests: 0 Failed: 0)
  Non-zero exit status: 2
  Parse errors: No plan found in TAP output
t/030_looks_like_sereal.t (Wstat: 512 Tests: 0 Failed: 0)
  Non-zero exit status: 2
  Parse errors: No plan found in TAP output
t/040_special_vars.t     (Wstat: 512 Tests: 0 Failed: 0)
  Non-zero exit status: 2
  Parse errors: No plan found in TAP output
t/060_each.t             (Wstat: 512 Tests: 0 Failed: 0)
  Non-zero exit status: 2
  Parse errors: No plan found in TAP output
t/070_alias_options.t    (Wstat: 512 Tests: 0 Failed: 0)
  Non-zero exit status: 2
  Parse errors: No plan found in TAP output
t/110_nobless.t          (Wstat: 512 Tests: 0 Failed: 0)
  Non-zero exit status: 2
  Parse errors: No plan found in TAP output
t/150_dec_exception.t    (Wstat: 512 Tests: 0 Failed: 0)
  Non-zero exit status: 2
  Parse errors: No plan found in TAP output
t/160_recursion.t        (Wstat: 512 Tests: 0 Failed: 0)
  Non-zero exit status: 2
  Parse errors: No plan found in TAP output
t/200_bulk.t             (Wstat: 512 Tests: 0 Failed: 0)
  Non-zero exit status: 2
  Parse errors: No plan found in TAP output
t/300_overload.t         (Wstat: 512 Tests: 0 Failed: 0)
  Non-zero exit status: 2
  Parse errors: No plan found in TAP output
t/400_utf8validate.t     (Wstat: 512 Tests: 0 Failed: 0)
  Non-zero exit status: 2
  Parse errors: No plan found in TAP output
t/500_utf8decoding.t     (Wstat: 512 Tests: 0 Failed: 0)
  Non-zero exit status: 2
  Parse errors: No plan found in TAP output
t/700_roundtrip.t        (Wstat: 512 Tests: 0 Failed: 0)
  Non-zero exit status: 2
  Parse errors: No plan found in TAP output
t/701_roundtrip_v1.t     (Wstat: 512 Tests: 0 Failed: 0)
  Non-zero exit status: 2
  Parse errors: No plan found in TAP output
t/702_roundtrip_v2.t     (Wstat: 512 Tests: 0 Failed: 0)
  Non-zero exit status: 2
  Parse errors: No plan found in TAP output
t/900_regr_issue_15.t    (Wstat: 512 Tests: 0 Failed: 0)
  Non-zero exit status: 2
  Parse errors: No plan found in TAP output
t/901_regr_segv.t        (Wstat: 512 Tests: 0 Failed: 0)
  Non-zero exit status: 2
  Parse errors: No plan found in TAP output
t/902_bad_input.t        (Wstat: 512 Tests: 0 Failed: 0)
  Non-zero exit status: 2
  Parse errors: No plan found in TAP output
t/903_reentrancy.t       (Wstat: 512 Tests: 0 Failed: 0)
  Non-zero exit status: 2
  Parse errors: No plan found in TAP output
Files=22, Tests=0,  1 wallclock secs ( 0.05 usr  0.03 sys +  0.13 cusr  0.07 csys =  0.28 CPU)
Result: FAIL
Failed 21/22 test programs. 0/0 subtests failed.
make: *** [test_dynamic] Error 2

------------------------------
PREREQUISITES
------------------------------

Prerequisite modules loaded:

requires:

    Module              Need  Have        
    ------------------- ----- ------------
    perl                5.008 5.008005    
    XSLoader            0     0.16        

build_requires:

    Module              Need  Have        
    ------------------- ----- ------------
    Data::Dumper        0     2.151       
    ExtUtils::ParseXS   2.21  3.24        
    File::Find          0     1.07        
    File::Path          0     2.09        
    File::Spec          0     3.47        
    Scalar::Util        0     1.38        
    Test::LongString    0     0.15        
    Test::More          0.88  1.001004_003
    Test::Warn          0     0.30        
    XSLoader            0     0.16        

configure_requires:

    Module              Need  Have        
    ------------------- ----- ------------
    ExtUtils::MakeMaker 0     6.98        


------------------------------
ENVIRONMENT AND OTHER CONTEXT
------------------------------

Environment variables:

    AUTOMATED_TESTING = 1
    LANG = en_US.UTF-8
    LANGUAGE = en_US:en
    PATH = /usr/lib/ccache:/home/sand/bin:/usr/local/bin:/usr/bin:/bin:/usr/games:/usr/local/perl/bin:/usr/X11/bin:/sbin:/usr/sbin
    PERL5LIB = 
    PERL5OPT = 
    PERL5_CPANPLUS_IS_RUNNING = 2738
    PERL5_CPAN_IS_RUNNING = 2738
    PERL_MM_USE_DEFAULT = 1
    SHELL = /usr/bin/zsh
    TERM = screen

Perl special variables (and OS-specific diagnostics, for MSWin32):

    $^X = /home/sand/src/perl/repoperls/installed-perls/perl/perl-5.8.5/5da8/bin/perl
    $UID/$EUID = 1005 / 1005
    $GID = 1005 1005
    $EGID = 1005 1005

Perl module toolchain versions installed:

    Module              Have        
    ------------------- ------------
    CPAN                2.05        
    CPAN::Meta          2.141520    
    Cwd                 3.47        
    ExtUtils::CBuilder  0.280216    
    ExtUtils::Command   1.16        
    ExtUtils::Install   1.54        
    ExtUtils::MakeMaker 6.98        
    ExtUtils::Manifest  1.60        
    ExtUtils::ParseXS   3.24        
    File::Spec          3.47        
    JSON                2.90        
    JSON::PP            2.27203     
    Module::Build       0.4205      
    Module::Signature   0.73        
    Parse::CPAN::Meta   1.4414      
    Test::Harness       3.30        
    Test::More          1.001004_003
    YAML                0.92        
    YAML::Syck          1.27        
    version             0.9908      


--

Summary of my perl5 (revision 5 version 8 subversion 5) configuration:
  Platform:
    osname=linux, osvers=3.13-1-amd64, archname=x86_64-linux
    uname='linux k83 3.13-1-amd64 #1 smp debian 3.13.7-1 (2014-03-25) x86_64 gnulinux '
    config_args='-Dprefix=/home/sand/src/perl/repoperls/installed-perls/perl/perl-5.8.5/5da8 -Dmyhostname=k83 -Dinstallusrbinperl=n -Uversiononly -Dusedevel -des -Ui_db -Uuseithreads -Uuselongdouble -DDEBUGGING=-g -Dusedl -Ddlsrc=dl_dlopen.xs -Dlibs=-lnsl -ldb -ldl -lm -lcrypt -lutil -lc -Dlibpth=/usr/lib/x86_64-linux-gnu /usr/local/lib /lib /usr/lib'
    hint=recommended, useposix=true, d_sigaction=define
    usethreads=undef use5005threads=undef useithreads=undef usemultiplicity=undef
    useperlio=define d_sfio=undef uselargefiles=define usesocks=undef
    use64bitint=define use64bitall=define uselongdouble=undef
    usemymalloc=n, bincompat5005=undef
  Compiler:
    cc='cc', ccflags ='-fno-strict-aliasing -pipe -I/usr/local/include -D_LARGEFILE_SOURCE -D_FILE_OFFSET_BITS=64',
    optimize='-O2',
    cppflags='-fno-strict-aliasing -pipe -I/usr/local/include'
    ccversion='', gccversion='4.8.2', gccosandvers=''
    intsize=4, longsize=8, ptrsize=8, doublesize=8, byteorder=12345678
    d_longlong=define, longlongsize=8, d_longdbl=define, longdblsize=16
    ivtype='long', ivsize=8, nvtype='double', nvsize=8, Off_t='off_t', lseeksize=8
    alignbytes=8, prototype=define
  Linker and Libraries:
    ld='cc', ldflags =' -L/usr/local/lib'
    libpth=/usr/lib/x86_64-linux-gnu /usr/local/lib /lib /usr/lib
    libs=-lnsl -ldb -ldl -lm -lcrypt -lutil -lc
    perllibs=-lnsl -ldl -lm -lcrypt -lutil -lc
    libc=, so=so, useshrplib=false, libperl=libperl.a
    gnulibc_version='2.18'
  Dynamic Linking:
    dlsrc=dl_dlopen.xs, dlext=so, d_dlsymun=undef, ccdlflags='-Wl,-E'
    cccdlflags='-fpic', lddlflags='-shared -L/usr/local/lib'


Characteristics of this binary (from libperl): 
  Compile-time options: USE_64_BIT_INT USE_64_BIT_ALL USE_LARGE_FILES
  Locally applied patches:
	MAINT23136
  Built under linux
  Compiled at Apr 18 2014 09:38:09
  %ENV:
    PERL5LIB=""
    PERL5OPT=""
    PERL5_CPANPLUS_IS_RUNNING="2738"
    PERL5_CPAN_IS_RUNNING="2738"
    PERL_MM_USE_DEFAULT="1"
  @INC:
    /home/sand/src/perl/repoperls/installed-perls/perl/perl-5.8.5/5da8/lib/5.8.5/x86_64-linux
    /home/sand/src/perl/repoperls/installed-perls/perl/perl-5.8.5/5da8/lib/5.8.5
    /home/sand/src/perl/repoperls/installed-perls/perl/perl-5.8.5/5da8/lib/site_perl/5.8.5/x86_64-linux
    /home/sand/src/perl/repoperls/installed-perls/perl/perl-5.8.5/5da8/lib/site_perl/5.8.5
    /home/sand/src/perl/repoperls/installed-perls/perl/perl-5.8.5/5da8/lib/site_perl
    .