Back
From: metabase:user:d2c9f356-b46f-11df-9a90-20a83c0b7757
Subject: FAIL Audio-1.029 v5.15.5 SunOS/Solaris
Date: 2011-12-21T16:11:39Z
This distribution has been tested as part of the CPAN Testers
project, supporting the Perl programming language. See
http://wiki.cpantesters.org/ for more information or email
questions to cpan-testers-discuss@perl.org
--
Dear Nick Ing-Simmons (PAUSE Custodial Account),
This is a computer-generated report for Audio-1.029
on perl 5.15.5, created by CPAN-Reporter-1.2003.
Thank you for uploading your work to CPAN. However, there was a problem
testing your distribution.
If you think this report is invalid, please consult the CPAN Testers Wiki
for suggestions on how to avoid getting FAIL reports for missing library
or binary dependencies, unsupported operating systems, and so on:
http://wiki.cpantesters.org/wiki/CPANAuthorNotes
Sections of this report:
* Tester comments
* Program output
* Prerequisites
* Environment and other context
------------------------------
TESTER COMMENTS
------------------------------
Additional comments from tester:
this report is from an automated smoke testing program
and was not reviewed by a human for accuracy
------------------------------
PROGRAM OUTPUT
------------------------------
Output from '/usr/local/bin/make test':
make[1]: Entering directory `/export/home/cpant4/.cpan/build/Audio-1.029-lsB4FH/Data'
make[1]: Leaving directory `/export/home/cpant4/.cpan/build/Audio-1.029-lsB4FH/Data'
make[1]: Entering directory `/export/home/cpant4/.cpan/build/Audio-1.029-lsB4FH/Play'
true
true
make[2]: Entering directory `/export/home/cpant4/.cpan/build/Audio-1.029-lsB4FH/Play/Net'
make[2]: Nothing to be done for `all'.
make[2]: Leaving directory `/export/home/cpant4/.cpan/build/Audio-1.029-lsB4FH/Play/Net'
make[2]: Entering directory `/export/home/cpant4/.cpan/build/Audio-1.029-lsB4FH/Play/solaris'
make[2]: Leaving directory `/export/home/cpant4/.cpan/build/Audio-1.029-lsB4FH/Play/solaris'
make[1]: Leaving directory `/export/home/cpant4/.cpan/build/Audio-1.029-lsB4FH/Play'
make[1]: Entering directory `/export/home/cpant4/.cpan/build/Audio-1.029-lsB4FH/Data'
PERL_DL_NONLAZY=1 /export/home/cpant4/perl5/bin/perl5.15.5 "-MExtUtils::Command::MM" "-e" "test_harness(0, '../blib/lib', '../blib/arch')" t/*.t
Name "Audio::Data::AudioVtab" used only once: possible typo at /export/home/cpant4/perl5/lib/5.15.5/i86pc-solaris-64int/DynaLoader.pm line 213.
t/init.t ...... ok
Name "Audio::Data::AudioVtab" used only once: possible typo at /export/home/cpant4/perl5/lib/5.15.5/i86pc-solaris-64int/DynaLoader.pm line 213.
t/load.t ...... ok
Name "Audio::Data::AudioVtab" used only once: possible typo at /export/home/cpant4/perl5/lib/5.15.5/i86pc-solaris-64int/DynaLoader.pm line 213.
t/overload.t .. ok
Name "Audio::Data::AudioVtab" used only once: possible typo at /export/home/cpant4/perl5/lib/5.15.5/i86pc-solaris-64int/DynaLoader.pm line 213.
t/poly.t ...... ok
All tests successful.
Files=4, Tests=44, 0 wallclock secs ( 0.03 usr 0.01 sys + 0.07 cusr 0.00 csys = 0.11 CPU)
Result: PASS
make[1]: Leaving directory `/export/home/cpant4/.cpan/build/Audio-1.029-lsB4FH/Data'
make[1]: Entering directory `/export/home/cpant4/.cpan/build/Audio-1.029-lsB4FH/Play'
true
true
make[2]: Entering directory `/export/home/cpant4/.cpan/build/Audio-1.029-lsB4FH/Play/Net'
make[2]: Nothing to be done for `all'.
make[2]: Leaving directory `/export/home/cpant4/.cpan/build/Audio-1.029-lsB4FH/Play/Net'
make[2]: Entering directory `/export/home/cpant4/.cpan/build/Audio-1.029-lsB4FH/Play/solaris'
make[2]: Leaving directory `/export/home/cpant4/.cpan/build/Audio-1.029-lsB4FH/Play/solaris'
PERL_DL_NONLAZY=1 /export/home/cpant4/perl5/bin/perl5.15.5 "-MExtUtils::Command::MM" "-e" "test_harness(0, '../blib/lib', '../blib/arch')" t/*.t
Can't call method "rate" without a package or object reference at t/tone.t line 19.
t/tone.t ..
Dubious, test returned 2 (wstat 512, 0x200)
Failed 4/6 subtests
Test Summary Report
-------------------
t/tone.t (Wstat: 512 Tests: 4 Failed: 2)
Failed tests: 2-3
Non-zero exit status: 2
Parse errors: Bad plan. You planned 6 tests but ran 4.
Files=1, Tests=4, 0 wallclock secs ( 0.02 usr 0.01 sys + 0.01 cusr 0.00 csys = 0.04 CPU)
Result: FAIL
Failed 1/1 test programs. 2/4 subtests failed.
make[1]: *** [test_dynamic] Error 2
make[1]: Leaving directory `/export/home/cpant4/.cpan/build/Audio-1.029-lsB4FH/Play'
make: *** [subdirs-test] Error 2
------------------------------
PREREQUISITES
------------------------------
Prerequisite modules loaded:
build_requires:
Module Need Have
------------------- ---- -------
ExtUtils::MakeMaker 0 6.63_02
------------------------------
ENVIRONMENT AND OTHER CONTEXT
------------------------------
Environment variables:
AUTOMATED_TESTING = 1
LANG = C
LD_LIBRARY_PATH = /usr/local/lib:
PATH = /export/home/cpant4/perl5/bin:/usr/local/bin:/usr/bin
PERL5LIB =
PERL5OPT =
PERL5_CPANPLUS_IS_RUNNING = 28196
PERL5_CPAN_IS_RUNNING = 28196
PERL5_CPAN_IS_RUNNING_IN_RECURSION = 2919,28196
PERL_CR_SMOKER_CURRENT = KGS-0.99
PERL_EXTUTILS_AUTOINSTALL = --defaultdeps
PERL_MM_USE_DEFAULT = 1
SHELL = /bin/bash
TERM = xterm
Perl special variables (and OS-specific diagnostics, for MSWin32):
$^X = /export/home/cpant4/perl5/bin/perl5.15.5
$UID/$EUID = 104 / 104
$GID = 1 1
$EGID = 1 1
Perl module toolchain versions installed:
Module Have
------------------- --------
CPAN 1.9800
CPAN::Meta 2.112621
Cwd 3.37
ExtUtils::CBuilder 0.280204
ExtUtils::Command 1.17
ExtUtils::Install 1.57
ExtUtils::MakeMaker 6.63_02
ExtUtils::Manifest 1.60
ExtUtils::ParseXS 3.07
File::Spec 3.34
JSON 2.53
JSON::PP 2.27200
Module::Build 0.39_01
Module::Signature n/a
Parse::CPAN::Meta 1.4401
Test::Harness 3.23
Test::More 0.98
YAML 0.77
YAML::Syck 1.19
version 0.95
--
Summary of my perl5 (revision 5 version 15 subversion 5) configuration:
Platform:
osname=solaris, osvers=2.10, archname=i86pc-solaris-64int
uname='sunos vmrz0046 5.10 generic_141445-09 i86pc i386 i86pc solaris '
config_args='-Dcc=gcc -Dprefix=~/perl5 -Duse64bitint -Dusedevel -d'
hint=recommended, useposix=true, d_sigaction=define
useithreads=undef, usemultiplicity=undef
useperlio=define, d_sfio=undef, uselargefiles=define, usesocks=undef
use64bitint=define, use64bitall=undef, uselongdouble=undef
usemymalloc=n, bincompat5005=undef
Compiler:
cc='gcc', ccflags ='-DPTR_IS_LONG -fno-strict-aliasing -pipe -I/usr/local/include -D_LARGEFILE_SOURCE -D_FILE_OFFSET_BITS=64 -DPERL_USE_SAFE_PUTENV',
optimize='-O',
cppflags='-DPTR_IS_LONG -fno-strict-aliasing -pipe -I/usr/local/include'
ccversion='', gccversion='3.4.6', gccosandvers='solaris2.10'
intsize=4, longsize=4, ptrsize=4, doublesize=8, byteorder=12345678
d_longlong=define, longlongsize=8, d_longdbl=define, longdblsize=12
ivtype='long long', ivsize=8, nvtype='double', nvsize=8, Off_t='off_t', lseeksize=8
alignbytes=4, prototype=define
Linker and Libraries:
ld='gcc', ldflags =' -L/usr/local/lib '
libpth=/usr/local/lib /usr/lib /usr/ccs/lib
libs=-lsocket -lnsl -lgdbm -ldl -lm -lc
perllibs=-lsocket -lnsl -ldl -lm -lc
libc=/lib/libc.so, so=so, useshrplib=false, libperl=libperl.a
gnulibc_version=''
Dynamic Linking:
dlsrc=dl_dlopen.xs, dlext=so, d_dlsymun=undef, ccdlflags=' '
cccdlflags='-fPIC', lddlflags='-G -L/usr/local/lib'
Characteristics of this binary (from libperl):
Compile-time options: HAS_TIMES PERLIO_LAYERS PERL_DONT_CREATE_GVSV
PERL_MALLOC_WRAP PERL_PRESERVE_IVUV PERL_USE_DEVEL
PERL_USE_SAFE_PUTENV USE_64_BIT_INT USE_LARGE_FILES
USE_LOCALE USE_LOCALE_COLLATE USE_LOCALE_CTYPE
USE_LOCALE_NUMERIC USE_PERLIO USE_PERL_ATOF
Built under solaris
Compiled at Nov 28 2011 11:34:47
%ENV:
PERL5LIB=""
PERL5OPT=""
PERL5_CPANPLUS_IS_RUNNING="28196"
PERL5_CPAN_IS_RUNNING="28196"
PERL5_CPAN_IS_RUNNING_IN_RECURSION="2919,28196"
PERL_CR_SMOKER_CURRENT="KGS-0.99"
PERL_EXTUTILS_AUTOINSTALL="--defaultdeps"
PERL_MM_USE_DEFAULT="1"
@INC:
/export/home/cpant4/perl5/lib/site_perl/5.15.5/i86pc-solaris-64int
/export/home/cpant4/perl5/lib/site_perl/5.15.5
/export/home/cpant4/perl5/lib/5.15.5/i86pc-solaris-64int
/export/home/cpant4/perl5/lib/5.15.5
/export/home/cpant4/perl5/lib/site_perl
.