Report for Tapper-CLI-3.000001

Back
From: metabase:user:30977d10-2aae-11df-837a-5e0a49663a4f
Subject: FAIL Tapper-CLI-3.000001 v5.12.3 GNU/Linux
Date: 2011-03-04T00:07:56Z

This distribution has been tested as part of the CPAN Testers
project, supporting the Perl programming language.  See
http://wiki.cpantesters.org/ for more information or email
questions to cpan-testers-discuss@perl.org


--
Dear AMD OSRC (AMD Operating System Research Center),

This is a computer-generated report for Tapper-CLI-3.000001
on perl 5.12.3, created by CPAN-Reporter-1.1901.

Thank you for uploading your work to CPAN.  However, there was a problem
testing your distribution.

If you think this report is invalid, please consult the CPAN Testers Wiki
for suggestions on how to avoid getting FAIL reports for missing library
or binary dependencies, unsupported operating systems, and so on:

http://wiki.cpantesters.org/wiki/CPANAuthorNotes

Sections of this report:

    * Tester comments
    * Program output
    * Prerequisites
    * Environment and other context

------------------------------
TESTER COMMENTS
------------------------------

Additional comments from tester:

this report is from an automated smoke testing program
and was not reviewed by a human for accuracy

------------------------------
PROGRAM OUTPUT
------------------------------

Output from '/usr/bin/make test':

PERL_DL_NONLAZY=1 /home/stro/perl/perl5123m/bin/perl "-MExtUtils::Command::MM" "-e" "test_harness(0, 'inc', 'blib/lib', 'blib/arch')" t/*.t
# Testing Tapper::CLI 3.000001, Perl 5.012003, /home/stro/perl/perl5123m/bin/perl
t/00-load.t ................... ok
t/00-tapper-meta.t ............ ok
DBIx::Class::Schema::Versioned::upgrade(): Upgrade not necessary
DBIx::Class::Schema::Versioned::upgrade(): Upgrade not necessary
Can't locate parent.pm in @INC (@INC contains: lib /home/stro/cpan/build/5.12.3-m/Tapper-CLI-3.000001-nj_xNS/inc /home/stro/cpan/build/5.12.3-m/Tapper-CLI-3.000001-nj_xNS/blib/lib /home/stro/cpan/build/5.12.3-m/Tapper-CLI-3.000001-nj_xNS/blib/arch /etc/perl /usr/local/lib/perl/5.10.0 /usr/local/share/perl/5.10.0 /usr/lib/perl5 /usr/share/perl5 /usr/lib/perl/5.10 /usr/share/perl/5.10 /usr/local/lib/site_perl .) at lib/Tapper/CLI/Testrun.pm line 6.
BEGIN failed--compilation aborted at lib/Tapper/CLI/Testrun.pm line 6.
Compilation failed in require at bin/tapper-testrun line 3.
BEGIN failed--compilation aborted at bin/tapper-testrun line 3.
Can't call method "id" on an undefined value at t/tapper-cli-host.t line 21.
t/tapper-cli-host.t ........... 
Dubious, test returned 2 (wstat 512, 0x200)
No subtests run 
DBIx::Class::Schema::Versioned::upgrade(): Upgrade not necessary
DBIx::Class::Schema::Versioned::upgrade(): Upgrade not necessary
Can't locate parent.pm in @INC (@INC contains: lib /home/stro/cpan/build/5.12.3-m/Tapper-CLI-3.000001-nj_xNS/inc /home/stro/cpan/build/5.12.3-m/Tapper-CLI-3.000001-nj_xNS/blib/lib /home/stro/cpan/build/5.12.3-m/Tapper-CLI-3.000001-nj_xNS/blib/arch /etc/perl /usr/local/lib/perl/5.10.0 /usr/local/share/perl/5.10.0 /usr/lib/perl5 /usr/share/perl5 /usr/lib/perl/5.10 /usr/share/perl/5.10 /usr/local/lib/site_perl .) at lib/Tapper/CLI/Testrun.pm line 6.
BEGIN failed--compilation aborted at lib/Tapper/CLI/Testrun.pm line 6.
Compilation failed in require at bin/tapper-testrun line 3.
BEGIN failed--compilation aborted at bin/tapper-testrun line 3.

#   Failed test 'newscenario returns a true value'
#   at t/tapper-cli-interdep.t line 20.

#   Failed test 'Find new scenario in DB'
#   at t/tapper-cli-interdep.t line 22.
Can't call method "scenario_elements" on an undefined value at t/tapper-cli-interdep.t line 24.
# Tests were run but no plan was declared and done_testing() was not seen.
t/tapper-cli-interdep.t ....... 
Dubious, test returned 2 (wstat 512, 0x200)
Failed 2/2 subtests 
DBIx::Class::Schema::Versioned::upgrade(): Upgrade not necessary
DBIx::Class::Schema::Versioned::upgrade(): Upgrade not necessary
Can't locate parent.pm in @INC (@INC contains: lib /home/stro/cpan/build/5.12.3-m/Tapper-CLI-3.000001-nj_xNS/inc /home/stro/cpan/build/5.12.3-m/Tapper-CLI-3.000001-nj_xNS/blib/lib /home/stro/cpan/build/5.12.3-m/Tapper-CLI-3.000001-nj_xNS/blib/arch /etc/perl /usr/local/lib/perl/5.10.0 /usr/local/share/perl/5.10.0 /usr/lib/perl5 /usr/share/perl5 /usr/lib/perl/5.10 /usr/share/perl/5.10 /usr/local/lib/site_perl .) at lib/Tapper/CLI/Testrun.pm line 6.
BEGIN failed--compilation aborted at lib/Tapper/CLI/Testrun.pm line 6.
Compilation failed in require at bin/tapper-testrun line 3.
BEGIN failed--compilation aborted at bin/tapper-testrun line 3.
Can't call method "id" on an undefined value at t/tapper-cli-precondition.t line 21.
t/tapper-cli-precondition.t ... 
Dubious, test returned 2 (wstat 512, 0x200)
No subtests run 
DBIx::Class::Schema::Versioned::upgrade(): Upgrade not necessary
DBIx::Class::Schema::Versioned::upgrade(): Upgrade not necessary
Can't locate parent.pm in @INC (@INC contains: lib /home/stro/cpan/build/5.12.3-m/Tapper-CLI-3.000001-nj_xNS/inc /home/stro/cpan/build/5.12.3-m/Tapper-CLI-3.000001-nj_xNS/blib/lib /home/stro/cpan/build/5.12.3-m/Tapper-CLI-3.000001-nj_xNS/blib/arch /etc/perl /usr/local/lib/perl/5.10.0 /usr/local/share/perl/5.10.0 /usr/lib/perl5 /usr/share/perl5 /usr/lib/perl/5.10 /usr/share/perl/5.10 /usr/local/lib/site_perl .) at lib/Tapper/CLI/Testrun.pm line 6.
BEGIN failed--compilation aborted at lib/Tapper/CLI/Testrun.pm line 6.
Compilation failed in require at bin/tapper-testrun line 3.
BEGIN failed--compilation aborted at bin/tapper-testrun line 3.

#   Failed test 'New host / return value'
#   at t/tapper-cli-queue.t line 26.
#          got: '512'
#     expected: '0'
Can't locate parent.pm in @INC (@INC contains: lib /home/stro/cpan/build/5.12.3-m/Tapper-CLI-3.000001-nj_xNS/inc /home/stro/cpan/build/5.12.3-m/Tapper-CLI-3.000001-nj_xNS/blib/lib /home/stro/cpan/build/5.12.3-m/Tapper-CLI-3.000001-nj_xNS/blib/arch /etc/perl /usr/local/lib/perl/5.10.0 /usr/local/share/perl/5.10.0 /usr/lib/perl5 /usr/share/perl5 /usr/lib/perl/5.10 /usr/share/perl/5.10 /usr/local/lib/site_perl .) at lib/Tapper/CLI/Testrun.pm line 6.
BEGIN failed--compilation aborted at lib/Tapper/CLI/Testrun.pm line 6.
Compilation failed in require at bin/tapper-testrun line 3.
BEGIN failed--compilation aborted at bin/tapper-testrun line 3.

#   Failed test 'List queues'
#   at t/tapper-cli-queue.t line 29.
#          got: ''
#     expected: 'Id: 2
# Name: KVM
# Priority: 200
# Active: no
# Bound hosts: host3
# 
# ********************************************************************************
# Id: 1
# Name: Xen
# Priority: 300
# Active: no
# Bound hosts: host3
# 
# ********************************************************************************
# '
Can't locate parent.pm in @INC (@INC contains: lib /home/stro/cpan/build/5.12.3-m/Tapper-CLI-3.000001-nj_xNS/inc /home/stro/cpan/build/5.12.3-m/Tapper-CLI-3.000001-nj_xNS/blib/lib /home/stro/cpan/build/5.12.3-m/Tapper-CLI-3.000001-nj_xNS/blib/arch /etc/perl /usr/local/lib/perl/5.10.0 /usr/local/share/perl/5.10.0 /usr/lib/perl5 /usr/share/perl5 /usr/lib/perl/5.10 /usr/share/perl/5.10 /usr/local/lib/site_perl .) at lib/Tapper/CLI/Testrun.pm line 6.
BEGIN failed--compilation aborted at lib/Tapper/CLI/Testrun.pm line 6.
Compilation failed in require at bin/tapper-testrun line 3.
BEGIN failed--compilation aborted at bin/tapper-testrun line 3.

#   Failed test 'Queued testruns in listqueue'
#   at t/tapper-cli-queue.t line 35.
#          got: ''
#     expected: 'Id: 3
# Name: Kernel
# Priority: 10
# Active: no
# Queued testruns (ids): 3001, 3002
# 
# ********************************************************************************
# '
Can't locate parent.pm in @INC (@INC contains: lib /home/stro/cpan/build/5.12.3-m/Tapper-CLI-3.000001-nj_xNS/inc /home/stro/cpan/build/5.12.3-m/Tapper-CLI-3.000001-nj_xNS/blib/lib /home/stro/cpan/build/5.12.3-m/Tapper-CLI-3.000001-nj_xNS/blib/arch /etc/perl /usr/local/lib/perl/5.10.0 /usr/local/share/perl/5.10.0 /usr/lib/perl5 /usr/share/perl5 /usr/lib/perl/5.10 /usr/share/perl/5.10 /usr/local/lib/site_perl .) at lib/Tapper/CLI/Testrun.pm line 6.
BEGIN failed--compilation aborted at lib/Tapper/CLI/Testrun.pm line 6.
Compilation failed in require at bin/tapper-testrun line 3.
BEGIN failed--compilation aborted at bin/tapper-testrun line 3.

#   Failed test 'List queues by name'
#   at t/tapper-cli-queue.t line 40.
#          got: ''
#     expected: 'Id: 3
# Name: Kernel
# Priority: 10
# Active: no
# Queued testruns (ids): 3001, 3002
# 
# ********************************************************************************
# Id: 1
# Name: Xen
# Priority: 300
# Active: no
# Bound hosts: host3
# 
# ********************************************************************************
# '
Can't locate parent.pm in @INC (@INC contains: lib /home/stro/cpan/build/5.12.3-m/Tapper-CLI-3.000001-nj_xNS/inc /home/stro/cpan/build/5.12.3-m/Tapper-CLI-3.000001-nj_xNS/blib/lib /home/stro/cpan/build/5.12.3-m/Tapper-CLI-3.000001-nj_xNS/blib/arch /etc/perl /usr/local/lib/perl/5.10.0 /usr/local/share/perl/5.10.0 /usr/lib/perl5 /usr/share/perl5 /usr/lib/perl/5.10 /usr/share/perl/5.10 /usr/local/lib/site_perl .) at lib/Tapper/CLI/Testrun.pm line 6.
BEGIN failed--compilation aborted at lib/Tapper/CLI/Testrun.pm line 6.
Compilation failed in require at bin/tapper-testrun line 3.
BEGIN failed--compilation aborted at bin/tapper-testrun line 3.

#   Failed test 'Update queue priority'
#   at t/tapper-cli-queue.t line 58.
#          got: ''
#     expected: 'Xen | 500 | not active
# '
Can't locate parent.pm in @INC (@INC contains: lib /home/stro/cpan/build/5.12.3-m/Tapper-CLI-3.000001-nj_xNS/inc /home/stro/cpan/build/5.12.3-m/Tapper-CLI-3.000001-nj_xNS/blib/lib /home/stro/cpan/build/5.12.3-m/Tapper-CLI-3.000001-nj_xNS/blib/arch /etc/perl /usr/local/lib/perl/5.10.0 /usr/local/share/perl/5.10.0 /usr/lib/perl5 /usr/share/perl5 /usr/lib/perl/5.10 /usr/share/perl/5.10 /usr/local/lib/site_perl .) at lib/Tapper/CLI/Testrun.pm line 6.
BEGIN failed--compilation aborted at lib/Tapper/CLI/Testrun.pm line 6.
Compilation failed in require at bin/tapper-testrun line 3.
BEGIN failed--compilation aborted at bin/tapper-testrun line 3.

#   Failed test 'Update queue active flag'
#   at t/tapper-cli-queue.t line 61.
#          got: ''
#     expected: 'Xen | 500 | active
# '
Can't locate parent.pm in @INC (@INC contains: lib /home/stro/cpan/build/5.12.3-m/Tapper-CLI-3.000001-nj_xNS/inc /home/stro/cpan/build/5.12.3-m/Tapper-CLI-3.000001-nj_xNS/blib/lib /home/stro/cpan/build/5.12.3-m/Tapper-CLI-3.000001-nj_xNS/blib/arch /etc/perl /usr/local/lib/perl/5.10.0 /usr/local/share/perl/5.10.0 /usr/lib/perl5 /usr/share/perl5 /usr/lib/perl/5.10 /usr/share/perl/5.10 /usr/local/lib/site_perl .) at lib/Tapper/CLI/Testrun.pm line 6.
BEGIN failed--compilation aborted at lib/Tapper/CLI/Testrun.pm line 6.
Compilation failed in require at bin/tapper-testrun line 3.
BEGIN failed--compilation aborted at bin/tapper-testrun line 3.

#   Failed test 'Update queue active flag'
#   at t/tapper-cli-queue.t line 64.
#          got: ''
#     expected: 'Xen | 500 | not active
# '
Can't locate parent.pm in @INC (@INC contains: lib /home/stro/cpan/build/5.12.3-m/Tapper-CLI-3.000001-nj_xNS/inc /home/stro/cpan/build/5.12.3-m/Tapper-CLI-3.000001-nj_xNS/blib/lib /home/stro/cpan/build/5.12.3-m/Tapper-CLI-3.000001-nj_xNS/blib/arch /etc/perl /usr/local/lib/perl/5.10.0 /usr/local/share/perl/5.10.0 /usr/lib/perl5 /usr/share/perl5 /usr/lib/perl/5.10 /usr/share/perl/5.10 /usr/local/lib/site_perl .) at lib/Tapper/CLI/Testrun.pm line 6.
BEGIN failed--compilation aborted at lib/Tapper/CLI/Testrun.pm line 6.
Compilation failed in require at bin/tapper-testrun line 3.
BEGIN failed--compilation aborted at bin/tapper-testrun line 3.

#   Failed test 'Delete queue'
#   at t/tapper-cli-queue.t line 68.
#          got: ''
#     expected: 'Deleted queue Xen
# '
# Looks like you failed 8 tests of 11.
t/tapper-cli-queue.t .......... 
Dubious, test returned 8 (wstat 2048, 0x800)
Failed 8/11 subtests 
DBIx::Class::Schema::Versioned::upgrade(): Upgrade not necessary
DBIx::Class::Schema::Versioned::upgrade(): Upgrade not necessary
Can't locate parent.pm in @INC (@INC contains: lib /home/stro/cpan/build/5.12.3-m/Tapper-CLI-3.000001-nj_xNS/inc /home/stro/cpan/build/5.12.3-m/Tapper-CLI-3.000001-nj_xNS/blib/lib /home/stro/cpan/build/5.12.3-m/Tapper-CLI-3.000001-nj_xNS/blib/arch /etc/perl /usr/local/lib/perl/5.10.0 /usr/local/share/perl/5.10.0 /usr/lib/perl5 /usr/share/perl5 /usr/lib/perl/5.10 /usr/share/perl/5.10 /usr/local/lib/site_perl .) at lib/Tapper/CLI/Testrun.pm line 6.
BEGIN failed--compilation aborted at lib/Tapper/CLI/Testrun.pm line 6.
Compilation failed in require at bin/tapper-testrun line 3.
BEGIN failed--compilation aborted at bin/tapper-testrun line 3.

#   Failed test 'Testplan id is actually an id'
#   at t/tapper-cli-testplan.t line 20.
#                   ''
#     doesn't match '(?-xism:^\d+$)'

#   Failed test 'Testplan instance found'
#   at t/tapper-cli-testplan.t line 23.
Can't call method "testruns" on an undefined value at t/tapper-cli-testplan.t line 24.
# Tests were run but no plan was declared and done_testing() was not seen.
t/tapper-cli-testplan.t ....... 
Dubious, test returned 2 (wstat 512, 0x200)
Failed 2/2 subtests 
DBIx::Class::Schema::Versioned::upgrade(): Upgrade not necessary
DBIx::Class::Schema::Versioned::upgrade(): Upgrade not necessary
Can't locate parent.pm in @INC (@INC contains: lib /home/stro/cpan/build/5.12.3-m/Tapper-CLI-3.000001-nj_xNS/inc /home/stro/cpan/build/5.12.3-m/Tapper-CLI-3.000001-nj_xNS/blib/lib /home/stro/cpan/build/5.12.3-m/Tapper-CLI-3.000001-nj_xNS/blib/arch /etc/perl /usr/local/lib/perl/5.10.0 /usr/local/share/perl/5.10.0 /usr/lib/perl5 /usr/share/perl5 /usr/lib/perl/5.10 /usr/share/perl/5.10 /usr/local/lib/site_perl .) at lib/Tapper/CLI/Testrun.pm line 6.
BEGIN failed--compilation aborted at lib/Tapper/CLI/Testrun.pm line 6.
Compilation failed in require at bin/tapper-testrun line 3.
BEGIN failed--compilation aborted at bin/tapper-testrun line 3.

#   Failed test 'List testrun / by id'
#   at t/tapper-cli-testrun-small.t line 17.
#          got: ''
#     expected: '
# ********************************************************************************
# 
# id: 3002
# topic: old_topic
# shortname: ccc2-kernel
# state: schedule
# queue: Kernel
# requested hosts: iring
# auto rerun: no
# precondition_ids: 9, 10, 8, 5
# '
Can't locate parent.pm in @INC (@INC contains: lib /home/stro/cpan/build/5.12.3-m/Tapper-CLI-3.000001-nj_xNS/inc /home/stro/cpan/build/5.12.3-m/Tapper-CLI-3.000001-nj_xNS/blib/lib /home/stro/cpan/build/5.12.3-m/Tapper-CLI-3.000001-nj_xNS/blib/arch /etc/perl /usr/local/lib/perl/5.10.0 /usr/local/share/perl/5.10.0 /usr/lib/perl5 /usr/share/perl5 /usr/lib/perl/5.10 /usr/share/perl/5.10 /usr/local/lib/site_perl .) at lib/Tapper/CLI/Testrun.pm line 6.
BEGIN failed--compilation aborted at lib/Tapper/CLI/Testrun.pm line 6.
Compilation failed in require at bin/tapper-testrun line 3.
BEGIN failed--compilation aborted at bin/tapper-testrun line 3.

#   Failed test 'List testrun / by host, schedule'
#   at t/tapper-cli-testrun-small.t line 32.
#          got: ''
#     expected: '3001
# 3002
# '
# Looks like you failed 2 tests of 2.
t/tapper-cli-testrun-small.t .. 
Dubious, test returned 2 (wstat 512, 0x200)
Failed 2/2 subtests 
DBIx::Class::Schema::Versioned::upgrade(): Upgrade not necessary
DBIx::Class::Schema::Versioned::upgrade(): Upgrade not necessary
Can't locate parent.pm in @INC (@INC contains: lib /home/stro/cpan/build/5.12.3-m/Tapper-CLI-3.000001-nj_xNS/inc /home/stro/cpan/build/5.12.3-m/Tapper-CLI-3.000001-nj_xNS/blib/lib /home/stro/cpan/build/5.12.3-m/Tapper-CLI-3.000001-nj_xNS/blib/arch /etc/perl /usr/local/lib/perl/5.10.0 /usr/local/share/perl/5.10.0 /usr/lib/perl5 /usr/share/perl5 /usr/lib/perl/5.10 /usr/share/perl/5.10 /usr/local/lib/site_perl .) at lib/Tapper/CLI/Testrun.pm line 6.
BEGIN failed--compilation aborted at lib/Tapper/CLI/Testrun.pm line 6.
Compilation failed in require at bin/tapper-testrun line 3.
BEGIN failed--compilation aborted at bin/tapper-testrun line 3.
Can't call method "id" on an undefined value at t/tapper-cli-testrun.t line 30.
# Tests were run but no plan was declared and done_testing() was not seen.
t/tapper-cli-testrun.t ........ 
Dubious, test returned 2 (wstat 512, 0x200)
All 4 subtests passed 

Test Summary Report
-------------------
t/tapper-cli-host.t         (Wstat: 512 Tests: 0 Failed: 0)
  Non-zero exit status: 2
  Parse errors: No plan found in TAP output
t/tapper-cli-interdep.t     (Wstat: 512 Tests: 2 Failed: 2)
  Failed tests:  1-2
  Non-zero exit status: 2
  Parse errors: No plan found in TAP output
t/tapper-cli-precondition.t (Wstat: 512 Tests: 0 Failed: 0)
  Non-zero exit status: 2
  Parse errors: No plan found in TAP output
t/tapper-cli-queue.t        (Wstat: 2048 Tests: 11 Failed: 8)
  Failed tests:  4-11
  Non-zero exit status: 8
t/tapper-cli-testplan.t     (Wstat: 512 Tests: 2 Failed: 2)
  Failed tests:  1-2
  Non-zero exit status: 2
  Parse errors: No plan found in TAP output
t/tapper-cli-testrun-small.t (Wstat: 512 Tests: 2 Failed: 2)
  Failed tests:  1-2
  Non-zero exit status: 2
t/tapper-cli-testrun.t      (Wstat: 512 Tests: 4 Failed: 0)
  Non-zero exit status: 2
  Parse errors: No plan found in TAP output
Files=9, Tests=52, 33 wallclock secs ( 0.14 usr  0.13 sys +  9.66 cusr  3.02 csys = 12.95 CPU)
Result: FAIL
Failed 7/9 test programs. 14/52 subtests failed.
make: *** [test_dynamic] Error 2

------------------------------
PREREQUISITES
------------------------------

Prerequisite modules loaded:

requires:

    Module                      Need     Have    
    --------------------------- -------- --------
    App::Cmd                    0.301    0.310   
    Data::Dumper                0        2.125   
    DateTime::Format::Natural   0        0.93    
    DBIx::Class                 0.08112  0.08190 
    DBIx::Class::TimeStamp      0        0.14    
    ExtUtils::MakeMaker         6.42     6.56    
    File::Slurp                 0        9999.13 
    IO::Socket                  0        1.31    
    Moose                       0        1.24    
    MooseX::LazyRequire         0.06     0.06    
    parent                      0        0.224   
    SQL::Translator             0.11003  0.11007 
    Tapper::Cmd                 3.000001 3.000001
    Tapper::Config              3.000001 3.000001
    Tapper::Model               3.000001 3.000001
    Tapper::Schema              3.000001 3.000001
    Tapper::Test                3.000001 3.000001
    Template                    0        2.22    
    Test::Fixture::DBIC::Schema 0        0.03    
    Test::More                  0        0.98    
    Test::Perl::Critic          0        1.02    
    YAML::Syck                  0        1.17    

configure_requires:

    Module                      Need     Have    
    --------------------------- -------- --------
    ExtUtils::MakeMaker         6.42     6.56    


------------------------------
ENVIRONMENT AND OTHER CONTEXT
------------------------------

Environment variables:

    AUTOMATED_TESTING = 1
    LANG = en_US.UTF-8
    PATH = /usr/local/bin:/usr/bin:/bin:/usr/games
    PERL5LIB = 
    PERL5OPT = 
    PERL5_CPANPLUS_IS_RUNNING = 3017
    PERL5_CPAN_IS_RUNNING = 3017
    PERL5_CPAN_IS_RUNNING_IN_RECURSION = 31504,3017
    PERL_CR_SMOKER_CURRENT = Tapper-CLI-3.000001
    PERL_EXTUTILS_AUTOINSTALL = --defaultdeps
    PERL_MM_USE_DEFAULT = 1
    SHELL = /bin/bash
    TERM = xterm

Perl special variables (and OS-specific diagnostics, for MSWin32):

    $^X = /home/stro/perl/perl5123m/bin/perl
    $UID/$EUID = 1000 / 1000
    $GID = 1000 20 24 25 29 44 46 1000
    $EGID = 1000 20 24 25 29 44 46 1000

Perl module toolchain versions installed:

    Module              Have    
    ------------------- --------
    CPAN                1.94_56 
    Cwd                 3.31    
    ExtUtils::CBuilder  0.280202
    ExtUtils::Command   1.17    
    ExtUtils::Install   1.55    
    ExtUtils::MakeMaker 6.56    
    ExtUtils::Manifest  1.57    
    ExtUtils::ParseXS   2.2206  
    File::Spec          3.31_01 
    Module::Build       0.3623  
    Module::Signature   0.66    
    Test::Harness       3.22    
    Test::More          0.98    
    YAML                0.72    
    YAML::Syck          1.17    
    version             0.88    


--

Summary of my perl5 (revision 5 version 12 subversion 3) configuration:
   
  Platform:
    osname=linux, osvers=2.6.26-2-686, archname=i686-linux-multi
    uname='linux debian5 2.6.26-2-686 #1 smp thu nov 25 01:53:57 utc 2010 i686 gnulinux '
    config_args=''
    hint=recommended, useposix=true, d_sigaction=define
    useithreads=undef, usemultiplicity=define
    useperlio=define, d_sfio=undef, uselargefiles=define, usesocks=undef
    use64bitint=undef, use64bitall=undef, uselongdouble=undef
    usemymalloc=n, bincompat5005=undef
  Compiler:
    cc='cc', ccflags ='-fno-strict-aliasing -pipe -fstack-protector -I/usr/local/include -D_LARGEFILE_SOURCE -D_FILE_OFFSET_BITS=64',
    optimize='-O2',
    cppflags='-fno-strict-aliasing -pipe -fstack-protector -I/usr/local/include'
    ccversion='', gccversion='4.3.2', gccosandvers=''
    intsize=4, longsize=4, ptrsize=4, doublesize=8, byteorder=1234
    d_longlong=define, longlongsize=8, d_longdbl=define, longdblsize=12
    ivtype='long', ivsize=4, nvtype='double', nvsize=8, Off_t='off_t', lseeksize=8
    alignbytes=4, prototype=define
  Linker and Libraries:
    ld='cc', ldflags =' -fstack-protector -L/usr/local/lib'
    libpth=/usr/local/lib /lib /usr/lib
    libs=-lnsl -ldl -lm -lcrypt -lutil -lc
    perllibs=-lnsl -ldl -lm -lcrypt -lutil -lc
    libc=/lib/libc-2.7.so, so=so, useshrplib=false, libperl=libperl.a
    gnulibc_version='2.7'
  Dynamic Linking:
    dlsrc=dl_dlopen.xs, dlext=so, d_dlsymun=undef, ccdlflags='-Wl,-E'
    cccdlflags='-fPIC', lddlflags='-shared -O2 -L/usr/local/lib -fstack-protector'


Characteristics of this binary (from libperl): 
  Compile-time options: MULTIPLICITY PERL_DONT_CREATE_GVSV
                        PERL_IMPLICIT_CONTEXT PERL_MALLOC_WRAP
                        USE_LARGE_FILES USE_PERLIO USE_PERL_ATOF
  Built under linux
  Compiled at Jan 24 2011 17:16:49
  %ENV:
    PERL5LIB=""
    PERL5OPT=""
    PERL5_CPANPLUS_IS_RUNNING="3017"
    PERL5_CPAN_IS_RUNNING="3017"
    PERL5_CPAN_IS_RUNNING_IN_RECURSION="31504,3017"
    PERL_CR_SMOKER_CURRENT="Tapper-CLI-3.000001"
    PERL_EXTUTILS_AUTOINSTALL="--defaultdeps"
    PERL_MM_USE_DEFAULT="1"
  @INC:
    /home/stro/perl/perl5123m/lib/site_perl/5.12.3/i686-linux-multi
    /home/stro/perl/perl5123m/lib/site_perl/5.12.3
    /home/stro/perl/perl5123m/lib/5.12.3/i686-linux-multi
    /home/stro/perl/perl5123m/lib/5.12.3
    .