Report for Dist-Zilla-Plugin-ModuleBuildTiny-Fallback-0.023

Back
From: metabase:user:320bfe00-2aae-11df-837a-5e0a49663a4f
Subject: FAIL Dist-Zilla-Plugin-ModuleBuildTiny-Fallback-0.023 v5.25.9 GNU/Linux
Date: 2017-02-05T23:11:41Z

This distribution has been tested as part of the CPAN Testers
project, supporting the Perl programming language.  See
http://wiki.cpantesters.org/ for more information or email
questions to cpan-testers-discuss@perl.org


--
Dear Karen Etheridge,

This is a computer-generated report for Dist-Zilla-Plugin-ModuleBuildTiny-Fallback-0.023
on perl 5.25.9, created by CPAN-Reporter-1.2018.

Thank you for uploading your work to CPAN.  However, there was a problem
testing your distribution.

If you think this report is invalid, please consult the CPAN Testers Wiki
for suggestions on how to avoid getting FAIL reports for missing library
or binary dependencies, unsupported operating systems, and so on:

http://wiki.cpantesters.org/wiki/CPANAuthorNotes

Sections of this report:

    * Tester comments
    * Program output
    * Prerequisites
    * Environment and other context

------------------------------
TESTER COMMENTS
------------------------------

Additional comments from tester:

this report is from an automated smoke testing program
and was not reviewed by a human for accuracy

------------------------------
PROGRAM OUTPUT
------------------------------

Output from './Build test':

# 
# Versions for all modules listed in MYMETA.json (including optional ones):
# 
# === Configure Requires ===
# 
#     Module               Want  Have
#     ------------------- ----- -----
#     Module::Build::Tiny 0.034 0.039
# 
# === Test Requires ===
# 
#     Module                        Want     Have
#     ----------------------------- ---- --------
#     Dist::Zilla::Role::FileMunger  any    6.008
#     ExtUtils::MakeMaker            any     7.24
#     File::Spec                     any     3.66
#     File::pushd                    any    1.014
#     Path::Tiny                     any    0.101
#     Test::DZil                     any    6.008
#     Test::Deep                     any    1.126
#     Test::Fatal                    any    0.014
#     Test::More                    0.88 1.302076
#     Test::Requires                 any     0.10
#     Test::Warnings                 any    0.026
#     if                             any   0.0606
# 
# === Test Recommends ===
# 
#     Module         Want     Have
#     ---------- -------- --------
#     CPAN::Meta 2.120900 2.150010
# 
# === Runtime Requires ===
# 
#     Module                               Want    Have
#     ------------------------------------ ---- -------
#     Dist::Zilla::Plugin::ModuleBuild      any   6.008
#     Dist::Zilla::Plugin::ModuleBuildTiny  any   0.015
#     Dist::Zilla::Role::BeforeBuild        any   6.008
#     Dist::Zilla::Role::BuildPL            any   6.008
#     Dist::Zilla::Role::FileGatherer       any   6.008
#     Dist::Zilla::Role::PrereqSource       any   6.008
#     List::Util                            any 1.46_02
#     Moose                                 any  2.2004
#     Moose::Util                           any  2.2004
#     MooseX::Types                         any    0.49
#     MooseX::Types::Moose                  any    0.49
#     Scalar::Util                          any 1.46_02
#     namespace::autoclean                  any    0.28
#     strict                                any    1.11
#     warnings                              any    1.37
# 
# === Other Modules ===
# 
#     Module                           Have
#     ----------------------------- -------
#     Data::Dumper                    2.167
#     Dist::Zilla::Plugin::CheckBin missing
#     Module::Build                  0.4220
#     Module::Build::Tiny             0.039
#     Pod::Coverage                    0.23
# 
t/00-report-prereqs.t ...... ok
t/01-basic.t ............... ok
t/02-two-plugins.t ......... ok
t/03-arguments.t ........... ok
t/04-additional-content.t .. skipped: Test requires module 'Dist::Zilla::Plugin::CheckBin' but it's not found
t/05-preamble.t ............ ok

    #   Failed test 'correctly captured errors from configure-requires and dumped them'
    #   at t/06-prereq-failures.t line 92.
    # Using Regexp on $data->[0]
    #    got : '*** WARNING WARNING WARNING WARNING WARNING WARNING WARNING WARNING ***
    # 
    # If you're seeing this warning, your toolchain is really, really old* and you'll
    # almost certainly have problems installing CPAN modules from this century. But
    # never fear, dear user, for we have the technology to fix this!
    # 
    # If you're using CPAN.pm to install things, then you can upgrade it using:
    # 
    #     cpan CPAN
    # 
    # If you're using CPANPLUS to install things, then you can upgrade it using:
    # 
    #     cpanp CPANPLUS
    # 
    # If you're using cpanminus, you shouldn't be seeing this message in the first
    # place, so please file an issue on github.
    # 
    # This public service announcement was brought to you by the Perl Toolchain
    # Gang, the irc.perl.org #toolchain IRC channel, and the number 42.
    # 
    # ----
    # 
    # * Alternatively, you are running this file manually, in which case you need
    # to learn to first fulfill all configure requires prerequisites listed in
    # META.yml or META.json -- or use a cpan client to install this distribution.
    # 
    # You can also silence this warning for future installations by setting the
    # PERL_MB_FALLBACK_SILENCE_WARNING environment variable, but please don't do
    # that until you fix your toolchain as described above.
    # 
    # 
    # Errors from configure prereqs:
    # {
    #   'Acme::EtherSaysThisWillNeverExist' => 'Can\'t locate Acme/EtherSaysThisWillNeverExist.pm in @INC (you may need to install the Acme::EtherSaysThisWillNeverExist module) (@INC contains: /tmp/loop_over_bdir-12874-l4B9NZ/Dist-Zilla-Plugin-ModuleBuildTiny-Fallback-0.023-0/blib/arch /tmp/loop_over_bdir-12874-l4B9NZ/Dist-Zilla-Plugin-ModuleBuildTiny-Fallback-0.023-0/blib/lib /home/sand/src/perl/repoperls/installed-perls/host/k93msid/v5.25.9/2d7c/lib/site_perl/5.25.9/x86_64-linux-ld /home/sand/src/perl/repoperls/installed-perls/host/k93msid/v5.25.9/2d7c/lib/site_perl/5.25.9 /home/sand/src/perl/repoperls/installed-perls/host/k93msid/v5.25.9/2d7c/lib/5.25.9/x86_64-linux-ld /home/sand/src/perl/repoperls/installed-perls/host/k93msid/v5.25.9/2d7c/lib/5.25.9 .) at (eval 915)[Build.PL:12] line 1.
    # 	eval \'require Acme::EtherSaysThisWillNeverExist; Acme::EtherSaysThisWillNeverExist->VERSION(0); 1\' called at Build.PL line 12
    # 	require Build.PL called at t/06-prereq-failures.t line 88
    # 	main::__ANON__() called at /home/sand/src/perl/repoperls/installed-perls/host/k93msid/v5.25.9/2d7c/lib/site_perl/5.25.9/Test/Warnings.pm line 80
    # 	Test::Warnings::warnings(CODE(0x5619d51f5fe8)) called at t/06-prereq-failures.t line 88
    # 	main::__ANON__() called at /home/sand/src/perl/repoperls/installed-perls/host/k93msid/v5.25.9/2d7c/lib/site_perl/5.25.9/Test/Builder.pm line 310
    # 	eval {...} called at /home/sand/src/perl/repoperls/installed-perls/host/k93msid/v5.25.9/2d7c/lib/site_perl/5.25.9/Test/Builder.pm line 310
    # 	Test::Builder::subtest(Test::Builder=HASH(0x5619d4916860), "run the generated test", CODE(0x5619d6a30920)) called at /home/sand/src/perl/repoperls/installed-perls/host/k93msid/v5.25.9/2d7c/lib/site_perl/5.25.9/Test/More.pm line 807
    # 	Test::More::subtest("run the generated test", CODE(0x5619d6a30920)) called at t/06-prereq-failures.t line 98
    # ',
    #   'Module::Build::Tiny' => ''
    # }
    # '
    # expect : (?^m:^Errors from configure prereqs:\n\s*\{\n\s+'Acme::EtherSaysThisWillNeverExist' => 'Can\\'t locate .+\n',\n\s+'Module::Build::Tiny' => ''\n\s*\}\n)
    # got warnings: [
    #   '*** WARNING WARNING WARNING WARNING WARNING WARNING WARNING WARNING ***
    # 
    # If you\'re seeing this warning, your toolchain is really, really old* and you\'ll
    # almost certainly have problems installing CPAN modules from this century. But
    # never fear, dear user, for we have the technology to fix this!
    # 
    # If you\'re using CPAN.pm to install things, then you can upgrade it using:
    # 
    #     cpan CPAN
    # 
    # If you\'re using CPANPLUS to install things, then you can upgrade it using:
    # 
    #     cpanp CPANPLUS
    # 
    # If you\'re using cpanminus, you shouldn\'t be seeing this message in the first
    # place, so please file an issue on github.
    # 
    # This public service announcement was brought to you by the Perl Toolchain
    # Gang, the irc.perl.org #toolchain IRC channel, and the number 42.
    # 
    # ----
    # 
    # * Alternatively, you are running this file manually, in which case you need
    # to learn to first fulfill all configure requires prerequisites listed in
    # META.yml or META.json -- or use a cpan client to install this distribution.
    # 
    # You can also silence this warning for future installations by setting the
    # PERL_MB_FALLBACK_SILENCE_WARNING environment variable, but please don\'t do
    # that until you fix your toolchain as described above.
    # 
    # 
    # Errors from configure prereqs:
    # {
    #   \'Acme::EtherSaysThisWillNeverExist\' => \'Can\\\'t locate Acme/EtherSaysThisWillNeverExist.pm in @INC (you may need to install the Acme::EtherSaysThisWillNeverExist module) (@INC contains: /tmp/loop_over_bdir-12874-l4B9NZ/Dist-Zilla-Plugin-ModuleBuildTiny-Fallback-0.023-0/blib/arch /tmp/loop_over_bdir-12874-l4B9NZ/Dist-Zilla-Plugin-ModuleBuildTiny-Fallback-0.023-0/blib/lib /home/sand/src/perl/repoperls/installed-perls/host/k93msid/v5.25.9/2d7c/lib/site_perl/5.25.9/x86_64-linux-ld /home/sand/src/perl/repoperls/installed-perls/host/k93msid/v5.25.9/2d7c/lib/site_perl/5.25.9 /home/sand/src/perl/repoperls/installed-perls/host/k93msid/v5.25.9/2d7c/lib/5.25.9/x86_64-linux-ld /home/sand/src/perl/repoperls/installed-perls/host/k93msid/v5.25.9/2d7c/lib/5.25.9 .) at (eval 915)[Build.PL:12] line 1.
    # 	eval \\\'require Acme::EtherSaysThisWillNeverExist; Acme::EtherSaysThisWillNeverExist->VERSION(0); 1\\\' called at Build.PL line 12
    # 	require Build.PL called at t/06-prereq-failures.t line 88
    # 	main::__ANON__() called at /home/sand/src/perl/repoperls/installed-perls/host/k93msid/v5.25.9/2d7c/lib/site_perl/5.25.9/Test/Warnings.pm line 80
    # 	Test::Warnings::warnings(CODE(0x5619d51f5fe8)) called at t/06-prereq-failures.t line 88
    # 	main::__ANON__() called at /home/sand/src/perl/repoperls/installed-perls/host/k93msid/v5.25.9/2d7c/lib/site_perl/5.25.9/Test/Builder.pm line 310
    # 	eval {...} called at /home/sand/src/perl/repoperls/installed-perls/host/k93msid/v5.25.9/2d7c/lib/site_perl/5.25.9/Test/Builder.pm line 310
    # 	Test::Builder::subtest(Test::Builder=HASH(0x5619d4916860), "run the generated test", CODE(0x5619d6a30920)) called at /home/sand/src/perl/repoperls/installed-perls/host/k93msid/v5.25.9/2d7c/lib/site_perl/5.25.9/Test/More.pm line 807
    # 	Test::More::subtest("run the generated test", CODE(0x5619d6a30920)) called at t/06-prereq-failures.t line 98
    # \',
    #   \'Module::Build::Tiny\' => \'\'
    # }
    # '
    # ]
    # Looks like you failed 1 test of 1.

#   Failed test 'run the generated test'
#   at t/06-prereq-failures.t line 98.
# Looks like you failed 1 test of 4.
t/06-prereq-failures.t ..... 
Dubious, test returned 1 (wstat 256, 0x100)
Failed 1/4 subtests 
t/zzz-check-breaks.t ....... ok

Test Summary Report
-------------------
t/06-prereq-failures.t   (Wstat: 256 Tests: 4 Failed: 1)
  Failed test:  4
  Non-zero exit status: 1
Files=8, Tests=38, 17 wallclock secs ( 0.02 usr  0.07 sys +  4.89 cusr  0.70 csys =  5.68 CPU)
Result: FAIL

------------------------------
PREREQUISITES
------------------------------

Prerequisite modules loaded:

requires:

    Module                               Need  Have    
    ------------------------------------ ----- --------
    Dist::Zilla::Plugin::ModuleBuild     0     6.008   
    Dist::Zilla::Plugin::ModuleBuildTiny 0     0.015   
    Dist::Zilla::Role::BeforeBuild       0     6.008   
    Dist::Zilla::Role::BuildPL           0     6.008   
    Dist::Zilla::Role::FileGatherer      0     6.008   
    Dist::Zilla::Role::PrereqSource      0     6.008   
    List::Util                           0     1.46_02 
    Moose                                0     2.2004  
    Moose::Util                          0     2.2004  
    MooseX::Types                        0     0.49    
    MooseX::Types::Moose                 0     0.49    
    namespace::autoclean                 0     0.28    
    perl                                 5.006 5.025009
    Scalar::Util                         0     1.46_02 
    strict                               0     1.11    
    warnings                             0     1.37    

build_requires:

    Module                               Need  Have    
    ------------------------------------ ----- --------
    Dist::Zilla::Role::FileMunger        0     6.008   
    ExtUtils::MakeMaker                  0     7.24    
    File::pushd                          0     1.014   
    File::Spec                           0     3.66    
    if                                   0     0.0606  
    Path::Tiny                           0     0.101   
    perl                                 5.006 5.025009
    Test::Deep                           0     1.126   
    Test::DZil                           0     6.008   
    Test::Fatal                          0     0.014   
    Test::More                           0.88  1.302076
    Test::Requires                       0     0.10    
    Test::Warnings                       0     0.026   

configure_requires:

    Module                               Need  Have    
    ------------------------------------ ----- --------
    Module::Build::Tiny                  0.034 0.039   
    perl                                 5.006 5.025009


------------------------------
ENVIRONMENT AND OTHER CONTEXT
------------------------------

Environment variables:

    AUTOMATED_TESTING = 1
    LANG = en_US.UTF-8
    PATH = /home/sand/bin:/usr/local/bin:/usr/bin:/bin:/usr/games:/usr/local/perl/bin:/usr/X11/bin:/sbin:/usr/sbin
    PERL5LIB = 
    PERL5OPT = 
    PERL5_CPANPLUS_IS_RUNNING = 12875
    PERL5_CPAN_IS_RUNNING = 12875
    PERL_CANARY_STABILITY_NOPROMPT = 1
    PERL_MM_USE_DEFAULT = 1
    SHELL = /usr/bin/zsh
    TERM = screen

Perl special variables (and OS-specific diagnostics, for MSWin32):

    $^X = /home/sand/src/perl/repoperls/installed-perls/host/k93msid/v5.25.9/2d7c/bin/perl
    $UID/$EUID = 1005 / 1005
    $GID = 1005 1005
    $EGID = 1005 1005

Perl module toolchain versions installed:

    Module              Have      
    ------------------- ----------
    CPAN                2.16      
    CPAN::Meta          2.150010  
    Cwd                 3.66      
    ExtUtils::CBuilder  0.280225  
    ExtUtils::Command   7.24      
    ExtUtils::Install   2.04      
    ExtUtils::MakeMaker 7.24      
    ExtUtils::Manifest  1.70      
    ExtUtils::ParseXS   3.33      
    File::Spec          3.66      
    JSON                2.90      
    JSON::PP            2.27400_02
    Module::Build       0.4220    
    Module::Signature   0.81      
    Parse::CPAN::Meta   2.150010  
    Test::Harness       3.36_01   
    Test::More          1.302076  
    YAML                1.21      
    YAML::Syck          1.29      
    version             0.9917    


--

Summary of my perl5 (revision 5 version 25 subversion 9) configuration:
  Commit id: 5d577b6f636aba916a1b0519669de4b2454c68ab
  Platform:
    osname=linux
    osvers=4.8.0-2-amd64
    archname=x86_64-linux-ld
    uname='linux k93msid 4.8.0-2-amd64 #1 smp debian 4.8.11-1 (2016-12-02) x86_64 gnulinux '
    config_args='-Dprefix=/home/sand/src/perl/repoperls/installed-perls/host/k93msid/v5.25.9/2d7c -Dmyhostname=k93msid -Dinstallusrbinperl=n -Uversiononly -Dusedevel -des -Ui_db -Dlibswanted=cl pthread socket inet nsl gdbm dbm malloc dl ld sun m crypt sec util c cposix posix ucb BSD gdbm_compat -Uuseithreads -Duselongdouble -DDEBUGGING=-g'
    hint=recommended
    useposix=true
    d_sigaction=define
    useithreads=undef
    usemultiplicity=undef
    use64bitint=define
    use64bitall=define
    uselongdouble=define
    usemymalloc=n
    bincompat5005=undef
  Compiler:
    cc='cc'
    ccflags ='-fwrapv -fno-strict-aliasing -pipe -fstack-protector-strong -I/usr/local/include -D_LARGEFILE_SOURCE -D_FILE_OFFSET_BITS=64'
    optimize='-O2 -g'
    cppflags='-fwrapv -fno-strict-aliasing -pipe -fstack-protector-strong -I/usr/local/include'
    ccversion=''
    gccversion='6.2.1 20161124'
    gccosandvers=''
    intsize=4
    longsize=8
    ptrsize=8
    doublesize=8
    byteorder=12345678
    doublekind=3
    d_longlong=define
    longlongsize=8
    d_longdbl=define
    longdblsize=16
    longdblkind=3
    ivtype='long'
    ivsize=8
    nvtype='long double'
    nvsize=16
    Off_t='off_t'
    lseeksize=8
    alignbytes=16
    prototype=define
  Linker and Libraries:
    ld='cc'
    ldflags =' -fstack-protector-strong -L/usr/local/lib'
    libpth=/usr/local/lib /usr/lib/gcc/x86_64-linux-gnu/6/include-fixed /usr/include/x86_64-linux-gnu /usr/lib /lib/x86_64-linux-gnu /lib/../lib /usr/lib/x86_64-linux-gnu /usr/lib/../lib /lib
    libs=-lpthread -lnsl -ldl -lm -lcrypt -lutil -lc
    perllibs=-lpthread -lnsl -ldl -lm -lcrypt -lutil -lc
    libc=libc-2.24.so
    so=so
    useshrplib=false
    libperl=libperl.a
    gnulibc_version='2.24'
  Dynamic Linking:
    dlsrc=dl_dlopen.xs
    dlext=so
    d_dlsymun=undef
    ccdlflags='-Wl,-E'
    cccdlflags='-fPIC'
    lddlflags='-shared -O2 -g -L/usr/local/lib -fstack-protector-strong'


Characteristics of this binary (from libperl): 
  Compile-time options:
    HAS_TIMES
    PERLIO_LAYERS
    PERL_COPY_ON_WRITE
    PERL_DONT_CREATE_GVSV
    PERL_MALLOC_WRAP
    PERL_OP_PARENT
    PERL_PRESERVE_IVUV
    PERL_USE_DEVEL
    USE_64_BIT_ALL
    USE_64_BIT_INT
    USE_LARGE_FILES
    USE_LOCALE
    USE_LOCALE_COLLATE
    USE_LOCALE_CTYPE
    USE_LOCALE_NUMERIC
    USE_LOCALE_TIME
    USE_LONG_DOUBLE
    USE_PERLIO
    USE_PERL_ATOF
  Built under linux
  Compiled at Jan 20 2017 18:06:38
  %ENV:
    PERL5LIB=""
    PERL5OPT=""
    PERL5_CPANPLUS_IS_RUNNING="12875"
    PERL5_CPAN_IS_RUNNING="12875"
    PERL_CANARY_STABILITY_NOPROMPT="1"
    PERL_MM_USE_DEFAULT="1"
  @INC:
    /home/sand/src/perl/repoperls/installed-perls/host/k93msid/v5.25.9/2d7c/lib/site_perl/5.25.9/x86_64-linux-ld
    /home/sand/src/perl/repoperls/installed-perls/host/k93msid/v5.25.9/2d7c/lib/site_perl/5.25.9
    /home/sand/src/perl/repoperls/installed-perls/host/k93msid/v5.25.9/2d7c/lib/5.25.9/x86_64-linux-ld
    /home/sand/src/perl/repoperls/installed-perls/host/k93msid/v5.25.9/2d7c/lib/5.25.9
    .