Report for Math-Matrix-0.9

Back
From: metabase:user:322078bc-2aae-11df-837a-5e0a49663a4f
Subject: FAIL Math-Matrix-0.9 5.12.4 FreeBSD
Date: 2020-08-08T15:04:25Z

This distribution has been tested as part of the CPAN Testers
project, supporting the Perl programming language.  See
http://wiki.cpantesters.org/ for more information or email
questions to cpan-testers-discuss@perl.org


--

Dear PJACKLAM,

This is a computer-generated error report created automatically by
CPANPLUS, version 0.9908. Testers personal comments may appear
at the end of this report.


Thank you for uploading your work to CPAN.  However, it appears that
there were some problems testing your distribution.

TEST RESULTS:

Below is the error stack from stage 'make test':

PERL_DL_NONLAZY=1 "/usr/home/cpan/pit/thr/perl-5.12.4/bin/perl" "-MExtUtils::Command::MM" "-MTest::Harness" "-e" "undef *Test::Harness::Switches; test_harness(0, 'blib/lib', 'blib/arch')" t/*.t
t/00-signature.t .............. skipped: Set the environment variable TEST_SIGNATURE to enable this test.
t/01-load.t ................... ok
t/absolute.t .................. ok
t/as_string.t ................. ok
t/basic.t ..................... ok

#   Failed test 'trying to modify $y->[0][0] does actually modify it'
#   at t/clone-math-complex.t line 36.
#          got: 2
#     expected: 3

#   Failed test 'modifying $y->[0][0] does not modify $x->[0][0]'
#   at t/clone-math-complex.t line 38.
#          got: 2
#     expected: 3

#   Failed test 'trying to modify $y->[0][1] does actually modify it'
#   at t/clone-math-complex.t line 36.
#          got: 3
#     expected: 4

#   Failed test 'modifying $y->[0][1] does not modify $x->[0][1]'
#   at t/clone-math-complex.t line 38.
#          got: 3
#     expected: 4

#   Failed test 'trying to modify $y->[0][2] does actually modify it'
#   at t/clone-math-complex.t line 36.
#          got: 4
#     expected: 5

#   Failed test 'modifying $y->[0][2] does not modify $x->[0][2]'
#   at t/clone-math-complex.t line 38.
#          got: 4
#     expected: 5

#   Failed test 'trying to modify $y->[1][0] does actually modify it'
#   at t/clone-math-complex.t line 36.
#          got: 5
#     expected: 6

#   Failed test 'modifying $y->[1][0] does not modify $x->[1][0]'
#   at t/clone-math-complex.t line 38.
#          got: 5
#     expected: 6

#   Failed test 'trying to modify $y->[1][1] does actually modify it'
#   at t/clone-math-complex.t line 36.
#          got: 6
#     expected: 7

#   Failed test 'modifying $y->[1][1] does not modify $x->[1][1]'
#   at t/clone-math-complex.t line 38.
#          got: 6
#     expected: 7

#   Failed test 'trying to modify $y->[1][2] does actually modify it'
#   at t/clone-math-complex.t line 36.
#          got: 7
#     expected: 8

#   Failed test 'modifying $y->[1][2] does not modify $x->[1][2]'
#   at t/clone-math-complex.t line 38.
#          got: 7
#     expected: 8
# Looks like you failed 12 tests of 22.
t/clone-math-complex.t ........ 
Dubious, test returned 12 (wstat 3072, 0xc00)
Failed 12/22 subtests 
t/clone-math-real.t ........... ok
t/clone.t ..................... ok
t/concat.t .................... ok
t/cross_product.t ............. ok
t/determinant-math-complex.t .. ok
t/determinant-math-real.t ..... ok
t/determinant.t ............... ok
t/diagonal.t .................. ok
t/dot_product.t ............... ok
t/extension.t ................. ok
t/negative.t .................. ok
t/new.t ....................... ok
t/new_identity.t .............. ok
t/normalize.t ................. ok

#   Failed test 'modifying $B->[0][0] does not modify $A->[0][1]'
#   at t/slice-math-complex.t line 39.
#          got: 13
#     expected: 12

#   Failed test 'modifying $B->[0][1] does not modify $A->[0][3]'
#   at t/slice-math-complex.t line 39.
#          got: 15
#     expected: 14

#   Failed test 'modifying $B->[0][2] does not modify $A->[0][6]'
#   at t/slice-math-complex.t line 39.
#          got: 18
#     expected: 17

#   Failed test 'modifying $B->[1][0] does not modify $A->[1][1]'
#   at t/slice-math-complex.t line 39.
#          got: 23
#     expected: 22

#   Failed test 'modifying $B->[1][1] does not modify $A->[1][3]'
#   at t/slice-math-complex.t line 39.
#          got: 25
#     expected: 24

#   Failed test 'modifying $B->[1][2] does not modify $A->[1][6]'
#   at t/slice-math-complex.t line 39.
#          got: 28
#     expected: 27
# Looks like you failed 6 tests of 19.
t/slice-math-complex.t ........ 
Dubious, test returned 6 (wstat 1536, 0x600)
Failed 6/19 subtests 
t/slice-math-real.t ........... ok
t/slice.t ..................... ok
t/version.t ................... ok

Test Summary Report
-------------------
t/clone-math-complex.t      (Wstat: 3072 Tests: 22 Failed: 12)
  Failed tests:  6-7, 9-10, 12-13, 15-16, 18-19, 21-22
  Non-zero exit status: 12
t/slice-math-complex.t      (Wstat: 1536 Tests: 19 Failed: 6)
  Failed tests:  4, 7, 10, 13, 16, 19
  Non-zero exit status: 6
Files=24, Tests=231,  4 wallclock secs ( 0.15 usr  0.16 sys +  2.61 cusr  0.95 csys =  3.87 CPU)
Result: FAIL
Failed 2/24 test programs. 18/231 subtests failed.
*** Error code 255

Stop.
make: stopped in /usr/home/cpan/pit/thr/conf/perl-5.12.4/.cpanplus/5.12.4/build/_c5AOYaI0C/Math-Matrix-0.9


PREREQUISITES:

Here is a list of prerequisites you specified and versions we
managed to load:

	  Module Name                        Have     Want
	  Math::Complex                      1.56        0
	  Test::More                     1.302175     0.94

Perl module toolchain versions installed:
	Module Name                        Have
	CPANPLUS                         0.9908
	CPANPLUS::Dist::Build              0.90
	Cwd                                3.75
	ExtUtils::CBuilder             0.280234
	ExtUtils::Command                  7.46
	ExtUtils::Install                  2.16
	ExtUtils::MakeMaker                7.46
	ExtUtils::Manifest                 1.72
	ExtUtils::ParseXS                  3.35
	File::Spec                         3.75
	Module::Build                    0.4231
	Pod::Parser                        1.37
	Pod::Simple                        3.14
	Test2                          1.302175
	Test::Harness                      3.42
	Test::More                     1.302175
	version                          0.9924

******************************** NOTE ********************************
The comments above are created mechanically, possibly without manual
checking by the sender.  As there are many people performing automatic
tests on each upload to CPAN, it is likely that you will receive
identical messages about the same problem.

If you believe that the message is mistaken, please reply to the first
one with correction and/or additional informations, and do not take
it personally.  We appreciate your patience. :)
**********************************************************************

Additional comments:


This report was machine-generated by CPANPLUS::Dist::YACSmoke 1.08.
Powered by minismokebox version 0.68

CPANPLUS is prefering Build.PL

------------------------------
ENVIRONMENT AND OTHER CONTEXT
------------------------------

Environment variables:

    AUTOMATED_TESTING = 1
    NONINTERACTIVE_TESTING = 1
    PATH = /usr/home/cpan/pit/jail/tRtYw9a_et/bin:/sbin:/bin:/usr/sbin:/usr/bin:/usr/local/sbin:/usr/local/bin:/home/cpan/bin
    PERL5LIB = /usr/home/cpan/pit/jail/tRtYw9a_et/lib/perl5:/usr/home/cpan/pit/thr/conf/perl-5.12.4/.cpanplus/5.12.4/build/_c5AOYaI0C/Math-Matrix-0.9/blib/lib:/usr/home/cpan/pit/thr/conf/perl-5.12.4/.cpanplus/5.12.4/build/_c5AOYaI0C/Math-Matrix-0.9/blib/arch
    PERL5_CPANPLUS_IS_RUNNING = 82529
    PERL5_CPANPLUS_IS_VERSION = 0.9908
    PERL5_MINISMOKEBOX = 0.68
    PERL5_YACSMOKE_BASE = /usr/home/cpan/pit/thr/conf/perl-5.12.4
    PERL_EXTUTILS_AUTOINSTALL = --defaultdeps
    PERL_LOCAL_LIB_ROOT = /usr/home/cpan/pit/jail/tRtYw9a_et
    PERL_MB_OPT = --install_base "/usr/home/cpan/pit/jail/tRtYw9a_et"
    PERL_MM_OPT = INSTALL_BASE=/usr/home/cpan/pit/jail/tRtYw9a_et
    PERL_MM_USE_DEFAULT = 1
    SHELL = /usr/local/bin/bash
    TERM = screen

Perl special variables (and OS-specific diagnostics, for MSWin32):

    Perl: $^X = /usr/home/cpan/pit/thr/perl-5.12.4/bin/perl
    UID:  $<  = 1002
    EUID: $>  = 1002
    GID:  $(  = 1002 1002
    EGID: $)  = 1002 1002


-------------------------------


--

Summary of my perl5 (revision 5 version 12 subversion 4) configuration:
   
  Platform:
    osname=freebsd, osvers=12.1-release, archname=amd64-freebsd-thread-multi
    uname='freebsd fforc 12.1-release freebsd 12.1-release r354233 generic amd64 '
    config_args='-des -Dprefix=/usr/home/cpan/pit/thr/perl-5.12.4 -Dusethreads'
    hint=recommended, useposix=true, d_sigaction=define
    useithreads=define, usemultiplicity=define
    useperlio=define, d_sfio=undef, uselargefiles=define, usesocks=undef
    use64bitint=define, use64bitall=define, uselongdouble=undef
    usemymalloc=n, bincompat5005=undef
  Compiler:
    cc='cc', ccflags ='-DHAS_FPSETMASK -DHAS_FLOATINGPOINT_H -fno-strict-aliasing -pipe -fstack-protector -I/usr/local/include',
    optimize='-O2',
    cppflags='-DHAS_FPSETMASK -DHAS_FLOATINGPOINT_H -fno-strict-aliasing -pipe -fstack-protector -I/usr/local/include'
    ccversion='', gccversion='4.2.1 Compatible FreeBSD Clang 8.0.1 (tags/RELEASE_801/final 366581)', gccosandvers=''
    intsize=4, longsize=8, ptrsize=8, doublesize=8, byteorder=12345678
    d_longlong=define, longlongsize=8, d_longdbl=define, longdblsize=16
    ivtype='long', ivsize=8, nvtype='double', nvsize=8, Off_t='off_t', lseeksize=8
    alignbytes=8, prototype=define
  Linker and Libraries:
    ld='cc', ldflags ='-pthread -Wl,-E  -fstack-protector -L/usr/local/lib'
    libpth=/usr/lib /usr/local/lib
    libs=-lgdbm -ldl -lm -lcrypt -lutil
    perllibs=-ldl -lm -lcrypt -lutil
    libc=, so=so, useshrplib=false, libperl=libperl.a
    gnulibc_version=''
  Dynamic Linking:
    dlsrc=dl_dlopen.xs, dlext=so, d_dlsymun=undef, ccdlflags=' '
    cccdlflags='-DPIC -fPIC', lddlflags='-shared  -L/usr/local/lib -fstack-protector'


Characteristics of this binary (from libperl): 
  Compile-time options: MULTIPLICITY PERL_DONT_CREATE_GVSV
                        PERL_IMPLICIT_CONTEXT PERL_MALLOC_WRAP USE_64_BIT_ALL
                        USE_64_BIT_INT USE_ITHREADS USE_LARGE_FILES
                        USE_PERLIO USE_PERL_ATOF USE_REENTRANT_API
  Locally applied patches:
	Devel::PatchPerl 1.64
  Built under freebsd
  Compiled at Nov  7 2019 17:57:28
  %ENV:
    PERL5LIB="/usr/home/cpan/pit/jail/tRtYw9a_et/lib/perl5:/usr/home/cpan/pit/thr/conf/perl-5.12.4/.cpanplus/5.12.4/build/_c5AOYaI0C/Math-Matrix-0.9/blib/lib:/usr/home/cpan/pit/thr/conf/perl-5.12.4/.cpanplus/5.12.4/build/_c5AOYaI0C/Math-Matrix-0.9/blib/arch"
    PERL5_CPANPLUS_IS_RUNNING="82529"
    PERL5_CPANPLUS_IS_VERSION="0.9908"
    PERL5_MINISMOKEBOX="0.68"
    PERL5_YACSMOKE_BASE="/usr/home/cpan/pit/thr/conf/perl-5.12.4"
    PERL_EXTUTILS_AUTOINSTALL="--defaultdeps"
    PERL_LOCAL_LIB_ROOT="/usr/home/cpan/pit/jail/tRtYw9a_et"
    PERL_MB_OPT="--install_base "/usr/home/cpan/pit/jail/tRtYw9a_et""
    PERL_MM_OPT="INSTALL_BASE=/usr/home/cpan/pit/jail/tRtYw9a_et"
    PERL_MM_USE_DEFAULT="1"
  @INC:
    /usr/home/cpan/pit/jail/tRtYw9a_et/lib/perl5/5.12.4/amd64-freebsd-thread-multi
    /usr/home/cpan/pit/jail/tRtYw9a_et/lib/perl5/5.12.4
    /usr/home/cpan/pit/jail/tRtYw9a_et/lib/perl5/amd64-freebsd-thread-multi
    /usr/home/cpan/pit/jail/tRtYw9a_et/lib/perl5
    /usr/home/cpan/pit/thr/conf/perl-5.12.4/.cpanplus/5.12.4/build/_c5AOYaI0C/Math-Matrix-0.9/blib/lib
    /usr/home/cpan/pit/thr/conf/perl-5.12.4/.cpanplus/5.12.4/build/_c5AOYaI0C/Math-Matrix-0.9/blib/arch
    /usr/home/cpan/pit/thr/perl-5.12.4/lib/site_perl/5.12.4/amd64-freebsd-thread-multi
    /usr/home/cpan/pit/thr/perl-5.12.4/lib/site_perl/5.12.4
    /usr/home/cpan/pit/thr/perl-5.12.4/lib/5.12.4/amd64-freebsd-thread-multi
    /usr/home/cpan/pit/thr/perl-5.12.4/lib/5.12.4
    .