Report for Socket-GetAddrInfo-0.20

Back
From: metabase:user:30f4dfbe-2aae-11df-837a-5e0a49663a4f
Subject: FAIL Socket-GetAddrInfo-0.20 v5.6.2 GNU/Linux
Date: 2011-02-17T15:49:03Z

This distribution has been tested as part of the CPAN Testers
project, supporting the Perl programming language.  See
http://wiki.cpantesters.org/ for more information or email
questions to cpan-testers-discuss@perl.org


--
Dear Paul Evans,

This is a computer-generated report for Socket-GetAddrInfo-0.20
on perl 5.6.2, created by CPAN-Reporter-1.1902.

Thank you for uploading your work to CPAN.  However, there was a problem
testing your distribution.

If you think this report is invalid, please consult the CPAN Testers Wiki
for suggestions on how to avoid getting FAIL reports for missing library
or binary dependencies, unsupported operating systems, and so on:

http://wiki.cpantesters.org/wiki/CPANAuthorNotes

Sections of this report:

    * Tester comments
    * Program output
    * Prerequisites
    * Environment and other context

------------------------------
TESTER COMMENTS
------------------------------

Additional comments from tester:

none provided

------------------------------
PROGRAM OUTPUT
------------------------------

Output from './Build test':

# Using native getaddrinfo(3) from XS
t/00use.t .......... ok
Prototype mismatch: sub Socket::IPPROTO_TCP vs () at (eval 11) line 1.
t/01getaddrinfo.t .. ok
t/02getnameinfo.t .. ok
Prototype mismatch: sub Socket::IPPROTO_TCP vs () at (eval 10) line 1.
t/03Socket6api.t ... ok
Prototype mismatch: sub Socket::IPPROTO_TCP vs () at (eval 10) line 1.
t/04import-tag.t ... ok
Prototype mismatch: sub Socket::IPPROTO_TCP vs () at (eval 15) line 1.

#   Failed test '$service is www for NH'
#   at t/05emulation.t line 151.
#          got: '80'
#     expected: 'www'
# Looks like you failed 1 test of 23.
t/05emulation.t .... 
Dubious, test returned 1 (wstat 256, 0x100)
Failed 1/23 subtests 
t/99pod.t .......... skipped: Test::Pod 1.00 required for testing POD

Test Summary Report
-------------------
t/05emulation.t  (Wstat: 256 Tests: 23 Failed: 1)
  Failed test:  23
  Non-zero exit status: 1
Files=7, Tests=96,  1 wallclock secs ( 0.04 usr  0.03 sys +  0.22 cusr  0.05 csys =  0.34 CPU)
Result: FAIL
Failed 1/7 test programs. 1/96 subtests failed.

------------------------------
PREREQUISITES
------------------------------

Prerequisite modules loaded:

requires:

    Module                Need Have  
    --------------------- ---- ------
    XSLoader              0    0.10  

build_requires:

    Module                Need Have  
    --------------------- ---- ------
    ExtUtils::CBuilder    0    0.2703
    ExtUtils::CChecker    0.06 0.06  
    Module::Build         0    0.3607
    Module::Build::Compat 0    0.3607
    Scalar::Util          0    1.23  
    Test::More            0    0.96  

configure_requires:

    Module                Need Have  
    --------------------- ---- ------
    ExtUtils::CBuilder    0    0.2703
    ExtUtils::CChecker    0.06 0.06  
    Module::Build         0.36 0.3607


------------------------------
ENVIRONMENT AND OTHER CONTEXT
------------------------------

Environment variables:

    LANG = en_US.UTF-8
    PATH = /usr/local/sbin:/usr/local/bin:/usr/sbin:/usr/bin:/sbin:/bin
    PERL5LIB = 
    PERL5OPT = 
    PERL5_CPANPLUS_IS_RUNNING = 2508
    PERL5_CPAN_IS_RUNNING = 2508
    SHELL = /bin/bash
    TERM = xterm-color

Perl special variables (and OS-specific diagnostics, for MSWin32):

    $^X = /usr/local/bin/perl5.6.2
    $UID/$EUID = 0 / 0
    $GID = 0 0
    $EGID = 0 0

Perl module toolchain versions installed:

    Module              Have  
    ------------------- ------
    CPAN                1.9402
    Cwd                 3.33  
    ExtUtils::CBuilder  0.2703
    ExtUtils::Command   1.16  
    ExtUtils::Install   1.54  
    ExtUtils::MakeMaker 6.56  
    ExtUtils::Manifest  1.58  
    ExtUtils::ParseXS   2.2206
    File::Spec          3.33  
    Module::Build       0.3607
    Module::Signature   0.66  
    Test::Harness       3.22  
    Test::More          0.96  
    YAML                n/a   
    YAML::Syck          1.17  
    version             0.87  


--

Summary of my perl5 (revision 5.0 version 6 subversion 2) configuration:
  Platform:
    osname=linux, osvers=2.6.32-5-amd64, archname=x86_64-linux
    uname='linux bandsman.dyndns-ip.com 2.6.32-5-amd64 #1 smp thu nov 25 18:02:11 utc 2010 x86_64 gnulinux '
    config_args='-de'
    hint=recommended, useposix=true, d_sigaction=define
    usethreads=undef use5005threads=undef useithreads=undef usemultiplicity=undef
    useperlio=undef d_sfio=undef uselargefiles=define usesocks=undef
    use64bitint=define use64bitall=define uselongdouble=undef
  Compiler:
    cc='cc', ccflags ='-fno-strict-aliasing -I/usr/local/include -D_LARGEFILE_SOURCE -D_FILE_OFFSET_BITS=64',
    optimize='-O2',
    cppflags='-fno-strict-aliasing -I/usr/local/include'
    ccversion='', gccversion='4.4.5', gccosandvers=''
    intsize=4, longsize=8, ptrsize=8, doublesize=8, byteorder=12345678
    d_longlong=define, longlongsize=8, d_longdbl=define, longdblsize=16
    ivtype='long', ivsize=8, nvtype='double', nvsize=8, Off_t='off_t', lseeksize=8
    alignbytes=8, usemymalloc=n, prototype=define
  Linker and Libraries:
    ld='cc', ldflags =' -L/usr/local/lib'
    libpth=/usr/local/lib /lib /usr/lib
    libs=-lnsl -ldb -ldl -lm -lc -lcrypt -lutil
    perllibs=-lnsl -ldl -lm -lc -lcrypt -lutil
    libc=/lib/libc-2.11.2.so, so=so, useshrplib=false, libperl=libperl.a
  Dynamic Linking:
    dlsrc=dl_dlopen.xs, dlext=so, d_dlsymun=undef, ccdlflags='-rdynamic'
    cccdlflags='-fpic', lddlflags='-shared -L/usr/local/lib'


Characteristics of this binary (from libperl): 
  Compile-time options: USE_64_BIT_INT USE_64_BIT_ALL USE_LARGE_FILES
  Locally applied patches:
  	SMOKE2bce2321552345ccb985b6a4b87542c3eaefbac5
  Built under linux
  Compiled at Dec  1 2010 10:04:01
  %ENV:
    PERL5LIB=""
    PERL5OPT=""
    PERL5_CPANPLUS_IS_RUNNING="2508"
    PERL5_CPAN_IS_RUNNING="2508"
  @INC:
    /usr/local/lib/perl5/5.6.2/x86_64-linux
    /usr/local/lib/perl5/5.6.2
    /usr/local/lib/perl5/site_perl/5.6.2/x86_64-linux
    /usr/local/lib/perl5/site_perl/5.6.2
    /usr/local/lib/perl5/site_perl/5.13.7
    /usr/local/lib/perl5/site_perl/5.13.6
    /usr/local/lib/perl5/site_perl/5.13.5
    /usr/local/lib/perl5/site_perl
    .