Report for DynaLoader-Functions-0.000

Back
From: metabase:user:30ae4450-2aae-11df-837a-5e0a49663a4f
Subject: FAIL DynaLoader-Functions-0.000 v5.14.0 
Date: 2011-10-18T10:23:04Z

This distribution has been tested as part of the CPAN Testers
project, supporting the Perl programming language.  See
http://wiki.cpantesters.org/ for more information or email
questions to cpan-testers-discuss@perl.org


--
Dear Andrew Main (Zefram),

This is a computer-generated report for DynaLoader-Functions-0.000
on perl 5.14.0, created by CPAN-Reporter-1.1902.

Thank you for uploading your work to CPAN.  However, there was a problem
testing your distribution.

If you think this report is invalid, please consult the CPAN Testers Wiki
for suggestions on how to avoid getting FAIL reports for missing library
or binary dependencies, unsupported operating systems, and so on:

http://wiki.cpantesters.org/wiki/CPANAuthorNotes

Sections of this report:

    * Tester comments
    * Program output
    * Prerequisites
    * Environment and other context

------------------------------
TESTER COMMENTS
------------------------------

Additional comments from tester:

none provided

------------------------------
PROGRAM OUTPUT
------------------------------

Output from 'C:\strawberry514\perl\bin\perl.exe ./Build test':

t\dyna_low.exp:fake:(.edata+0x3c): undefined reference to `boot_t__dyna_low'
t\dyna_low.exp:fake:(.edata+0x40): undefined reference to `boot_t__dyna_low'
collect2: ld returned 1 exit status
t\dyna_low.exp:fake:(.edata+0x3c): undefined reference to `boot_t__dyna_low'
t\dyna_low.exp:fake:(.edata+0x40): undefined reference to `boot_t__dyna_low'
collect2: ld returned 1 exit status
failed to load library t\dyna_low.dll: load_file:Íå íàéäåí óêàçàííûé ìîäóëü at C:\strawberry514\cpan\build\DynaLoader-Functions-0.000-mu6S0r\blib\lib/DynaLoader/Functions.pm line 290.
 at t\dyna_low.t line 40
# Looks like you planned 6 tests but ran 1.
# Looks like your test exited with 25 just after 1.
t\dyna_low.t .. 
Dubious, test returned 25 (wstat 6400, 0x1900)
Failed 5/6 subtests 
t\pod_cvg.t ... ok
t\pod_syn.t ... ok

Test Summary Report
-------------------
t\dyna_low.t (Wstat: 6400 Tests: 1 Failed: 0)
  Non-zero exit status: 25
  Parse errors: Bad plan.  You planned 6 tests but ran 1.
Files=3, Tests=3,  3 wallclock secs ( 0.06 usr +  0.19 sys =  0.25 CPU)
Result: FAIL
Failed 1/3 test programs. 0/3 subtests failed.

------------------------------
PREREQUISITES
------------------------------

Prerequisite modules loaded:

requires:

    Module           Need  Have    
    ---------------- ----- --------
    Carp             0     1.20    
    DynaLoader       0     1.13    
    Exporter         0     5.64_03 
    Module::Runtime  0.007 0.010   
    Params::Classify 0.008 0.013   
    parent           0     0.225   
    perl             5.006 5.014000
    strict           0     1.04    
    warnings         0     1.12    

build_requires:

    Module           Need  Have    
    ---------------- ----- --------
    Module::Build    0     0.3800  
    perl             5.006 5.014000
    strict           0     1.04    
    Test::More       0     0.98    
    warnings         0     1.12    

configure_requires:

    Module           Need  Have    
    ---------------- ----- --------
    Module::Build    0     0.3800  
    perl             5.006 5.014000
    strict           0     1.04    
    warnings         0     1.12    


------------------------------
ENVIRONMENT AND OTHER CONTEXT
------------------------------

Environment variables:

    COMSPEC = C:\WINDOWS\system32\cmd.exe
    NUMBER_OF_PROCESSORS = 4
    PATH = C:\Program Files\Far\;C:\WINDOWS\system32;C:\WINDOWS;C:\WINDOWS\System32\Wbem;C:\Program Files\ATI Technologies\ATI.ACE\Core-Static;C:\strawberry514\c\bin;C:\strawberry514\perl\site\bin;C:\strawberry514\perl\bin;C:\Prg\TortoiseGit\bin;C:\Prg\Git\cmd;C:\Program Files\TortoiseHg\;C:\Program Files\MySQL\MySQL Server 5.5\bin;c:\util\;C:\Program Files\TortoiseSVN\bin;C:\Prg\Subversion\bin
    PERL5LIB = C:\strawberry514\cpan\build\Module-Runtime-0.010-lLbjDs/blib/arch;C:\strawberry514\cpan\build\Module-Runtime-0.010-lLbjDs/blib/lib;C:\strawberry514\cpan\build\Params-Classify-0.013-0n5gdY/blib/arch;C:\strawberry514\cpan\build\Params-Classify-0.013-0n5gdY/blib/lib
    PERL5OPT = 
    PERL5_CPANPLUS_IS_RUNNING = 5588
    PERL5_CPAN_IS_RUNNING = 5588
    PERL_JSON_BACKEND = JSON::XS
    PERL_YAML_BACKEND = YAML
    PROCESSOR_IDENTIFIER = x86 Family 16 Model 5 Stepping 3, AuthenticAMD
    TEMP = C:\DOCUME~1\Sasha\LOCALS~1\Temp
    TERM = dumb

Perl special variables (and OS-specific diagnostics, for MSWin32):

    $^X = C:\strawberry514\perl\bin\perl.exe
    $UID/$EUID = 0 / 0
    $GID = 0
    $EGID = 0
    Win32::GetOSName = WinXP/.Net
    Win32::GetOSVersion = Service Pack 3, 5, 1, 2600, 2, 3, 0, 256, 1
    Win32::FsType = NTFS
    Win32::IsAdminUser = 1

Perl module toolchain versions installed:

    Module              Have    
    ------------------- --------
    CPAN                1.9600  
    Cwd                 3.36    
    ExtUtils::CBuilder  0.280203
    ExtUtils::Command   1.17    
    ExtUtils::Install   1.56    
    ExtUtils::MakeMaker 6.57_10 
    ExtUtils::Manifest  1.58    
    ExtUtils::ParseXS   2.2210  
    File::Spec          3.33    
    Module::Build       0.3800  
    Module::Signature   0.66    
    Test::Harness       3.23    
    Test::More          0.98    
    YAML                0.73    
    YAML::Syck          1.17    
    version             0.91    


--

Summary of my perl5 (revision 5 version 14 subversion 0) configuration:
   
  Platform:
    osname=MSWin32, osvers=4.0, archname=MSWin32-x86-multi-thread
    uname='Win32 strawberryperl 5.14.0.0.beta_1 #1 Thu Jun  9 01:53:47 2011 i386'
    config_args='undef'
    hint=recommended, useposix=true, d_sigaction=undef
    useithreads=define, usemultiplicity=define
    useperlio=define, d_sfio=undef, uselargefiles=define, usesocks=undef
    use64bitint=undef, use64bitall=undef, uselongdouble=undef
    usemymalloc=n, bincompat5005=undef
  Compiler:
    cc='gcc', ccflags =' -s -O2 -DWIN32  -DPERL_TEXTMODE_SCRIPTS -DUSE_SITECUSTOMIZE -DPERL_IMPLICIT_CONTEXT -DPERL_IMPLICIT_SYS -fno-strict-aliasing -mms-bitfields',
    optimize='-s -O2',
    cppflags='-DWIN32'
    ccversion='', gccversion='4.4.3', gccosandvers=''
    intsize=4, longsize=4, ptrsize=4, doublesize=8, byteorder=1234
    d_longlong=undef, longlongsize=8, d_longdbl=define, longdblsize=12
    ivtype='long', ivsize=4, nvtype='double', nvsize=8, Off_t='long long', lseeksize=8
    alignbytes=8, prototype=define
  Linker and Libraries:
    ld='g++', ldflags ='-s -L"C:\strawberry514\perl\lib\CORE" -L"C:\strawberry514\c\lib"'
    libpth=C:\strawberry514\c\lib C:\strawberry514\c\i686-w64-mingw32\lib
    libs=-lmoldname -lkernel32 -luser32 -lgdi32 -lwinspool -lcomdlg32 -ladvapi32 -lshell32 -lole32 -loleaut32 -lnetapi32 -luuid -lws2_32 -lmpr -lwinmm -lversion -lodbc32 -lodbccp32 -lcomctl32
    perllibs=-lmoldname -lkernel32 -luser32 -lgdi32 -lwinspool -lcomdlg32 -ladvapi32 -lshell32 -lole32 -loleaut32 -lnetapi32 -luuid -lws2_32 -lmpr -lwinmm -lversion -lodbc32 -lodbccp32 -lcomctl32
    libc=, so=dll, useshrplib=true, libperl=libperl514.a
    gnulibc_version=''
  Dynamic Linking:
    dlsrc=dl_win32.xs, dlext=dll, d_dlsymun=undef, ccdlflags=' '
    cccdlflags=' ', lddlflags='-mdll -s -L"C:\strawberry514\perl\lib\CORE" -L"C:\strawberry514\c\lib"'


Characteristics of this binary (from libperl): 
  Compile-time options: MULTIPLICITY PERL_DONT_CREATE_GVSV
                        PERL_IMPLICIT_CONTEXT PERL_IMPLICIT_SYS
                        PERL_MALLOC_WRAP PERL_PRESERVE_IVUV PL_OP_SLAB_ALLOC
                        USE_ITHREADS USE_LARGE_FILES USE_PERLIO USE_PERL_ATOF
                        USE_SITECUSTOMIZE
  Built under MSWin32
  Compiled at Jun  9 2011 02:27:43
  %ENV:
    PERL5LIB="C:\strawberry514\cpan\build\Module-Runtime-0.010-lLbjDs/blib/arch;C:\strawberry514\cpan\build\Module-Runtime-0.010-lLbjDs/blib/lib;C:\strawberry514\cpan\build\Params-Classify-0.013-0n5gdY/blib/arch;C:\strawberry514\cpan\build\Params-Classify-0.013-0n5gdY/blib/lib"
    PERL5_CPANPLUS_IS_RUNNING="5588"
    PERL5_CPAN_IS_RUNNING="5588"
    PERL_JSON_BACKEND="JSON::XS"
    PERL_YAML_BACKEND="YAML"
  @INC:
    C:\strawberry514\cpan\build\Module-Runtime-0.010-lLbjDs/blib/arch
    C:\strawberry514\cpan\build\Module-Runtime-0.010-lLbjDs/blib/lib
    C:\strawberry514\cpan\build\Params-Classify-0.013-0n5gdY/blib/arch
    C:\strawberry514\cpan\build\Params-Classify-0.013-0n5gdY/blib/lib
    C:/strawberry514/perl/site/lib
    C:/strawberry514/perl/vendor/lib
    C:/strawberry514/perl/lib
    .