Report for Mojolicious-6.02

Back
From: metabase:user:d4737f23-6bf4-1014-b0ae-0f7446981a2c
Subject: FAIL Mojolicious-6.02 v5.20.2 
Date: 2015-03-12T17:29:15Z

This distribution has been tested as part of the CPAN Testers
project, supporting the Perl programming language.  See
http://wiki.cpantesters.org/ for more information or email
questions to cpan-testers-discuss@perl.org


--
Dear SRI,

This is a computer-generated report for Mojolicious-6.02
on perl 5.20.2, created by App::cpanminus::reporter 0.12 (1.7027).

Thank you for uploading your work to CPAN.  However, there was a problem
testing your distribution.

If you think this report is invalid, please consult the CPAN Testers Wiki
for suggestions on how to avoid getting FAIL reports for missing library
or binary dependencies, unsupported operating systems, and so on:

http://wiki.cpantesters.org/wiki/CPANAuthorNotes

Sections of this report:

    * Tester comments
    * Program output
    * Prerequisites
    * Environment and other context

------------------------------
TESTER COMMENTS
------------------------------

Additional comments from tester:

none provided

------------------------------
PROGRAM OUTPUT
------------------------------

Output from '':

Building and testing Mojolicious-6.02

Microsoft (R) Program Maintenance Utility Version 12.00.21005.1
Copyright (C) Microsoft Corporation.  All rights reserved.

cp lib/Mojo.pm blib\lib\Mojo.pm
cp lib/Mojo/DOM/HTML.pm blib\lib\Mojo\DOM\HTML.pm
cp lib/Mojo/Cookie/Response.pm blib\lib\Mojo\Cookie\Response.pm
cp lib/Mojo/DOM.pm blib\lib\Mojo\DOM.pm
cp lib/Mojo/Content.pm blib\lib\Mojo\Content.pm
cp lib/Mojo/Collection.pm blib\lib\Mojo\Collection.pm
cp lib/Mojo/Content/Single.pm blib\lib\Mojo\Content\Single.pm
cp lib/Mojo/IOLoop.pm blib\lib\Mojo\IOLoop.pm
cp lib/Mojo/Headers.pm blib\lib\Mojo\Headers.pm
cp lib/Mojo/Asset.pm blib\lib\Mojo\Asset.pm
cp lib/Mojo/EventEmitter.pm blib\lib\Mojo\EventEmitter.pm
cp lib/Mojo/ByteStream.pm blib\lib\Mojo\ByteStream.pm
cp lib/Mojo/HelloWorld.pm blib\lib\Mojo\HelloWorld.pm
cp lib/Mojo/Base.pm blib\lib\Mojo\Base.pm
cp lib/Mojo/Date.pm blib\lib\Mojo\Date.pm
cp lib/Mojo/Cookie/Request.pm blib\lib\Mojo\Cookie\Request.pm
cp lib/Mojo/IOLoop/Client.pm blib\lib\Mojo\IOLoop\Client.pm
cp lib/Mojo/Home.pm blib\lib\Mojo\Home.pm
cp lib/Mojo/DOM/CSS.pm blib\lib\Mojo\DOM\CSS.pm
cp lib/Mojo/Cookie.pm blib\lib\Mojo\Cookie.pm
cp lib/Mojo/Exception.pm blib\lib\Mojo\Exception.pm
cp lib/Mojo/Cache.pm blib\lib\Mojo\Cache.pm
cp lib/Mojo/Content/MultiPart.pm blib\lib\Mojo\Content\MultiPart.pm
cp lib/Mojo/Asset/Memory.pm blib\lib\Mojo\Asset\Memory.pm
cp lib/Mojo/Asset/File.pm blib\lib\Mojo\Asset\File.pm
cp lib/Mojo/Path.pm blib\lib\Mojo\Path.pm
cp lib/Mojo/Server/Morbo.pm blib\lib\Mojo\Server\Morbo.pm
cp lib/Mojo/Log.pm blib\lib\Mojo\Log.pm
cp lib/Mojo/Server/CGI.pm blib\lib\Mojo\Server\CGI.pm
cp lib/Mojo/Message.pm blib\lib\Mojo\Message.pm
cp lib/Mojo/JSON/Pointer.pm blib\lib\Mojo\JSON\Pointer.pm
cp lib/Mojo/IOLoop/certs/server.key blib\lib\Mojo\IOLoop\certs\server.key
cp lib/Mojo/Parameters.pm blib\lib\Mojo\Parameters.pm
cp lib/Mojo/IOLoop/Stream.pm blib\lib\Mojo\IOLoop\Stream.pm
cp lib/Mojo/JSON.pm blib\lib\Mojo\JSON.pm
cp lib/Mojo/Message/Request.pm blib\lib\Mojo\Message\Request.pm
cp lib/Mojo/Server/PSGI.pm blib\lib\Mojo\Server\PSGI.pm
cp lib/Mojo/Reactor/Poll.pm blib\lib\Mojo\Reactor\Poll.pm
cp lib/Mojo/Reactor.pm blib\lib\Mojo\Reactor.pm
cp lib/Mojo/IOLoop/Delay.pm blib\lib\Mojo\IOLoop\Delay.pm
cp lib/Mojo/IOLoop/Server.pm blib\lib\Mojo\IOLoop\Server.pm
cp lib/Mojo/Server.pm blib\lib\Mojo\Server.pm
cp lib/Mojo/Loader.pm blib\lib\Mojo\Loader.pm
cp lib/Mojo/IOLoop/certs/server.crt blib\lib\Mojo\IOLoop\certs\server.crt
cp lib/Mojo/Server/Hypnotoad.pm blib\lib\Mojo\Server\Hypnotoad.pm
cp lib/Mojo/Reactor/EV.pm blib\lib\Mojo\Reactor\EV.pm
cp lib/Mojo/Message/Response.pm blib\lib\Mojo\Message\Response.pm
cp lib/Mojo/Server/Daemon.pm blib\lib\Mojo\Server\Daemon.pm
cp lib/Mojo/Transaction.pm blib\lib\Mojo\Transaction.pm
cp lib/Mojo/Upload.pm blib\lib\Mojo\Upload.pm
cp lib/Mojo/Template.pm blib\lib\Mojo\Template.pm
cp lib/Mojo/Util.pm blib\lib\Mojo\Util.pm
cp lib/Mojo/UserAgent/Server.pm blib\lib\Mojo\UserAgent\Server.pm
cp lib/Mojo/UserAgent/Transactor.pm blib\lib\Mojo\UserAgent\Transactor.pm
cp lib/Mojo/Transaction/HTTP.pm blib\lib\Mojo\Transaction\HTTP.pm
cp lib/Mojo/UserAgent.pm blib\lib\Mojo\UserAgent.pm
cp lib/Mojolicious/Command/cpanify.pm blib\lib\Mojolicious\Command\cpanify.pm
cp lib/Mojolicious/Command/eval.pm blib\lib\Mojolicious\Command\eval.pm
cp lib/Mojolicious/Command/cgi.pm blib\lib\Mojolicious\Command\cgi.pm
cp lib/Mojo/URL.pm blib\lib\Mojo\URL.pm
cp lib/Mojolicious/Command/generate.pm blib\lib\Mojolicious\Command\generate.pm
cp lib/Mojolicious/Command/daemon.pm blib\lib\Mojolicious\Command\daemon.pm
cp lib/Mojo/UserAgent/Proxy.pm blib\lib\Mojo\UserAgent\Proxy.pm
cp lib/Mojo/Transaction/WebSocket.pm blib\lib\Mojo\Transaction\WebSocket.pm
cp lib/Mojo/Server/Prefork.pm blib\lib\Mojo\Server\Prefork.pm
cp lib/Mojo/UserAgent/CookieJar.pm blib\lib\Mojo\UserAgent\CookieJar.pm
cp lib/Mojolicious.pm blib\lib\Mojolicious.pm
cp lib/Mojolicious/Command.pm blib\lib\Mojolicious\Command.pm
cp lib/Mojolicious/Guides/Contributing.pod blib\lib\Mojolicious\Guides\Contributing.pod
cp lib/Mojolicious/Command/generate/lite_app.pm blib\lib\Mojolicious\Command\generate\lite_app.pm
cp lib/Mojolicious/Guides.pod blib\lib\Mojolicious\Guides.pod
cp lib/Mojolicious/Command/version.pm blib\lib\Mojolicious\Command\version.pm
cp lib/Mojolicious/Controller.pm blib\lib\Mojolicious\Controller.pm
cp lib/Mojolicious/Command/generate/plugin.pm blib\lib\Mojolicious\Command\generate\plugin.pm
cp lib/Mojolicious/Command/test.pm blib\lib\Mojolicious\Command\test.pm
cp lib/Mojolicious/Command/psgi.pm blib\lib\Mojolicious\Command\psgi.pm
cp lib/Mojolicious/Guides/Cookbook.pod blib\lib\Mojolicious\Guides\Cookbook.pod
cp lib/Mojolicious/Command/generate/app.pm blib\lib\Mojolicious\Command\generate\app.pm
cp lib/Mojolicious/Command/get.pm blib\lib\Mojolicious\Command\get.pm
cp lib/Mojolicious/Command/routes.pm blib\lib\Mojolicious\Command\routes.pm
cp lib/Mojolicious/Command/inflate.pm blib\lib\Mojolicious\Command\inflate.pm
cp lib/Mojolicious/Commands.pm blib\lib\Mojolicious\Commands.pm
cp lib/Mojolicious/Command/prefork.pm blib\lib\Mojolicious\Command\prefork.pm
cp lib/Mojolicious/Command/generate/makefile.pm blib\lib\Mojolicious\Command\generate\makefile.pm
cp lib/Mojolicious/Plugin.pm blib\lib\Mojolicious\Plugin.pm
cp lib/Mojolicious/Guides/Growing.pod blib\lib\Mojolicious\Guides\Growing.pod
cp lib/Mojolicious/Plugin/PODRenderer.pm blib\lib\Mojolicious\Plugin\PODRenderer.pm
cp lib/Mojolicious/Guides/FAQ.pod blib\lib\Mojolicious\Guides\FAQ.pod
cp lib/Mojolicious/Guides/Routing.pod blib\lib\Mojolicious\Guides\Routing.pod
cp lib/Mojolicious/Plugin/JSONConfig.pm blib\lib\Mojolicious\Plugin\JSONConfig.pm
cp lib/Mojolicious/Guides/Tutorial.pod blib\lib\Mojolicious\Guides\Tutorial.pod
cp lib/Mojolicious/Plugin/DefaultHelpers.pm blib\lib\Mojolicious\Plugin\DefaultHelpers.pm
cp lib/Mojolicious/Plugin/Config.pm blib\lib\Mojolicious\Plugin\Config.pm
cp lib/Mojolicious/Plugin/EPRenderer.pm blib\lib\Mojolicious\Plugin\EPRenderer.pm
cp lib/Mojolicious/Plugin/Mount.pm blib\lib\Mojolicious\Plugin\Mount.pm
cp lib/Mojolicious/Plugin/Charset.pm blib\lib\Mojolicious\Plugin\Charset.pm
cp lib/Mojolicious/Lite.pm blib\lib\Mojolicious\Lite.pm
cp lib/Mojolicious/Guides/Rendering.pod blib\lib\Mojolicious\Guides\Rendering.pod
cp lib/Mojolicious/Plugin/HeaderCondition.pm blib\lib\Mojolicious\Plugin\HeaderCondition.pm
cp lib/Mojolicious/Plugin/EPLRenderer.pm blib\lib\Mojolicious\Plugin\EPLRenderer.pm
cp lib/Mojolicious/public/mojo/failraptor.png blib\lib\Mojolicious\public\mojo\failraptor.png
cp lib/Mojolicious/public/favicon.ico blib\lib\Mojolicious\public\favicon.ico
cp lib/Mojolicious/Routes.pm blib\lib\Mojolicious\Routes.pm
cp lib/Mojolicious/public/mojo/jquery/jquery.js blib\lib\Mojolicious\public\mojo\jquery\jquery.js
cp lib/Mojolicious/Routes/Route.pm blib\lib\Mojolicious\Routes\Route.pm
cp lib/Mojolicious/Routes/Match.pm blib\lib\Mojolicious\Routes\Match.pm
cp lib/Mojolicious/Sessions.pm blib\lib\Mojolicious\Sessions.pm
cp lib/Mojolicious/Plugins.pm blib\lib\Mojolicious\Plugins.pm
cp lib/Mojolicious/Types.pm blib\lib\Mojolicious\Types.pm
cp lib/Mojolicious/Plugin/TagHelpers.pm blib\lib\Mojolicious\Plugin\TagHelpers.pm
cp lib/Mojolicious/public/mojo/logo-white.png blib\lib\Mojolicious\public\mojo\logo-white.png
cp lib/Mojolicious/Validator.pm blib\lib\Mojolicious\Validator.pm
cp lib/Mojolicious/Routes/Pattern.pm blib\lib\Mojolicious\Routes\Pattern.pm
cp lib/Mojolicious/public/mojo/logo-black.png blib\lib\Mojolicious\public\mojo\logo-black.png
cp lib/Mojolicious/Validator/Validation.pm blib\lib\Mojolicious\Validator\Validation.pm
cp lib/Mojolicious/Renderer.pm blib\lib\Mojolicious\Renderer.pm
cp lib/Mojolicious/Static.pm blib\lib\Mojolicious\Static.pm
cp lib/Mojolicious/public/mojo/stripes.png blib\lib\Mojolicious\public\mojo\stripes.png
cp lib/Mojolicious/public/mojo/notfound.png blib\lib\Mojolicious\public\mojo\notfound.png
cp lib/Mojolicious/templates/development.html.ep blib\lib\Mojolicious\templates\development.html.ep
cp lib/Mojolicious/templates/not_found.html.ep blib\lib\Mojolicious\templates\not_found.html.ep
cp lib/Mojolicious/public/mojo/prettify/run_prettify.js blib\lib\Mojolicious\public\mojo\prettify\run_prettify.js
cp lib/Mojolicious/public/mojo/prettify/prettify-mojo-light.css blib\lib\Mojolicious\public\mojo\prettify\prettify-mojo-light.css
cp lib/Mojolicious/templates/mojobar.html.ep blib\lib\Mojolicious\templates\mojobar.html.ep
cp lib/Mojolicious/public/mojo/pinstripe-dark.png blib\lib\Mojolicious\public\mojo\pinstripe-dark.png
cp lib/Mojolicious/public/mojo/pinstripe-light.png blib\lib\Mojolicious\public\mojo\pinstripe-light.png
cp lib/Mojolicious/public/mojo/noraptor.png blib\lib\Mojolicious\public\mojo\noraptor.png
cp lib/Mojolicious/templates/exception.html.ep blib\lib\Mojolicious\templates\exception.html.ep
cp lib/Mojolicious/public/mojo/prettify/prettify-mojo-dark.css blib\lib\Mojolicious\public\mojo\prettify\prettify-mojo-dark.css
cp lib/Test/Mojo.pm blib\lib\Test\Mojo.pm
cp lib/Mojolicious/templates/perldoc.html.ep blib\lib\Mojolicious\templates\perldoc.html.ep
cp lib/ojo.pm blib\lib\ojo.pm
	"C:\opt\perl-5.20.2\bin\perl.exe" -MExtUtils::Command -e cp -- script/mojo blib\script\mojo
	pl2bat.bat blib\script\mojo
	"C:\opt\perl-5.20.2\bin\perl.exe" -MExtUtils::Command -e cp -- script/morbo blib\script\morbo
	pl2bat.bat blib\script\morbo
	"C:\opt\perl-5.20.2\bin\perl.exe" -MExtUtils::Command -e cp -- script/hypnotoad blib\script\hypnotoad
	pl2bat.bat blib\script\hypnotoad

Microsoft (R) Program Maintenance Utility Version 12.00.21005.1
Copyright (C) Microsoft Corporation.  All rights reserved.

	"C:\opt\perl-5.20.2\bin\perl.exe" "-MExtUtils::Command::MM" "-MTest::Harness" "-e" "undef *Test::Harness::Switches; test_harness(0, 'blib\lib', 'blib\arch')" t\*.t t\*\*.t
t\mojo\asset.t ............................. ok
t\mojo\base.t .............................. ok
t\mojo\bytestream.t ........................ ok
t\mojo\cache.t ............................. ok
t\mojo\cgi.t ............................... ok
t\mojo\collection.t ........................ ok
t\mojo\content.t ........................... ok
t\mojo\cookie.t ............................ ok
t\mojo\cookiejar.t ......................... ok
t\mojo\daemon.t ............................ ok
t\mojo\date.t .............................. ok
t\mojo\delay.t ............................. ok
t\mojo\dom.t ............................... ok
t\mojo\eventemitter.t ...................... ok
t\mojo\headers.t ........................... ok
t\mojo\home.t .............................. ok
t\mojo\hypnotoad.t ......................... skipped: set TEST_HYPNOTOAD to enable this test (developer only!)
t\mojo\ioloop.t ............................ ok
t\mojo\ioloop_ipv6.t ....................... skipped: set TEST_IPV6 to enable this test (developer only!)
t\mojo\ioloop_tls.t ........................ skipped: set TEST_TLS to enable this test (developer only!)
t\mojo\json.t .............................. ok
t\mojo\json_pointer.t ...................... ok
t\mojo\loader.t ............................ ok
t\mojo\log.t ............................... ok
t\mojo\morbo.t ............................. skipped: set TEST_MORBO to enable this test (developer only!)
t\mojo\parameters.t ........................ ok
t\mojo\path.t .............................. ok
t\mojo\prefork.t ........................... skipped: set TEST_PREFORK to enable this test (developer only!)
t\mojo\proxy.t ............................. ok
t\mojo\psgi.t .............................. ok
t\mojo\reactor_ev.t ........................ skipped: set TEST_EV to enable this test (developer only!)
t\mojo\reactor_poll.t ...................... ok
t\mojo\request.t ........................... ok
t\mojo\request_cgi.t ....................... ok
t\mojo\response.t .......................... ok
t\mojo\template.t .......................... ok
t\mojo\transactor.t ........................ ok
t\mojo\url.t ............................... ok
t\mojo\user_agent.t ........................ ok
t\mojo\user_agent_online.t ................. skipped: set TEST_ONLINE to enable this test (developer only!)
t\mojo\user_agent_socks.t .................. skipped: set TEST_SOCKS to enable this test (developer only!)
t\mojo\user_agent_tls.t .................... skipped: set TEST_TLS to enable this test (developer only!)
t\mojo\util.t .............................. ok
t\mojo\websocket.t ......................... ok
t\mojo\websocket_frames.t .................. ok
t\mojo\websocket_proxy.t ................... ok
t\mojo\websocket_proxy_tls.t ............... skipped: set TEST_TLS to enable this test (developer only!)

#   Failed test 'Last-Modified: Sat, 21 Feb 2015 05:08:18 GMT'
#   at t\mojolicious\app.t line 405.
#          got: 'Sat, 21 Feb 2015 06:08:18 GMT'
#     expected: 'Sat, 21 Feb 2015 05:08:18 GMT'

#   Failed test '304 Not Modified'
#   at t\mojolicious\app.t line 425.
#          got: '200'
#     expected: '304'

#   Failed test 'exact match for content'
#   at t\mojolicious\app.t line 425.
#          got: 'Hello Mojo from a development static file!
# '
#     expected: ''
# Looks like you failed 3 tests of 440.
t\mojolicious\app.t ........................ 
Dubious, test returned 3 (wstat 768, 0x300)
Failed 3/440 subtests 
t\mojolicious\charset_lite_app.t ........... ok
t\mojolicious\command.t .................... ok
t\mojolicious\commands.t ................... ok
t\mojolicious\dispatch.t ................... ok
t\mojolicious\dispatcher_lite_app.t ........ ok
t\mojolicious\embedded_app.t ............... ok
t\mojolicious\embedded_lite_app.t .......... ok
t\mojolicious\exception_lite_app.t ......... ok
t\mojolicious\external_app.t ............... ok
t\mojolicious\external_lite_app.t .......... ok
t\mojolicious\group_lite_app.t ............. ok
t\mojolicious\json_config_lite_app.t ....... ok
t\mojolicious\json_config_mode_lite_app.t .. ok
t\mojolicious\layouted_lite_app.t .......... ok
t\mojolicious\lite_app.t ................... ok
t\mojolicious\longpolling_lite_app.t ....... ok
t\mojolicious\multipath_lite_app.t ......... ok
t\mojolicious\ojo.t ........................ ok
t\mojolicious\pattern.t .................... ok
t\mojolicious\pod_renderer_lite_app.t ...... ok
t\mojolicious\production_app.t ............. ok
t\mojolicious\rebased_lite_app.t ........... ok
t\mojolicious\renderer.t ................... ok
t\mojolicious\restful_lite_app.t ........... ok
t\mojolicious\routes.t ..................... ok
t\mojolicious\static_lite_app.t ............ ok
t\mojolicious\tag_helper_lite_app.t ........ ok
t\mojolicious\testing_app.t ................ ok
t\mojolicious\tls_lite_app.t ............... skipped: set TEST_TLS to enable this test (developer only!)
t\mojolicious\twinkle_lite_app.t ........... ok
t\mojolicious\types.t ...................... ok
t\mojolicious\upload_lite_app.t ............ ok
t\mojolicious\upload_stream_lite_app.t ..... ok
t\mojolicious\validation_lite_app.t ........ ok
t\mojolicious\websocket_lite_app.t ......... ok
t\pod.t .................................... skipped: set TEST_POD to enable this test (developer only!)
t\pod_coverage.t ........................... skipped: set TEST_POD to enable this test (developer only!)

Test Summary Report
-------------------
t\mojolicious\app.t                      (Wstat: 768 Tests: 440 Failed: 3)
  Failed tests:  283, 297, 299
  Non-zero exit status: 3
Files=85, Tests=10164, 187 wallclock secs ( 1.78 usr +  0.33 sys =  2.11 CPU)
Result: FAIL

------------------------------
PREREQUISITES
------------------------------

Prerequisite modules loaded:

    No requirements found

------------------------------
ENVIRONMENT AND OTHER CONTEXT
------------------------------

Environment variables:

    COMSPEC = C:\Windows\system32\cmd.exe
    INCLUDE = C:\Program Files (x86)\Microsoft Visual Studio 12.0\VC\INCLUDE;C:\Program Files (x86)\Microsoft Visual Studio 12.0\VC\ATLMFC\INCLUDE;C:\Program Files (x86)\Windows Kits\8.1\include\shared;C:\Program Files (x86)\Windows Kits\8.1\include\um;C:\Program Files (x86)\Windows Kits\8.1\include\winrt;
    LIB = C:\Program Files (x86)\Microsoft Visual Studio 12.0\VC\LIB\amd64;C:\Program Files (x86)\Microsoft Visual Studio 12.0\VC\ATLMFC\LIB\amd64;C:\Program Files (x86)\Windows Kits\8.1\lib\winv6.3\um\x64;
    NUMBER_OF_PROCESSORS = 2
    PATH = C:\Program Files (x86)\Microsoft Visual Studio 12.0\Common7\IDE\CommonExtensions\Microsoft\TestWindow;C:\Program Files (x86)\MSBuild\12.0\bin\amd64;C:\Program Files (x86)\Microsoft Visual Studio 12.0\VC\BIN\amd64;C:\Windows\Microsoft.NET\Framework64\v4.0.30319;C:\Program Files (x86)\Microsoft Visual Studio 12.0\VC\VCPackages;C:\Program Files (x86)\Microsoft Visual Studio 12.0\Common7\IDE;C:\Program Files (x86)\Microsoft Visual Studio 12.0\Common7\Tools;C:\Program Files (x86)\HTML Help Workshop;C:\Program Files (x86)\Microsoft Visual Studio 12.0\Team Tools\Performance Tools\x64;C:\Program Files (x86)\Microsoft Visual Studio 12.0\Team Tools\Performance Tools;C:\Program Files (x86)\Windows Kits\8.1\bin\x64;C:\Program Files (x86)\Windows Kits\8.1\bin\x86;C:\Program Files (x86)\Microsoft SDKs\Windows\v8.1A\bin\NETFX 4.5.1 Tools\x64\;C:\Program Files\ConEmu;C:\Program Files\ConEmu\ConEmu;c:\opt\perl-5.20.2\site\bin;c:\opt\perl-5.20.2\bin;c:\opt\Perl6\bin;c:\opt\OpenSSL\bin;C:\opt\bin;C:\opt\vim\vim74;C:\opt\gs\gs9.14\bin;C:\opt\gs\gs9.14\lib;c:\opt\gm;c:\opt\kdiff3;c:\opt\ffmpeg\bin;C:\Program Files\TortoiseHg;C:\Windows\system32;C:\Windows;C:\Windows\System32\Wbem;C:\Windows\System32\WindowsPowerShell\v1.0\;C:\Program Files\Microsoft SQL Server\110\Tools\Binn\;C:\Program Files\Microsoft Windows Performance Toolkit\;C:\Program Files\OpenVPN\bin;C:\Program Files (x86)\Windows Kits\8.1\Windows Performance Toolkit\;C:\Program Files (x86)\Microsoft SDKs\TypeScript\1.0\;C:\Program Files\Microsoft SQL Server\120\Tools\Binn;c:\opt\wrk;C:\Program Files\TortoiseHg\;C:\Program Files\TortoiseSVN\bin;C:\Users\sinan\bin
    PERLDOC_PAGER = c:\opt\cygwin64\bin\less.exe -+C -E -F -g -i
    PROCESSOR_IDENTIFIER = Intel64 Family 6 Model 15 Stepping 6, GenuineIntel
    TEMP = C:\Users\sinan\AppData\Local\Temp

Perl special variables (and OS-specific diagnostics, for MSWin32):

    EGID = 0
    EUID = 0
    EXECUTABLE_NAME = c:\opt\perl-5.20.2\bin\perl.exe
    GID = 0
    UID = 0
    Win32::FsType = NTFS
    Win32::GetOSName = Win8
    Win32::GetOSVersion = , 6, 2, 9200, 2, 0, 0, 256, 1
    Win32::IsAdminUser = 0

Perl module toolchain versions installed:

    Module              Have    
    ------------------- --------
    CPAN                2.05    
    CPAN::Meta          2.150001
    Cwd                 3.48_01 
    ExtUtils::CBuilder  0.280220
    ExtUtils::Command   1.20    
    ExtUtils::Install   2.04    
    ExtUtils::MakeMaker 7.04    
    ExtUtils::Manifest  1.70    
    ExtUtils::ParseXS   3.24    
    File::Spec          3.48_01 
    JSON                2.90    
    JSON::PP            2.27300 
    Module::Build       0.4211  
    Module::Signature   n/a     
    Parse::CPAN::Meta   1.4414  
    Test::Harness       3.35    
    Test::More          1.001014
    YAML                1.14    
    YAML::Syck          1.29    
    version             0.9912  


--

Summary of my perl5 (revision 5 version 20 subversion 2) configuration:
   
  Platform:
    osname=MSWin32, osvers=6.3, archname=MSWin32-x64-multi-thread
    uname=''
    config_args='undef'
    hint=recommended, useposix=true, d_sigaction=undef
    useithreads=define, usemultiplicity=define
    use64bitint=define, use64bitall=undef, uselongdouble=undef
    usemymalloc=n, bincompat5005=undef
  Compiler:
    cc='cl', ccflags ='-nologo -GF -W3 -O1 -Os -favor:INTEL64 -MD -Zi -DNDEBUG -GL -fp:precise -DWIN32 -D_CONSOLE -DNO_STRICT -DWIN64 -DCONSERVATIVE -D_CRT_SECURE_NO_DEPRECATE -D_CRT_NONSTDC_NO_DEPRECATE  -DUSE_64_BIT_ALL -DPERL_TEXTMODE_SCRIPTS -DUSE_SITECUSTOMIZE -DPERL_IMPLICIT_CONTEXT -DPERL_IMPLICIT_SYS -DUSE_PERLIO',
    optimize='-O1 -Os -favor:INTEL64 -MD -Zi -DNDEBUG -GL -fp:precise',
    cppflags='-DWIN32'
    ccversion='18.00.31101', gccversion='', gccosandvers=''
    intsize=4, longsize=4, ptrsize=8, doublesize=8, byteorder=12345678
    d_longlong=undef, longlongsize=8, d_longdbl=define, longdblsize=8
    ivtype='__int64', ivsize=8, nvtype='double', nvsize=8, Off_t='__int64', lseeksize=8
    alignbytes=8, prototype=define
  Linker and Libraries:
    ld='link', ldflags ='-nologo -nodefaultlib -debug -opt:ref,icf -ltcg  -libpath:"c:\opt\perl-5.20.2\lib\CORE"  -machine:AMD64 "/manifestdependency:type='Win32' name='Microsoft.Windows.Common-Controls' version='6.0.0.0' processorArchitecture='*' publicKeyToken='6595b64144ccf1df' language='*'"'
    libpth="C:\Program Files (x86)\Microsoft Visual Studio 12.0\VC\lib\amd64"
    libs=oldnames.lib kernel32.lib user32.lib gdi32.lib winspool.lib  comdlg32.lib advapi32.lib shell32.lib ole32.lib oleaut32.lib  netapi32.lib uuid.lib ws2_32.lib mpr.lib winmm.lib  version.lib odbc32.lib odbccp32.lib comctl32.lib msvcrt.lib
    perllibs=oldnames.lib kernel32.lib user32.lib gdi32.lib winspool.lib  comdlg32.lib advapi32.lib shell32.lib ole32.lib oleaut32.lib  netapi32.lib uuid.lib ws2_32.lib mpr.lib winmm.lib  version.lib odbc32.lib odbccp32.lib comctl32.lib msvcrt.lib
    libc=msvcrt.lib, so=dll, useshrplib=true, libperl=perl520.lib
    gnulibc_version=''
  Dynamic Linking:
    dlsrc=dl_win32.xs, dlext=dll, d_dlsymun=undef, ccdlflags=' '
    cccdlflags=' ', lddlflags='-dll -nologo -nodefaultlib -debug -opt:ref,icf -ltcg  -libpath:"c:\opt\perl-5.20.2\lib\CORE"  -machine:AMD64 "/manifestdependency:type='Win32' name='Microsoft.Windows.Common-Controls' version='6.0.0.0' processorArchitecture='*' publicKeyToken='6595b64144ccf1df' language='*'"'


Characteristics of this binary (from libperl): 
  Compile-time options: HAS_TIMES HAVE_INTERP_INTERN MULTIPLICITY
                        PERLIO_LAYERS PERL_DONT_CREATE_GVSV
                        PERL_HASH_FUNC_ONE_AT_A_TIME_HARD
                        PERL_IMPLICIT_CONTEXT PERL_IMPLICIT_SYS
                        PERL_MALLOC_WRAP PERL_NEW_COPY_ON_WRITE
                        PERL_PRESERVE_IVUV USE_64_BIT_ALL USE_64_BIT_INT
                        USE_ITHREADS USE_LARGE_FILES USE_LOCALE
                        USE_LOCALE_COLLATE USE_LOCALE_CTYPE
                        USE_LOCALE_NUMERIC USE_PERLIO USE_PERL_ATOF
                        USE_SITECUSTOMIZE
  Built under MSWin32
  Compiled at Feb 16 2015 08:44:56
  %ENV:
    PERLDOC_PAGER="c:\opt\cygwin64\bin\less.exe -+C -E -F -g -i"
  @INC:
    c:/opt/perl-5.20.2/site/lib/MSWin32-x64-multi-thread
    c:/opt/perl-5.20.2/site/lib
    c:/opt/perl-5.20.2/lib
    .