Report for XML-LibXML-2.0112

Back
From: metabase:user:dc1c8589-6bf4-1014-abca-562cf06b08ef
Subject: FAIL XML-LibXML-2.0112 v5.16.3 
Date: 2014-03-13T23:47:46Z

This distribution has been tested as part of the CPAN Testers
project, supporting the Perl programming language.  See
http://wiki.cpantesters.org/ for more information or email
questions to cpan-testers-discuss@perl.org


--
Dear Shlomi Fish,

This is a computer-generated report for XML-LibXML-2.0112
on perl 5.16.3, created by CPAN-Reporter-1.2010.

Thank you for uploading your work to CPAN.  However, there was a problem
testing your distribution.

If you think this report is invalid, please consult the CPAN Testers Wiki
for suggestions on how to avoid getting FAIL reports for missing library
or binary dependencies, unsupported operating systems, and so on:

http://wiki.cpantesters.org/wiki/CPANAuthorNotes

Sections of this report:

    * Tester comments
    * Program output
    * Prerequisites
    * Environment and other context

------------------------------
TESTER COMMENTS
------------------------------

Additional comments from tester:

none provided

------------------------------
PROGRAM OUTPUT
------------------------------

Output from 'C:\strawberry-perl-5.16-32bit\c\bin\dmake.exe test':

C:\strawberry-perl-5.16-32bit\perl\bin\perl.exe "-MExtUtils::Command::MM" "-MTest::Harness" "-e" "undef *Test::Harness::Switches; test_harness(0, 'blib\lib', 'blib\arch')" t/*.t
# 
# 
# Compiled against libxml2 version: 20900
# Running libxml2 version:          20900
# 
t/01basic.t ............................... ok
t/02parse.t ............................... ok
t/03doc.t ................................. ok
t/04node.t ................................ ok
t/05text.t ................................ ok
t/06elements.t ............................ ok
t/07dtd.t ................................. ok
t/08findnodes.t ........................... ok
t/09xpath.t ............................... ok
t/10ns.t .................................. ok
t/11memory.t .............................. skipped: linux platform only.
t/12html.t ................................ ok
t/13dtd.t ................................. ok
t/14sax.t ................................. ok
t/15nodelist.t ............................ ok
t/16docnodes.t ............................ ok
t/17callbacks.t ........................... ok
t/18docfree.t ............................. ok
t/19die_on_invalid_utf8_rt_58848.t ........ ok
t/19encoding.t ............................ ok
t/20extras.t .............................. ok
t/21catalog.t ............................. ok
t/23rawfunctions.t ........................ ok
t/24c14n.t ................................ ok
t/25relaxng.t ............................. ok

#   Failed test 'validate() works with elements.'
#   at t/26schema.t line 113.
# Looks like you failed 1 test of 7.
t/26schema.t .............................. 
Dubious, test returned 1 (wstat 256, 0x100)
Failed 1/7 subtests 
t/27new_callbacks_simple.t ................ ok
t/28new_callbacks_multiple.t .............. ok
t/29id.t .................................. ok
t/30keep_blanks.t ......................... ok
t/30xpathcontext.t ........................ ok
t/31xpc_functions.t ....................... ok
t/32xpc_variables.t ....................... ok
t/35huge_mode.t ........................... ok
t/40reader.t .............................. ok
t/40reader_mem_error.t .................... ok
t/41xinclude.t ............................ ok
t/42common.t .............................. ok
t/43options.t ............................. ok
t/44extent.t .............................. ok
t/45regex.t ............................... ok
t/46err_column.t .......................... ok
t/47load_xml_callbacks.t .................. ok
t/48_memleak_rt_83744.t ................... ok
t/48_removeChild_crashes_rt_80395.t ....... ok
t/48_replaceNode_DTD_nodes_rT_80521.t ..... ok
t/48_RH5_double_free_rt83779.t ............ ok
t/48_rt55000.t ............................ ok
t/48_rt93429_recover_2_in_html_parsing.t .. ok
t/48_SAX_Builder_rt_91433.t ............... ok
t/48importing_nodes_IDs_rt_69520.t ........ ok
t/49_load_html.t .......................... ok
t/49callbacks_returning_undef.t ........... ok
t/49global_extent.t ....................... ok
t/50devel.t ............................... ok
t/51_parse_html_string_rt87089.t .......... ok
t/60error_prev_chain.t .................... ok
t/60struct_error.t ........................ ok
t/61error.t ............................... ok
t/62overload.t ............................ ok
t/71overloads.t ........................... ok
t/72destruction.t ......................... ok
t/80registryleak.t ........................ ok
t/90shared_clone_failed_rt_91800.t ........ skipped: optional (set THREAD_TEST=1 to run these tests)
t/90stack.t ............................... ok
t/90threads.t ............................. skipped: optional (set THREAD_TEST=1 to run these tests)
t/91unique_key.t .......................... ok
t/pod.t ................................... ok
t/style-trailing-space.t .................. skipped: Test::TrailingSpace required for trailing space test.

Test Summary Report
-------------------
t/26schema.t                            (Wstat: 256 Tests: 7 Failed: 1)
  Failed test:  7
  Non-zero exit status: 1
Files=69, Tests=2538, 24 wallclock secs ( 0.75 usr +  0.13 sys =  0.87 CPU)
Result: FAIL
Failed 1/69 test programs. 1/2538 subtests failed.
dmake.exe:  Error code 255, while making 'test_dynamic'

------------------------------
PREREQUISITES
------------------------------

Prerequisite modules loaded:

requires:

    Module                Need  Have    
    --------------------- ----- --------
    base                  0     2.18    
    ExtUtils::MakeMaker   6.56  6.92    
    parent                0     0.228   
    perl                  5.008 5.016003
    strict                0     1.07    
    Test::More            0     1.001002
    vars                  0     1.02    
    warnings              0     1.13    
    XML::NamespaceSupport 1.07  1.11    
    XML::SAX              0.11  0.99    

build_requires:

    Module                Need  Have    
    --------------------- ----- --------
    ExtUtils::MakeMaker   0     6.92    

configure_requires:

    Module                Need  Have    
    --------------------- ----- --------
    ExtUtils::MakeMaker   0     6.92    


------------------------------
ENVIRONMENT AND OTHER CONTEXT
------------------------------

Environment variables:

    COMSPEC = C:\Windows\system32\cmd.exe
    NUMBER_OF_PROCESSORS = 4
    PATH = C:\strawberry-perl-5.16-32bit\perl\site\bin;C:\strawberry-perl-5.16-32bit\perl\bin;C:\strawberry-perl-5.16-32bit\c\bin;C:\Program Files (x86)\Wizvera\Delfino;C:\Windows\SYSTEM32;C:\Windows;C:\Windows\SYSTEM32\WBEM;C:\Windows\SYSTEM32\WINDOWSPOWERSHELL\V1.0\;C:\PROGRAM FILES (X86)\LENOVO\ACCESS CONNECTIONS\;C:\PROGRAM FILES\THINKPAD\BLUETOOTH SOFTWARE\;C:\PROGRAM FILES\THINKPAD\BLUETOOTH SOFTWARE\SYSWOW64;;C:\Program Files (x86)\Intel\OpenCL SDK\2.0\bin\x86;C:\Program Files (x86)\Intel\OpenCL SDK\2.0\bin\x64;C:\Program Files (x86)\Windows Kits\8.1\Windows Performance Toolkit\;C:\Program Files\Microsoft SQL Server\110\Tools\Binn\
    PERL5LIB = 
    PERL5OPT = 
    PERL5_CPANPLUS_IS_RUNNING = 57128
    PERL5_CPAN_IS_RUNNING = 57128
    PROCESSOR_IDENTIFIER = Intel64 Family 6 Model 42 Stepping 7, GenuineIntel
    TEMP = C:\Users\kang\AppData\Local\Temp
    TERM = dumb

Perl special variables (and OS-specific diagnostics, for MSWin32):

    $^X = C:\strawberry-perl-5.16-32bit\perl\bin\perl.exe
    $UID/$EUID = 0 / 0
    $GID = 0
    $EGID = 0
    Win32::GetOSName = Win7
    Win32::GetOSVersion = Service Pack 1, 6, 1, 7601, 2, 1, 0, 256, 1
    Win32::FsType = NTFS
    Win32::IsAdminUser = 0

Perl module toolchain versions installed:

    Module              Have    
    ------------------- --------
    CPAN                2.00    
    CPAN::Meta          2.140640
    Cwd                 3.40    
    ExtUtils::CBuilder  0.280216
    ExtUtils::Command   1.18    
    ExtUtils::Install   1.63    
    ExtUtils::MakeMaker 6.92    
    ExtUtils::Manifest  1.63    
    ExtUtils::ParseXS   3.24    
    File::Spec          3.40    
    JSON                2.90    
    JSON::PP            2.27203 
    Module::Build       0.4205  
    Module::Signature   0.73    
    Parse::CPAN::Meta   1.4414  
    Test::Harness       3.30    
    Test::More          1.001002
    YAML                0.90    
    YAML::Syck          1.27    
    version             0.9908  


--

Summary of my perl5 (revision 5 version 16 subversion 3) configuration:
   
  Platform:
    osname=MSWin32, osvers=4.0, archname=MSWin32-x86-multi-thread
    uname='Win32 strawberry-perl 5.16.3.1 #1 Tue Mar 12 13:55:20 2013 i386'
    config_args='undef'
    hint=recommended, useposix=true, d_sigaction=undef
    useithreads=define, usemultiplicity=define
    useperlio=define, d_sfio=undef, uselargefiles=define, usesocks=undef
    use64bitint=undef, use64bitall=undef, uselongdouble=undef
    usemymalloc=n, bincompat5005=undef
  Compiler:
    cc='gcc', ccflags =' -s -O2 -DWIN32  -DPERL_TEXTMODE_SCRIPTS -DPERL_IMPLICIT_CONTEXT -DPERL_IMPLICIT_SYS -fno-strict-aliasing -mms-bitfields',
    optimize='-s -O2',
    cppflags='-DWIN32'
    ccversion='', gccversion='4.6.3', gccosandvers=''
    intsize=4, longsize=4, ptrsize=4, doublesize=8, byteorder=1234
    d_longlong=undef, longlongsize=8, d_longdbl=define, longdblsize=12
    ivtype='long', ivsize=4, nvtype='double', nvsize=8, Off_t='long long', lseeksize=8
    alignbytes=8, prototype=define
  Linker and Libraries:
    ld='g++', ldflags ='-s -L"C:\strawberry-perl-5.16-32bit\perl\lib\CORE" -L"C:\strawberry-perl-5.16-32bit\c\lib"'
    libpth=C:\strawberry-perl-5.16-32bit\c\lib C:\strawberry-perl-5.16-32bit\c\i686-w64-mingw32\lib
    libs=-lmoldname -lkernel32 -luser32 -lgdi32 -lwinspool -lcomdlg32 -ladvapi32 -lshell32 -lole32 -loleaut32 -lnetapi32 -luuid -lws2_32 -lmpr -lwinmm -lversion -lodbc32 -lodbccp32 -lcomctl32
    perllibs=-lmoldname -lkernel32 -luser32 -lgdi32 -lwinspool -lcomdlg32 -ladvapi32 -lshell32 -lole32 -loleaut32 -lnetapi32 -luuid -lws2_32 -lmpr -lwinmm -lversion -lodbc32 -lodbccp32 -lcomctl32
    libc=, so=dll, useshrplib=true, libperl=libperl516.a
    gnulibc_version=''
  Dynamic Linking:
    dlsrc=dl_win32.xs, dlext=dll, d_dlsymun=undef, ccdlflags=' '
    cccdlflags=' ', lddlflags='-mdll -s -L"C:\strawberry-perl-5.16-32bit\perl\lib\CORE" -L"C:\strawberry-perl-5.16-32bit\c\lib"'


Characteristics of this binary (from libperl): 
  Compile-time options: HAS_TIMES HAVE_INTERP_INTERN MULTIPLICITY
                        PERLIO_LAYERS PERL_DONT_CREATE_GVSV
                        PERL_IMPLICIT_CONTEXT PERL_IMPLICIT_SYS
                        PERL_MALLOC_WRAP PERL_PRESERVE_IVUV PL_OP_SLAB_ALLOC
                        USE_ITHREADS USE_LARGE_FILES USE_LOCALE
                        USE_LOCALE_COLLATE USE_LOCALE_CTYPE
                        USE_LOCALE_NUMERIC USE_PERLIO USE_PERL_ATOF
  Built under MSWin32
  Compiled at Mar 12 2013 14:01:07
  %ENV:
    PERL5_CPANPLUS_IS_RUNNING="57128"
    PERL5_CPAN_IS_RUNNING="57128"
  @INC:
    C:/strawberry-perl-5.16-32bit/perl/site/lib/MSWin32-x86-multi-thread
    C:/strawberry-perl-5.16-32bit/perl/site/lib
    C:/strawberry-perl-5.16-32bit/perl/vendor/lib
    C:/strawberry-perl-5.16-32bit/perl/lib
    .