Report for PostScript-Report-0.10

Back
From: metabase:user:320bfe00-2aae-11df-837a-5e0a49663a4f
Subject: FAIL PostScript-Report-0.10 v5.16.0 RC2 GNU/Linux
Date: 2012-05-18T23:01:40Z

This distribution has been tested as part of the CPAN Testers
project, supporting the Perl programming language.  See
http://wiki.cpantesters.org/ for more information or email
questions to cpan-testers-discuss@perl.org


--
Dear Christopher J. Madsen,

This is a computer-generated report for PostScript-Report-0.10
on perl 5.16.0, created by CPAN-Reporter-1.2006.

Thank you for uploading your work to CPAN.  However, there was a problem
testing your distribution.

If you think this report is invalid, please consult the CPAN Testers Wiki
for suggestions on how to avoid getting FAIL reports for missing library
or binary dependencies, unsupported operating systems, and so on:

http://wiki.cpantesters.org/wiki/CPANAuthorNotes

Sections of this report:

    * Tester comments
    * Program output
    * Prerequisites
    * Environment and other context

------------------------------
TESTER COMMENTS
------------------------------

Additional comments from tester:

this report is from an automated smoke testing program
and was not reviewed by a human for accuracy

------------------------------
PROGRAM OUTPUT
------------------------------

Output from '/usr/bin/make test':

PERL_DL_NONLAZY=1 /home/sand/src/perl/repoperls/installed-perls/perl/v5.16.0-RC2-1-g36bded9/165a/bin/perl "-MExtUtils::Command::MM" "-e" "test_harness(0, 'blib/lib', 'blib/arch')" t/*.t
# Listing %INC
#                                                        B 1.34
#                                     B::Hooks::EndOfScope 0.11
#                                                     Carp 1.26
#                                               Carp::Clan 6.04
#                                              Carp::Heavy 1.26
#                                              Class::Load 0.19
#                                          Class::Load::XS 0.04
#                                               Class::MOP 2.0602
#                                    Class::MOP::Attribute 2.0602
#                                        Class::MOP::Class 2.0602
#                      Class::MOP::Class::Immutable::Trait 2.0602
#                                   Class::MOP::Deprecated 2.0602
#                                     Class::MOP::Instance 2.0602
#                                       Class::MOP::Method 2.0602
#                             Class::MOP::Method::Accessor 2.0602
#                          Class::MOP::Method::Constructor 2.0602
#                            Class::MOP::Method::Generated 2.0602
#                              Class::MOP::Method::Inlined 2.0602
#                                 Class::MOP::Method::Meta 2.0602
#                             Class::MOP::Method::Overload 2.0602
#                              Class::MOP::Method::Wrapped 2.0602
#                                    Class::MOP::MiniTrait 2.0602
#                                        Class::MOP::Mixin 2.0602
#                         Class::MOP::Mixin::AttributeCore 2.0602
#                         Class::MOP::Mixin::HasAttributes 2.0602
#                            Class::MOP::Mixin::HasMethods 2.0602
#                                       Class::MOP::Module 2.0602
#                                       Class::MOP::Object 2.0602
#                                      Class::MOP::Package 2.0602
#                                                   Config undef
#                                            Data::OptList 0.107
#                                 Devel::GlobalDestruction 0.05
#                                               DynaLoader 1.14
#                                            Eval::Closure 0.08
#                                                 Exporter 5.66
#                                               File::Spec 3.39_02
#                                         File::Spec::Unix 3.39_02
#                                          List::MoreUtils 0.33
#                                               List::Util 1.25
#                                              MRO::Compat 0.11
#                                   Module::Implementation 0.06
#                                          Module::Runtime 0.013
#                                                    Moose 2.0602
#                                        Moose::Deprecated 2.0602
#                                    Moose::Error::Default 2.0602
#                                       Moose::Error::Util undef
#                                          Moose::Exporter 2.0602
#                                   Moose::Meta::Attribute 2.0602
#                           Moose::Meta::Attribute::Native 2.0602
#                                       Moose::Meta::Class 2.0602
#                     Moose::Meta::Class::Immutable::Trait 2.0602
#                                    Moose::Meta::Instance 2.0602
#                                      Moose::Meta::Method 2.0602
#                            Moose::Meta::Method::Accessor 2.0602
#                           Moose::Meta::Method::Augmented 2.0602
#                         Moose::Meta::Method::Constructor 2.0602
#                          Moose::Meta::Method::Delegation 2.0602
#                          Moose::Meta::Method::Destructor 2.0602
#                                Moose::Meta::Method::Meta 2.0602
#                          Moose::Meta::Method::Overridden 2.0602
#                        Moose::Meta::Mixin::AttributeCore 2.0602
#                               Moose::Meta::Object::Trait 2.0602
#                                        Moose::Meta::Role 2.0602
#                           Moose::Meta::Role::Application 2.0602
#            Moose::Meta::Role::Application::RoleSummation 2.0602
#                  Moose::Meta::Role::Application::ToClass 2.0602
#               Moose::Meta::Role::Application::ToInstance 2.0602
#                   Moose::Meta::Role::Application::ToRole 2.0602
#                             Moose::Meta::Role::Attribute 2.0602
#                             Moose::Meta::Role::Composite 2.0602
#                                Moose::Meta::Role::Method 2.0602
#                   Moose::Meta::Role::Method::Conflicting 2.0602
#                      Moose::Meta::Role::Method::Required 2.0602
#                                Moose::Meta::TypeCoercion 2.0602
#                         Moose::Meta::TypeCoercion::Union 2.0602
#                              Moose::Meta::TypeConstraint 2.0602
#                       Moose::Meta::TypeConstraint::Class 2.0602
#                    Moose::Meta::TypeConstraint::DuckType 2.0602
#                        Moose::Meta::TypeConstraint::Enum 2.0602
#             Moose::Meta::TypeConstraint::Parameterizable 2.0602
#               Moose::Meta::TypeConstraint::Parameterized 2.0602
#                    Moose::Meta::TypeConstraint::Registry 2.0602
#                        Moose::Meta::TypeConstraint::Role 2.0602
#                       Moose::Meta::TypeConstraint::Union 2.0602
#                                            Moose::Object 2.0602
#                                              Moose::Role 2.0602
#                                              Moose::Util 2.0602
#                                    Moose::Util::MetaRole 2.0602
#                             Moose::Util::TypeConstraints 2.0602
#                   Moose::Util::TypeConstraints::Builtins 2.0602
#                                    MooseX::AttributeTree 0.04
#                          MooseX::AttributeTree::Accessor 0.03
#                              MooseX::Role::Parameterized 1.00
# MooseX::Role::Parameterized::Meta::Role::Parameterizable 0.27
#   MooseX::Role::Parameterized::Meta::Role::Parameterized 0.27
#  MooseX::Role::Parameterized::Meta::Trait::Parameterized 0.27
#                  MooseX::Role::Parameterized::Parameters 0.27
#                                            MooseX::Types 0.34
#                                      MooseX::Types::Base 0.34
#                        MooseX::Types::CheckedUtilExports 0.34
#                                     MooseX::Types::Moose 0.34
#                             MooseX::Types::TypeDecorator 0.34
#                             MooseX::Types::UndefinedType 0.34
#                                      MooseX::Types::Util 0.34
#                              Package::DeprecationManager 0.13
#                                           Package::Stash 0.33
#                                       Package::Stash::XS 0.25
#                                             Params::Util 1.07
#                                         PostScript::File 2.20
#                                             Scalar::Util 1.25
#                                    String::RewritePrefix 0.006
#                                            Sub::Exporter 0.982
#                                             Sub::Install 0.926
#                                                Sub::Name 0.05
#                                                Try::Tiny 0.11
#                                          Variable::Magic 0.48
#                                                 XSLoader 0.16
#                                                     base 2.18
#                                                 constant 1.23
#                                                       if 0.0602
#                                                metaclass 2.0602
#                                                      mro 1.09
#                                     namespace::autoclean 0.13
#                                         namespace::clean 0.23
#                                                 overload 1.18
#                                              overloading 0.02
#                                                       re 0.19
#                                                   strict 1.07
#                                                     utf8 1.09
#                                                     vars 1.02
#                                                 warnings 1.13
#                                       warnings::register 1.02
t/00-all_prereqs.t ........ ok

#   Failed test 'use PostScript::Report;'
#   at t/00-load.t line 7.
#     Tried to use 'PostScript::Report'.
#     Error:  Can't call method "does_role" on an undefined value at /home/src/perl/repoperls/installed-perls/perl/v5.16.0-RC2-1-g36bded9/165a/lib/site_perl/5.16.0/x86_64-linux/Moose/Meta/TypeConstraint/Role.pm line 101.
# Compilation failed in require at /tmp/loop_over_bdir-X9WdUp/PostScript-Report-0.10-rtksSO/blib/lib/PostScript/Report.pm line 26.
# BEGIN failed--compilation aborted at /tmp/loop_over_bdir-X9WdUp/PostScript-Report-0.10-rtksSO/blib/lib/PostScript/Report.pm line 26.
# Compilation failed in require at (eval 4) line 2.
# BEGIN failed--compilation aborted at (eval 4) line 2.
Use of uninitialized value $PostScript::Report::VERSION in concatenation (.) or string at t/00-load.t line 10.
# Testing PostScript::Report 
# Looks like you failed 1 test of 1.
t/00-load.t ............... 
Dubious, test returned 1 (wstat 256, 0x100)
Failed 1/1 subtests 
Can't call method "does_role" on an undefined value at /home/src/perl/repoperls/installed-perls/perl/v5.16.0-RC2-1-g36bded9/165a/lib/site_perl/5.16.0/x86_64-linux/Moose/Meta/TypeConstraint/Role.pm line 101.
Compilation failed in require at /tmp/loop_over_bdir-X9WdUp/PostScript-Report-0.10-rtksSO/blib/lib/PostScript/Report.pm line 26.
BEGIN failed--compilation aborted at /tmp/loop_over_bdir-X9WdUp/PostScript-Report-0.10-rtksSO/blib/lib/PostScript/Report.pm line 26.
Compilation failed in require at t/10-structure.t line 46.
# Looks like your test exited with 255 before it could output anything.
t/10-structure.t .......... 
Dubious, test returned 255 (wstat 65280, 0xff00)
Failed 6/6 subtests 
Can't call method "does_role" on an undefined value at /home/src/perl/repoperls/installed-perls/perl/v5.16.0-RC2-1-g36bded9/165a/lib/site_perl/5.16.0/x86_64-linux/Moose/Meta/TypeConstraint/Role.pm line 101.
Compilation failed in require at /tmp/loop_over_bdir-X9WdUp/PostScript-Report-0.10-rtksSO/blib/lib/PostScript/Report.pm line 26.
BEGIN failed--compilation aborted at /tmp/loop_over_bdir-X9WdUp/PostScript-Report-0.10-rtksSO/blib/lib/PostScript/Report.pm line 26.
Compilation failed in require at t/20-warnings.t line 20.
BEGIN failed--compilation aborted at t/20-warnings.t line 20.
t/20-warnings.t ........... 
Dubious, test returned 255 (wstat 65280, 0xff00)
No subtests run 
Can't call method "does_role" on an undefined value at /home/src/perl/repoperls/installed-perls/perl/v5.16.0-RC2-1-g36bded9/165a/lib/site_perl/5.16.0/x86_64-linux/Moose/Meta/TypeConstraint/Role.pm line 101.
Compilation failed in require at /tmp/loop_over_bdir-X9WdUp/PostScript-Report-0.10-rtksSO/blib/lib/PostScript/Report.pm line 26.
BEGIN failed--compilation aborted at /tmp/loop_over_bdir-X9WdUp/PostScript-Report-0.10-rtksSO/blib/lib/PostScript/Report.pm line 26.
Compilation failed in require at t/30-output.t line 49.
# Looks like your test exited with 255 before it could output anything.
t/30-output.t ............. 
Dubious, test returned 255 (wstat 65280, 0xff00)
Failed 6/6 subtests 
Can't call method "does_role" on an undefined value at /home/src/perl/repoperls/installed-perls/perl/v5.16.0-RC2-1-g36bded9/165a/lib/site_perl/5.16.0/x86_64-linux/Moose/Meta/TypeConstraint/Role.pm line 101.
Compilation failed in require at /tmp/loop_over_bdir-X9WdUp/PostScript-Report-0.10-rtksSO/blib/lib/PostScript/Report/LinkField.pm line 25.
BEGIN failed--compilation aborted at /tmp/loop_over_bdir-X9WdUp/PostScript-Report-0.10-rtksSO/blib/lib/PostScript/Report/LinkField.pm line 25.
Compilation failed in require at t/40-linkparser.t line 21.
BEGIN failed--compilation aborted at t/40-linkparser.t line 21.
t/40-linkparser.t ......... 
Dubious, test returned 255 (wstat 65280, 0xff00)
No subtests run 
t/release-pod-coverage.t .. skipped: these tests are for release candidate testing
t/release-pod-syntax.t .... skipped: these tests are for release candidate testing

Test Summary Report
-------------------
t/00-load.t             (Wstat: 256 Tests: 1 Failed: 1)
  Failed test:  1
  Non-zero exit status: 1
t/10-structure.t        (Wstat: 65280 Tests: 0 Failed: 0)
  Non-zero exit status: 255
  Parse errors: Bad plan.  You planned 6 tests but ran 0.
t/20-warnings.t         (Wstat: 65280 Tests: 0 Failed: 0)
  Non-zero exit status: 255
  Parse errors: No plan found in TAP output
t/30-output.t           (Wstat: 65280 Tests: 0 Failed: 0)
  Non-zero exit status: 255
  Parse errors: Bad plan.  You planned 6 tests but ran 0.
t/40-linkparser.t       (Wstat: 65280 Tests: 0 Failed: 0)
  Non-zero exit status: 255
  Parse errors: No plan found in TAP output
Files=8, Tests=40,  1 wallclock secs ( 0.03 usr  0.00 sys +  1.10 cusr  0.09 csys =  1.22 CPU)
Result: FAIL
Failed 5/8 test programs. 1/40 subtests failed.
make: *** [test_dynamic] Error 255

------------------------------
PREREQUISITES
------------------------------

Prerequisite modules loaded:

requires:

    Module                Need Have   
    --------------------- ---- -------
    Carp                  0    1.26   
    File::Spec            0    3.39_02
    List::Util            0    1.25   
    Moose                 0.90 2.0602 
    Moose::Role           0    2.0602 
    MooseX::AttributeTree 0.02 0.04   
    MooseX::Types         0    0.34   
    MooseX::Types::Moose  0    0.34   
    namespace::autoclean  0    0.13   
    PostScript::File      2.20 2.20   
    Scalar::Util          0    1.25   
    String::RewritePrefix 0    0.006  

build_requires:

    Module                Need Have   
    --------------------- ---- -------
    Test::More            0.88 0.98   

configure_requires:

    Module                Need Have   
    --------------------- ---- -------
    ExtUtils::MakeMaker   6.30 6.63_02


------------------------------
ENVIRONMENT AND OTHER CONTEXT
------------------------------

Environment variables:

    AUTOMATED_TESTING = 1
    LANG = en_US.UTF-8
    LANGUAGE = en_US:en
    PATH = /home/sand/bin:/usr/local/bin:/usr/bin:/bin:/usr/bin/X11:/usr/games:/usr/local/perl/bin:/usr/X11/bin:/sbin:/usr/sbin
    PERL5LIB = 
    PERL5OPT = 
    PERL5_CPANPLUS_IS_RUNNING = 29253
    PERL5_CPAN_IS_RUNNING = 29253
    PERL_MM_USE_DEFAULT = 1
    SHELL = /usr/bin/zsh
    TERM = screen

Perl special variables (and OS-specific diagnostics, for MSWin32):

    $^X = /home/sand/src/perl/repoperls/installed-perls/perl/v5.16.0-RC2-1-g36bded9/165a/bin/perl
    $UID/$EUID = 1005 / 1005
    $GID = 1005 1005
    $EGID = 1005 1005

Perl module toolchain versions installed:

    Module              Have    
    ------------------- --------
    CPAN                1.9800  
    CPAN::Meta          2.120921
    Cwd                 3.39_02 
    ExtUtils::CBuilder  0.280206
    ExtUtils::Command   1.17    
    ExtUtils::Install   1.58    
    ExtUtils::MakeMaker 6.63_02 
    ExtUtils::Manifest  1.61    
    ExtUtils::ParseXS   3.16    
    File::Spec          3.39_02 
    JSON                2.53    
    JSON::PP            2.27200 
    Module::Build       0.40    
    Module::Signature   0.68    
    Parse::CPAN::Meta   1.4404  
    Test::Harness       3.23    
    Test::More          0.98    
    YAML                0.81    
    YAML::Syck          1.20    
    version             0.99    


--

Summary of my perl5 (revision 5 version 16 subversion 0) configuration:
  Commit id: 36bded947b191af9d49762ac9409f96f0d5905d7
  Platform:
    osname=linux, osvers=3.2.0-2-amd64, archname=x86_64-linux
    uname='linux k83 3.2.0-2-amd64 #1 smp mon apr 30 05:20:23 utc 2012 x86_64 gnulinux '
    config_args='-Dprefix=/home/src/perl/repoperls/installed-perls/perl/v5.16.0-RC2-1-g36bded9/165a -Dmyhostname=k83 -Dinstallusrbinperl=n -Uversiononly -Dusedevel -des -Ui_db -Uuseithreads -Uuselongdouble -DDEBUGGING=-g'
    hint=recommended, useposix=true, d_sigaction=define
    useithreads=undef, usemultiplicity=undef
    useperlio=define, d_sfio=undef, uselargefiles=define, usesocks=undef
    use64bitint=define, use64bitall=define, uselongdouble=undef
    usemymalloc=n, bincompat5005=undef
  Compiler:
    cc='cc', ccflags ='-fno-strict-aliasing -pipe -fstack-protector -I/usr/local/include -D_LARGEFILE_SOURCE -D_FILE_OFFSET_BITS=64',
    optimize='-O2 -g',
    cppflags='-fno-strict-aliasing -pipe -fstack-protector -I/usr/local/include'
    ccversion='', gccversion='4.6.3', gccosandvers=''
    intsize=4, longsize=8, ptrsize=8, doublesize=8, byteorder=12345678
    d_longlong=define, longlongsize=8, d_longdbl=define, longdblsize=16
    ivtype='long', ivsize=8, nvtype='double', nvsize=8, Off_t='off_t', lseeksize=8
    alignbytes=8, prototype=define
  Linker and Libraries:
    ld='cc', ldflags =' -fstack-protector -L/usr/local/lib'
    libpth=/usr/local/lib /lib/x86_64-linux-gnu /lib/../lib /usr/lib/x86_64-linux-gnu /usr/lib/../lib /lib /usr/lib
    libs=-lnsl -ldb -ldl -lm -lcrypt -lutil -lc
    perllibs=-lnsl -ldl -lm -lcrypt -lutil -lc
    libc=, so=so, useshrplib=false, libperl=libperl.a
    gnulibc_version='2.13'
  Dynamic Linking:
    dlsrc=dl_dlopen.xs, dlext=so, d_dlsymun=undef, ccdlflags='-Wl,-E'
    cccdlflags='-fPIC', lddlflags='-shared -O2 -g -L/usr/local/lib -fstack-protector'


Characteristics of this binary (from libperl): 
  Compile-time options: HAS_TIMES PERLIO_LAYERS PERL_DONT_CREATE_GVSV
                        PERL_MALLOC_WRAP PERL_PRESERVE_IVUV PERL_USE_DEVEL
                        USE_64_BIT_ALL USE_64_BIT_INT USE_LARGE_FILES
                        USE_LOCALE USE_LOCALE_COLLATE USE_LOCALE_CTYPE
                        USE_LOCALE_NUMERIC USE_PERLIO USE_PERL_ATOF
  Locally applied patches:
	RC2
  Built under linux
  Compiled at May 18 2012 06:46:34
  %ENV:
    PERL5LIB=""
    PERL5OPT=""
    PERL5_CPANPLUS_IS_RUNNING="29253"
    PERL5_CPAN_IS_RUNNING="29253"
    PERL_MM_USE_DEFAULT="1"
  @INC:
    /home/src/perl/repoperls/installed-perls/perl/v5.16.0-RC2-1-g36bded9/165a/lib/site_perl/5.16.0/x86_64-linux
    /home/src/perl/repoperls/installed-perls/perl/v5.16.0-RC2-1-g36bded9/165a/lib/site_perl/5.16.0
    /home/src/perl/repoperls/installed-perls/perl/v5.16.0-RC2-1-g36bded9/165a/lib/5.16.0/x86_64-linux
    /home/src/perl/repoperls/installed-perls/perl/v5.16.0-RC2-1-g36bded9/165a/lib/5.16.0
    .