Back
From: metabase:user:320bfe00-2aae-11df-837a-5e0a49663a4f
Subject: FAIL DateTime-Format-Flexible-0.23 v5.17.6 GNU/Linux
Date: 2012-11-19T04:48:57Z
This distribution has been tested as part of the CPAN Testers
project, supporting the Perl programming language. See
http://wiki.cpantesters.org/ for more information or email
questions to cpan-testers-discuss@perl.org
--
Dear Tom Heady,
This is a computer-generated report for DateTime-Format-Flexible-0.23
on perl 5.17.6, created by CPAN-Reporter-1.2006.
Thank you for uploading your work to CPAN. However, there was a problem
testing your distribution.
If you think this report is invalid, please consult the CPAN Testers Wiki
for suggestions on how to avoid getting FAIL reports for missing library
or binary dependencies, unsupported operating systems, and so on:
http://wiki.cpantesters.org/wiki/CPANAuthorNotes
Sections of this report:
* Tester comments
* Program output
* Prerequisites
* Environment and other context
------------------------------
TESTER COMMENTS
------------------------------
Additional comments from tester:
this report is from an automated smoke testing program
and was not reviewed by a human for accuracy
------------------------------
PROGRAM OUTPUT
------------------------------
Output from '/usr/bin/make test':
PERL_DL_NONLAZY=1 /tmp/basesmoker-reloperl-SSAD/bin/perl "-MExtUtils::Command::MM" "-e" "test_harness(0, 'blib/lib', 'blib/arch')" t/*.t
t/001_load.t .......... ok
t/002_pod.t ........... skipped: set TEST_POD to enable this test
t/003_podcoverage.t ... skipped: set TEST_POD to enable this test
t/alpha_month.t ....... ok
t/base.t .............. ok
t/ddmmyyyy.t .......... ok
t/lang-de.t ........... ok
t/lang-es.t ........... ok
t/mmyy.t .............. ok
t/nanoseconds.t ....... ok
t/no_year.t ........... ok
t/no_year_base.t ...... ok
t/parsing.t ........... ok
t/pick_year.t ......... ok
t/strings.t ........... ok
# Failed test 'today at 12:00 am => 2005-06-07T00:00:00'
# at t/lib/helper.pm line 34.
# got: '2005-06-07T12:00:00'
# expected: '2005-06-07T00:00:00'
# Looks like you failed 1 test of 53.
t/strings_base.t ......
Dubious, test returned 1 (wstat 256, 0x100)
Failed 1/53 subtests
t/strip.t ............. ok
Invalid date format: Wed Nov 11 13:55:48 PST 2009 at t/lib/helper.pm line 33.
t::lib::helper::compare('Wed Nov 11 13:55:48 PST 2009', '2009-11-11T13:55:48', undef, 'ARRAY(0x12ece98)') called at t/lib/helper.pm line 26
t::lib::helper::run_tests('Wed Nov 11 13:55:48 PST 2009 => 2009-11-11T13:55:48', 'Wed Nov 11 18:55:16 PST 2009 => 2009-11-11T18:55:16') called at t/substr_timezones.t line 23
# Looks like you planned 4 tests but ran 2.
# Looks like your test exited with 2 just after 2.
t/substr_timezones.t ..
Dubious, test returned 2 (wstat 512, 0x200)
Failed 2/4 subtests
t/time.t .............. ok
t/time_base.t ......... ok
t/timezones.t ......... ok
t/tz_map.t ............ ok
t/whitespace.t ........ ok
Test Summary Report
-------------------
t/strings_base.t (Wstat: 256 Tests: 53 Failed: 1)
Failed test: 9
Non-zero exit status: 1
t/substr_timezones.t (Wstat: 512 Tests: 2 Failed: 0)
Non-zero exit status: 2
Parse errors: Bad plan. You planned 4 tests but ran 2.
Files=23, Tests=9260, 14 wallclock secs ( 0.80 usr 0.06 sys + 13.28 cusr 0.75 csys = 14.89 CPU)
Result: FAIL
Failed 2/23 test programs. 1/9260 subtests failed.
make: *** [test_dynamic] Error 255
------------------------------
PREREQUISITES
------------------------------
Prerequisite modules loaded:
requires:
Module Need Have
------------------------- ---- -------
DateTime 0 0.78
DateTime::Format::Builder 0.74 0.80
DateTime::TimeZone 0 1.54
List::MoreUtils 0 0.33
Module::Pluggable 0 4.5
Test::MockTime 0 0.12
Test::Simple 0.44 0.98
build_requires:
Module Need Have
------------------------- ---- -------
ExtUtils::MakeMaker 0 6.63_02
configure_requires:
Module Need Have
------------------------- ---- -------
ExtUtils::MakeMaker 0 6.63_02
------------------------------
ENVIRONMENT AND OTHER CONTEXT
------------------------------
Environment variables:
AUTOMATED_TESTING = 1
LANG = en_US.UTF-8
LANGUAGE = en_US:en
PATH = /home/sand/bin:/usr/local/bin:/usr/bin:/bin:/usr/bin/X11:/usr/games:/usr/local/perl/bin:/usr/X11/bin:/sbin:/usr/sbin
PERL5LIB =
PERL5OPT =
PERL5_CPANPLUS_IS_RUNNING = 3573
PERL5_CPAN_IS_RUNNING = 3573
PERL_MM_USE_DEFAULT = 1
SHELL = /usr/bin/zsh
TERM = screen
Perl special variables (and OS-specific diagnostics, for MSWin32):
$^X = /tmp/basesmoker-reloperl-SSAD/bin/perl
$UID/$EUID = 1005 / 1005
$GID = 1005 1005
$EGID = 1005 1005
Perl module toolchain versions installed:
Module Have
------------------- --------
CPAN 1.99_51
CPAN::Meta 2.120921
Cwd 3.39_02
ExtUtils::CBuilder 0.280209
ExtUtils::Command 1.17
ExtUtils::Install 1.58
ExtUtils::MakeMaker 6.63_02
ExtUtils::Manifest 1.62
ExtUtils::ParseXS 3.18
File::Spec 3.39_02
JSON 2.53
JSON::PP 2.27200
Module::Build 0.4003
Module::Signature 0.69
Parse::CPAN::Meta 1.4404
Test::Harness 3.25_01
Test::More 0.98
YAML 0.84
YAML::Syck 1.21
version 0.9901
--
Summary of my perl5 (revision 5 version 17 subversion 6) configuration:
Commit id: c25879556450ce505da635587b26749395569e08
Platform:
osname=linux, osvers=3.2.0-4-amd64, archname=x86_64-linux-ld
uname='linux k83 3.2.0-4-amd64 #1 smp debian 3.2.32-1 x86_64 gnulinux '
config_args='-Dprefix=/home/src/perl/repoperls/installed-perls/perl/v5.17.5-532-gc258795/127e -Dmyhostname=k83 -Dinstallusrbinperl=n -Uversiononly -Dusedevel -des -Ui_db -Uuseithreads -Duselongdouble -DDEBUGGING=-g'
hint=recommended, useposix=true, d_sigaction=define
useithreads=undef, usemultiplicity=undef
useperlio=define, d_sfio=undef, uselargefiles=define, usesocks=undef
use64bitint=define, use64bitall=define, uselongdouble=define
usemymalloc=n, bincompat5005=undef
Compiler:
cc='cc', ccflags ='-fno-strict-aliasing -pipe -fstack-protector -I/usr/local/include -D_LARGEFILE_SOURCE -D_FILE_OFFSET_BITS=64',
optimize='-O2 -g',
cppflags='-fno-strict-aliasing -pipe -fstack-protector -I/usr/local/include'
ccversion='', gccversion='4.7.2', gccosandvers=''
intsize=4, longsize=8, ptrsize=8, doublesize=8, byteorder=12345678
d_longlong=define, longlongsize=8, d_longdbl=define, longdblsize=16
ivtype='long', ivsize=8, nvtype='long double', nvsize=16, Off_t='off_t', lseeksize=8
alignbytes=16, prototype=define
Linker and Libraries:
ld='cc', ldflags =' -fstack-protector -L/usr/local/lib'
libpth=/usr/local/lib /lib/x86_64-linux-gnu /lib/../lib /usr/lib/x86_64-linux-gnu /usr/lib/../lib /lib /usr/lib
libs=-lnsl -ldb -ldl -lm -lcrypt -lutil -lc
perllibs=-lnsl -ldl -lm -lcrypt -lutil -lc
libc=, so=so, useshrplib=false, libperl=libperl.a
gnulibc_version='2.13'
Dynamic Linking:
dlsrc=dl_dlopen.xs, dlext=so, d_dlsymun=undef, ccdlflags='-Wl,-E'
cccdlflags='-fPIC', lddlflags='-shared -O2 -g -L/usr/local/lib -fstack-protector'
Characteristics of this binary (from libperl):
Compile-time options: HAS_TIMES PERLIO_LAYERS PERL_DONT_CREATE_GVSV
PERL_MALLOC_WRAP PERL_PRESERVE_IVUV PERL_USE_DEVEL
USE_64_BIT_ALL USE_64_BIT_INT USE_LARGE_FILES
USE_LOCALE USE_LOCALE_COLLATE USE_LOCALE_CTYPE
USE_LOCALE_NUMERIC USE_LONG_DOUBLE USE_PERLIO
USE_PERL_ATOF
Built under linux
Compiled at Nov 19 2012 00:59:12
%ENV:
PERL5LIB=""
PERL5OPT=""
PERL5_CPANPLUS_IS_RUNNING="3573"
PERL5_CPAN_IS_RUNNING="3573"
PERL_MM_USE_DEFAULT="1"
@INC:
/home/src/perl/repoperls/installed-perls/perl/v5.17.5-532-gc258795/127e/lib/site_perl/5.17.6/x86_64-linux-ld
/home/src/perl/repoperls/installed-perls/perl/v5.17.5-532-gc258795/127e/lib/site_perl/5.17.6
/home/src/perl/repoperls/installed-perls/perl/v5.17.5-532-gc258795/127e/lib/5.17.6/x86_64-linux-ld
/home/src/perl/repoperls/installed-perls/perl/v5.17.5-532-gc258795/127e/lib/5.17.6
.