Report for Devel-Cover-Report-Clover-0.35

Back
From: metabase:user:320bfe00-2aae-11df-837a-5e0a49663a4f
Subject: FAIL Devel-Cover-Report-Clover-0.35 v5.8.9 GNU/Linux
Date: 2014-01-27T22:21:51Z

This distribution has been tested as part of the CPAN Testers
project, supporting the Perl programming language.  See
http://wiki.cpantesters.org/ for more information or email
questions to cpan-testers-discuss@perl.org


--
Dear David Bartle,

This is a computer-generated report for Devel-Cover-Report-Clover-0.35
on perl 5.8.9, created by CPAN-Reporter-1.2010.

Thank you for uploading your work to CPAN.  However, there was a problem
testing your distribution.

If you think this report is invalid, please consult the CPAN Testers Wiki
for suggestions on how to avoid getting FAIL reports for missing library
or binary dependencies, unsupported operating systems, and so on:

http://wiki.cpantesters.org/wiki/CPANAuthorNotes

Sections of this report:

    * Tester comments
    * Program output
    * Prerequisites
    * Environment and other context

------------------------------
TESTER COMMENTS
------------------------------

Additional comments from tester:

this report is from an automated smoke testing program
and was not reviewed by a human for accuracy

------------------------------
PROGRAM OUTPUT
------------------------------

Output from './Build test':

t/00.load.t .............. ok
Can't open perl script "cover": No such file or directory
system('/home/sand/src/perl/repoperls/installed-perls/perl/perl-5.8.9/5da8/bin/perl','cover','/tmp/loop_over_bdir-22162-yr0WMM/Devel-Cover-Report-Clover-0.35-VlhdxX/t/../cover_db_test/multi_file/cover_db') failed: 512 
t/basic.t ................ 
Dubious, test returned 2 (wstat 512, 0x200)
No subtests run 
Can't open perl script "cover": No such file or directory
system('/home/sand/src/perl/repoperls/installed-perls/perl/perl-5.8.9/5da8/bin/perl','cover','/tmp/loop_over_bdir-22162-yr0WMM/Devel-Cover-Report-Clover-0.35-VlhdxX/t/../cover_db_test/Empty/cover_db') failed: 512 
t/builer.t ............... 
Dubious, test returned 2 (wstat 512, 0x200)
No subtests run 
t/class.t ................ ok
Can't open perl script "cover": No such file or directory
system('/home/sand/src/perl/repoperls/installed-perls/perl/perl-5.8.9/5da8/bin/perl','cover','/tmp/loop_over_bdir-22162-yr0WMM/Devel-Cover-Report-Clover-0.35-VlhdxX/t/../cover_db_test/multi_file/cover_db') failed: 512 
t/end_to_end.t ........... 
Dubious, test returned 2 (wstat 512, 0x200)
No subtests run 
Can't open perl script "cover": No such file or directory
system('/home/sand/src/perl/repoperls/installed-perls/perl/perl-5.8.9/5da8/bin/perl','cover','/tmp/loop_over_bdir-22162-yr0WMM/Devel-Cover-Report-Clover-0.35-VlhdxX/t/../cover_db_test/Empty/cover_db') failed: 512 
t/end_to_end_no_stats.t .. 
Dubious, test returned 2 (wstat 512, 0x200)
No subtests run 
Can't open perl script "cover": No such file or directory
system('/home/sand/src/perl/repoperls/installed-perls/perl/perl-5.8.9/5da8/bin/perl','cover','/tmp/loop_over_bdir-22162-yr0WMM/Devel-Cover-Report-Clover-0.35-VlhdxX/t/../cover_db_test/multi_file/cover_db') failed: 512 
t/file.t ................. 
Dubious, test returned 2 (wstat 512, 0x200)
No subtests run 
Can't open perl script "cover": No such file or directory
system('/home/sand/src/perl/repoperls/installed-perls/perl/perl-5.8.9/5da8/bin/perl','cover','/tmp/loop_over_bdir-22162-yr0WMM/Devel-Cover-Report-Clover-0.35-VlhdxX/t/../cover_db_test/multi_file/cover_db') failed: 512 
t/file_registry.t ........ 
Dubious, test returned 2 (wstat 512, 0x200)
No subtests run 
Can't open perl script "cover": No such file or directory
system('/home/sand/src/perl/repoperls/installed-perls/perl/perl-5.8.9/5da8/bin/perl','cover','/tmp/loop_over_bdir-22162-yr0WMM/Devel-Cover-Report-Clover-0.35-VlhdxX/t/../cover_db_test/multi_file/cover_db') failed: 512 
t/package.t .............. 
Dubious, test returned 2 (wstat 512, 0x200)
No subtests run 
Can't open perl script "cover": No such file or directory
system('/home/sand/src/perl/repoperls/installed-perls/perl/perl-5.8.9/5da8/bin/perl','cover','/tmp/loop_over_bdir-22162-yr0WMM/Devel-Cover-Report-Clover-0.35-VlhdxX/t/../cover_db_test/multi_file/cover_db') failed: 512 
t/project.t .............. 
Dubious, test returned 2 (wstat 512, 0x200)
No subtests run 

Test Summary Report
-------------------
t/basic.t              (Wstat: 512 Tests: 0 Failed: 0)
  Non-zero exit status: 2
  Parse errors: No plan found in TAP output
t/builer.t             (Wstat: 512 Tests: 0 Failed: 0)
  Non-zero exit status: 2
  Parse errors: No plan found in TAP output
t/end_to_end.t         (Wstat: 512 Tests: 0 Failed: 0)
  Non-zero exit status: 2
  Parse errors: No plan found in TAP output
t/end_to_end_no_stats.t (Wstat: 512 Tests: 0 Failed: 0)
  Non-zero exit status: 2
  Parse errors: No plan found in TAP output
t/file.t               (Wstat: 512 Tests: 0 Failed: 0)
  Non-zero exit status: 2
  Parse errors: No plan found in TAP output
t/file_registry.t      (Wstat: 512 Tests: 0 Failed: 0)
  Non-zero exit status: 2
  Parse errors: No plan found in TAP output
t/package.t            (Wstat: 512 Tests: 0 Failed: 0)
  Non-zero exit status: 2
  Parse errors: No plan found in TAP output
t/project.t            (Wstat: 512 Tests: 0 Failed: 0)
  Non-zero exit status: 2
  Parse errors: No plan found in TAP output
Files=10, Tests=12, 23 wallclock secs ( 0.03 usr  0.02 sys +  4.94 cusr  2.14 csys =  7.13 CPU)
Result: FAIL
Failed 8/10 test programs. 0/12 subtests failed.

------------------------------
PREREQUISITES
------------------------------

Prerequisite modules loaded:

requires:

    Module           Need Have      
    ---------------- ---- ----------
    Class::Accessor  0    0.34      
    Devel::Cover     0    1.08      
    HTML::Parser     0    3.71      
    Template         0    2.25      

build_requires:

    Module           Need Have      
    ---------------- ---- ----------
    Devel::Cover     0    1.08      
    File::Path       2.06 2.07_02   
    File::Which      1.08 1.09      
    FindBin          0    1.49      
    List::Util       0    1.38      
    TAP::Harness     0    3.30      
    Test::Exception  0    0.32      
    Test::MockObject 0    1.20120301
    Test::More       0    1.001002  

configure_requires:

    Module           Need Have      
    ---------------- ---- ----------
    Module::Build    0.4  0.4204    


------------------------------
ENVIRONMENT AND OTHER CONTEXT
------------------------------

Environment variables:

    AUTOMATED_TESTING = 1
    LANG = en_US.UTF-8
    LANGUAGE = en_US:en
    PATH = /usr/lib/ccache:/home/sand/bin:/usr/local/bin:/usr/bin:/bin:/usr/bin/X11:/usr/games:/usr/local/perl/bin:/usr/X11/bin:/sbin:/usr/sbin
    PERL5LIB = 
    PERL5OPT = 
    PERL5_CPANPLUS_IS_RUNNING = 22163
    PERL5_CPAN_IS_RUNNING = 22163
    PERL_MM_USE_DEFAULT = 1
    SHELL = /usr/bin/zsh
    TERM = screen

Perl special variables (and OS-specific diagnostics, for MSWin32):

    $^X = /home/sand/src/perl/repoperls/installed-perls/perl/perl-5.8.9/5da8/bin/perl
    $UID/$EUID = 1005 / 1005
    $GID = 1005 1005
    $EGID = 1005 1005

Perl module toolchain versions installed:

    Module              Have    
    ------------------- --------
    CPAN                2.00    
    CPAN::Meta          2.133380
    Cwd                 3.40    
    ExtUtils::CBuilder  0.280212
    ExtUtils::Command   1.16    
    ExtUtils::Install   1.54    
    ExtUtils::MakeMaker 6.86    
    ExtUtils::Manifest  1.60    
    ExtUtils::ParseXS   3.22    
    File::Spec          3.40    
    JSON                2.90    
    JSON::PP            2.27203 
    Module::Build       0.4204  
    Module::Signature   0.73    
    Parse::CPAN::Meta   1.4409  
    Test::Harness       3.30    
    Test::More          1.001002
    YAML                0.88    
    YAML::Syck          1.27    
    version             0.9907  


--

Summary of my perl5 (revision 5 version 8 subversion 9) configuration:
  Platform:
    osname=linux, osvers=3.12-1-amd64, archname=x86_64-linux
    uname='linux k83 3.12-1-amd64 #1 smp debian 3.12.6-2 (2013-12-29) x86_64 gnulinux '
    config_args='-Dprefix=/home/sand/src/perl/repoperls/installed-perls/perl/perl-5.8.9/5da8 -Dmyhostname=k83 -Dinstallusrbinperl=n -Uversiononly -Dusedevel -des -Ui_db -Uuseithreads -Uuselongdouble -DDEBUGGING=-g -Dusedl -Ddlsrc=dl_dlopen.xs -Dlibs=-lnsl -ldb -ldl -lm -lcrypt -lutil -lc -Dlibpth=/usr/lib/x86_64-linux-gnu /usr/local/lib /lib /usr/lib'
    hint=recommended, useposix=true, d_sigaction=define
    usethreads=undef use5005threads=undef useithreads=undef usemultiplicity=undef
    useperlio=define d_sfio=undef uselargefiles=define usesocks=undef
    use64bitint=define use64bitall=define uselongdouble=undef
    usemymalloc=n, bincompat5005=undef
  Compiler:
    cc='cc', ccflags ='-fno-strict-aliasing -pipe -I/usr/local/include -D_LARGEFILE_SOURCE -D_FILE_OFFSET_BITS=64',
    optimize='-O2 -g',
    cppflags='-fno-strict-aliasing -pipe -I/usr/local/include'
    ccversion='', gccversion='4.8.2', gccosandvers=''
    intsize=4, longsize=8, ptrsize=8, doublesize=8, byteorder=12345678
    d_longlong=define, longlongsize=8, d_longdbl=define, longdblsize=16
    ivtype='long', ivsize=8, nvtype='double', nvsize=8, Off_t='off_t', lseeksize=8
    alignbytes=8, prototype=define
  Linker and Libraries:
    ld='cc', ldflags =' -L/usr/local/lib'
    libpth=/usr/lib/x86_64-linux-gnu /usr/local/lib /lib /usr/lib
    libs=-lnsl -ldb -ldl -lm -lcrypt -lutil -lc
    perllibs=-lnsl -ldl -lm -lcrypt -lutil -lc
    libc=, so=so, useshrplib=false, libperl=libperl.a
    gnulibc_version='2.17'
  Dynamic Linking:
    dlsrc=dl_dlopen.xs, dlext=so, d_dlsymun=undef, ccdlflags='-Wl,-E'
    cccdlflags='-fPIC', lddlflags='-shared -O2 -g -L/usr/local/lib'


Characteristics of this binary (from libperl): 
  Compile-time options: PERL_MALLOC_WRAP USE_64_BIT_ALL USE_64_BIT_INT
                        USE_FAST_STDIO USE_LARGE_FILES USE_PERLIO
  Built under linux
  Compiled at Jan 19 2014 20:31:50
  %ENV:
    PERL5LIB=""
    PERL5OPT=""
    PERL5_CPANPLUS_IS_RUNNING="22163"
    PERL5_CPAN_IS_RUNNING="22163"
    PERL_MM_USE_DEFAULT="1"
  @INC:
    /home/sand/src/perl/repoperls/installed-perls/perl/perl-5.8.9/5da8/lib/5.8.9/x86_64-linux
    /home/sand/src/perl/repoperls/installed-perls/perl/perl-5.8.9/5da8/lib/5.8.9
    /home/sand/src/perl/repoperls/installed-perls/perl/perl-5.8.9/5da8/lib/site_perl/5.8.9/x86_64-linux
    /home/sand/src/perl/repoperls/installed-perls/perl/perl-5.8.9/5da8/lib/site_perl/5.8.9
    .