Report for CHI-Driver-SharedMem-0.13

Back
From: metabase:user:30f4dfbe-2aae-11df-837a-5e0a49663a4f
Subject: FAIL CHI-Driver-SharedMem-0.13 v5.16.0 FreeBSD
Date: 2013-05-13T23:39:56Z

This distribution has been tested as part of the CPAN Testers
project, supporting the Perl programming language.  See
http://wiki.cpantesters.org/ for more information or email
questions to cpan-testers-discuss@perl.org


--
Dear Nigel Horne,

This is a computer-generated report for CHI-Driver-SharedMem-0.13
on perl 5.16.0, created by CPAN-Reporter-1.2010.

Thank you for uploading your work to CPAN.  However, there was a problem
testing your distribution.

If you think this report is invalid, please consult the CPAN Testers Wiki
for suggestions on how to avoid getting FAIL reports for missing library
or binary dependencies, unsupported operating systems, and so on:

http://wiki.cpantesters.org/wiki/CPANAuthorNotes

Sections of this report:

    * Tester comments
    * Program output
    * Prerequisites
    * Environment and other context

------------------------------
TESTER COMMENTS
------------------------------

Additional comments from tester:

none provided

------------------------------
PROGRAM OUTPUT
------------------------------

Output from '/usr/bin/make test':

PERL_DL_NONLAZY=1 /usr/home/njh/perl5/perlbrew/perls/perl-5.16.0/bin/perl5.16.0 "-MExtUtils::Command::MM" "-e" "test_harness(0, 'blib/lib', 'blib/arch')" t/*.t
# Testing CHI::Driver::SharedMem 0.13, Perl 5.016000, /usr/home/njh/perl5/perlbrew/perls/perl-5.16.0/bin/perl5.16.0
t/00-load.t ........... ok
t/01-new.t ............ ok
t/boiler.t ............ ok

#   Failed test 'never saw value from process 1'
#   at /usr/home/njh/perl5/perlbrew/perls/perl-5.16.0/lib/site_perl/5.16.0/CHI/t/Driver.pm line 2000.
#   (in CHI::Driver::SharedMem::t::CHIDriverTests->test_multiple_processes)
# Looks like you failed 1 test of 917.
t/CHI-driver-tests.t .. 
Dubious, test returned 1 (wstat 256, 0x100)
Failed 1/917 subtests 
	(less 1 skipped subtest: 915 okay)
t/coverage.t .......... ok
t/critic.t ............ skipped: Author tests not required for installation
t/cv.t ................ skipped: Author tests not required for installation
t/dist.t .............. skipped: Author tests not required for installation
t/gv.t ................ skipped: Author tests not required for installation
t/kwalitee.t .......... skipped: Author tests not required for installation
t/manifest.t .......... skipped: Author tests not required for installation
t/metrics.t ........... skipped: Author tests not required for installation
t/noplan.t ............ skipped: Author tests not required for installation
t/pod-cm.t ............ skipped: Test::Pod::Spelling::CommonMistakes required for testing POD spelling
t/pod.t ............... ok
t/port.t .............. skipped: Test::Portability::Files required for testing filenames portability
t/prereq.t ............ skipped: Author tests not required for installation
t/snippets.t .......... skipped: Author tests not required for installation
t/spelling.t .......... skipped: Author tests not required for installation
t/unused.t ............ skipped: Test requires module 'warnings::unused' but it's not found
t/vars.t .............. skipped: Author tests not required for installation

Test Summary Report
-------------------
t/boiler.t          (Wstat: 0 Tests: 3 Failed: 0)
  TODO passed:   1-3
t/CHI-driver-tests.t (Wstat: 256 Tests: 917 Failed: 1)
  Failed test:  823
  Non-zero exit status: 1
Files=21, Tests=932, 20 wallclock secs ( 0.42 usr  0.21 sys +  8.59 cusr  1.47 csys = 10.70 CPU)
Result: FAIL
Failed 1/21 test programs. 1/932 subtests failed.
*** Error code 255

Stop in /usr/home/njh/.cpan/build/CHI-Driver-SharedMem-0.13-UR92o5.

------------------------------
PREREQUISITES
------------------------------

Prerequisite modules loaded:

requires:

    Module              Need Have   
    ------------------- ---- -------
    CHI                 0.54 0.56   
    Config              0    0      
    Fcntl               0    1.11   
    IPC::SharedMem      0    2.03   
    IPC::SysV           0    2.03   
    Moose               0    2.0802 
    Storable            0    2.34   
    Test::Class         0    0.39   
    Test::More          0.82 0.98   
    Test::NoWarnings    0    1.04   
    Test::Warn          0    0.24   

build_requires:

    Module              Need Have   
    ------------------- ---- -------
    ExtUtils::MakeMaker 0    6.63_02

configure_requires:

    Module              Need Have   
    ------------------- ---- -------
    ExtUtils::MakeMaker 0    6.63_02


------------------------------
ENVIRONMENT AND OTHER CONTEXT
------------------------------

Environment variables:

    AUTHOR_TESTING = 1
    LD_LIBRARY_PATH = /usr/local/lib:
    PATH = /home/njh/perl5/perlbrew/bin:/home/njh/perl5/perlbrew/perls/perl-5.16.0/bin:/sbin:/bin:/usr/sbin:/usr/bin:/usr/games:/usr/local/sbin:/usr/local/bin:/home/njh/bin
    PERL5LIB = 
    PERL5OPT = 
    PERL5_CPANPLUS_IS_RUNNING = 31944
    PERL5_CPAN_IS_RUNNING = 31944
    PERLBREW_BASHRC_VERSION = 0.63
    PERLBREW_HOME = /home/njh/.perlbrew
    PERLBREW_MANPATH = /home/njh/perl5/perlbrew/perls/perl-5.16.0/man
    PERLBREW_PATH = /home/njh/perl5/perlbrew/bin:/home/njh/perl5/perlbrew/perls/perl-5.16.0/bin
    PERLBREW_PERL = perl-5.16.0
    PERLBREW_ROOT = /home/njh/perl5/perlbrew
    PERLBREW_VERSION = 0.63
    SHELL = /usr/local/bin/bash
    TERM = xterm

Perl special variables (and OS-specific diagnostics, for MSWin32):

    $^X = /usr/home/njh/perl5/perlbrew/perls/perl-5.16.0/bin/perl5.16.0
    $UID/$EUID = 1001 / 1001
    $GID = 1001 1001 0
    $EGID = 1001 1001 0

Perl module toolchain versions installed:

    Module              Have    
    ------------------- --------
    CPAN                1.9800  
    CPAN::Meta          2.130880
    Cwd                 3.39_02 
    ExtUtils::CBuilder  0.280206
    ExtUtils::Command   1.17    
    ExtUtils::Install   1.58    
    ExtUtils::MakeMaker 6.63_02 
    ExtUtils::Manifest  1.61    
    ExtUtils::ParseXS   3.16    
    File::Spec          3.39_02 
    JSON                2.57    
    JSON::PP            2.27200 
    Module::Build       0.4005  
    Module::Signature   0.70    
    Parse::CPAN::Meta   1.4404  
    Test::Harness       3.23    
    Test::More          0.98    
    YAML                0.84    
    YAML::Syck          1.21    
    version             0.99    


--

Summary of my perl5 (revision 5 version 16 subversion 0) configuration:
   
  Platform:
    osname=freebsd, osvers=9.0-release, archname=amd64-freebsd-thread-multi
    uname='freebsd qemu 9.0-release freebsd 9.0-release #0: tue jan 3 07:46:30 utc 2012 root@farrell.cse.buffalo.edu:usrobjusrsrcsysgeneric amd64 '
    config_args='-de -Duserelocatableinc -Dprefix=/home/njh/perl5/perlbrew/perls/perl-5.16.0 -Duseithreads -Dusemultiplicity -Accflags=-O2 -W -Wformat=2 -Wswitch -Wshadow -Wwrite-strings -Wuninitialized -Wall -pipe -mtune=native -march=native -fomit-frame-pointer -msse2 -msse -mmmx -mfpmath=sse -pedantic -D_FORTIFY_SOURCE=2 -Wpointer-arith -Wstrict-prototypes -fstack-protector -Wstack-protector -Wextra -Wbad-function-cast -Wcast-align -Wcast-qual -Wdisabled-optimization -Wendif-labels -Wfloat-equal -Wformat-nonliteral -Winline -Wmissing-declarations -Wmissing-prototypes -Wnested-externs -Wpointer-arith -Wundef -Wformat-security -Aeval:scriptdir=/home/njh/perl5/perlbrew/perls/perl-5.16.0/bin'
    hint=recommended, useposix=true, d_sigaction=define
    useithreads=define, usemultiplicity=define
    useperlio=define, d_sfio=undef, uselargefiles=define, usesocks=undef
    use64bitint=define, use64bitall=define, uselongdouble=undef
    usemymalloc=n, bincompat5005=undef
  Compiler:
    cc='cc', ccflags ='-DHAS_FPSETMASK -DHAS_FLOATINGPOINT_H -O2 -W -Wformat=2 -Wswitch -Wshadow -Wwrite-strings -Wuninitialized -Wall -pipe -mtune=native -march=native -fomit-frame-pointer -msse2 -msse -mmmx -mfpmath=sse -pedantic -D_FORTIFY_SOURCE=2 -Wpointer-arith -Wstrict-prototypes -fstack-protector -Wstack-protector -Wextra -Wbad-function-cast -Wcast-align -Wcast-qual -Wdisabled-optimization -Wendif-labels -Wfloat-equal -Wformat-nonliteral -Winline -Wmissing-declarations -Wmissing-prototypes -Wnested-externs -Wpointer-arith -Wundef -Wformat-security -fno-strict-aliasing -I/usr/local/include',
    optimize='-O',
    cppflags='-DHAS_FPSETMASK -DHAS_FLOATINGPOINT_H -O2 -W -Wformat=2 -Wswitch -Wshadow -Wwrite-strings -Wuninitialized -Wall -pipe -mtune=native -march=native -fomit-frame-pointer -msse2 -msse -mmmx -mfpmath=sse -pedantic -D_FORTIFY_SOURCE=2 -Wpointer-arith -Wstrict-prototypes -fstack-protector -Wstack-protector -Wextra -Wbad-function-cast -Wcast-align -Wcast-qual -Wdisabled-optimization -Wendif-labels -Wfloat-equal -Wformat-nonliteral -Winline -Wmissing-declarations -Wmissing-prototypes -Wnested-externs -Wpointer-arith -Wundef -Wformat-security -fno-strict-aliasing -I/usr/local/include'
    ccversion='', gccversion='4.2.1 20070831 patched [FreeBSD]', gccosandvers=''
    intsize=4, longsize=8, ptrsize=8, doublesize=8, byteorder=12345678
    d_longlong=define, longlongsize=8, d_longdbl=define, longdblsize=16
    ivtype='long', ivsize=8, nvtype='double', nvsize=8, Off_t='off_t', lseeksize=8
    alignbytes=8, prototype=define
  Linker and Libraries:
    ld='cc', ldflags ='-pthread -Wl,-E  -fstack-protector -L/usr/local/lib'
    libpth=/usr/lib /usr/local/lib
    libs=-lm -lcrypt
    perllibs=-lm -lcrypt
    libc=, so=so, useshrplib=false, libperl=libperl.a
    gnulibc_version=''
  Dynamic Linking:
    dlsrc=dl_dlopen.xs, dlext=so, d_dlsymun=undef, ccdlflags=' '
    cccdlflags='-DPIC -fPIC', lddlflags='-shared  -L/usr/local/lib -fstack-protector'


Characteristics of this binary (from libperl): 
  Compile-time options: HAS_TIMES MULTIPLICITY PERLIO_LAYERS
                        PERL_DONT_CREATE_GVSV PERL_IMPLICIT_CONTEXT
                        PERL_MALLOC_WRAP PERL_PRESERVE_IVUV USE_64_BIT_ALL
                        USE_64_BIT_INT USE_ITHREADS USE_LARGE_FILES
                        USE_LOCALE USE_LOCALE_COLLATE USE_LOCALE_CTYPE
                        USE_LOCALE_NUMERIC USE_PERLIO USE_PERL_ATOF
                        USE_REENTRANT_API
  Built under freebsd
  Compiled at Sep 28 2012 16:04:03
  %ENV:
    PERL5LIB=""
    PERL5OPT=""
    PERL5_CPANPLUS_IS_RUNNING="31944"
    PERL5_CPAN_IS_RUNNING="31944"
    PERLBREW_BASHRC_VERSION="0.63"
    PERLBREW_HOME="/home/njh/.perlbrew"
    PERLBREW_MANPATH="/home/njh/perl5/perlbrew/perls/perl-5.16.0/man"
    PERLBREW_PATH="/home/njh/perl5/perlbrew/bin:/home/njh/perl5/perlbrew/perls/perl-5.16.0/bin"
    PERLBREW_PERL="perl-5.16.0"
    PERLBREW_ROOT="/home/njh/perl5/perlbrew"
    PERLBREW_VERSION="0.63"
  @INC:
    /usr/home/njh/perl5/perlbrew/perls/perl-5.16.0/lib/site_perl/5.16.0/amd64-freebsd-thread-multi
    /usr/home/njh/perl5/perlbrew/perls/perl-5.16.0/lib/site_perl/5.16.0
    /usr/home/njh/perl5/perlbrew/perls/perl-5.16.0/lib/5.16.0/amd64-freebsd-thread-multi
    /usr/home/njh/perl5/perlbrew/perls/perl-5.16.0/lib/5.16.0
    .