Report for Socket-2.014

Back
From: metabase:user:30f4dfbe-2aae-11df-837a-5e0a49663a4f
Subject: FAIL Socket-2.014 v5.20.0 SunOS/Solaris
Date: 2014-06-11T14:55:18Z

This distribution has been tested as part of the CPAN Testers
project, supporting the Perl programming language.  See
http://wiki.cpantesters.org/ for more information or email
questions to cpan-testers-discuss@perl.org


--
Dear Paul Evans,

This is a computer-generated report for Socket-2.014
on perl 5.20.0, created by CPAN-Reporter-1.2011.

Thank you for uploading your work to CPAN.  However, there was a problem
testing your distribution.

If you think this report is invalid, please consult the CPAN Testers Wiki
for suggestions on how to avoid getting FAIL reports for missing library
or binary dependencies, unsupported operating systems, and so on:

http://wiki.cpantesters.org/wiki/CPANAuthorNotes

Sections of this report:

    * Tester comments
    * Program output
    * Prerequisites
    * Environment and other context

------------------------------
TESTER COMMENTS
------------------------------

Additional comments from tester:

none provided

------------------------------
PROGRAM OUTPUT
------------------------------

Output from '/usr/bin/make test':

Running Mkbootstrap for Socket ()
chmod 644 Socket.bs
PERL_DL_NONLAZY=1 /home/hornenj/perl5/perlbrew/perls/perl-5.20.0/bin/perl "-MExtUtils::Command::MM" "-MTest::Harness" "-e" "undef *Test::Harness::Switches; test_harness(0, 'blib/lib', 'blib/arch')" t/*.t

#   Failed test '$err == 0 for 127.0.0.1/80/flags=AI_NUMERICHOST'
#   at t/getaddrinfo.t line 106.
# $err is service name not available for the specified socket type
# Looks like you failed 1 test of 31.
t/getaddrinfo.t .. 
Dubious, test returned 1 (wstat 256, 0x100)
Failed 1/31 subtests 
t/getnameinfo.t .. ok
t/ip_mreq.t ...... ok
t/ipv6_mreq.t .... ok
t/sockaddr.t ..... ok
t/Socket.t ....... ok
t/socketpair.t ... ok

Test Summary Report
-------------------
t/getaddrinfo.t (Wstat: 256 Tests: 31 Failed: 1)
  Failed test:  25
  Non-zero exit status: 1
Files=7, Tests=137,  6 wallclock secs ( 0.27 usr  0.12 sys +  1.64 cusr  0.32 csys =  2.35 CPU)
Result: FAIL
Failed 1/7 test programs. 1/137 subtests failed.
*** Error code 255
make: Fatal error: Command failed for target `test_dynamic'

------------------------------
PREREQUISITES
------------------------------

Prerequisite modules loaded:

requires:

    Module              Need     Have    
    ------------------- -------- --------
    perl                5.006001 5.020000

build_requires:

    Module              Need     Have    
    ------------------- -------- --------
    ExtUtils::MakeMaker 0        6.98    

configure_requires:

    Module              Need     Have    
    ------------------- -------- --------
    ExtUtils::CBuilder  0        0.280216
    ExtUtils::Constant  0.23     0.23    


------------------------------
ENVIRONMENT AND OTHER CONTEXT
------------------------------

Environment variables:

    LANG = en_US.UTF-8
    LC_ALL = 
    LC_COLLATE = 
    LC_CTYPE = 
    LC_MESSAGES = 
    LC_MONETARY = 
    LC_NUMERIC = 
    LC_TIME = 
    LD_LIBRARY_PATH = :/usr/local/lib
    PATH = /home/hornenj/perl5/perlbrew/bin:/home/hornenj/perl5/perlbrew/perls/perl-5.20.0/bin:/home/hornenj/bin:/opt/local/bin:/usr/dt/bin:/usr/openwin/bin:/usr/bin:/usr/gnu/bin:/usr/ncbi/bin:/usr/ncbi/OL/bin:/usr/ncbi/X11/bin:/netopt/studio12/SUNWspro/bin:/usr/sfw/bin:/usr/ucb
    PERL5LIB = 
    PERL5OPT = 
    PERL5_CPANPLUS_IS_RUNNING = 25098
    PERL5_CPAN_IS_RUNNING = 25098
    PERLBREW_BASHRC_VERSION = 0.67
    PERLBREW_HOME = /home/hornenj/.perlbrew
    PERLBREW_MANPATH = /home/hornenj/perl5/perlbrew/perls/perl-5.20.0/man
    PERLBREW_PATH = /home/hornenj/perl5/perlbrew/bin:/home/hornenj/perl5/perlbrew/perls/perl-5.20.0/bin
    PERLBREW_PERL = perl-5.20.0
    PERLBREW_ROOT = /home/hornenj/perl5/perlbrew
    PERLBREW_VERSION = 0.69
    SHELL = /bin/bash
    TERM = xterm

Perl special variables (and OS-specific diagnostics, for MSWin32):

    $^X = /home/hornenj/perl5/perlbrew/perls/perl-5.20.0/bin/perl
    $UID/$EUID = 12481 / 12481
    $GID = 14 14 5344 241 527
    $EGID = 14 14 5344 241 527

Perl module toolchain versions installed:

    Module              Have    
    ------------------- --------
    CPAN                2.05    
    CPAN::Meta          2.141520
    Cwd                 3.47    
    ExtUtils::CBuilder  0.280216
    ExtUtils::Command   1.18    
    ExtUtils::Install   1.68    
    ExtUtils::MakeMaker 6.98    
    ExtUtils::Manifest  1.63    
    ExtUtils::ParseXS   3.24    
    File::Spec          3.47    
    JSON                2.90    
    JSON::PP            2.27203 
    Module::Build       0.4205  
    Module::Signature   n/a     
    Parse::CPAN::Meta   1.4414  
    Test::Harness       3.30    
    Test::More          1.001003
    YAML                0.92    
    YAML::Syck          1.27    
    version             0.9908  


--

Summary of my perl5 (revision 5 version 20 subversion 0) configuration:
   
  Platform:
    osname=solaris, osvers=2.11, archname=sun4-solaris-thread-multi
    uname='sunos irb11ss 5.11 11.1 sun4v sparc sun4v '
    config_args='-de -Dprefix=/home/hornenj/perl5/perlbrew/perls/perl-5.20.0 -Duseithreads -Dusemultiplicity -Accflags=-O -v -xstrconst -D__EXTENSIONS__ -I/usr/local/include -native -Acc=/netopt/studio12/SUNWspro/bin/cc -Aeval:scriptdir=/home/hornenj/perl5/perlbrew/perls/perl-5.20.0/bin'
    hint=recommended, useposix=true, d_sigaction=define
    useithreads=define, usemultiplicity=define
    use64bitint=undef, use64bitall=undef, uselongdouble=undef
    usemymalloc=n, bincompat5005=undef
  Compiler:
    cc=' /netopt/studio12/SUNWspro/bin/cc', ccflags ='-D_REENTRANT -O -v -xstrconst -D__EXTENSIONS__ -I/usr/local/include -native -D_LARGEFILE_SOURCE -D_FILE_OFFSET_BITS=64 -DPERL_USE_SAFE_PUTENV',
    optimize='-O',
    cppflags='-D_REENTRANT -O -v -xstrconst -D__EXTENSIONS__ -I/usr/local/include -native'
    ccversion='Sun C 5.9 SunOS_sparc Patch 124867-16 2010/08/11', gccversion='', gccosandvers=''
    intsize=4, longsize=4, ptrsize=4, doublesize=8, byteorder=4321
    d_longlong=define, longlongsize=8, d_longdbl=define, longdblsize=16
    ivtype='long', ivsize=4, nvtype='double', nvsize=8, Off_t='off_t', lseeksize=8
    alignbytes=8, prototype=define
  Linker and Libraries:
    ld=' /netopt/studio12/SUNWspro/bin/cc', ldflags =' -L/usr/lib -L/usr/ccs/lib -L/netopt/studio12/SUNWspro/prod/lib/sparc -L/netopt/studio12/SUNWspro/prod/lib -L/lib -L/usr/gnu/lib '
    libpth=/usr/lib /usr/ccs/lib /netopt/studio12/SUNWspro/prod/lib/sparc /netopt/studio12/SUNWspro/prod/lib /lib /usr/gnu/lib
    libs=-lsocket -lnsl -lgdbm -ldb -ldl -lm -lpthread -lc
    perllibs=-lsocket -lnsl -ldl -lm -lpthread -lc
    libc=/lib/libc.so, so=so, useshrplib=false, libperl=libperl.a
    gnulibc_version=''
  Dynamic Linking:
    dlsrc=dl_dlopen.xs, dlext=so, d_dlsymun=undef, ccdlflags=' '
    cccdlflags='-KPIC', lddlflags='-G -L/usr/lib -L/usr/ccs/lib -L/netopt/studio12/SUNWspro/prod/lib/sparc -L/netopt/studio12/SUNWspro/prod/lib -L/lib -L/usr/gnu/lib'


Characteristics of this binary (from libperl): 
  Compile-time options: HAS_TIMES MULTIPLICITY PERLIO_LAYERS
                        PERL_DONT_CREATE_GVSV
                        PERL_HASH_FUNC_ONE_AT_A_TIME_HARD
                        PERL_IMPLICIT_CONTEXT PERL_MALLOC_WRAP
                        PERL_NEW_COPY_ON_WRITE PERL_PRESERVE_IVUV
                        PERL_USE_SAFE_PUTENV USE_ITHREADS USE_LARGE_FILES
                        USE_LOCALE USE_LOCALE_COLLATE USE_LOCALE_CTYPE
                        USE_LOCALE_NUMERIC USE_PERLIO USE_PERL_ATOF
                        USE_REENTRANT_API
  Built under solaris
  Compiled at May 28 2014 08:36:51
  %ENV:
    PERL5LIB=""
    PERL5OPT=""
    PERL5_CPANPLUS_IS_RUNNING="25098"
    PERL5_CPAN_IS_RUNNING="25098"
    PERLBREW_BASHRC_VERSION="0.67"
    PERLBREW_HOME="/home/hornenj/.perlbrew"
    PERLBREW_MANPATH="/home/hornenj/perl5/perlbrew/perls/perl-5.20.0/man"
    PERLBREW_PATH="/home/hornenj/perl5/perlbrew/bin:/home/hornenj/perl5/perlbrew/perls/perl-5.20.0/bin"
    PERLBREW_PERL="perl-5.20.0"
    PERLBREW_ROOT="/home/hornenj/perl5/perlbrew"
    PERLBREW_VERSION="0.69"
  @INC:
    /home/hornenj/perl5/perlbrew/perls/perl-5.20.0/lib/site_perl/5.20.0/sun4-solaris-thread-multi
    /home/hornenj/perl5/perlbrew/perls/perl-5.20.0/lib/site_perl/5.20.0
    /home/hornenj/perl5/perlbrew/perls/perl-5.20.0/lib/5.20.0/sun4-solaris-thread-multi
    /home/hornenj/perl5/perlbrew/perls/perl-5.20.0/lib/5.20.0
    .