Back
From: metabase:user:320bfe00-2aae-11df-837a-5e0a49663a4f
Subject: FAIL WWW-Shopify-Liquid-0.03 v5.12.5 GNU/Linux
Date: 2013-12-05T21:51:31Z
This distribution has been tested as part of the CPAN Testers
project, supporting the Perl programming language. See
http://wiki.cpantesters.org/ for more information or email
questions to cpan-testers-discuss@perl.org
--
Dear Adam Harrison,
This is a computer-generated report for WWW-Shopify-Liquid-0.03
on perl 5.12.5, created by CPAN-Reporter-1.2010.
Thank you for uploading your work to CPAN. However, there was a problem
testing your distribution.
If you think this report is invalid, please consult the CPAN Testers Wiki
for suggestions on how to avoid getting FAIL reports for missing library
or binary dependencies, unsupported operating systems, and so on:
http://wiki.cpantesters.org/wiki/CPANAuthorNotes
Sections of this report:
* Tester comments
* Program output
* Prerequisites
* Environment and other context
------------------------------
TESTER COMMENTS
------------------------------
Additional comments from tester:
this report is from an automated smoke testing program
and was not reviewed by a human for accuracy
------------------------------
PROGRAM OUTPUT
------------------------------
Output from './Build test':
# Failed test 'use WWW::Shopify::Liquid;'
# at t/01lexer.t line 5.
# Tried to use 'WWW::Shopify::Liquid'.
# Error: Type of arg 1 to keys must be hash or array (not subroutine entry) at /tmp/loop_over_bdir-26149-ymYCBi/WWW-Shopify-Liquid-0.03-b4qMFC/blib/lib/WWW/Shopify/Liquid/Lexer.pm line 134, near "->operators)"
# Compilation failed in require at /tmp/loop_over_bdir-26149-ymYCBi/WWW-Shopify-Liquid-0.03-b4qMFC/blib/lib/WWW/Shopify/Liquid.pm line 117.
# BEGIN failed--compilation aborted at /tmp/loop_over_bdir-26149-ymYCBi/WWW-Shopify-Liquid-0.03-b4qMFC/blib/lib/WWW/Shopify/Liquid.pm line 117.
# Compilation failed in require at t/01lexer.t line 5.
# BEGIN failed--compilation aborted at t/01lexer.t line 5.
# Failed test 'use WWW::Shopify::Liquid::Lexer;'
# at t/01lexer.t line 7.
# Tried to use 'WWW::Shopify::Liquid::Lexer'.
# Error: Attempt to reload WWW/Shopify/Liquid/Lexer.pm aborted.
# Compilation failed in require at t/01lexer.t line 7.
# BEGIN failed--compilation aborted at t/01lexer.t line 7.
Can't locate object method "new" via package "WWW::Shopify::Liquid" at t/01lexer.t line 9.
# Tests were run but no plan was declared and done_testing() was not seen.
# Looks like your test exited with 255 just after 3.
t/01lexer.t ...............
Dubious, test returned 255 (wstat 65280, 0xff00)
Failed 2/3 subtests
# Failed test 'use WWW::Shopify::Liquid;'
# at t/01lexer_lines.t line 5.
# Tried to use 'WWW::Shopify::Liquid'.
# Error: Type of arg 1 to keys must be hash or array (not subroutine entry) at /tmp/loop_over_bdir-26149-ymYCBi/WWW-Shopify-Liquid-0.03-b4qMFC/blib/lib/WWW/Shopify/Liquid/Lexer.pm line 134, near "->operators)"
# Compilation failed in require at /tmp/loop_over_bdir-26149-ymYCBi/WWW-Shopify-Liquid-0.03-b4qMFC/blib/lib/WWW/Shopify/Liquid.pm line 117.
# BEGIN failed--compilation aborted at /tmp/loop_over_bdir-26149-ymYCBi/WWW-Shopify-Liquid-0.03-b4qMFC/blib/lib/WWW/Shopify/Liquid.pm line 117.
# Compilation failed in require at t/01lexer_lines.t line 5.
# BEGIN failed--compilation aborted at t/01lexer_lines.t line 5.
# Failed test 'use WWW::Shopify::Liquid::Lexer;'
# at t/01lexer_lines.t line 7.
# Tried to use 'WWW::Shopify::Liquid::Lexer'.
# Error: Attempt to reload WWW/Shopify/Liquid/Lexer.pm aborted.
# Compilation failed in require at t/01lexer_lines.t line 7.
# BEGIN failed--compilation aborted at t/01lexer_lines.t line 7.
Can't locate object method "new" via package "WWW::Shopify::Liquid" at t/01lexer_lines.t line 9.
# Tests were run but no plan was declared and done_testing() was not seen.
# Looks like your test exited with 255 just after 3.
t/01lexer_lines.t .........
Dubious, test returned 255 (wstat 65280, 0xff00)
Failed 2/3 subtests
# Failed test 'use WWW::Shopify::Liquid;'
# at t/01lexer_variables.t line 5.
# Tried to use 'WWW::Shopify::Liquid'.
# Error: Type of arg 1 to keys must be hash or array (not subroutine entry) at /tmp/loop_over_bdir-26149-ymYCBi/WWW-Shopify-Liquid-0.03-b4qMFC/blib/lib/WWW/Shopify/Liquid/Lexer.pm line 134, near "->operators)"
# Compilation failed in require at /tmp/loop_over_bdir-26149-ymYCBi/WWW-Shopify-Liquid-0.03-b4qMFC/blib/lib/WWW/Shopify/Liquid.pm line 117.
# BEGIN failed--compilation aborted at /tmp/loop_over_bdir-26149-ymYCBi/WWW-Shopify-Liquid-0.03-b4qMFC/blib/lib/WWW/Shopify/Liquid.pm line 117.
# Compilation failed in require at t/01lexer_variables.t line 5.
# BEGIN failed--compilation aborted at t/01lexer_variables.t line 5.
# Failed test 'use WWW::Shopify::Liquid::Lexer;'
# at t/01lexer_variables.t line 7.
# Tried to use 'WWW::Shopify::Liquid::Lexer'.
# Error: Attempt to reload WWW/Shopify/Liquid/Lexer.pm aborted.
# Compilation failed in require at t/01lexer_variables.t line 7.
# BEGIN failed--compilation aborted at t/01lexer_variables.t line 7.
Can't locate object method "new" via package "WWW::Shopify::Liquid" at t/01lexer_variables.t line 9.
# Tests were run but no plan was declared and done_testing() was not seen.
# Looks like your test exited with 255 just after 3.
t/01lexer_variables.t .....
Dubious, test returned 255 (wstat 65280, 0xff00)
Failed 2/3 subtests
# Failed test 'use WWW::Shopify::Liquid;'
# at t/01lexing_halt.t line 5.
# Tried to use 'WWW::Shopify::Liquid'.
# Error: Type of arg 1 to keys must be hash or array (not subroutine entry) at /tmp/loop_over_bdir-26149-ymYCBi/WWW-Shopify-Liquid-0.03-b4qMFC/blib/lib/WWW/Shopify/Liquid/Lexer.pm line 134, near "->operators)"
# Compilation failed in require at /tmp/loop_over_bdir-26149-ymYCBi/WWW-Shopify-Liquid-0.03-b4qMFC/blib/lib/WWW/Shopify/Liquid.pm line 117.
# BEGIN failed--compilation aborted at /tmp/loop_over_bdir-26149-ymYCBi/WWW-Shopify-Liquid-0.03-b4qMFC/blib/lib/WWW/Shopify/Liquid.pm line 117.
# Compilation failed in require at t/01lexing_halt.t line 5.
# BEGIN failed--compilation aborted at t/01lexing_halt.t line 5.
# Failed test 'use WWW::Shopify::Liquid::Lexer;'
# at t/01lexing_halt.t line 7.
# Tried to use 'WWW::Shopify::Liquid::Lexer'.
# Error: Attempt to reload WWW/Shopify/Liquid/Lexer.pm aborted.
# Compilation failed in require at t/01lexing_halt.t line 7.
# BEGIN failed--compilation aborted at t/01lexing_halt.t line 7.
Can't locate object method "new" via package "WWW::Shopify::Liquid" at t/01lexing_halt.t line 9.
# Tests were run but no plan was declared and done_testing() was not seen.
# Looks like your test exited with 255 just after 3.
t/01lexing_halt.t .........
Dubious, test returned 255 (wstat 65280, 0xff00)
Failed 2/3 subtests
# Failed test 'use WWW::Shopify::Liquid;'
# at t/02parser.t line 5.
# Tried to use 'WWW::Shopify::Liquid'.
# Error: Type of arg 1 to keys must be hash or array (not subroutine entry) at /tmp/loop_over_bdir-26149-ymYCBi/WWW-Shopify-Liquid-0.03-b4qMFC/blib/lib/WWW/Shopify/Liquid/Lexer.pm line 134, near "->operators)"
# Compilation failed in require at /tmp/loop_over_bdir-26149-ymYCBi/WWW-Shopify-Liquid-0.03-b4qMFC/blib/lib/WWW/Shopify/Liquid.pm line 117.
# BEGIN failed--compilation aborted at /tmp/loop_over_bdir-26149-ymYCBi/WWW-Shopify-Liquid-0.03-b4qMFC/blib/lib/WWW/Shopify/Liquid.pm line 117.
# Compilation failed in require at t/02parser.t line 5.
# BEGIN failed--compilation aborted at t/02parser.t line 5.
# Failed test 'use WWW::Shopify::Liquid::Lexer;'
# at t/02parser.t line 7.
# Tried to use 'WWW::Shopify::Liquid::Lexer'.
# Error: Attempt to reload WWW/Shopify/Liquid/Lexer.pm aborted.
# Compilation failed in require at t/02parser.t line 7.
# BEGIN failed--compilation aborted at t/02parser.t line 7.
Can't locate object method "new" via package "WWW::Shopify::Liquid" at t/02parser.t line 9.
# Tests were run but no plan was declared and done_testing() was not seen.
# Looks like your test exited with 255 just after 4.
t/02parser.t ..............
Dubious, test returned 255 (wstat 65280, 0xff00)
Failed 2/4 subtests
# Failed test 'use WWW::Shopify::Liquid;'
# at t/02parser_enclosing.t line 5.
# Tried to use 'WWW::Shopify::Liquid'.
# Error: Type of arg 1 to keys must be hash or array (not subroutine entry) at /tmp/loop_over_bdir-26149-ymYCBi/WWW-Shopify-Liquid-0.03-b4qMFC/blib/lib/WWW/Shopify/Liquid/Lexer.pm line 134, near "->operators)"
# Compilation failed in require at /tmp/loop_over_bdir-26149-ymYCBi/WWW-Shopify-Liquid-0.03-b4qMFC/blib/lib/WWW/Shopify/Liquid.pm line 117.
# BEGIN failed--compilation aborted at /tmp/loop_over_bdir-26149-ymYCBi/WWW-Shopify-Liquid-0.03-b4qMFC/blib/lib/WWW/Shopify/Liquid.pm line 117.
# Compilation failed in require at t/02parser_enclosing.t line 5.
# BEGIN failed--compilation aborted at t/02parser_enclosing.t line 5.
# Failed test 'use WWW::Shopify::Liquid::Lexer;'
# at t/02parser_enclosing.t line 7.
# Tried to use 'WWW::Shopify::Liquid::Lexer'.
# Error: Attempt to reload WWW/Shopify/Liquid/Lexer.pm aborted.
# Compilation failed in require at t/02parser_enclosing.t line 7.
# BEGIN failed--compilation aborted at t/02parser_enclosing.t line 7.
Can't locate object method "new" via package "WWW::Shopify::Liquid" at t/02parser_enclosing.t line 9.
# Tests were run but no plan was declared and done_testing() was not seen.
# Looks like your test exited with 255 just after 4.
t/02parser_enclosing.t ....
Dubious, test returned 255 (wstat 65280, 0xff00)
Failed 2/4 subtests
# Failed test 'use WWW::Shopify::Liquid;'
# at t/02parser_errors.t line 5.
# Tried to use 'WWW::Shopify::Liquid'.
# Error: Type of arg 1 to keys must be hash or array (not subroutine entry) at /tmp/loop_over_bdir-26149-ymYCBi/WWW-Shopify-Liquid-0.03-b4qMFC/blib/lib/WWW/Shopify/Liquid/Lexer.pm line 134, near "->operators)"
# Compilation failed in require at /tmp/loop_over_bdir-26149-ymYCBi/WWW-Shopify-Liquid-0.03-b4qMFC/blib/lib/WWW/Shopify/Liquid.pm line 117.
# BEGIN failed--compilation aborted at /tmp/loop_over_bdir-26149-ymYCBi/WWW-Shopify-Liquid-0.03-b4qMFC/blib/lib/WWW/Shopify/Liquid.pm line 117.
# Compilation failed in require at t/02parser_errors.t line 5.
# BEGIN failed--compilation aborted at t/02parser_errors.t line 5.
# Failed test 'use WWW::Shopify::Liquid;'
# at t/02parser_errors.t line 9.
# Tried to use 'WWW::Shopify::Liquid'.
# Error: Attempt to reload WWW/Shopify/Liquid.pm aborted.
# Compilation failed in require at t/02parser_errors.t line 9.
# BEGIN failed--compilation aborted at t/02parser_errors.t line 9.
# Failed test 'use WWW::Shopify::Liquid::Lexer;'
# at t/02parser_errors.t line 11.
# Tried to use 'WWW::Shopify::Liquid::Lexer'.
# Error: Attempt to reload WWW/Shopify/Liquid/Lexer.pm aborted.
# Compilation failed in require at t/02parser_errors.t line 11.
# BEGIN failed--compilation aborted at t/02parser_errors.t line 11.
Can't locate object method "new" via package "WWW::Shopify::Liquid" at t/02parser_errors.t line 13.
# Tests were run but no plan was declared and done_testing() was not seen.
# Looks like your test exited with 255 just after 5.
t/02parser_errors.t .......
Dubious, test returned 255 (wstat 65280, 0xff00)
Failed 3/5 subtests
# Failed test 'use WWW::Shopify::Liquid;'
# at t/02parser_filter.t line 5.
# Tried to use 'WWW::Shopify::Liquid'.
# Error: Type of arg 1 to keys must be hash or array (not subroutine entry) at /tmp/loop_over_bdir-26149-ymYCBi/WWW-Shopify-Liquid-0.03-b4qMFC/blib/lib/WWW/Shopify/Liquid/Lexer.pm line 134, near "->operators)"
# Compilation failed in require at /tmp/loop_over_bdir-26149-ymYCBi/WWW-Shopify-Liquid-0.03-b4qMFC/blib/lib/WWW/Shopify/Liquid.pm line 117.
# BEGIN failed--compilation aborted at /tmp/loop_over_bdir-26149-ymYCBi/WWW-Shopify-Liquid-0.03-b4qMFC/blib/lib/WWW/Shopify/Liquid.pm line 117.
# Compilation failed in require at t/02parser_filter.t line 5.
# BEGIN failed--compilation aborted at t/02parser_filter.t line 5.
# Failed test 'use WWW::Shopify::Liquid::Lexer;'
# at t/02parser_filter.t line 7.
# Tried to use 'WWW::Shopify::Liquid::Lexer'.
# Error: Attempt to reload WWW/Shopify/Liquid/Lexer.pm aborted.
# Compilation failed in require at t/02parser_filter.t line 7.
# BEGIN failed--compilation aborted at t/02parser_filter.t line 7.
Can't locate object method "new" via package "WWW::Shopify::Liquid" at t/02parser_filter.t line 9.
# Tests were run but no plan was declared and done_testing() was not seen.
# Looks like your test exited with 255 just after 4.
t/02parser_filter.t .......
Dubious, test returned 255 (wstat 65280, 0xff00)
Failed 2/4 subtests
# Failed test 'use WWW::Shopify::Liquid;'
# at t/02parser_free.t line 5.
# Tried to use 'WWW::Shopify::Liquid'.
# Error: Type of arg 1 to keys must be hash or array (not subroutine entry) at /tmp/loop_over_bdir-26149-ymYCBi/WWW-Shopify-Liquid-0.03-b4qMFC/blib/lib/WWW/Shopify/Liquid/Lexer.pm line 134, near "->operators)"
# Compilation failed in require at /tmp/loop_over_bdir-26149-ymYCBi/WWW-Shopify-Liquid-0.03-b4qMFC/blib/lib/WWW/Shopify/Liquid.pm line 117.
# BEGIN failed--compilation aborted at /tmp/loop_over_bdir-26149-ymYCBi/WWW-Shopify-Liquid-0.03-b4qMFC/blib/lib/WWW/Shopify/Liquid.pm line 117.
# Compilation failed in require at t/02parser_free.t line 5.
# BEGIN failed--compilation aborted at t/02parser_free.t line 5.
# Failed test 'use WWW::Shopify::Liquid::Lexer;'
# at t/02parser_free.t line 7.
# Tried to use 'WWW::Shopify::Liquid::Lexer'.
# Error: Attempt to reload WWW/Shopify/Liquid/Lexer.pm aborted.
# Compilation failed in require at t/02parser_free.t line 7.
# BEGIN failed--compilation aborted at t/02parser_free.t line 7.
Can't locate object method "new" via package "WWW::Shopify::Liquid" at t/02parser_free.t line 9.
# Tests were run but no plan was declared and done_testing() was not seen.
# Looks like your test exited with 255 just after 4.
t/02parser_free.t .........
Dubious, test returned 255 (wstat 65280, 0xff00)
Failed 2/4 subtests
# Failed test 'use WWW::Shopify::Liquid;'
# at t/02parser_lines.t line 5.
# Tried to use 'WWW::Shopify::Liquid'.
# Error: Type of arg 1 to keys must be hash or array (not subroutine entry) at /tmp/loop_over_bdir-26149-ymYCBi/WWW-Shopify-Liquid-0.03-b4qMFC/blib/lib/WWW/Shopify/Liquid/Lexer.pm line 134, near "->operators)"
# Compilation failed in require at /tmp/loop_over_bdir-26149-ymYCBi/WWW-Shopify-Liquid-0.03-b4qMFC/blib/lib/WWW/Shopify/Liquid.pm line 117.
# BEGIN failed--compilation aborted at /tmp/loop_over_bdir-26149-ymYCBi/WWW-Shopify-Liquid-0.03-b4qMFC/blib/lib/WWW/Shopify/Liquid.pm line 117.
# Compilation failed in require at t/02parser_lines.t line 5.
# BEGIN failed--compilation aborted at t/02parser_lines.t line 5.
# Failed test 'use WWW::Shopify::Liquid::Lexer;'
# at t/02parser_lines.t line 7.
# Tried to use 'WWW::Shopify::Liquid::Lexer'.
# Error: Attempt to reload WWW/Shopify/Liquid/Lexer.pm aborted.
# Compilation failed in require at t/02parser_lines.t line 7.
# BEGIN failed--compilation aborted at t/02parser_lines.t line 7.
Can't locate object method "new" via package "WWW::Shopify::Liquid" at t/02parser_lines.t line 9.
# Tests were run but no plan was declared and done_testing() was not seen.
# Looks like your test exited with 255 just after 4.
t/02parser_lines.t ........
Dubious, test returned 255 (wstat 65280, 0xff00)
Failed 2/4 subtests
# Failed test 'use WWW::Shopify::Liquid;'
# at t/02parser_nested.t line 5.
# Tried to use 'WWW::Shopify::Liquid'.
# Error: Type of arg 1 to keys must be hash or array (not subroutine entry) at /tmp/loop_over_bdir-26149-ymYCBi/WWW-Shopify-Liquid-0.03-b4qMFC/blib/lib/WWW/Shopify/Liquid/Lexer.pm line 134, near "->operators)"
# Compilation failed in require at /tmp/loop_over_bdir-26149-ymYCBi/WWW-Shopify-Liquid-0.03-b4qMFC/blib/lib/WWW/Shopify/Liquid.pm line 117.
# BEGIN failed--compilation aborted at /tmp/loop_over_bdir-26149-ymYCBi/WWW-Shopify-Liquid-0.03-b4qMFC/blib/lib/WWW/Shopify/Liquid.pm line 117.
# Compilation failed in require at t/02parser_nested.t line 5.
# BEGIN failed--compilation aborted at t/02parser_nested.t line 5.
# Failed test 'use WWW::Shopify::Liquid::Lexer;'
# at t/02parser_nested.t line 7.
# Tried to use 'WWW::Shopify::Liquid::Lexer'.
# Error: Attempt to reload WWW/Shopify/Liquid/Lexer.pm aborted.
# Compilation failed in require at t/02parser_nested.t line 7.
# BEGIN failed--compilation aborted at t/02parser_nested.t line 7.
Can't locate object method "new" via package "WWW::Shopify::Liquid" at t/02parser_nested.t line 9.
# Tests were run but no plan was declared and done_testing() was not seen.
# Looks like your test exited with 255 just after 4.
t/02parser_nested.t .......
Dubious, test returned 255 (wstat 65280, 0xff00)
Failed 2/4 subtests
# Failed test 'use WWW::Shopify::Liquid;'
# at t/02parser_variables.t line 5.
# Tried to use 'WWW::Shopify::Liquid'.
# Error: Type of arg 1 to keys must be hash or array (not subroutine entry) at /tmp/loop_over_bdir-26149-ymYCBi/WWW-Shopify-Liquid-0.03-b4qMFC/blib/lib/WWW/Shopify/Liquid/Lexer.pm line 134, near "->operators)"
# Compilation failed in require at /tmp/loop_over_bdir-26149-ymYCBi/WWW-Shopify-Liquid-0.03-b4qMFC/blib/lib/WWW/Shopify/Liquid.pm line 117.
# BEGIN failed--compilation aborted at /tmp/loop_over_bdir-26149-ymYCBi/WWW-Shopify-Liquid-0.03-b4qMFC/blib/lib/WWW/Shopify/Liquid.pm line 117.
# Compilation failed in require at t/02parser_variables.t line 5.
# BEGIN failed--compilation aborted at t/02parser_variables.t line 5.
# Failed test 'use WWW::Shopify::Liquid::Lexer;'
# at t/02parser_variables.t line 7.
# Tried to use 'WWW::Shopify::Liquid::Lexer'.
# Error: Attempt to reload WWW/Shopify/Liquid/Lexer.pm aborted.
# Compilation failed in require at t/02parser_variables.t line 7.
# BEGIN failed--compilation aborted at t/02parser_variables.t line 7.
Can't locate object method "new" via package "WWW::Shopify::Liquid" at t/02parser_variables.t line 9.
# Tests were run but no plan was declared and done_testing() was not seen.
# Looks like your test exited with 255 just after 4.
t/02parser_variables.t ....
Dubious, test returned 255 (wstat 65280, 0xff00)
Failed 2/4 subtests
# Failed test 'use WWW::Shopify::Liquid;'
# at t/03optimizer.t line 5.
# Tried to use 'WWW::Shopify::Liquid'.
# Error: Type of arg 1 to keys must be hash or array (not subroutine entry) at /tmp/loop_over_bdir-26149-ymYCBi/WWW-Shopify-Liquid-0.03-b4qMFC/blib/lib/WWW/Shopify/Liquid/Lexer.pm line 134, near "->operators)"
# Compilation failed in require at /tmp/loop_over_bdir-26149-ymYCBi/WWW-Shopify-Liquid-0.03-b4qMFC/blib/lib/WWW/Shopify/Liquid.pm line 117.
# BEGIN failed--compilation aborted at /tmp/loop_over_bdir-26149-ymYCBi/WWW-Shopify-Liquid-0.03-b4qMFC/blib/lib/WWW/Shopify/Liquid.pm line 117.
# Compilation failed in require at t/03optimizer.t line 5.
# BEGIN failed--compilation aborted at t/03optimizer.t line 5.
# Failed test 'use WWW::Shopify::Liquid;'
# at t/03optimizer.t line 9.
# Tried to use 'WWW::Shopify::Liquid'.
# Error: Attempt to reload WWW/Shopify/Liquid.pm aborted.
# Compilation failed in require at t/03optimizer.t line 9.
# BEGIN failed--compilation aborted at t/03optimizer.t line 9.
# Failed test 'use WWW::Shopify::Liquid::Lexer;'
# at t/03optimizer.t line 11.
# Tried to use 'WWW::Shopify::Liquid::Lexer'.
# Error: Attempt to reload WWW/Shopify/Liquid/Lexer.pm aborted.
# Compilation failed in require at t/03optimizer.t line 11.
# BEGIN failed--compilation aborted at t/03optimizer.t line 11.
# Failed test 'use WWW::Shopify::Liquid::Renderer;'
# at t/03optimizer.t line 14.
# Tried to use 'WWW::Shopify::Liquid::Renderer'.
# Error: Attempt to reload WWW/Shopify/Liquid.pm aborted.
# Compilation failed in require at /tmp/loop_over_bdir-26149-ymYCBi/WWW-Shopify-Liquid-0.03-b4qMFC/blib/lib/WWW/Shopify/Liquid/Renderer.pm line 6.
# BEGIN failed--compilation aborted at /tmp/loop_over_bdir-26149-ymYCBi/WWW-Shopify-Liquid-0.03-b4qMFC/blib/lib/WWW/Shopify/Liquid/Renderer.pm line 6.
# Compilation failed in require at t/03optimizer.t line 14.
# BEGIN failed--compilation aborted at t/03optimizer.t line 14.
Can't locate object method "new" via package "WWW::Shopify::Liquid" at t/03optimizer.t line 15.
# Tests were run but no plan was declared and done_testing() was not seen.
# Looks like your test exited with 255 just after 7.
t/03optimizer.t ...........
Dubious, test returned 255 (wstat 65280, 0xff00)
Failed 4/7 subtests
# Failed test 'use WWW::Shopify::Liquid;'
# at t/03optimizer_comments.t line 5.
# Tried to use 'WWW::Shopify::Liquid'.
# Error: Type of arg 1 to keys must be hash or array (not subroutine entry) at /tmp/loop_over_bdir-26149-ymYCBi/WWW-Shopify-Liquid-0.03-b4qMFC/blib/lib/WWW/Shopify/Liquid/Lexer.pm line 134, near "->operators)"
# Compilation failed in require at /tmp/loop_over_bdir-26149-ymYCBi/WWW-Shopify-Liquid-0.03-b4qMFC/blib/lib/WWW/Shopify/Liquid.pm line 117.
# BEGIN failed--compilation aborted at /tmp/loop_over_bdir-26149-ymYCBi/WWW-Shopify-Liquid-0.03-b4qMFC/blib/lib/WWW/Shopify/Liquid.pm line 117.
# Compilation failed in require at t/03optimizer_comments.t line 5.
# BEGIN failed--compilation aborted at t/03optimizer_comments.t line 5.
# Failed test 'use WWW::Shopify::Liquid::Lexer;'
# at t/03optimizer_comments.t line 7.
# Tried to use 'WWW::Shopify::Liquid::Lexer'.
# Error: Attempt to reload WWW/Shopify/Liquid/Lexer.pm aborted.
# Compilation failed in require at t/03optimizer_comments.t line 7.
# BEGIN failed--compilation aborted at t/03optimizer_comments.t line 7.
Can't locate object method "new" via package "WWW::Shopify::Liquid" at t/03optimizer_comments.t line 10.
# Tests were run but no plan was declared and done_testing() was not seen.
# Looks like your test exited with 255 just after 5.
t/03optimizer_comments.t ..
Dubious, test returned 255 (wstat 65280, 0xff00)
Failed 2/5 subtests
Type of arg 1 to keys must be hash or array (not subroutine entry) at /tmp/loop_over_bdir-26149-ymYCBi/WWW-Shopify-Liquid-0.03-b4qMFC/blib/lib/WWW/Shopify/Liquid/Lexer.pm line 134, near "->operators)"
Compilation failed in require at /tmp/loop_over_bdir-26149-ymYCBi/WWW-Shopify-Liquid-0.03-b4qMFC/blib/lib/WWW/Shopify/Liquid.pm line 117.
BEGIN failed--compilation aborted at /tmp/loop_over_bdir-26149-ymYCBi/WWW-Shopify-Liquid-0.03-b4qMFC/blib/lib/WWW/Shopify/Liquid.pm line 117.
Compilation failed in require at t/04renderer.t line 24.
BEGIN failed--compilation aborted at t/04renderer.t line 24.
t/04renderer.t ............
Dubious, test returned 255 (wstat 65280, 0xff00)
No subtests run
# Failed test 'use WWW::Shopify::Liquid;'
# at t/05unpacker.t line 5.
# Tried to use 'WWW::Shopify::Liquid'.
# Error: Type of arg 1 to keys must be hash or array (not subroutine entry) at /tmp/loop_over_bdir-26149-ymYCBi/WWW-Shopify-Liquid-0.03-b4qMFC/blib/lib/WWW/Shopify/Liquid/Lexer.pm line 134, near "->operators)"
# Compilation failed in require at /tmp/loop_over_bdir-26149-ymYCBi/WWW-Shopify-Liquid-0.03-b4qMFC/blib/lib/WWW/Shopify/Liquid.pm line 117.
# BEGIN failed--compilation aborted at /tmp/loop_over_bdir-26149-ymYCBi/WWW-Shopify-Liquid-0.03-b4qMFC/blib/lib/WWW/Shopify/Liquid.pm line 117.
# Compilation failed in require at t/05unpacker.t line 5.
# BEGIN failed--compilation aborted at t/05unpacker.t line 5.
# Failed test 'use WWW::Shopify::Liquid;'
# at t/05unpacker.t line 9.
# Tried to use 'WWW::Shopify::Liquid'.
# Error: Attempt to reload WWW/Shopify/Liquid.pm aborted.
# Compilation failed in require at t/05unpacker.t line 9.
# BEGIN failed--compilation aborted at t/05unpacker.t line 9.
# Failed test 'use WWW::Shopify::Liquid::Lexer;'
# at t/05unpacker.t line 11.
# Tried to use 'WWW::Shopify::Liquid::Lexer'.
# Error: Attempt to reload WWW/Shopify/Liquid/Lexer.pm aborted.
# Compilation failed in require at t/05unpacker.t line 11.
# BEGIN failed--compilation aborted at t/05unpacker.t line 11.
# Failed test 'use WWW::Shopify::Liquid::Renderer;'
# at t/05unpacker.t line 14.
# Tried to use 'WWW::Shopify::Liquid::Renderer'.
# Error: Attempt to reload WWW/Shopify/Liquid.pm aborted.
# Compilation failed in require at /tmp/loop_over_bdir-26149-ymYCBi/WWW-Shopify-Liquid-0.03-b4qMFC/blib/lib/WWW/Shopify/Liquid/Renderer.pm line 6.
# BEGIN failed--compilation aborted at /tmp/loop_over_bdir-26149-ymYCBi/WWW-Shopify-Liquid-0.03-b4qMFC/blib/lib/WWW/Shopify/Liquid/Renderer.pm line 6.
# Compilation failed in require at t/05unpacker.t line 14.
# BEGIN failed--compilation aborted at t/05unpacker.t line 14.
# Looks like you failed 4 tests of 7.
t/05unpacker.t ............
Dubious, test returned 4 (wstat 1024, 0x400)
Failed 4/7 subtests
Test Summary Report
-------------------
t/01lexer.t (Wstat: 65280 Tests: 3 Failed: 2)
Failed tests: 1, 3
Non-zero exit status: 255
Parse errors: No plan found in TAP output
t/01lexer_lines.t (Wstat: 65280 Tests: 3 Failed: 2)
Failed tests: 1, 3
Non-zero exit status: 255
Parse errors: No plan found in TAP output
t/01lexer_variables.t (Wstat: 65280 Tests: 3 Failed: 2)
Failed tests: 1, 3
Non-zero exit status: 255
Parse errors: No plan found in TAP output
t/01lexing_halt.t (Wstat: 65280 Tests: 3 Failed: 2)
Failed tests: 1, 3
Non-zero exit status: 255
Parse errors: No plan found in TAP output
t/02parser.t (Wstat: 65280 Tests: 4 Failed: 2)
Failed tests: 1, 3
Non-zero exit status: 255
Parse errors: No plan found in TAP output
t/02parser_enclosing.t (Wstat: 65280 Tests: 4 Failed: 2)
Failed tests: 1, 3
Non-zero exit status: 255
Parse errors: No plan found in TAP output
t/02parser_errors.t (Wstat: 65280 Tests: 5 Failed: 3)
Failed tests: 1-2, 4
Non-zero exit status: 255
Parse errors: No plan found in TAP output
t/02parser_filter.t (Wstat: 65280 Tests: 4 Failed: 2)
Failed tests: 1, 3
Non-zero exit status: 255
Parse errors: No plan found in TAP output
t/02parser_free.t (Wstat: 65280 Tests: 4 Failed: 2)
Failed tests: 1, 3
Non-zero exit status: 255
Parse errors: No plan found in TAP output
t/02parser_lines.t (Wstat: 65280 Tests: 4 Failed: 2)
Failed tests: 1, 3
Non-zero exit status: 255
Parse errors: No plan found in TAP output
t/02parser_nested.t (Wstat: 65280 Tests: 4 Failed: 2)
Failed tests: 1, 3
Non-zero exit status: 255
Parse errors: No plan found in TAP output
t/02parser_variables.t (Wstat: 65280 Tests: 4 Failed: 2)
Failed tests: 1, 3
Non-zero exit status: 255
Parse errors: No plan found in TAP output
t/03optimizer.t (Wstat: 65280 Tests: 7 Failed: 4)
Failed tests: 1-2, 4, 7
Non-zero exit status: 255
Parse errors: No plan found in TAP output
t/03optimizer_comments.t (Wstat: 65280 Tests: 5 Failed: 2)
Failed tests: 1, 3
Non-zero exit status: 255
Parse errors: No plan found in TAP output
t/04renderer.t (Wstat: 65280 Tests: 0 Failed: 0)
Non-zero exit status: 255
Parse errors: No plan found in TAP output
t/05unpacker.t (Wstat: 1024 Tests: 7 Failed: 4)
Failed tests: 1-2, 4, 7
Non-zero exit status: 4
Files=16, Tests=64, 4 wallclock secs ( 0.04 usr 0.02 sys + 1.49 cusr 0.29 csys = 1.84 CPU)
Result: FAIL
Failed 16/16 test programs. 35/64 subtests failed.
------------------------------
PREREQUISITES
------------------------------
Prerequisite modules loaded:
requires:
Module Need Have
----------------- ---- -------
Clone 0 0.35
Devel::StackTrace 0 1.30
Digest::MD5 0 2.53
File::Slurp 0 9999.19
HTML::Strip 0 1.06
JSON 0 2.90
List::MoreUtils 0 0.33
List::Util 0 1.35
Module::Find 0 0.11
Scalar::Util 0 1.35
URI::Escape 0 3.31
configure_requires:
Module Need Have
----------------- ---- -------
Module::Build 0.38 0.4203
------------------------------
ENVIRONMENT AND OTHER CONTEXT
------------------------------
Environment variables:
AUTOMATED_TESTING = 1
LANG = en_US.UTF-8
LANGUAGE = en_US:en
PATH = /usr/lib/ccache:/home/sand/bin:/usr/local/bin:/usr/bin:/bin:/usr/bin/X11:/usr/games:/usr/local/perl/bin:/usr/X11/bin:/sbin:/usr/sbin
PERL5LIB =
PERL5OPT =
PERL5_CPANPLUS_IS_RUNNING = 26150
PERL5_CPAN_IS_RUNNING = 26150
PERL_MM_USE_DEFAULT = 1
SHELL = /usr/bin/zsh
TERM = screen
Perl special variables (and OS-specific diagnostics, for MSWin32):
$^X = /home/sand/src/perl/repoperls/installed-perls/perl/v5.12.5/127e/bin/perl
$UID/$EUID = 1005 / 1005
$GID = 1005 1005
$EGID = 1005 1005
Perl module toolchain versions installed:
Module Have
------------------- --------
CPAN 2.00
CPAN::Meta 2.132830
Cwd 3.40
ExtUtils::CBuilder 0.280212
ExtUtils::Command 1.16
ExtUtils::Install 1.55
ExtUtils::MakeMaker 6.84
ExtUtils::Manifest 1.60
ExtUtils::ParseXS 3.22
File::Spec 3.40
JSON 2.90
JSON::PP 2.27203
Module::Build 0.4203
Module::Signature 0.73
Parse::CPAN::Meta 1.4409
Test::Harness 3.30
Test::More 1.001002
YAML 0.88
YAML::Syck 1.27
version 0.9904
--
Summary of my perl5 (revision 5 version 12 subversion 5) configuration:
Commit id: 9a9cbd715960a905dcbc9166349a73a64a007e4e
Platform:
osname=linux, osvers=3.11-1-amd64, archname=x86_64-linux-ld
uname='linux k83 3.11-1-amd64 #1 smp debian 3.11.6-2 (2013-11-01) x86_64 gnulinux '
config_args='-Dprefix=/home/sand/src/perl/repoperls/installed-perls/perl/v5.12.5/127e -Dmyhostname=k83 -Dinstallusrbinperl=n -Uversiononly -Dusedevel -des -Ui_db -Uuseithreads -Duselongdouble -DDEBUGGING=-g'
hint=recommended, useposix=true, d_sigaction=define
useithreads=undef, usemultiplicity=undef
useperlio=define, d_sfio=undef, uselargefiles=define, usesocks=undef
use64bitint=define, use64bitall=define, uselongdouble=define
usemymalloc=n, bincompat5005=undef
Compiler:
cc='cc', ccflags ='-fno-strict-aliasing -pipe -fstack-protector -I/usr/local/include -D_LARGEFILE_SOURCE -D_FILE_OFFSET_BITS=64',
optimize='-O2 -g',
cppflags='-fno-strict-aliasing -pipe -fstack-protector -I/usr/local/include'
ccversion='', gccversion='4.8.2', gccosandvers=''
intsize=4, longsize=8, ptrsize=8, doublesize=8, byteorder=12345678
d_longlong=define, longlongsize=8, d_longdbl=define, longdblsize=16
ivtype='long', ivsize=8, nvtype='long double', nvsize=16, Off_t='off_t', lseeksize=8
alignbytes=16, prototype=define
Linker and Libraries:
ld='cc', ldflags =' -fstack-protector -L/usr/local/lib'
libpth=/usr/local/lib /lib/x86_64-linux-gnu /lib/../lib /usr/lib/x86_64-linux-gnu /usr/lib/../lib /lib /usr/lib
libs=-lnsl -lgdbm -ldb -ldl -lm -lcrypt -lutil -lc -lgdbm_compat
perllibs=-lnsl -ldl -lm -lcrypt -lutil -lc
libc=, so=so, useshrplib=false, libperl=libperl.a
gnulibc_version='2.17'
Dynamic Linking:
dlsrc=dl_dlopen.xs, dlext=so, d_dlsymun=undef, ccdlflags='-Wl,-E'
cccdlflags='-fPIC', lddlflags='-shared -O2 -g -L/usr/local/lib -fstack-protector'
Characteristics of this binary (from libperl):
Compile-time options: PERL_DONT_CREATE_GVSV PERL_MALLOC_WRAP PERL_USE_DEVEL
USE_64_BIT_ALL USE_64_BIT_INT USE_LARGE_FILES
USE_LONG_DOUBLE USE_PERLIO USE_PERL_ATOF
Built under linux
Compiled at Nov 9 2013 02:46:55
%ENV:
PERL5LIB=""
PERL5OPT=""
PERL5_CPANPLUS_IS_RUNNING="26150"
PERL5_CPAN_IS_RUNNING="26150"
PERL_MM_USE_DEFAULT="1"
@INC:
/home/sand/src/perl/repoperls/installed-perls/perl/v5.12.5/127e/lib/site_perl/5.12.5/x86_64-linux-ld
/home/sand/src/perl/repoperls/installed-perls/perl/v5.12.5/127e/lib/site_perl/5.12.5
/home/sand/src/perl/repoperls/installed-perls/perl/v5.12.5/127e/lib/5.12.5/x86_64-linux-ld
/home/sand/src/perl/repoperls/installed-perls/perl/v5.12.5/127e/lib/5.12.5
.