Back
From: metabase:user:320bfe00-2aae-11df-837a-5e0a49663a4f
Subject: FAIL Module-Release-2.12 v5.23.8 GNU/Linux
Date: 2016-02-17T16:42:16Z
This distribution has been tested as part of the CPAN Testers
project, supporting the Perl programming language. See
http://wiki.cpantesters.org/ for more information or email
questions to cpan-testers-discuss@perl.org
--
Dear brian d foy,
This is a computer-generated report for Module-Release-2.12
on perl 5.23.8, created by CPAN-Reporter-1.2015.
Thank you for uploading your work to CPAN. However, there was a problem
testing your distribution.
If you think this report is invalid, please consult the CPAN Testers Wiki
for suggestions on how to avoid getting FAIL reports for missing library
or binary dependencies, unsupported operating systems, and so on:
http://wiki.cpantesters.org/wiki/CPANAuthorNotes
Sections of this report:
* Tester comments
* Program output
* Prerequisites
* Environment and other context
------------------------------
TESTER COMMENTS
------------------------------
Additional comments from tester:
this report is from an automated smoke testing program
and was not reviewed by a human for accuracy
------------------------------
PROGRAM OUTPUT
------------------------------
Output from '/usr/bin/make test':
"/tmp/basesmoker-reloperl-85FQ/bin/perl" "-MTest::Manifest" "-e" "run_t_manifest(0, 'blib/lib', 'blib/arch', )"
t/load.t ..................... ok
t/compile.t .................. ok
t/pod.t ...................... ok
t/pod_coverage.t ............. ok
t/abstract.t ................. ok
t/new.t ...................... ok
t/defaults.t ................. ok
t/no_releaserc_can_die.t ..... ok
t/output.t ................... ok
t/make_targets.t ............. ok
# Failed test 'Three-part development version string with leading 'v''
# at t/dist_version.t line 104.
# got: 'v3.451.0'
# expected: 'v3.45_1'
# Failed test 'Four-part development version string with no leading 'v''
# at t/dist_version.t line 104.
# got: 'v3.45.11'
# expected: 'v3.45.1_1'
# Looks like you failed 2 tests of 13.
# Failed test 'three part versions'
# at t/dist_version.t line 106.
# Looks like you failed 1 test of 6.
t/dist_version.t .............
Dubious, test returned 1 (wstat 256, 0x100)
Failed 1/6 subtests
perls are [/tmp/basesmoker-reloperl-85FQ/bin/perl]
perls are [/tmp/basesmoker-reloperl-85FQ/bin/perl]
Testing with 1 versions of perl
perls are []
perls are []
Testing with 0 versions of perl
perls are [/tmp/basesmoker-reloperl-85FQ/bin/perl]
perls are [/tmp/basesmoker-reloperl-85FQ/bin/perl]
Testing with 1 versions of perl
perls are [/tmp/basesmoker-reloperl-85FQ/bin/perl]
perls are [/tmp/basesmoker-reloperl-85FQ/bin/perl]
Testing with 1 versions of perl
perls are [/tmp/basesmoker-reloperl-85FQ/bin/perl]
perls are [/tmp/basesmoker-reloperl-85FQ/bin/perl]
Testing with 1 versions of perl
perls are [/tmp/basesmoker-reloperl-85FQ/bin/perl]
perls are [/tmp/basesmoker-reloperl-85FQ/bin/perl]
Testing with 1 versions of perl
perls are []
perls are []
Testing with 0 versions of perl
perls are []
perls are []
Testing with 0 versions of perl
perls are [/tmp/basesmoker-reloperl-85FQ/bin/perl]
perls are [/tmp/basesmoker-reloperl-85FQ/bin/perl]
Testing with 1 versions of perl
t/perls.t .................... ok
t/mixins.t ................... ok
t/touch.t .................... ok
t/touch-utime-fails.t ........ ok
t/manifest.t ................. ok
t/run.t ...................... ok
t/kwalitee/check_kwalitee.t .. ok
t/without.t .................. ok
Test Summary Report
-------------------
t/dist_version.t (Wstat: 256 Tests: 6 Failed: 1)
Failed test: 6
Non-zero exit status: 1
Files=19, Tests=371, 1 wallclock secs ( 0.05 usr 0.07 sys + 0.88 cusr 0.26 csys = 1.26 CPU)
Result: FAIL
Failed 1/19 test programs. 1/371 subtests failed.
Makefile:950: recipe for target 'test_dynamic' failed
make: *** [test_dynamic] Error 255
------------------------------
PREREQUISITES
------------------------------
Prerequisite modules loaded:
requires:
Module Need Have
--------------------- ----- ------------
CACertOrg::CA 0 20110724.004
ConfigReader::Simple 0 1.29
IO::Null 0 1.01
Mojolicious 4.50 6.46
perl 5.010 5.023008
URI 0 1.71
build_requires:
Module Need Have
--------------------- ----- ------------
Test::More 0.95 1.001014
Test::Output 0 1.03
Test::Without::Module 0 0.18
configure_requires:
Module Need Have
--------------------- ----- ------------
ExtUtils::MakeMaker 6.64 7.10_01
File::Spec::Functions 0 3.63
------------------------------
ENVIRONMENT AND OTHER CONTEXT
------------------------------
Environment variables:
AUTOMATED_TESTING = 1
LANG = C
PATH = /usr/lib/ccache:/home/sand/bin:/usr/local/bin:/usr/bin:/bin:/usr/games:/usr/local/perl/bin:/usr/X11/bin:/sbin:/usr/sbin
PERL5LIB =
PERL5OPT =
PERL5_CPANPLUS_IS_RUNNING = 4937
PERL5_CPAN_IS_RUNNING = 4937
PERL_MM_USE_DEFAULT = 1
SHELL = /usr/bin/zsh
TERM = screen
Perl special variables (and OS-specific diagnostics, for MSWin32):
$^X = /tmp/basesmoker-reloperl-85FQ/bin/perl
$UID/$EUID = 1005 / 1005
$GID = 1005 1005
$EGID = 1005 1005
Perl module toolchain versions installed:
Module Have
------------------- --------
CPAN 2.12
CPAN::Meta 2.150005
Cwd 3.63
ExtUtils::CBuilder 0.280225
ExtUtils::Command 7.10
ExtUtils::Install 2.04
ExtUtils::MakeMaker 7.10_01
ExtUtils::Manifest 1.70
ExtUtils::ParseXS 3.31
File::Spec 3.63
JSON 2.90
JSON::PP 2.27300
Module::Build 0.4216
Module::Signature 0.79
Parse::CPAN::Meta 1.4417
Test::Harness 3.36
Test::More 1.001014
YAML 1.15
YAML::Syck 1.29
version 0.9913
--
Summary of my perl5 (revision 5 version 23 subversion 8) configuration:
Commit id: 856d91b3be3773bade9513292a31e4c032f5f6a1
Platform:
osname=linux, osvers=4.3.0-1-amd64, archname=x86_64-linux
uname='linux k93x64sid 4.3.0-1-amd64 #1 smp debian 4.3.5-1 (2016-02-06) x86_64 gnulinux '
config_args='-Dprefix=/home/sand/src/perl/repoperls/installed-perls/host/k93x64sid/v5.23.7-391-g856d91b/29a8 -Dmyhostname=k93x64sid -Dinstallusrbinperl=n -Uversiononly -Dusedevel -des -Ui_db -Dlibswanted=cl pthread socket inet nsl gdbm dbm malloc dl ld sun m crypt sec util c cposix posix ucb BSD gdbm_compat -Uuseithreads -Uuselongdouble -DDEBUGGING=-g'
hint=recommended, useposix=true, d_sigaction=define
useithreads=undef, usemultiplicity=undef
use64bitint=define, use64bitall=define, uselongdouble=undef
usemymalloc=n, bincompat5005=undef
Compiler:
cc='cc', ccflags ='-fwrapv -fno-strict-aliasing -pipe -fstack-protector-strong -I/usr/local/include -D_LARGEFILE_SOURCE -D_FILE_OFFSET_BITS=64 -D_FORTIFY_SOURCE=2',
optimize='-O2 -g',
cppflags='-fwrapv -fno-strict-aliasing -pipe -fstack-protector-strong -I/usr/local/include'
ccversion='', gccversion='5.3.1 20160205', gccosandvers=''
intsize=4, longsize=8, ptrsize=8, doublesize=8, byteorder=12345678, doublekind=3
d_longlong=define, longlongsize=8, d_longdbl=define, longdblsize=16, longdblkind=3
ivtype='long', ivsize=8, nvtype='double', nvsize=8, Off_t='off_t', lseeksize=8
alignbytes=8, prototype=define
Linker and Libraries:
ld='cc', ldflags =' -fstack-protector-strong -L/usr/local/lib'
libpth=/usr/local/lib /usr/lib/gcc/x86_64-linux-gnu/5/include-fixed /usr/include/x86_64-linux-gnu /usr/lib /lib/x86_64-linux-gnu /lib/../lib /usr/lib/x86_64-linux-gnu /usr/lib/../lib /lib
libs=-lpthread -lnsl -ldl -lm -lcrypt -lutil -lc
perllibs=-lpthread -lnsl -ldl -lm -lcrypt -lutil -lc
libc=libc-2.21.so, so=so, useshrplib=false, libperl=libperl.a
gnulibc_version='2.21'
Dynamic Linking:
dlsrc=dl_dlopen.xs, dlext=so, d_dlsymun=undef, ccdlflags='-Wl,-E'
cccdlflags='-fPIC', lddlflags='-shared -O2 -g -L/usr/local/lib -fstack-protector-strong'
Characteristics of this binary (from libperl):
Compile-time options: HAS_TIMES PERLIO_LAYERS PERL_COPY_ON_WRITE
PERL_DONT_CREATE_GVSV
PERL_HASH_FUNC_ONE_AT_A_TIME_HARD PERL_MALLOC_WRAP
PERL_PRESERVE_IVUV PERL_USE_DEVEL USE_64_BIT_ALL
USE_64_BIT_INT USE_LARGE_FILES USE_LOCALE
USE_LOCALE_COLLATE USE_LOCALE_CTYPE
USE_LOCALE_NUMERIC USE_LOCALE_TIME USE_PERLIO
USE_PERL_ATOF
Built under linux
Compiled at Feb 16 2016 22:56:41
%ENV:
PERL5LIB=""
PERL5OPT=""
PERL5_CPANPLUS_IS_RUNNING="4937"
PERL5_CPAN_IS_RUNNING="4937"
PERL_MM_USE_DEFAULT="1"
@INC:
/home/sand/src/perl/repoperls/installed-perls/host/k93x64sid/v5.23.7-391-g856d91b/29a8/lib/site_perl/5.23.8/x86_64-linux
/home/sand/src/perl/repoperls/installed-perls/host/k93x64sid/v5.23.7-391-g856d91b/29a8/lib/site_perl/5.23.8
/home/sand/src/perl/repoperls/installed-perls/host/k93x64sid/v5.23.7-391-g856d91b/29a8/lib/5.23.8/x86_64-linux
/home/sand/src/perl/repoperls/installed-perls/host/k93x64sid/v5.23.7-391-g856d91b/29a8/lib/5.23.8
.