Report for Inline-0.53

Back
From: metabase:user:320bfe00-2aae-11df-837a-5e0a49663a4f
Subject: FAIL Inline-0.53 v5.17.6 GNU/Linux
Date: 2013-05-15T21:14:13Z

This distribution has been tested as part of the CPAN Testers
project, supporting the Perl programming language.  See
http://wiki.cpantesters.org/ for more information or email
questions to cpan-testers-discuss@perl.org


--
Dear Sisyphus,

This is a computer-generated report for Inline-0.53
on perl 5.17.6, created by CPAN-Reporter-1.2006.

Thank you for uploading your work to CPAN.  However, there was a problem
testing your distribution.

If you think this report is invalid, please consult the CPAN Testers Wiki
for suggestions on how to avoid getting FAIL reports for missing library
or binary dependencies, unsupported operating systems, and so on:

http://wiki.cpantesters.org/wiki/CPANAuthorNotes

Sections of this report:

    * Tester comments
    * Program output
    * Prerequisites
    * Environment and other context

------------------------------
TESTER COMMENTS
------------------------------

Additional comments from tester:

this report is from an automated smoke testing program
and was not reviewed by a human for accuracy

------------------------------
PROGRAM OUTPUT
------------------------------

Output from '/usr/bin/make test':

make[1]: Entering directory `/tmp/loop_over_bdir-5002-l4KZq6/Inline-0.53-v7EcXG/C'
make[1]: Leaving directory `/tmp/loop_over_bdir-5002-l4KZq6/Inline-0.53-v7EcXG/C'
PERL_DL_NONLAZY=1 /home/sand/src/perl/repoperls/installed-perls/perl/v5.17.5-517-g867b16b/9980/bin/perl "-MExtUtils::Command::MM" "-e" "test_harness(0, 'blib/lib', 'blib/arch')" t/*.t
t/00init.t ............. ok
t/01usages.t ........... ok
t/02config.t ........... ok
t/03errors.t ........... ok
t/04create.t ........... ok
Skipping - couldn't load the Inline::Files module
t/05files.t ............ ok
t/06rewrite_config.t ... ok
t/07rewrite2_config.t .. ok
All tests successful.
Files=8, Tests=19, 14 wallclock secs ( 0.04 usr  0.02 sys +  0.88 cusr  0.16 csys =  1.10 CPU)
Result: PASS
make[1]: Entering directory `/tmp/loop_over_bdir-5002-l4KZq6/Inline-0.53-v7EcXG/C'
PERL_DL_NONLAZY=1 /home/sand/src/perl/repoperls/installed-perls/perl/v5.17.5-517-g867b16b/9980/bin/perl "-MExtUtils::Command::MM" "-e" "test_harness(0, '../blib/lib', '../blib/arch')" t/*.t
t/00init.t .............. ok
t/01syntax.t ............ ok
t/02config.t ............ ok
t/03typemap.t ........... ok
t/04perlapi.t ........... ok
t/05xsmode.t ............ ok
t/06parseregexp.t ....... ok
t/07typemap_multi.t ..... ok
t/08taint.t ............. ok

This test could take a couple of minutes to run
t/09parser.t ............ ok
t/10callback.t .......... ok
t/11default_readonly.t .. ok
Skipped - applies only to perl 5.6.x
t/12taint_old.t ......... ok
t/14void_arg.t .......... ok
t/15ccflags.t ........... ok
t/16ccflagsex.t ......... ok
t/17prehead.t ........... ok
t/18quote_space.t ....... ok
t/19INC.t ............... ok
t/20eval.t .............. ok
make[2]: Entering directory `/home/sand/.Inline/build/_21read_DATA_t_9060e8d'
/home/sand/src/perl/repoperls/installed-perls/perl/v5.17.5-517-g867b16b/a2da/bin/perl /home/src/perl/repoperls/installed-perls/perl/v5.17.5-517-g867b16b/a2da/lib/5.17.6/ExtUtils/xsubpp  -typemap "/home/src/perl/repoperls/installed-perls/perl/v5.17.5-517-g867b16b/a2da/lib/5.17.6/ExtUtils/typemap" -typemap "/tmp/loop_over_bdir-5006-l4KZq6/Inline-0.53-SfLqR2/C/t/typemap"   _21read_DATA_t_9060e8d.xs > _21read_DATA_t_9060e8d.xsc && mv _21read_DATA_t_9060e8d.xsc _21read_DATA_t_9060e8d.c
mv: cannot move ‘_21read_DATA_t_9060e8d.xsc’ to ‘_21read_DATA_t_9060e8d.c’: No such file or directory
make[2]: *** [_21read_DATA_t_9060e8d.c] Error 1
make[2]: Leaving directory `/home/sand/.Inline/build/_21read_DATA_t_9060e8d'

A problem was encountered while attempting to compile and install your Inline
C code. The command that failed was:
  make > out.make 2>&1

The build directory was:
/home/sand/.Inline/build/_21read_DATA_t_9060e8d

To debug the problem, cd to the build directory, and inspect the output files.

 at t/21read_DATA.t line 0.
	...propagated at ../blib/lib/Inline/C.pm line 772.
INIT failed--call queue aborted.
t/21read_DATA.t ......... 
Dubious, test returned 2 (wstat 512, 0x200)
No subtests run 
t/22read_DATA_2.t ....... ok
t/23validate.t .......... ok

Test Summary Report
-------------------
t/21read_DATA.t       (Wstat: 512 Tests: 0 Failed: 0)
  Non-zero exit status: 2
  Parse errors: No plan found in TAP output
Files=23, Tests=70, 103 wallclock secs ( 0.07 usr  0.02 sys + 29.73 cusr  5.62 csys = 35.44 CPU)
Result: FAIL
Failed 1/23 test programs. 0/70 subtests failed.
make[1]: *** [test_dynamic] Error 255
make[1]: Leaving directory `/tmp/loop_over_bdir-5002-l4KZq6/Inline-0.53-v7EcXG/C'
make: *** [subdirs-test] Error 2

------------------------------
PREREQUISITES
------------------------------

Prerequisite modules loaded:

requires:

    Module              Need Have    
    ------------------- ---- --------
    Data::Dumper        2.09 2.137   
    Digest::MD5         2.09 2.52    
    File::Spec          0.8  3.39_02 
    Parse::RecDescent   1.8  1.967009
    Test::Warn          0.23 0.24    

build_requires:

    Module              Need Have    
    ------------------- ---- --------
    ExtUtils::MakeMaker 0    6.63_02 


------------------------------
ENVIRONMENT AND OTHER CONTEXT
------------------------------

Environment variables:

    AUTOMATED_TESTING = 1
    LANG = en_US.UTF-8
    LANGUAGE = en_US:en
    PATH = /usr/lib/ccache:/home/sand/bin:/usr/local/bin:/usr/bin:/bin:/usr/bin/X11:/usr/games:/usr/local/perl/bin:/usr/X11/bin:/sbin:/usr/sbin
    PERL5LIB = 
    PERL5OPT = 
    PERL5_CPANPLUS_IS_RUNNING = 5004
    PERL5_CPAN_IS_RUNNING = 5004
    PERL_MM_USE_DEFAULT = 1
    SHELL = /usr/bin/zsh
    TERM = screen

Perl special variables (and OS-specific diagnostics, for MSWin32):

    $^X = /home/sand/src/perl/repoperls/installed-perls/perl/v5.17.5-517-g867b16b/9980/bin/perl
    $UID/$EUID = 1005 / 1005
    $GID = 1005 1005
    $EGID = 1005 1005

Perl module toolchain versions installed:

    Module              Have    
    ------------------- --------
    CPAN                1.9800  
    CPAN::Meta          2.120921
    Cwd                 3.39_02 
    ExtUtils::CBuilder  0.280209
    ExtUtils::Command   1.17    
    ExtUtils::Install   1.58    
    ExtUtils::MakeMaker 6.63_02 
    ExtUtils::Manifest  1.62    
    ExtUtils::ParseXS   3.18    
    File::Spec          3.39_02 
    JSON                2.53    
    JSON::PP            2.27200 
    Module::Build       0.4003  
    Module::Signature   0.69    
    Parse::CPAN::Meta   1.4404  
    Test::Harness       3.25_01 
    Test::More          0.98    
    YAML                0.84    
    YAML::Syck          1.21    
    version             0.9901  


--

Summary of my perl5 (revision 5 version 17 subversion 6) configuration:
  Commit id: 867b16b50f413adfdb2addcab33ad1d6e61da9d5
  Platform:
    osname=linux, osvers=3.2.0-4-amd64, archname=x86_64-linux-thread-multi
    uname='linux k83 3.2.0-4-amd64 #1 smp debian 3.2.32-1 x86_64 gnulinux '
    config_args='-Dprefix=/home/src/perl/repoperls/installed-perls/perl/v5.17.5-517-g867b16b/9980 -Dmyhostname=k83 -Dinstallusrbinperl=n -Uversiononly -Dusedevel -des -Ui_db -Duseithreads -Uuselongdouble -DDEBUGGING=-g'
    hint=recommended, useposix=true, d_sigaction=define
    useithreads=define, usemultiplicity=define
    useperlio=define, d_sfio=undef, uselargefiles=define, usesocks=undef
    use64bitint=define, use64bitall=define, uselongdouble=undef
    usemymalloc=n, bincompat5005=undef
  Compiler:
    cc='cc', ccflags ='-D_REENTRANT -D_GNU_SOURCE -fno-strict-aliasing -pipe -fstack-protector -I/usr/local/include -D_LARGEFILE_SOURCE -D_FILE_OFFSET_BITS=64',
    optimize='-O2 -g',
    cppflags='-D_REENTRANT -D_GNU_SOURCE -fno-strict-aliasing -pipe -fstack-protector -I/usr/local/include'
    ccversion='', gccversion='4.7.2', gccosandvers=''
    intsize=4, longsize=8, ptrsize=8, doublesize=8, byteorder=12345678
    d_longlong=define, longlongsize=8, d_longdbl=define, longdblsize=16
    ivtype='long', ivsize=8, nvtype='double', nvsize=8, Off_t='off_t', lseeksize=8
    alignbytes=8, prototype=define
  Linker and Libraries:
    ld='cc', ldflags =' -fstack-protector -L/usr/local/lib'
    libpth=/usr/local/lib /lib/x86_64-linux-gnu /lib/../lib /usr/lib/x86_64-linux-gnu /usr/lib/../lib /lib /usr/lib
    libs=-lnsl -ldb -ldl -lm -lcrypt -lutil -lpthread -lc
    perllibs=-lnsl -ldl -lm -lcrypt -lutil -lpthread -lc
    libc=, so=so, useshrplib=false, libperl=libperl.a
    gnulibc_version='2.13'
  Dynamic Linking:
    dlsrc=dl_dlopen.xs, dlext=so, d_dlsymun=undef, ccdlflags='-Wl,-E'
    cccdlflags='-fPIC', lddlflags='-shared -O2 -g -L/usr/local/lib -fstack-protector'


Characteristics of this binary (from libperl): 
  Compile-time options: HAS_TIMES MULTIPLICITY PERLIO_LAYERS
                        PERL_DONT_CREATE_GVSV PERL_IMPLICIT_CONTEXT
                        PERL_MALLOC_WRAP PERL_PRESERVE_IVUV PERL_USE_DEVEL
                        USE_64_BIT_ALL USE_64_BIT_INT USE_ITHREADS
                        USE_LARGE_FILES USE_LOCALE USE_LOCALE_COLLATE
                        USE_LOCALE_CTYPE USE_LOCALE_NUMERIC USE_PERLIO
                        USE_PERL_ATOF USE_REENTRANT_API
  Built under linux
  Compiled at Nov 17 2012 19:21:06
  %ENV:
    PERL5LIB=""
    PERL5OPT=""
    PERL5_CPANPLUS_IS_RUNNING="5004"
    PERL5_CPAN_IS_RUNNING="5004"
    PERL_MM_USE_DEFAULT="1"
  @INC:
    /home/src/perl/repoperls/installed-perls/perl/v5.17.5-517-g867b16b/9980/lib/site_perl/5.17.6/x86_64-linux-thread-multi
    /home/src/perl/repoperls/installed-perls/perl/v5.17.5-517-g867b16b/9980/lib/site_perl/5.17.6
    /home/src/perl/repoperls/installed-perls/perl/v5.17.5-517-g867b16b/9980/lib/5.17.6/x86_64-linux-thread-multi
    /home/src/perl/repoperls/installed-perls/perl/v5.17.5-517-g867b16b/9980/lib/5.17.6
    .