Report for POE-Component-YubiAuth-0.08

Back
From: metabase:user:314402c4-2aae-11df-837a-5e0a49663a4f
Subject: FAIL POE-Component-YubiAuth-0.08 v5.8.9 FreeBSD
Date: 2015-11-28T16:18:55Z

This distribution has been tested as part of the CPAN Testers
project, supporting the Perl programming language.  See
http://wiki.cpantesters.org/ for more information or email
questions to cpan-testers-discuss@perl.org


--
Dear Kirill Miazine,

This is a computer-generated report for POE-Component-YubiAuth-0.08
on perl 5.8.9, created by CPAN-Reporter-1.2015.

Thank you for uploading your work to CPAN.  However, there was a problem
testing your distribution.

If you think this report is invalid, please consult the CPAN Testers Wiki
for suggestions on how to avoid getting FAIL reports for missing library
or binary dependencies, unsupported operating systems, and so on:

http://wiki.cpantesters.org/wiki/CPANAuthorNotes

Sections of this report:

    * Tester comments
    * Program output
    * Prerequisites
    * Environment and other context

------------------------------
TESTER COMMENTS
------------------------------

Additional comments from tester:

none provided

------------------------------
PROGRAM OUTPUT
------------------------------

Output from '/usr/bin/make test':

PERL_DL_NONLAZY=1 "/usr/perl5.8.9/bin/perl" "-MExtUtils::Command::MM" "-MTest::Harness" "-e" "undef *Test::Harness::Switches; test_harness(0, 'blib/lib', 'blib/arch')" t/*.t

#   Failed test 'use POE::Component::YubiAuth;'
#   at t/00-load.t line 6.
#     Tried to use 'POE::Component::YubiAuth'.
#     Error:  Can't locate feature.pm in @INC (@INC contains: /usr/home/eserte/.cpan/build/2015112815/POE-Component-YubiAuth-0.08-YICV9A/blib/lib /usr/home/eserte/.cpan/build/2015112815/POE-Component-YubiAuth-0.08-YICV9A/blib/arch /home/eserte/.cpan/build/2015112815/POE-Component-SASLAuthd-0.04-sMMTut/blib/arch /home/eserte/.cpan/build/2015112815/POE-Component-SASLAuthd-0.04-sMMTut/blib/lib /home/eserte/.cpan/build/2015112815/Exim-SpoolMessage-0.05-ZeuCJc/blib/arch /home/eserte/.cpan/build/2015112815/Exim-SpoolMessage-0.05-ZeuCJc/blib/lib /home/eserte/.cpan/build/2015112815/Acme-EvilLicense-0.03-J0Nujn/blib/arch /home/eserte/.cpan/build/2015112815/Acme-EvilLicense-0.03-J0Nujn/blib/lib /home/eserte/.cpan/build/2015112815/WebService-SetlistFM-0.04-GdQOU7/blib/arch /home/eserte/.cpan/build/2015112815/WebService-SetlistFM-0.04-GdQOU7/blib/lib /home/eserte/.cpan/build/2015112815/Locale-Wolowitz-1.003000-5cAIKs/blib/arch /home/eserte/.cpan/build/2015112815/Locale-Wolowitz-1.003000-5cAIKs/blib/lib /home/eserte/.cpan/build/2015112815/POE-Component-SASLAuthd-0.04-sMMTut/blib/arch /home/eserte/.cpan/build/2015112815/POE-Component-SASLAuthd-0.04-sMMTut/blib/lib /home/eserte/.cpan/build/2015112815/Exim-SpoolMessage-0.05-ZeuCJc/blib/arch /home/eserte/.cpan/build/2015112815/Exim-SpoolMessage-0.05-ZeuCJc/blib/lib /home/eserte/.cpan/build/2015112815/Acme-EvilLicense-0.03-J0Nujn/blib/arch /home/eserte/.cpan/build/2015112815/Acme-EvilLicense-0.03-J0Nujn/blib/lib /home/eserte/.cpan/build/2015112815/WebService-SetlistFM-0.04-GdQOU7/blib/arch /home/eserte/.cpan/build/2015112815/WebService-SetlistFM-0.04-GdQOU7/blib/lib /home/eserte/.cpan/build/2015112815/Locale-Wolowitz-1.003000-5cAIKs/blib/arch /home/eserte/.cpan/build/2015112815/Locale-Wolowitz-1.003000-5cAIKs/blib/lib /usr/perl5.8.9/lib/5.8.9/amd64-freebsd /usr/perl5.8.9/lib/5.8.9 /usr/perl5.8.9/lib/site_perl/5.8.9/amd64-freebsd /usr/perl5.8.9/lib/site_perl/5.8.9) at /usr/home/eserte/.cpan/build/2015112815/POE-Component-YubiAuth-0.08-YICV9A/blib/lib/POE/Component/YubiAuth.pm line 3.
# BEGIN failed--compilation aborted at /usr/home/eserte/.cpan/build/2015112815/POE-Component-YubiAuth-0.08-YICV9A/blib/lib/POE/Component/YubiAuth.pm line 3.
# Compilation failed in require at t/00-load.t line 6.
# BEGIN failed--compilation aborted at t/00-load.t line 6.
# Testing POE::Component::YubiAuth , Perl 5.008009, /usr/perl5.8.9/bin/perl
# Looks like you failed 1 test of 1.
t/00-load.t ....... 
Dubious, test returned 1 (wstat 256, 0x100)
Failed 1/1 subtests 

#   Failed test 'Pod coverage on POE::Component::YubiAuth'
#   at /usr/perl5.8.9/lib/site_perl/5.8.9/Test/Pod/Coverage.pm line 133.
# POE::Component::YubiAuth: requiring 'POE::Component::YubiAuth' failed
# Looks like you failed 1 test of 1.
t/pod-coverage.t .. 
Dubious, test returned 1 (wstat 256, 0x100)
Failed 1/1 subtests 
t/pod.t ........... ok

Test Summary Report
-------------------
t/00-load.t     (Wstat: 256 Tests: 1 Failed: 1)
  Failed test:  1
  Non-zero exit status: 1
t/pod-coverage.t (Wstat: 256 Tests: 1 Failed: 1)
  Failed test:  1
  Non-zero exit status: 1
Files=3, Tests=3,  1 wallclock secs ( 0.08 usr  0.02 sys +  0.32 cusr  0.09 csys =  0.50 CPU)
Result: FAIL
Failed 2/3 test programs. 2/3 subtests failed.
*** [test_dynamic] Error code 255

Stop in /usr/home/eserte/.cpan/build/2015112815/POE-Component-YubiAuth-0.08-YICV9A.

------------------------------
PREREQUISITES
------------------------------

Prerequisite modules loaded:

requires:

    Module                       Need Have    
    ---------------------------- ---- --------
    Digest::HMAC_SHA1            0    1.03    
    HTTP::Request                0    6.11    
    List::Util                   0    1.42    
    POE::Component::Client::HTTP 0    0.949   
    POE::Session                 0    1.367   
    String::Random               0    0.28    
    Test::More                   0    1.001014

build_requires:

    Module                       Need Have    
    ---------------------------- ---- --------
    ExtUtils::MakeMaker          0    7.10    

configure_requires:

    Module                       Need Have    
    ---------------------------- ---- --------
    ExtUtils::MakeMaker          0    7.10    


------------------------------
ENVIRONMENT AND OTHER CONTEXT
------------------------------

Environment variables:

    LC_ALL = de_DE.ISO8859-1
    PATH = /usr/local/bin:/usr/bin:/bin:/usr/local/sbin:/usr/sbin:/sbin:/home/cpansand/bin/freebsd9.3:/home/cpansand/bin/sh:/home/cpansand/bin:/usr/games:/home/cpansand/devel:/usr/home/eserte/src/srezic-misc/scripts
    PERL5LIB = /home/eserte/.cpan/build/2015112815/POE-Component-SASLAuthd-0.04-sMMTut/blib/arch:/home/eserte/.cpan/build/2015112815/POE-Component-SASLAuthd-0.04-sMMTut/blib/lib:/home/eserte/.cpan/build/2015112815/Exim-SpoolMessage-0.05-ZeuCJc/blib/arch:/home/eserte/.cpan/build/2015112815/Exim-SpoolMessage-0.05-ZeuCJc/blib/lib:/home/eserte/.cpan/build/2015112815/Acme-EvilLicense-0.03-J0Nujn/blib/arch:/home/eserte/.cpan/build/2015112815/Acme-EvilLicense-0.03-J0Nujn/blib/lib:/home/eserte/.cpan/build/2015112815/WebService-SetlistFM-0.04-GdQOU7/blib/arch:/home/eserte/.cpan/build/2015112815/WebService-SetlistFM-0.04-GdQOU7/blib/lib:/home/eserte/.cpan/build/2015112815/Locale-Wolowitz-1.003000-5cAIKs/blib/arch:/home/eserte/.cpan/build/2015112815/Locale-Wolowitz-1.003000-5cAIKs/blib/lib
    PERL5OPT = 
    PERL5_CPANPLUS_IS_RUNNING = 62868
    PERL5_CPAN_IS_RUNNING = 62868
    PERL5_CPAN_IS_RUNNING_IN_RECURSION = 62814,62868
    PERLDOC = -MPod::Perldoc::ToTextOverstrike
    PERL_BATCH = yes
    PERL_CANARY_STABILITY_NOPROMPT = 1
    PERL_CPAN_REPORTER_CONFIG = /var/tmp/cpansmoker-1023/2015112815/cpanreporter_000_config.ini
    PERL_EXTUTILS_AUTOINSTALL = --defaultdeps
    SHELL = /usr/local/bin/zsh
    TERM = screen
    TMPDIR = /var/tmp/cpansmoker-1023/2015112815

Perl special variables (and OS-specific diagnostics, for MSWin32):

    $^X = /usr/perl5.8.9/bin/perl5.8.9
    $UID/$EUID = 1023 / 1023
    $GID = 1023 1023
    $EGID = 1023 1023

Perl module toolchain versions installed:

    Module              Have    
    ------------------- --------
    CPAN                2.10    
    CPAN::Meta          2.150001
    Cwd                 3.60    
    ExtUtils::CBuilder  0.280224
    ExtUtils::Command   7.10    
    ExtUtils::Install   2.04    
    ExtUtils::MakeMaker 7.10    
    ExtUtils::Manifest  1.69    
    ExtUtils::ParseXS   3.30    
    File::Spec          3.60    
    JSON                2.90    
    JSON::PP            2.27203 
    Module::Build       0.4214  
    Module::Signature   0.79    
    Parse::CPAN::Meta   1.4414  
    Test::Harness       3.35    
    Test::More          1.001014
    YAML                1.15    
    YAML::Syck          1.29    
    version             0.9912  


--

Summary of my perl5 (revision 5 version 8 subversion 9) configuration:
  Platform:
    osname=freebsd, osvers=9.2-release-p4, archname=amd64-freebsd
    uname='freebsd cvrsnica-freebsd-92 9.2-release-p4 freebsd 9.2-release-p4 #0: tue apr 8 18:08:22 utc 2014 root@amd64-builder.daemonology.net:usrobjusrsrcsysgeneric amd64 '
    config_args='-ds -e -Dprefix=/usr/perl5.8.9'
    hint=recommended, useposix=true, d_sigaction=define
    usethreads=undef use5005threads=undef useithreads=undef usemultiplicity=undef
    useperlio=define d_sfio=undef uselargefiles=define usesocks=undef
    use64bitint=define use64bitall=define uselongdouble=undef
    usemymalloc=n, bincompat5005=undef
  Compiler:
    cc='cc', ccflags ='-DHAS_FPSETMASK -DHAS_FLOATINGPOINT_H -fno-strict-aliasing -pipe -I/usr/local/include',
    optimize='-O',
    cppflags='-DHAS_FPSETMASK -DHAS_FLOATINGPOINT_H -fno-strict-aliasing -pipe -I/usr/local/include'
    ccversion='', gccversion='4.2.1 20070831 patched [FreeBSD]', gccosandvers=''
    intsize=4, longsize=8, ptrsize=8, doublesize=8, byteorder=12345678
    d_longlong=define, longlongsize=8, d_longdbl=define, longdblsize=16
    ivtype='long', ivsize=8, nvtype='double', nvsize=8, Off_t='off_t', lseeksize=8
    alignbytes=8, prototype=define
  Linker and Libraries:
    ld='cc', ldflags ='-Wl,-E  -L/usr/local/lib'
    libpth=/usr/lib /usr/local/lib
    libs=-lgdbm -lm -lcrypt -lutil -lc
    perllibs=-lm -lcrypt -lutil -lc
    libc=, so=so, useshrplib=false, libperl=libperl.a
    gnulibc_version=''
  Dynamic Linking:
    dlsrc=dl_dlopen.xs, dlext=so, d_dlsymun=undef, ccdlflags=' '
    cccdlflags='-DPIC -fPIC', lddlflags='-shared  -L/usr/local/lib'


Characteristics of this binary (from libperl): 
  Compile-time options: PERL_MALLOC_WRAP USE_64_BIT_ALL USE_64_BIT_INT
                        USE_FAST_STDIO USE_LARGE_FILES USE_PERLIO
  Built under freebsd
  Compiled at May 15 2014 22:27:57
  %ENV:
    PERL5LIB="/home/eserte/.cpan/build/2015112815/POE-Component-SASLAuthd-0.04-sMMTut/blib/arch:/home/eserte/.cpan/build/2015112815/POE-Component-SASLAuthd-0.04-sMMTut/blib/lib:/home/eserte/.cpan/build/2015112815/Exim-SpoolMessage-0.05-ZeuCJc/blib/arch:/home/eserte/.cpan/build/2015112815/Exim-SpoolMessage-0.05-ZeuCJc/blib/lib:/home/eserte/.cpan/build/2015112815/Acme-EvilLicense-0.03-J0Nujn/blib/arch:/home/eserte/.cpan/build/2015112815/Acme-EvilLicense-0.03-J0Nujn/blib/lib:/home/eserte/.cpan/build/2015112815/WebService-SetlistFM-0.04-GdQOU7/blib/arch:/home/eserte/.cpan/build/2015112815/WebService-SetlistFM-0.04-GdQOU7/blib/lib:/home/eserte/.cpan/build/2015112815/Locale-Wolowitz-1.003000-5cAIKs/blib/arch:/home/eserte/.cpan/build/2015112815/Locale-Wolowitz-1.003000-5cAIKs/blib/lib"
    PERL5OPT=""
    PERL5_CPANPLUS_IS_RUNNING="62868"
    PERL5_CPAN_IS_RUNNING="62868"
    PERL5_CPAN_IS_RUNNING_IN_RECURSION="62814,62868"
    PERLDOC="-MPod::Perldoc::ToTextOverstrike"
    PERL_BATCH="yes"
    PERL_CANARY_STABILITY_NOPROMPT="1"
    PERL_CPAN_REPORTER_CONFIG="/var/tmp/cpansmoker-1023/2015112815/cpanreporter_000_config.ini"
    PERL_EXTUTILS_AUTOINSTALL="--defaultdeps"
  @INC:
    /home/eserte/.cpan/build/2015112815/POE-Component-SASLAuthd-0.04-sMMTut/blib/arch
    /home/eserte/.cpan/build/2015112815/POE-Component-SASLAuthd-0.04-sMMTut/blib/lib
    /home/eserte/.cpan/build/2015112815/Exim-SpoolMessage-0.05-ZeuCJc/blib/arch
    /home/eserte/.cpan/build/2015112815/Exim-SpoolMessage-0.05-ZeuCJc/blib/lib
    /home/eserte/.cpan/build/2015112815/Acme-EvilLicense-0.03-J0Nujn/blib/arch
    /home/eserte/.cpan/build/2015112815/Acme-EvilLicense-0.03-J0Nujn/blib/lib
    /home/eserte/.cpan/build/2015112815/WebService-SetlistFM-0.04-GdQOU7/blib/arch
    /home/eserte/.cpan/build/2015112815/WebService-SetlistFM-0.04-GdQOU7/blib/lib
    /home/eserte/.cpan/build/2015112815/Locale-Wolowitz-1.003000-5cAIKs/blib/arch
    /home/eserte/.cpan/build/2015112815/Locale-Wolowitz-1.003000-5cAIKs/blib/lib
    /usr/perl5.8.9/lib/5.8.9/amd64-freebsd
    /usr/perl5.8.9/lib/5.8.9
    /usr/perl5.8.9/lib/site_perl/5.8.9/amd64-freebsd
    /usr/perl5.8.9/lib/site_perl/5.8.9
    .