Report for VolSurface-Calibration-Equities-0.02

Back
From: metabase:user:320bfe00-2aae-11df-837a-5e0a49663a4f
Subject: FAIL VolSurface-Calibration-Equities-0.02 v5.23.3 GNU/Linux
Date: 2015-10-26T07:56:35Z

This distribution has been tested as part of the CPAN Testers
project, supporting the Perl programming language.  See
http://wiki.cpantesters.org/ for more information or email
questions to cpan-testers-discuss@perl.org


--
Dear Binary.com,

This is a computer-generated report for VolSurface-Calibration-Equities-0.02
on perl 5.23.3, created by CPAN-Reporter-1.2015.

Thank you for uploading your work to CPAN.  However, there was a problem
testing your distribution.

If you think this report is invalid, please consult the CPAN Testers Wiki
for suggestions on how to avoid getting FAIL reports for missing library
or binary dependencies, unsupported operating systems, and so on:

http://wiki.cpantesters.org/wiki/CPANAuthorNotes

Sections of this report:

    * Tester comments
    * Program output
    * Prerequisites
    * Environment and other context

------------------------------
TESTER COMMENTS
------------------------------

Additional comments from tester:

this report is from an automated smoke testing program
and was not reviewed by a human for accuracy

------------------------------
PROGRAM OUTPUT
------------------------------

Output from '/usr/bin/make test':

PERL_DL_NONLAZY=1 "/home/sand/src/perl/repoperls/installed-perls/perl/v5.23.3/7e7a/bin/perl" "-MExtUtils::Command::MM" "-MTest::Harness" "-e" "undef *Test::Harness::Switches; test_harness(0, 'blib/lib', 'blib/arch')" t/*.t
# Testing VolSurface::Calibration::Equities 0.02, Perl 5.023003, /home/sand/src/perl/repoperls/installed-perls/perl/v5.23.3/7e7a/bin/perl
t/00-load.t ....... ok

#   Failed test at t/equities.t line 218.
#          got: '5.30443153953125792'
#     expected: '5.30443153953118'

#   Failed test at t/equities.t line 220.
#          got: '1.88107143471880069'
#     expected: '1.88107143471881'

#   Failed test at t/equities.t line 221.
#          got: '0.219751912673384203'
#     expected: '0.219751912673385'

#   Failed test at t/equities.t line 222.
#          got: '0.149061064029684324'
#     expected: '0.149061064029684'

#   Failed test at t/equities.t line 223.
#          got: '0.187663319441028539'
#     expected: '0.18766331944103'

#   Failed test at t/equities.t line 224.
#          got: '0.0519890233725907196'
#     expected: '0.0519890233725906'

#   Failed test at t/equities.t line 225.
#          got: '-0.2337190005221533'
#     expected: '-0.233719000522154'

#   Failed test at t/equities.t line 226.
#          got: '19.9889221540813143'
#     expected: '19.9889221540814'

#   Failed test at t/equities.t line 227.
#          got: '-0.11162373556486651'
#     expected: '-0.111623735564867'

#   Failed test at t/equities.t line 228.
#          got: '0.216781456237937903'
#     expected: '0.21678145623794'

#   Failed test at t/equities.t line 229.
#          got: '1.57381209378227232'
#     expected: '1.57381209378229'

#   Failed test at t/equities.t line 230.
#          got: '19.9995540633718495'
#     expected: '19.9995540633721'

#   Failed test at t/equities.t line 231.
#          got: '-0.225674773248131464'
#     expected: '-0.225674773248133'

#   Failed test at t/equities.t line 232.
#          got: '4.98176449317823893'
#     expected: '4.98176449317822'
# Looks like you failed 14 tests of 16.
t/equities.t ...... 
Dubious, test returned 14 (wstat 3584, 0xe00)
Failed 14/16 subtests 
t/manifest.t ...... skipped: Author tests not required for installation

#   Failed test 'Test::Perl::Critic for "blib/lib/VolSurface/Calibration/Equities.pm"'
#   at /home/sand/src/perl/repoperls/installed-perls/perl/v5.23.3/7e7a/lib/site_perl/5.23.3/Test/Perl/Critic.pm line 104.
# 
#   Used module List::MoreUtils at line 28, column 1.  List::MoreUtils is a far more complex distribution than it needs to be. See List::Util or List::UtilsBy for better options.  (Severity: 2)
t/perlcritic.t .... 
Dubious, test returned 1 (wstat 256, 0x100)
Failed 1/1 subtests 
t/pod-coverage.t .. skipped: Author tests not required for installation
t/pod.t ........... skipped: Author tests not required for installation

Test Summary Report
-------------------
t/equities.t    (Wstat: 3584 Tests: 16 Failed: 14)
  Failed tests:  1-14
  Non-zero exit status: 14
t/perlcritic.t  (Wstat: 256 Tests: 1 Failed: 1)
  Failed test:  1
  Non-zero exit status: 1
Files=6, Tests=18, 33 wallclock secs ( 0.02 usr  0.06 sys +  9.90 cusr  1.52 csys = 11.50 CPU)
Result: FAIL
Failed 2/6 test programs. 15/18 subtests failed.
Makefile:852: recipe for target 'test_dynamic' failed
make: *** [test_dynamic] Error 255

------------------------------
PREREQUISITES
------------------------------

Prerequisite modules loaded:

requires:

    Module                Need  Have    
    --------------------- ----- --------
    Date::Utility         0     1.01    
    Format::Util::Numbers 0     0.06    
    List::MoreUtils       0     0.413   
    List::Util            0     1.42_01 
    Math::Trig            0     1.23    
    perl                  5.006 5.023003
    Try::Tiny             0     0.22    

build_requires:

    Module                Need  Have    
    --------------------- ----- --------
    Test::More            0     1.001014

configure_requires:

    Module                Need  Have    
    --------------------- ----- --------
    ExtUtils::MakeMaker   0     7.10    


------------------------------
ENVIRONMENT AND OTHER CONTEXT
------------------------------

Environment variables:

    AUTOMATED_TESTING = 1
    LANG = en_US.UTF-8
    LANGUAGE = en_US:en
    PATH = /home/sand/bin:/usr/local/bin:/usr/bin:/bin:/usr/games:/usr/local/perl/bin:/usr/X11/bin:/sbin:/usr/sbin
    PERL5LIB = 
    PERL5OPT = 
    PERL5_CPANPLUS_IS_RUNNING = 28649
    PERL5_CPAN_IS_RUNNING = 28649
    PERL_MM_USE_DEFAULT = 1
    SHELL = /usr/bin/zsh
    TERM = screen

Perl special variables (and OS-specific diagnostics, for MSWin32):

    $^X = /home/sand/src/perl/repoperls/installed-perls/perl/v5.23.3/7e7a/bin/perl
    $UID/$EUID = 1005 / 1005
    $GID = 1005 1005
    $EGID = 1005 1005

Perl module toolchain versions installed:

    Module              Have    
    ------------------- --------
    CPAN                2.11    
    CPAN::Meta          2.150005
    Cwd                 3.58    
    ExtUtils::CBuilder  0.280224
    ExtUtils::Command   7.10    
    ExtUtils::Install   2.04    
    ExtUtils::MakeMaker 7.10    
    ExtUtils::Manifest  1.70    
    ExtUtils::ParseXS   3.30    
    File::Spec          3.58    
    JSON                2.90    
    JSON::PP            2.27300 
    Module::Build       0.4214  
    Module::Signature   0.79    
    Parse::CPAN::Meta   1.4417  
    Test::Harness       3.35    
    Test::More          1.001014
    YAML                1.15    
    YAML::Syck          1.29    
    version             0.9909  


--

Summary of my perl5 (revision 5 version 23 subversion 3) configuration:
  Commit id: d2c3426b4ccfd6a61af7f4e904f371945d63fdc8
  Platform:
    osname=linux, osvers=4.1.0-2-amd64, archname=x86_64-linux-thread-multi-ld
    uname='linux k83 4.1.0-2-amd64 #1 smp debian 4.1.6-1 (2015-08-23) x86_64 gnulinux '
    config_args='-Dprefix=/home/sand/src/perl/repoperls/installed-perls/perl/v5.23.3/7e7a -Dmyhostname=k83 -Dinstallusrbinperl=n -Uversiononly -Dusedevel -des -Ui_db -Duseithreads -Duselongdouble'
    hint=recommended, useposix=true, d_sigaction=define
    useithreads=define, usemultiplicity=define
    use64bitint=define, use64bitall=define, uselongdouble=define
    usemymalloc=n, bincompat5005=undef
  Compiler:
    cc='cc', ccflags ='-D_REENTRANT -D_GNU_SOURCE -fwrapv -fno-strict-aliasing -pipe -fstack-protector-strong -I/usr/local/include -D_LARGEFILE_SOURCE -D_FILE_OFFSET_BITS=64',
    optimize='-O2',
    cppflags='-D_REENTRANT -D_GNU_SOURCE -fwrapv -fno-strict-aliasing -pipe -fstack-protector-strong -I/usr/local/include'
    ccversion='', gccversion='5.2.1 20150911', gccosandvers=''
    intsize=4, longsize=8, ptrsize=8, doublesize=8, byteorder=12345678, doublekind=3
    d_longlong=define, longlongsize=8, d_longdbl=define, longdblsize=16, longdblkind=3
    ivtype='long', ivsize=8, nvtype='long double', nvsize=16, Off_t='off_t', lseeksize=8
    alignbytes=16, prototype=define
  Linker and Libraries:
    ld='cc', ldflags =' -fstack-protector-strong -L/usr/local/lib'
    libpth=/usr/local/lib /usr/lib/gcc/x86_64-linux-gnu/5/include-fixed /usr/include/x86_64-linux-gnu /usr/lib /lib/x86_64-linux-gnu /lib/../lib /usr/lib/x86_64-linux-gnu /usr/lib/../lib /lib
    libs=-lpthread -lnsl -lgdbm -ldb -ldl -lm -lcrypt -lutil -lc -lgdbm_compat
    perllibs=-lpthread -lnsl -ldl -lm -lcrypt -lutil -lc
    libc=libc-2.19.so, so=so, useshrplib=false, libperl=libperl.a
    gnulibc_version='2.19'
  Dynamic Linking:
    dlsrc=dl_dlopen.xs, dlext=so, d_dlsymun=undef, ccdlflags='-Wl,-E'
    cccdlflags='-fPIC', lddlflags='-shared -O2 -L/usr/local/lib -fstack-protector-strong'


Characteristics of this binary (from libperl): 
  Compile-time options: HAS_TIMES MULTIPLICITY PERLIO_LAYERS
                        PERL_COPY_ON_WRITE PERL_DONT_CREATE_GVSV
                        PERL_HASH_FUNC_ONE_AT_A_TIME_HARD
                        PERL_IMPLICIT_CONTEXT PERL_MALLOC_WRAP
                        PERL_PRESERVE_IVUV PERL_USE_DEVEL USE_64_BIT_ALL
                        USE_64_BIT_INT USE_ITHREADS USE_LARGE_FILES
                        USE_LOCALE USE_LOCALE_COLLATE USE_LOCALE_CTYPE
                        USE_LOCALE_NUMERIC USE_LOCALE_TIME USE_LONG_DOUBLE
                        USE_PERLIO USE_PERL_ATOF USE_REENTRANT_API
  Built under linux
  Compiled at Sep 24 2015 00:21:14
  %ENV:
    PERL5LIB=""
    PERL5OPT=""
    PERL5_CPANPLUS_IS_RUNNING="28649"
    PERL5_CPAN_IS_RUNNING="28649"
    PERL_MM_USE_DEFAULT="1"
  @INC:
    /home/sand/src/perl/repoperls/installed-perls/perl/v5.23.3/7e7a/lib/site_perl/5.23.3/x86_64-linux-thread-multi-ld
    /home/sand/src/perl/repoperls/installed-perls/perl/v5.23.3/7e7a/lib/site_perl/5.23.3
    /home/sand/src/perl/repoperls/installed-perls/perl/v5.23.3/7e7a/lib/5.23.3/x86_64-linux-thread-multi-ld
    /home/sand/src/perl/repoperls/installed-perls/perl/v5.23.3/7e7a/lib/5.23.3
    .