Report for Git-Crypt-0.02

Back
From: metabase:user:320bfe00-2aae-11df-837a-5e0a49663a4f
Subject: FAIL Git-Crypt-0.02 v5.20.2 RC1 GNU/Linux
Date: 2015-02-10T13:54:49Z

This distribution has been tested as part of the CPAN Testers
project, supporting the Perl programming language.  See
http://wiki.cpantesters.org/ for more information or email
questions to cpan-testers-discuss@perl.org


--
Dear Hernan Lopes,

This is a computer-generated report for Git-Crypt-0.02
on perl 5.20.2, created by CPAN-Reporter-1.2011.

Thank you for uploading your work to CPAN.  However, there was a problem
testing your distribution.

If you think this report is invalid, please consult the CPAN Testers Wiki
for suggestions on how to avoid getting FAIL reports for missing library
or binary dependencies, unsupported operating systems, and so on:

http://wiki.cpantesters.org/wiki/CPANAuthorNotes

Sections of this report:

    * Tester comments
    * Program output
    * Prerequisites
    * Environment and other context

------------------------------
TESTER COMMENTS
------------------------------

Additional comments from tester:

this report is from an automated smoke testing program
and was not reviewed by a human for accuracy

------------------------------
PROGRAM OUTPUT
------------------------------

Output from '/usr/bin/make test':

PERL_DL_NONLAZY=1 "/home/sand/src/perl/repoperls/installed-perls/perl/v5.20.2-RC1/9ab7/bin/perl" "-MExtUtils::Command::MM" "-MTest::Harness" "-e" "undef *Test::Harness::Switches; test_harness(0, 'blib/lib', 'blib/arch')" t/*.t
t/001_load.t ........ ok
t/002-crypt.t ....... ok
Can't locate IO/All.pm in @INC (you may need to install the IO::All module) (@INC contains: /tmp/loop_over_bdir-27668-Pf9H2p/Git-Crypt-0.02-uC05Sk/blib/lib /tmp/loop_over_bdir-27668-Pf9H2p/Git-Crypt-0.02-uC05Sk/blib/arch /etc/perl /usr/local/lib/x86_64-linux-gnu/perl/5.20.1 /usr/local/share/perl/5.20.1 /usr/lib/x86_64-linux-gnu/perl5/5.20 /usr/share/perl5 /usr/lib/x86_64-linux-gnu/perl/5.20 /usr/share/perl/5.20 /usr/local/lib/site_perl /usr/local/lib/x86_64-linux-gnu/perl/5.20.0 /usr/local/share/perl/5.20.0 .) at /tmp/loop_over_bdir-27668-Pf9H2p/Git-Crypt-0.02-uC05Sk/blib/lib/Git/Crypt.pm line 5.
BEGIN failed--compilation aborted at /tmp/loop_over_bdir-27668-Pf9H2p/Git-Crypt-0.02-uC05Sk/blib/lib/Git/Crypt.pm line 5.
Compilation failed in require at ./bin/gitcrypt line 2.
BEGIN failed--compilation aborted at ./bin/gitcrypt line 2.
Can't locate IO/All.pm in @INC (you may need to install the IO::All module) (@INC contains: /tmp/loop_over_bdir-27668-Pf9H2p/Git-Crypt-0.02-uC05Sk/blib/lib /tmp/loop_over_bdir-27668-Pf9H2p/Git-Crypt-0.02-uC05Sk/blib/arch /etc/perl /usr/local/lib/x86_64-linux-gnu/perl/5.20.1 /usr/local/share/perl/5.20.1 /usr/lib/x86_64-linux-gnu/perl5/5.20 /usr/share/perl5 /usr/lib/x86_64-linux-gnu/perl/5.20 /usr/share/perl/5.20 /usr/local/lib/site_perl /usr/local/lib/x86_64-linux-gnu/perl/5.20.0 /usr/local/share/perl/5.20.0 .) at /tmp/loop_over_bdir-27668-Pf9H2p/Git-Crypt-0.02-uC05Sk/blib/lib/Git/Crypt.pm line 5.
BEGIN failed--compilation aborted at /tmp/loop_over_bdir-27668-Pf9H2p/Git-Crypt-0.02-uC05Sk/blib/lib/Git/Crypt.pm line 5.
Compilation failed in require at ./bin/gitcrypt line 2.
BEGIN failed--compilation aborted at ./bin/gitcrypt line 2.
Can't locate IO/All.pm in @INC (you may need to install the IO::All module) (@INC contains: /tmp/loop_over_bdir-27668-Pf9H2p/Git-Crypt-0.02-uC05Sk/blib/lib /tmp/loop_over_bdir-27668-Pf9H2p/Git-Crypt-0.02-uC05Sk/blib/arch /etc/perl /usr/local/lib/x86_64-linux-gnu/perl/5.20.1 /usr/local/share/perl/5.20.1 /usr/lib/x86_64-linux-gnu/perl5/5.20 /usr/share/perl5 /usr/lib/x86_64-linux-gnu/perl/5.20 /usr/share/perl/5.20 /usr/local/lib/site_perl /usr/local/lib/x86_64-linux-gnu/perl/5.20.0 /usr/local/share/perl/5.20.0 .) at /tmp/loop_over_bdir-27668-Pf9H2p/Git-Crypt-0.02-uC05Sk/blib/lib/Git/Crypt.pm line 5.
BEGIN failed--compilation aborted at /tmp/loop_over_bdir-27668-Pf9H2p/Git-Crypt-0.02-uC05Sk/blib/lib/Git/Crypt.pm line 5.
Compilation failed in require at ./bin/gitcrypt line 2.
BEGIN failed--compilation aborted at ./bin/gitcrypt line 2.
Can't locate IO/All.pm in @INC (you may need to install the IO::All module) (@INC contains: /tmp/loop_over_bdir-27668-Pf9H2p/Git-Crypt-0.02-uC05Sk/blib/lib /tmp/loop_over_bdir-27668-Pf9H2p/Git-Crypt-0.02-uC05Sk/blib/arch /etc/perl /usr/local/lib/x86_64-linux-gnu/perl/5.20.1 /usr/local/share/perl/5.20.1 /usr/lib/x86_64-linux-gnu/perl5/5.20 /usr/share/perl5 /usr/lib/x86_64-linux-gnu/perl/5.20 /usr/share/perl/5.20 /usr/local/lib/site_perl /usr/local/lib/x86_64-linux-gnu/perl/5.20.0 /usr/local/share/perl/5.20.0 .) at /tmp/loop_over_bdir-27668-Pf9H2p/Git-Crypt-0.02-uC05Sk/blib/lib/Git/Crypt.pm line 5.
BEGIN failed--compilation aborted at /tmp/loop_over_bdir-27668-Pf9H2p/Git-Crypt-0.02-uC05Sk/blib/lib/Git/Crypt.pm line 5.
Compilation failed in require at ./bin/gitcrypt line 2.
BEGIN failed--compilation aborted at ./bin/gitcrypt line 2.
Can't locate IO/All.pm in @INC (you may need to install the IO::All module) (@INC contains: /tmp/loop_over_bdir-27668-Pf9H2p/Git-Crypt-0.02-uC05Sk/blib/lib /tmp/loop_over_bdir-27668-Pf9H2p/Git-Crypt-0.02-uC05Sk/blib/arch /etc/perl /usr/local/lib/x86_64-linux-gnu/perl/5.20.1 /usr/local/share/perl/5.20.1 /usr/lib/x86_64-linux-gnu/perl5/5.20 /usr/share/perl5 /usr/lib/x86_64-linux-gnu/perl/5.20 /usr/share/perl/5.20 /usr/local/lib/site_perl /usr/local/lib/x86_64-linux-gnu/perl/5.20.0 /usr/local/share/perl/5.20.0 .) at /tmp/loop_over_bdir-27668-Pf9H2p/Git-Crypt-0.02-uC05Sk/blib/lib/Git/Crypt.pm line 5.
BEGIN failed--compilation aborted at /tmp/loop_over_bdir-27668-Pf9H2p/Git-Crypt-0.02-uC05Sk/blib/lib/Git/Crypt.pm line 5.
Compilation failed in require at ./bin/gitcrypt line 2.
BEGIN failed--compilation aborted at ./bin/gitcrypt line 2.
Can't locate IO/All.pm in @INC (you may need to install the IO::All module) (@INC contains: /tmp/loop_over_bdir-27668-Pf9H2p/Git-Crypt-0.02-uC05Sk/blib/lib /tmp/loop_over_bdir-27668-Pf9H2p/Git-Crypt-0.02-uC05Sk/blib/arch /etc/perl /usr/local/lib/x86_64-linux-gnu/perl/5.20.1 /usr/local/share/perl/5.20.1 /usr/lib/x86_64-linux-gnu/perl5/5.20 /usr/share/perl5 /usr/lib/x86_64-linux-gnu/perl/5.20 /usr/share/perl/5.20 /usr/local/lib/site_perl /usr/local/lib/x86_64-linux-gnu/perl/5.20.0 /usr/local/share/perl/5.20.0 .) at /tmp/loop_over_bdir-27668-Pf9H2p/Git-Crypt-0.02-uC05Sk/blib/lib/Git/Crypt.pm line 5.
BEGIN failed--compilation aborted at /tmp/loop_over_bdir-27668-Pf9H2p/Git-Crypt-0.02-uC05Sk/blib/lib/Git/Crypt.pm line 5.
Compilation failed in require at ./bin/gitcrypt line 2.
BEGIN failed--compilation aborted at ./bin/gitcrypt line 2.
Can't locate IO/All.pm in @INC (you may need to install the IO::All module) (@INC contains: /tmp/loop_over_bdir-27668-Pf9H2p/Git-Crypt-0.02-uC05Sk/blib/lib /tmp/loop_over_bdir-27668-Pf9H2p/Git-Crypt-0.02-uC05Sk/blib/arch /etc/perl /usr/local/lib/x86_64-linux-gnu/perl/5.20.1 /usr/local/share/perl/5.20.1 /usr/lib/x86_64-linux-gnu/perl5/5.20 /usr/share/perl5 /usr/lib/x86_64-linux-gnu/perl/5.20 /usr/share/perl/5.20 /usr/local/lib/site_perl /usr/local/lib/x86_64-linux-gnu/perl/5.20.0 /usr/local/share/perl/5.20.0 .) at /tmp/loop_over_bdir-27668-Pf9H2p/Git-Crypt-0.02-uC05Sk/blib/lib/Git/Crypt.pm line 5.
BEGIN failed--compilation aborted at /tmp/loop_over_bdir-27668-Pf9H2p/Git-Crypt-0.02-uC05Sk/blib/lib/Git/Crypt.pm line 5.
Compilation failed in require at ./bin/gitcrypt line 2.
BEGIN failed--compilation aborted at ./bin/gitcrypt line 2.

#   Failed test at t/003-key_change.t line 178.

#   Failed test 'encrypt tests 1'
#   at t/003-key_change.t line 184.

#   Failed test 'encrypt tests 2'
#   at t/003-key_change.t line 189.
Can't locate IO/All.pm in @INC (you may need to install the IO::All module) (@INC contains: /tmp/loop_over_bdir-27668-Pf9H2p/Git-Crypt-0.02-uC05Sk/blib/lib /tmp/loop_over_bdir-27668-Pf9H2p/Git-Crypt-0.02-uC05Sk/blib/arch /etc/perl /usr/local/lib/x86_64-linux-gnu/perl/5.20.1 /usr/local/share/perl/5.20.1 /usr/lib/x86_64-linux-gnu/perl5/5.20 /usr/share/perl5 /usr/lib/x86_64-linux-gnu/perl/5.20 /usr/share/perl/5.20 /usr/local/lib/site_perl /usr/local/lib/x86_64-linux-gnu/perl/5.20.0 /usr/local/share/perl/5.20.0 .) at /tmp/loop_over_bdir-27668-Pf9H2p/Git-Crypt-0.02-uC05Sk/blib/lib/Git/Crypt.pm line 5.
BEGIN failed--compilation aborted at /tmp/loop_over_bdir-27668-Pf9H2p/Git-Crypt-0.02-uC05Sk/blib/lib/Git/Crypt.pm line 5.
Compilation failed in require at ./bin/gitcrypt line 2.
BEGIN failed--compilation aborted at ./bin/gitcrypt line 2.

#   Failed test at t/003-key_change.t line 178.
Can't locate IO/All.pm in @INC (you may need to install the IO::All module) (@INC contains: /tmp/loop_over_bdir-27668-Pf9H2p/Git-Crypt-0.02-uC05Sk/blib/lib /tmp/loop_over_bdir-27668-Pf9H2p/Git-Crypt-0.02-uC05Sk/blib/arch /etc/perl /usr/local/lib/x86_64-linux-gnu/perl/5.20.1 /usr/local/share/perl/5.20.1 /usr/lib/x86_64-linux-gnu/perl5/5.20 /usr/share/perl5 /usr/lib/x86_64-linux-gnu/perl/5.20 /usr/share/perl/5.20 /usr/local/lib/site_perl /usr/local/lib/x86_64-linux-gnu/perl/5.20.0 /usr/local/share/perl/5.20.0 .) at /tmp/loop_over_bdir-27668-Pf9H2p/Git-Crypt-0.02-uC05Sk/blib/lib/Git/Crypt.pm line 5.
BEGIN failed--compilation aborted at /tmp/loop_over_bdir-27668-Pf9H2p/Git-Crypt-0.02-uC05Sk/blib/lib/Git/Crypt.pm line 5.
Compilation failed in require at ./bin/gitcrypt line 2.
BEGIN failed--compilation aborted at ./bin/gitcrypt line 2.
Can't locate IO/All.pm in @INC (you may need to install the IO::All module) (@INC contains: /tmp/loop_over_bdir-27668-Pf9H2p/Git-Crypt-0.02-uC05Sk/blib/lib /tmp/loop_over_bdir-27668-Pf9H2p/Git-Crypt-0.02-uC05Sk/blib/arch /etc/perl /usr/local/lib/x86_64-linux-gnu/perl/5.20.1 /usr/local/share/perl/5.20.1 /usr/lib/x86_64-linux-gnu/perl5/5.20 /usr/share/perl5 /usr/lib/x86_64-linux-gnu/perl/5.20 /usr/share/perl/5.20 /usr/local/lib/site_perl /usr/local/lib/x86_64-linux-gnu/perl/5.20.0 /usr/local/share/perl/5.20.0 .) at /tmp/loop_over_bdir-27668-Pf9H2p/Git-Crypt-0.02-uC05Sk/blib/lib/Git/Crypt.pm line 5.
BEGIN failed--compilation aborted at /tmp/loop_over_bdir-27668-Pf9H2p/Git-Crypt-0.02-uC05Sk/blib/lib/Git/Crypt.pm line 5.
Compilation failed in require at ./bin/gitcrypt line 2.
BEGIN failed--compilation aborted at ./bin/gitcrypt line 2.

#   Failed test at t/003-key_change.t line 178.
Can't locate IO/All.pm in @INC (you may need to install the IO::All module) (@INC contains: /tmp/loop_over_bdir-27668-Pf9H2p/Git-Crypt-0.02-uC05Sk/blib/lib /tmp/loop_over_bdir-27668-Pf9H2p/Git-Crypt-0.02-uC05Sk/blib/arch /etc/perl /usr/local/lib/x86_64-linux-gnu/perl/5.20.1 /usr/local/share/perl/5.20.1 /usr/lib/x86_64-linux-gnu/perl5/5.20 /usr/share/perl5 /usr/lib/x86_64-linux-gnu/perl/5.20 /usr/share/perl/5.20 /usr/local/lib/site_perl /usr/local/lib/x86_64-linux-gnu/perl/5.20.0 /usr/local/share/perl/5.20.0 .) at /tmp/loop_over_bdir-27668-Pf9H2p/Git-Crypt-0.02-uC05Sk/blib/lib/Git/Crypt.pm line 5.
BEGIN failed--compilation aborted at /tmp/loop_over_bdir-27668-Pf9H2p/Git-Crypt-0.02-uC05Sk/blib/lib/Git/Crypt.pm line 5.
Compilation failed in require at ./bin/gitcrypt line 2.
BEGIN failed--compilation aborted at ./bin/gitcrypt line 2.

#   Failed test at t/003-key_change.t line 178.

#   Failed test 'encrypt tests 1'
#   at t/003-key_change.t line 184.

#   Failed test 'encrypt tests 2'
#   at t/003-key_change.t line 189.

#   Failed test 'encrypt tests 3'
#   at t/003-key_change.t line 115.
Can't locate IO/All.pm in @INC (you may need to install the IO::All module) (@INC contains: /tmp/loop_over_bdir-27668-Pf9H2p/Git-Crypt-0.02-uC05Sk/blib/lib /tmp/loop_over_bdir-27668-Pf9H2p/Git-Crypt-0.02-uC05Sk/blib/arch /etc/perl /usr/local/lib/x86_64-linux-gnu/perl/5.20.1 /usr/local/share/perl/5.20.1 /usr/lib/x86_64-linux-gnu/perl5/5.20 /usr/share/perl5 /usr/lib/x86_64-linux-gnu/perl/5.20 /usr/share/perl/5.20 /usr/local/lib/site_perl /usr/local/lib/x86_64-linux-gnu/perl/5.20.0 /usr/local/share/perl/5.20.0 .) at /tmp/loop_over_bdir-27668-Pf9H2p/Git-Crypt-0.02-uC05Sk/blib/lib/Git/Crypt.pm line 5.
BEGIN failed--compilation aborted at /tmp/loop_over_bdir-27668-Pf9H2p/Git-Crypt-0.02-uC05Sk/blib/lib/Git/Crypt.pm line 5.
Compilation failed in require at ./bin/gitcrypt line 2.
BEGIN failed--compilation aborted at ./bin/gitcrypt line 2.
Can't locate IO/All.pm in @INC (you may need to install the IO::All module) (@INC contains: /tmp/loop_over_bdir-27668-Pf9H2p/Git-Crypt-0.02-uC05Sk/blib/lib /tmp/loop_over_bdir-27668-Pf9H2p/Git-Crypt-0.02-uC05Sk/blib/arch /etc/perl /usr/local/lib/x86_64-linux-gnu/perl/5.20.1 /usr/local/share/perl/5.20.1 /usr/lib/x86_64-linux-gnu/perl5/5.20 /usr/share/perl5 /usr/lib/x86_64-linux-gnu/perl/5.20 /usr/share/perl/5.20 /usr/local/lib/site_perl /usr/local/lib/x86_64-linux-gnu/perl/5.20.0 /usr/local/share/perl/5.20.0 .) at /tmp/loop_over_bdir-27668-Pf9H2p/Git-Crypt-0.02-uC05Sk/blib/lib/Git/Crypt.pm line 5.
BEGIN failed--compilation aborted at /tmp/loop_over_bdir-27668-Pf9H2p/Git-Crypt-0.02-uC05Sk/blib/lib/Git/Crypt.pm line 5.
Compilation failed in require at ./bin/gitcrypt line 2.
BEGIN failed--compilation aborted at ./bin/gitcrypt line 2.
Can't locate IO/All.pm in @INC (you may need to install the IO::All module) (@INC contains: /tmp/loop_over_bdir-27668-Pf9H2p/Git-Crypt-0.02-uC05Sk/blib/lib /tmp/loop_over_bdir-27668-Pf9H2p/Git-Crypt-0.02-uC05Sk/blib/arch /etc/perl /usr/local/lib/x86_64-linux-gnu/perl/5.20.1 /usr/local/share/perl/5.20.1 /usr/lib/x86_64-linux-gnu/perl5/5.20 /usr/share/perl5 /usr/lib/x86_64-linux-gnu/perl/5.20 /usr/share/perl/5.20 /usr/local/lib/site_perl /usr/local/lib/x86_64-linux-gnu/perl/5.20.0 /usr/local/share/perl/5.20.0 .) at /tmp/loop_over_bdir-27668-Pf9H2p/Git-Crypt-0.02-uC05Sk/blib/lib/Git/Crypt.pm line 5.
BEGIN failed--compilation aborted at /tmp/loop_over_bdir-27668-Pf9H2p/Git-Crypt-0.02-uC05Sk/blib/lib/Git/Crypt.pm line 5.
Compilation failed in require at ./bin/gitcrypt line 2.
BEGIN failed--compilation aborted at ./bin/gitcrypt line 2.
Can't locate IO/All.pm in @INC (you may need to install the IO::All module) (@INC contains: /tmp/loop_over_bdir-27668-Pf9H2p/Git-Crypt-0.02-uC05Sk/blib/lib /tmp/loop_over_bdir-27668-Pf9H2p/Git-Crypt-0.02-uC05Sk/blib/arch /etc/perl /usr/local/lib/x86_64-linux-gnu/perl/5.20.1 /usr/local/share/perl/5.20.1 /usr/lib/x86_64-linux-gnu/perl5/5.20 /usr/share/perl5 /usr/lib/x86_64-linux-gnu/perl/5.20 /usr/share/perl/5.20 /usr/local/lib/site_perl /usr/local/lib/x86_64-linux-gnu/perl/5.20.0 /usr/local/share/perl/5.20.0 .) at /tmp/loop_over_bdir-27668-Pf9H2p/Git-Crypt-0.02-uC05Sk/blib/lib/Git/Crypt.pm line 5.
BEGIN failed--compilation aborted at /tmp/loop_over_bdir-27668-Pf9H2p/Git-Crypt-0.02-uC05Sk/blib/lib/Git/Crypt.pm line 5.
Compilation failed in require at ./bin/gitcrypt line 2.
BEGIN failed--compilation aborted at ./bin/gitcrypt line 2.

#   Failed test at t/003-key_change.t line 178.

#   Failed test 'encrypt tests new key 111'
#   at t/003-key_change.t line 201.

#   Failed test 'encrypt tests new key 2'
#   at t/003-key_change.t line 207.
Can't locate IO/All.pm in @INC (you may need to install the IO::All module) (@INC contains: /tmp/loop_over_bdir-27668-Pf9H2p/Git-Crypt-0.02-uC05Sk/blib/lib /tmp/loop_over_bdir-27668-Pf9H2p/Git-Crypt-0.02-uC05Sk/blib/arch /etc/perl /usr/local/lib/x86_64-linux-gnu/perl/5.20.1 /usr/local/share/perl/5.20.1 /usr/lib/x86_64-linux-gnu/perl5/5.20 /usr/share/perl5 /usr/lib/x86_64-linux-gnu/perl/5.20 /usr/share/perl/5.20 /usr/local/lib/site_perl /usr/local/lib/x86_64-linux-gnu/perl/5.20.0 /usr/local/share/perl/5.20.0 .) at /tmp/loop_over_bdir-27668-Pf9H2p/Git-Crypt-0.02-uC05Sk/blib/lib/Git/Crypt.pm line 5.
BEGIN failed--compilation aborted at /tmp/loop_over_bdir-27668-Pf9H2p/Git-Crypt-0.02-uC05Sk/blib/lib/Git/Crypt.pm line 5.
Compilation failed in require at ./bin/gitcrypt line 2.
BEGIN failed--compilation aborted at ./bin/gitcrypt line 2.
Can't locate IO/All.pm in @INC (you may need to install the IO::All module) (@INC contains: /tmp/loop_over_bdir-27668-Pf9H2p/Git-Crypt-0.02-uC05Sk/blib/lib /tmp/loop_over_bdir-27668-Pf9H2p/Git-Crypt-0.02-uC05Sk/blib/arch /etc/perl /usr/local/lib/x86_64-linux-gnu/perl/5.20.1 /usr/local/share/perl/5.20.1 /usr/lib/x86_64-linux-gnu/perl5/5.20 /usr/share/perl5 /usr/lib/x86_64-linux-gnu/perl/5.20 /usr/share/perl/5.20 /usr/local/lib/site_perl /usr/local/lib/x86_64-linux-gnu/perl/5.20.0 /usr/local/share/perl/5.20.0 .) at /tmp/loop_over_bdir-27668-Pf9H2p/Git-Crypt-0.02-uC05Sk/blib/lib/Git/Crypt.pm line 5.
BEGIN failed--compilation aborted at /tmp/loop_over_bdir-27668-Pf9H2p/Git-Crypt-0.02-uC05Sk/blib/lib/Git/Crypt.pm line 5.
Compilation failed in require at ./bin/gitcrypt line 2.
BEGIN failed--compilation aborted at ./bin/gitcrypt line 2.
Can't locate IO/All.pm in @INC (you may need to install the IO::All module) (@INC contains: /tmp/loop_over_bdir-27668-Pf9H2p/Git-Crypt-0.02-uC05Sk/blib/lib /tmp/loop_over_bdir-27668-Pf9H2p/Git-Crypt-0.02-uC05Sk/blib/arch /etc/perl /usr/local/lib/x86_64-linux-gnu/perl/5.20.1 /usr/local/share/perl/5.20.1 /usr/lib/x86_64-linux-gnu/perl5/5.20 /usr/share/perl5 /usr/lib/x86_64-linux-gnu/perl/5.20 /usr/share/perl/5.20 /usr/local/lib/site_perl /usr/local/lib/x86_64-linux-gnu/perl/5.20.0 /usr/local/share/perl/5.20.0 .) at /tmp/loop_over_bdir-27668-Pf9H2p/Git-Crypt-0.02-uC05Sk/blib/lib/Git/Crypt.pm line 5.
BEGIN failed--compilation aborted at /tmp/loop_over_bdir-27668-Pf9H2p/Git-Crypt-0.02-uC05Sk/blib/lib/Git/Crypt.pm line 5.
Compilation failed in require at ./bin/gitcrypt line 2.
BEGIN failed--compilation aborted at ./bin/gitcrypt line 2.
Can't locate IO/All.pm in @INC (you may need to install the IO::All module) (@INC contains: /tmp/loop_over_bdir-27668-Pf9H2p/Git-Crypt-0.02-uC05Sk/blib/lib /tmp/loop_over_bdir-27668-Pf9H2p/Git-Crypt-0.02-uC05Sk/blib/arch /etc/perl /usr/local/lib/x86_64-linux-gnu/perl/5.20.1 /usr/local/share/perl/5.20.1 /usr/lib/x86_64-linux-gnu/perl5/5.20 /usr/share/perl5 /usr/lib/x86_64-linux-gnu/perl/5.20 /usr/share/perl/5.20 /usr/local/lib/site_perl /usr/local/lib/x86_64-linux-gnu/perl/5.20.0 /usr/local/share/perl/5.20.0 .) at /tmp/loop_over_bdir-27668-Pf9H2p/Git-Crypt-0.02-uC05Sk/blib/lib/Git/Crypt.pm line 5.
BEGIN failed--compilation aborted at /tmp/loop_over_bdir-27668-Pf9H2p/Git-Crypt-0.02-uC05Sk/blib/lib/Git/Crypt.pm line 5.
Compilation failed in require at ./bin/gitcrypt line 2.
BEGIN failed--compilation aborted at ./bin/gitcrypt line 2.
Can't locate IO/All.pm in @INC (you may need to install the IO::All module) (@INC contains: /tmp/loop_over_bdir-27668-Pf9H2p/Git-Crypt-0.02-uC05Sk/blib/lib /tmp/loop_over_bdir-27668-Pf9H2p/Git-Crypt-0.02-uC05Sk/blib/arch /etc/perl /usr/local/lib/x86_64-linux-gnu/perl/5.20.1 /usr/local/share/perl/5.20.1 /usr/lib/x86_64-linux-gnu/perl5/5.20 /usr/share/perl5 /usr/lib/x86_64-linux-gnu/perl/5.20 /usr/share/perl/5.20 /usr/local/lib/site_perl /usr/local/lib/x86_64-linux-gnu/perl/5.20.0 /usr/local/share/perl/5.20.0 .) at /tmp/loop_over_bdir-27668-Pf9H2p/Git-Crypt-0.02-uC05Sk/blib/lib/Git/Crypt.pm line 5.
BEGIN failed--compilation aborted at /tmp/loop_over_bdir-27668-Pf9H2p/Git-Crypt-0.02-uC05Sk/blib/lib/Git/Crypt.pm line 5.
Compilation failed in require at ./bin/gitcrypt line 2.
BEGIN failed--compilation aborted at ./bin/gitcrypt line 2.

#   Failed test at t/003-key_change.t line 178.

#   Failed test 'encrypt tests new key 111'
#   at t/003-key_change.t line 242.

#   Failed test 'encrypt tests new key 2'
#   at t/003-key_change.t line 248.
Can't locate IO/All.pm in @INC (you may need to install the IO::All module) (@INC contains: /tmp/loop_over_bdir-27668-Pf9H2p/Git-Crypt-0.02-uC05Sk/blib/lib /tmp/loop_over_bdir-27668-Pf9H2p/Git-Crypt-0.02-uC05Sk/blib/arch /etc/perl /usr/local/lib/x86_64-linux-gnu/perl/5.20.1 /usr/local/share/perl/5.20.1 /usr/lib/x86_64-linux-gnu/perl5/5.20 /usr/share/perl5 /usr/lib/x86_64-linux-gnu/perl/5.20 /usr/share/perl/5.20 /usr/local/lib/site_perl /usr/local/lib/x86_64-linux-gnu/perl/5.20.0 /usr/local/share/perl/5.20.0 .) at /tmp/loop_over_bdir-27668-Pf9H2p/Git-Crypt-0.02-uC05Sk/blib/lib/Git/Crypt.pm line 5.
BEGIN failed--compilation aborted at /tmp/loop_over_bdir-27668-Pf9H2p/Git-Crypt-0.02-uC05Sk/blib/lib/Git/Crypt.pm line 5.
Compilation failed in require at ./bin/gitcrypt line 2.
BEGIN failed--compilation aborted at ./bin/gitcrypt line 2.
Can't locate IO/All.pm in @INC (you may need to install the IO::All module) (@INC contains: /tmp/loop_over_bdir-27668-Pf9H2p/Git-Crypt-0.02-uC05Sk/blib/lib /tmp/loop_over_bdir-27668-Pf9H2p/Git-Crypt-0.02-uC05Sk/blib/arch /etc/perl /usr/local/lib/x86_64-linux-gnu/perl/5.20.1 /usr/local/share/perl/5.20.1 /usr/lib/x86_64-linux-gnu/perl5/5.20 /usr/share/perl5 /usr/lib/x86_64-linux-gnu/perl/5.20 /usr/share/perl/5.20 /usr/local/lib/site_perl /usr/local/lib/x86_64-linux-gnu/perl/5.20.0 /usr/local/share/perl/5.20.0 .) at /tmp/loop_over_bdir-27668-Pf9H2p/Git-Crypt-0.02-uC05Sk/blib/lib/Git/Crypt.pm line 5.
BEGIN failed--compilation aborted at /tmp/loop_over_bdir-27668-Pf9H2p/Git-Crypt-0.02-uC05Sk/blib/lib/Git/Crypt.pm line 5.
Compilation failed in require at ./bin/gitcrypt line 2.
BEGIN failed--compilation aborted at ./bin/gitcrypt line 2.
# Looks like you failed 15 tests of 39.
t/003-key_change.t .. 
Dubious, test returned 15 (wstat 3840, 0xf00)
Failed 15/39 subtests 
t/003-usage2.t ...... ok
Can't locate IO/All.pm in @INC (you may need to install the IO::All module) (@INC contains: /tmp/loop_over_bdir-27668-Pf9H2p/Git-Crypt-0.02-uC05Sk/blib/lib /tmp/loop_over_bdir-27668-Pf9H2p/Git-Crypt-0.02-uC05Sk/blib/arch /etc/perl /usr/local/lib/x86_64-linux-gnu/perl/5.20.1 /usr/local/share/perl/5.20.1 /usr/lib/x86_64-linux-gnu/perl5/5.20 /usr/share/perl5 /usr/lib/x86_64-linux-gnu/perl/5.20 /usr/share/perl/5.20 /usr/local/lib/site_perl /usr/local/lib/x86_64-linux-gnu/perl/5.20.0 /usr/local/share/perl/5.20.0 .) at /tmp/loop_over_bdir-27668-Pf9H2p/Git-Crypt-0.02-uC05Sk/blib/lib/Git/Crypt.pm line 5.
BEGIN failed--compilation aborted at /tmp/loop_over_bdir-27668-Pf9H2p/Git-Crypt-0.02-uC05Sk/blib/lib/Git/Crypt.pm line 5.
Compilation failed in require at ./bin/gitcrypt line 2.
BEGIN failed--compilation aborted at ./bin/gitcrypt line 2.
Can't locate IO/All.pm in @INC (you may need to install the IO::All module) (@INC contains: /tmp/loop_over_bdir-27668-Pf9H2p/Git-Crypt-0.02-uC05Sk/blib/lib /tmp/loop_over_bdir-27668-Pf9H2p/Git-Crypt-0.02-uC05Sk/blib/arch /etc/perl /usr/local/lib/x86_64-linux-gnu/perl/5.20.1 /usr/local/share/perl/5.20.1 /usr/lib/x86_64-linux-gnu/perl5/5.20 /usr/share/perl5 /usr/lib/x86_64-linux-gnu/perl/5.20 /usr/share/perl/5.20 /usr/local/lib/site_perl /usr/local/lib/x86_64-linux-gnu/perl/5.20.0 /usr/local/share/perl/5.20.0 .) at /tmp/loop_over_bdir-27668-Pf9H2p/Git-Crypt-0.02-uC05Sk/blib/lib/Git/Crypt.pm line 5.
BEGIN failed--compilation aborted at /tmp/loop_over_bdir-27668-Pf9H2p/Git-Crypt-0.02-uC05Sk/blib/lib/Git/Crypt.pm line 5.
Compilation failed in require at ./bin/gitcrypt line 2.
BEGIN failed--compilation aborted at ./bin/gitcrypt line 2.
Can't locate IO/All.pm in @INC (you may need to install the IO::All module) (@INC contains: /tmp/loop_over_bdir-27668-Pf9H2p/Git-Crypt-0.02-uC05Sk/blib/lib /tmp/loop_over_bdir-27668-Pf9H2p/Git-Crypt-0.02-uC05Sk/blib/arch /etc/perl /usr/local/lib/x86_64-linux-gnu/perl/5.20.1 /usr/local/share/perl/5.20.1 /usr/lib/x86_64-linux-gnu/perl5/5.20 /usr/share/perl5 /usr/lib/x86_64-linux-gnu/perl/5.20 /usr/share/perl/5.20 /usr/local/lib/site_perl /usr/local/lib/x86_64-linux-gnu/perl/5.20.0 /usr/local/share/perl/5.20.0 .) at /tmp/loop_over_bdir-27668-Pf9H2p/Git-Crypt-0.02-uC05Sk/blib/lib/Git/Crypt.pm line 5.
BEGIN failed--compilation aborted at /tmp/loop_over_bdir-27668-Pf9H2p/Git-Crypt-0.02-uC05Sk/blib/lib/Git/Crypt.pm line 5.
Compilation failed in require at ./bin/gitcrypt line 2.
BEGIN failed--compilation aborted at ./bin/gitcrypt line 2.
Can't locate IO/All.pm in @INC (you may need to install the IO::All module) (@INC contains: /tmp/loop_over_bdir-27668-Pf9H2p/Git-Crypt-0.02-uC05Sk/blib/lib /tmp/loop_over_bdir-27668-Pf9H2p/Git-Crypt-0.02-uC05Sk/blib/arch /etc/perl /usr/local/lib/x86_64-linux-gnu/perl/5.20.1 /usr/local/share/perl/5.20.1 /usr/lib/x86_64-linux-gnu/perl5/5.20 /usr/share/perl5 /usr/lib/x86_64-linux-gnu/perl/5.20 /usr/share/perl/5.20 /usr/local/lib/site_perl /usr/local/lib/x86_64-linux-gnu/perl/5.20.0 /usr/local/share/perl/5.20.0 .) at /tmp/loop_over_bdir-27668-Pf9H2p/Git-Crypt-0.02-uC05Sk/blib/lib/Git/Crypt.pm line 5.
BEGIN failed--compilation aborted at /tmp/loop_over_bdir-27668-Pf9H2p/Git-Crypt-0.02-uC05Sk/blib/lib/Git/Crypt.pm line 5.
Compilation failed in require at ./bin/gitcrypt line 2.
BEGIN failed--compilation aborted at ./bin/gitcrypt line 2.
Can't locate IO/All.pm in @INC (you may need to install the IO::All module) (@INC contains: /tmp/loop_over_bdir-27668-Pf9H2p/Git-Crypt-0.02-uC05Sk/blib/lib /tmp/loop_over_bdir-27668-Pf9H2p/Git-Crypt-0.02-uC05Sk/blib/arch /etc/perl /usr/local/lib/x86_64-linux-gnu/perl/5.20.1 /usr/local/share/perl/5.20.1 /usr/lib/x86_64-linux-gnu/perl5/5.20 /usr/share/perl5 /usr/lib/x86_64-linux-gnu/perl/5.20 /usr/share/perl/5.20 /usr/local/lib/site_perl /usr/local/lib/x86_64-linux-gnu/perl/5.20.0 /usr/local/share/perl/5.20.0 .) at /tmp/loop_over_bdir-27668-Pf9H2p/Git-Crypt-0.02-uC05Sk/blib/lib/Git/Crypt.pm line 5.
BEGIN failed--compilation aborted at /tmp/loop_over_bdir-27668-Pf9H2p/Git-Crypt-0.02-uC05Sk/blib/lib/Git/Crypt.pm line 5.
Compilation failed in require at ./bin/gitcrypt line 2.
BEGIN failed--compilation aborted at ./bin/gitcrypt line 2.
Can't locate IO/All.pm in @INC (you may need to install the IO::All module) (@INC contains: /tmp/loop_over_bdir-27668-Pf9H2p/Git-Crypt-0.02-uC05Sk/blib/lib /tmp/loop_over_bdir-27668-Pf9H2p/Git-Crypt-0.02-uC05Sk/blib/arch /etc/perl /usr/local/lib/x86_64-linux-gnu/perl/5.20.1 /usr/local/share/perl/5.20.1 /usr/lib/x86_64-linux-gnu/perl5/5.20 /usr/share/perl5 /usr/lib/x86_64-linux-gnu/perl/5.20 /usr/share/perl/5.20 /usr/local/lib/site_perl /usr/local/lib/x86_64-linux-gnu/perl/5.20.0 /usr/local/share/perl/5.20.0 .) at /tmp/loop_over_bdir-27668-Pf9H2p/Git-Crypt-0.02-uC05Sk/blib/lib/Git/Crypt.pm line 5.
BEGIN failed--compilation aborted at /tmp/loop_over_bdir-27668-Pf9H2p/Git-Crypt-0.02-uC05Sk/blib/lib/Git/Crypt.pm line 5.
Compilation failed in require at ./bin/gitcrypt line 2.
BEGIN failed--compilation aborted at ./bin/gitcrypt line 2.
Can't locate IO/All.pm in @INC (you may need to install the IO::All module) (@INC contains: /tmp/loop_over_bdir-27668-Pf9H2p/Git-Crypt-0.02-uC05Sk/blib/lib /tmp/loop_over_bdir-27668-Pf9H2p/Git-Crypt-0.02-uC05Sk/blib/arch /etc/perl /usr/local/lib/x86_64-linux-gnu/perl/5.20.1 /usr/local/share/perl/5.20.1 /usr/lib/x86_64-linux-gnu/perl5/5.20 /usr/share/perl5 /usr/lib/x86_64-linux-gnu/perl/5.20 /usr/share/perl/5.20 /usr/local/lib/site_perl /usr/local/lib/x86_64-linux-gnu/perl/5.20.0 /usr/local/share/perl/5.20.0 .) at /tmp/loop_over_bdir-27668-Pf9H2p/Git-Crypt-0.02-uC05Sk/blib/lib/Git/Crypt.pm line 5.
BEGIN failed--compilation aborted at /tmp/loop_over_bdir-27668-Pf9H2p/Git-Crypt-0.02-uC05Sk/blib/lib/Git/Crypt.pm line 5.
Compilation failed in require at ./bin/gitcrypt line 2.
BEGIN failed--compilation aborted at ./bin/gitcrypt line 2.

#   Failed test at t/004-cli_tool.t line 164.

#   Failed test 'encrypt tests 1'
#   at t/004-cli_tool.t line 175.

#   Failed test 'encrypt tests 2'
#   at t/004-cli_tool.t line 181.
Can't locate IO/All.pm in @INC (you may need to install the IO::All module) (@INC contains: /tmp/loop_over_bdir-27668-Pf9H2p/Git-Crypt-0.02-uC05Sk/blib/lib /tmp/loop_over_bdir-27668-Pf9H2p/Git-Crypt-0.02-uC05Sk/blib/arch /etc/perl /usr/local/lib/x86_64-linux-gnu/perl/5.20.1 /usr/local/share/perl/5.20.1 /usr/lib/x86_64-linux-gnu/perl5/5.20 /usr/share/perl5 /usr/lib/x86_64-linux-gnu/perl/5.20 /usr/share/perl/5.20 /usr/local/lib/site_perl /usr/local/lib/x86_64-linux-gnu/perl/5.20.0 /usr/local/share/perl/5.20.0 .) at /tmp/loop_over_bdir-27668-Pf9H2p/Git-Crypt-0.02-uC05Sk/blib/lib/Git/Crypt.pm line 5.
BEGIN failed--compilation aborted at /tmp/loop_over_bdir-27668-Pf9H2p/Git-Crypt-0.02-uC05Sk/blib/lib/Git/Crypt.pm line 5.
Compilation failed in require at ./bin/gitcrypt line 2.
BEGIN failed--compilation aborted at ./bin/gitcrypt line 2.

#   Failed test at t/004-cli_tool.t line 164.
Can't locate IO/All.pm in @INC (you may need to install the IO::All module) (@INC contains: /tmp/loop_over_bdir-27668-Pf9H2p/Git-Crypt-0.02-uC05Sk/blib/lib /tmp/loop_over_bdir-27668-Pf9H2p/Git-Crypt-0.02-uC05Sk/blib/arch /etc/perl /usr/local/lib/x86_64-linux-gnu/perl/5.20.1 /usr/local/share/perl/5.20.1 /usr/lib/x86_64-linux-gnu/perl5/5.20 /usr/share/perl5 /usr/lib/x86_64-linux-gnu/perl/5.20 /usr/share/perl/5.20 /usr/local/lib/site_perl /usr/local/lib/x86_64-linux-gnu/perl/5.20.0 /usr/local/share/perl/5.20.0 .) at /tmp/loop_over_bdir-27668-Pf9H2p/Git-Crypt-0.02-uC05Sk/blib/lib/Git/Crypt.pm line 5.
BEGIN failed--compilation aborted at /tmp/loop_over_bdir-27668-Pf9H2p/Git-Crypt-0.02-uC05Sk/blib/lib/Git/Crypt.pm line 5.
Compilation failed in require at ./bin/gitcrypt line 2.
BEGIN failed--compilation aborted at ./bin/gitcrypt line 2.
Can't locate IO/All.pm in @INC (you may need to install the IO::All module) (@INC contains: /tmp/loop_over_bdir-27668-Pf9H2p/Git-Crypt-0.02-uC05Sk/blib/lib /tmp/loop_over_bdir-27668-Pf9H2p/Git-Crypt-0.02-uC05Sk/blib/arch /etc/perl /usr/local/lib/x86_64-linux-gnu/perl/5.20.1 /usr/local/share/perl/5.20.1 /usr/lib/x86_64-linux-gnu/perl5/5.20 /usr/share/perl5 /usr/lib/x86_64-linux-gnu/perl/5.20 /usr/share/perl/5.20 /usr/local/lib/site_perl /usr/local/lib/x86_64-linux-gnu/perl/5.20.0 /usr/local/share/perl/5.20.0 .) at /tmp/loop_over_bdir-27668-Pf9H2p/Git-Crypt-0.02-uC05Sk/blib/lib/Git/Crypt.pm line 5.
BEGIN failed--compilation aborted at /tmp/loop_over_bdir-27668-Pf9H2p/Git-Crypt-0.02-uC05Sk/blib/lib/Git/Crypt.pm line 5.
Compilation failed in require at ./bin/gitcrypt line 2.
BEGIN failed--compilation aborted at ./bin/gitcrypt line 2.

#   Failed test at t/004-cli_tool.t line 164.
Can't locate IO/All.pm in @INC (you may need to install the IO::All module) (@INC contains: /tmp/loop_over_bdir-27668-Pf9H2p/Git-Crypt-0.02-uC05Sk/blib/lib /tmp/loop_over_bdir-27668-Pf9H2p/Git-Crypt-0.02-uC05Sk/blib/arch /etc/perl /usr/local/lib/x86_64-linux-gnu/perl/5.20.1 /usr/local/share/perl/5.20.1 /usr/lib/x86_64-linux-gnu/perl5/5.20 /usr/share/perl5 /usr/lib/x86_64-linux-gnu/perl/5.20 /usr/share/perl/5.20 /usr/local/lib/site_perl /usr/local/lib/x86_64-linux-gnu/perl/5.20.0 /usr/local/share/perl/5.20.0 .) at /tmp/loop_over_bdir-27668-Pf9H2p/Git-Crypt-0.02-uC05Sk/blib/lib/Git/Crypt.pm line 5.
BEGIN failed--compilation aborted at /tmp/loop_over_bdir-27668-Pf9H2p/Git-Crypt-0.02-uC05Sk/blib/lib/Git/Crypt.pm line 5.
Compilation failed in require at ./bin/gitcrypt line 2.
BEGIN failed--compilation aborted at ./bin/gitcrypt line 2.

#   Failed test at t/004-cli_tool.t line 164.

#   Failed test 'encrypt tests 1'
#   at t/004-cli_tool.t line 175.

#   Failed test 'encrypt tests 2'
#   at t/004-cli_tool.t line 181.

#   Failed test 'encrypt tests 3'
#   at t/004-cli_tool.t line 110.
Can't locate IO/All.pm in @INC (you may need to install the IO::All module) (@INC contains: /tmp/loop_over_bdir-27668-Pf9H2p/Git-Crypt-0.02-uC05Sk/blib/lib /tmp/loop_over_bdir-27668-Pf9H2p/Git-Crypt-0.02-uC05Sk/blib/arch /etc/perl /usr/local/lib/x86_64-linux-gnu/perl/5.20.1 /usr/local/share/perl/5.20.1 /usr/lib/x86_64-linux-gnu/perl5/5.20 /usr/share/perl5 /usr/lib/x86_64-linux-gnu/perl/5.20 /usr/share/perl/5.20 /usr/local/lib/site_perl /usr/local/lib/x86_64-linux-gnu/perl/5.20.0 /usr/local/share/perl/5.20.0 .) at /tmp/loop_over_bdir-27668-Pf9H2p/Git-Crypt-0.02-uC05Sk/blib/lib/Git/Crypt.pm line 5.
BEGIN failed--compilation aborted at /tmp/loop_over_bdir-27668-Pf9H2p/Git-Crypt-0.02-uC05Sk/blib/lib/Git/Crypt.pm line 5.
Compilation failed in require at ./bin/gitcrypt line 2.
BEGIN failed--compilation aborted at ./bin/gitcrypt line 2.
Can't locate IO/All.pm in @INC (you may need to install the IO::All module) (@INC contains: /tmp/loop_over_bdir-27668-Pf9H2p/Git-Crypt-0.02-uC05Sk/blib/lib /tmp/loop_over_bdir-27668-Pf9H2p/Git-Crypt-0.02-uC05Sk/blib/arch /etc/perl /usr/local/lib/x86_64-linux-gnu/perl/5.20.1 /usr/local/share/perl/5.20.1 /usr/lib/x86_64-linux-gnu/perl5/5.20 /usr/share/perl5 /usr/lib/x86_64-linux-gnu/perl/5.20 /usr/share/perl/5.20 /usr/local/lib/site_perl /usr/local/lib/x86_64-linux-gnu/perl/5.20.0 /usr/local/share/perl/5.20.0 .) at /tmp/loop_over_bdir-27668-Pf9H2p/Git-Crypt-0.02-uC05Sk/blib/lib/Git/Crypt.pm line 5.
BEGIN failed--compilation aborted at /tmp/loop_over_bdir-27668-Pf9H2p/Git-Crypt-0.02-uC05Sk/blib/lib/Git/Crypt.pm line 5.
Compilation failed in require at ./bin/gitcrypt line 2.
BEGIN failed--compilation aborted at ./bin/gitcrypt line 2.
# Looks like you failed 9 tests of 26.
t/004-cli_tool.t .... 
Dubious, test returned 9 (wstat 2304, 0x900)
Failed 9/26 subtests 

Test Summary Report
-------------------
t/003-key_change.t (Wstat: 3840 Tests: 39 Failed: 15)
  Failed tests:  12-15, 18-22, 24-26, 31-33
  Non-zero exit status: 15
t/004-cli_tool.t  (Wstat: 2304 Tests: 26 Failed: 9)
  Failed tests:  12-15, 18-22
  Non-zero exit status: 9
Files=5, Tests=71,  3 wallclock secs ( 0.04 usr  0.01 sys +  1.08 cusr  0.08 csys =  1.21 CPU)
Result: FAIL
Failed 2/5 test programs. 24/71 subtests failed.
Makefile:886: recipe for target 'test_dynamic' failed
make: *** [test_dynamic] Error 9

------------------------------
PREREQUISITES
------------------------------

Prerequisite modules loaded:

requires:

    Module              Need Have    
    ------------------- ---- --------
    Crypt::Blowfish     0    2.14    
    Crypt::CBC          0    2.33    
    Digest::SHA1        0    2.13    
    IO::All             0    0.86    
    JSON::XS            0    3.01    
    MIME::Base64        0    3.14    
    Moo                 0    1.007000
    Test::Simple        0.44 1.001014

build_requires:

    Module              Need Have    
    ------------------- ---- --------
    Crypt::Blowfish     0    2.14    
    Crypt::CBC          0    2.33    
    Digest::SHA1        0    2.13    
    ExtUtils::MakeMaker 0    7.04    
    IO::All             0    0.86    
    JSON::XS            0    3.01    
    MIME::Base64        0    3.14    
    Moo                 0    1.007000
    Test::Simple        0.44 1.001014

configure_requires:

    Module              Need Have    
    ------------------- ---- --------
    ExtUtils::MakeMaker 0    7.04    


------------------------------
ENVIRONMENT AND OTHER CONTEXT
------------------------------

Environment variables:

    AUTOMATED_TESTING = 1
    LANG = en_US.UTF-8
    LANGUAGE = en_US:en
    PATH = /home/sand/bin:/usr/local/bin:/usr/bin:/bin:/usr/games:/usr/local/perl/bin:/usr/X11/bin:/sbin:/usr/sbin
    PERL5LIB = 
    PERL5OPT = 
    PERL5_CPANPLUS_IS_RUNNING = 27669
    PERL5_CPAN_IS_RUNNING = 27669
    PERL_MM_USE_DEFAULT = 1
    SHELL = /usr/bin/zsh
    TERM = screen

Perl special variables (and OS-specific diagnostics, for MSWin32):

    $^X = /home/sand/src/perl/repoperls/installed-perls/perl/v5.20.2-RC1/9ab7/bin/perl
    $UID/$EUID = 1005 / 1005
    $GID = 1005 1005
    $EGID = 1005 1005

Perl module toolchain versions installed:

    Module              Have    
    ------------------- --------
    CPAN                2.05    
    CPAN::Meta          2.143240
    Cwd                 3.48_01 
    ExtUtils::CBuilder  0.280220
    ExtUtils::Command   1.18    
    ExtUtils::Install   1.67    
    ExtUtils::MakeMaker 7.04    
    ExtUtils::Manifest  1.70    
    ExtUtils::ParseXS   3.24    
    File::Spec          3.48_01 
    JSON                2.90    
    JSON::PP            2.27203 
    Module::Build       0.4211  
    Module::Signature   0.73    
    Parse::CPAN::Meta   1.4414  
    Test::Harness       3.35    
    Test::More          1.001014
    YAML                1.14    
    YAML::Syck          1.29    
    version             0.9912  


--

Summary of my perl5 (revision 5 version 20 subversion 2) configuration:
  Commit id: a920fedcd88708027dc9204b8d8abac1638789d4
  Platform:
    osname=linux, osvers=3.16.0-4-amd64, archname=x86_64-linux
    uname='linux k83 3.16.0-4-amd64 #1 smp debian 3.16.7-ckt2-1 (2014-12-08) x86_64 gnulinux '
    config_args='-Dprefix=/home/sand/src/perl/repoperls/installed-perls/perl/v5.20.2-RC1/9ab7 -Dmyhostname=k83 -Dinstallusrbinperl=n -Uversiononly -Dusedevel -des -Ui_db -Uuseithreads -Uuselongdouble'
    hint=recommended, useposix=true, d_sigaction=define
    useithreads=undef, usemultiplicity=undef
    use64bitint=define, use64bitall=define, uselongdouble=undef
    usemymalloc=n, bincompat5005=undef
  Compiler:
    cc='cc', ccflags ='-fwrapv -fno-strict-aliasing -pipe -fstack-protector -I/usr/local/include -D_LARGEFILE_SOURCE -D_FILE_OFFSET_BITS=64',
    optimize='-O2',
    cppflags='-fwrapv -fno-strict-aliasing -pipe -fstack-protector -I/usr/local/include'
    ccversion='', gccversion='4.9.2', gccosandvers=''
    intsize=4, longsize=8, ptrsize=8, doublesize=8, byteorder=12345678
    d_longlong=define, longlongsize=8, d_longdbl=define, longdblsize=16
    ivtype='long', ivsize=8, nvtype='double', nvsize=8, Off_t='off_t', lseeksize=8
    alignbytes=8, prototype=define
  Linker and Libraries:
    ld='cc', ldflags =' -fstack-protector -L/usr/local/lib'
    libpth=/usr/local/lib /usr/lib/gcc/x86_64-linux-gnu/4.9/include-fixed /usr/include/x86_64-linux-gnu /usr/lib /lib/x86_64-linux-gnu /lib/../lib /usr/lib/x86_64-linux-gnu /usr/lib/../lib /lib
    libs=-lnsl -lgdbm -ldb -ldl -lm -lcrypt -lutil -lc -lgdbm_compat
    perllibs=-lnsl -ldl -lm -lcrypt -lutil -lc
    libc=libc-2.19.so, so=so, useshrplib=false, libperl=libperl.a
    gnulibc_version='2.19'
  Dynamic Linking:
    dlsrc=dl_dlopen.xs, dlext=so, d_dlsymun=undef, ccdlflags='-Wl,-E'
    cccdlflags='-fPIC', lddlflags='-shared -O2 -L/usr/local/lib -fstack-protector'


Characteristics of this binary (from libperl): 
  Compile-time options: HAS_TIMES PERLIO_LAYERS PERL_DONT_CREATE_GVSV
                        PERL_HASH_FUNC_ONE_AT_A_TIME_HARD PERL_MALLOC_WRAP
                        PERL_NEW_COPY_ON_WRITE PERL_PRESERVE_IVUV
                        PERL_USE_DEVEL USE_64_BIT_ALL USE_64_BIT_INT
                        USE_LARGE_FILES USE_LOCALE USE_LOCALE_COLLATE
                        USE_LOCALE_CTYPE USE_LOCALE_NUMERIC USE_PERLIO
                        USE_PERL_ATOF
  Locally applied patches:
	RC1
  Built under linux
  Compiled at Feb  1 2015 06:36:37
  %ENV:
    PERL5LIB=""
    PERL5OPT=""
    PERL5_CPANPLUS_IS_RUNNING="27669"
    PERL5_CPAN_IS_RUNNING="27669"
    PERL_MM_USE_DEFAULT="1"
  @INC:
    /home/sand/src/perl/repoperls/installed-perls/perl/v5.20.2-RC1/9ab7/lib/site_perl/5.20.2/x86_64-linux
    /home/sand/src/perl/repoperls/installed-perls/perl/v5.20.2-RC1/9ab7/lib/site_perl/5.20.2
    /home/sand/src/perl/repoperls/installed-perls/perl/v5.20.2-RC1/9ab7/lib/5.20.2/x86_64-linux
    /home/sand/src/perl/repoperls/installed-perls/perl/v5.20.2-RC1/9ab7/lib/5.20.2
    .