Back
From: metabase:user:314402c4-2aae-11df-837a-5e0a49663a4f
Subject: FAIL Struct-Dumb-0.07 v5.8.9 FreeBSD
Date: 2015-10-11T12:12:13Z
This distribution has been tested as part of the CPAN Testers
project, supporting the Perl programming language. See
http://wiki.cpantesters.org/ for more information or email
questions to cpan-testers-discuss@perl.org
--
Dear Paul Evans,
This is a computer-generated report for Struct-Dumb-0.07
on perl 5.8.9, created by CPAN-Reporter-1.2015.
Thank you for uploading your work to CPAN. However, there was a problem
testing your distribution.
If you think this report is invalid, please consult the CPAN Testers Wiki
for suggestions on how to avoid getting FAIL reports for missing library
or binary dependencies, unsupported operating systems, and so on:
http://wiki.cpantesters.org/wiki/CPANAuthorNotes
Sections of this report:
* Tester comments
* Program output
* Prerequisites
* Environment and other context
------------------------------
TESTER COMMENTS
------------------------------
Additional comments from tester:
none provided
------------------------------
PROGRAM OUTPUT
------------------------------
Output from './Build test':
# Failed test 'use Struct::Dumb;'
# at t/00use.t line 8.
# Tried to use 'Struct::Dumb'.
# Error: Can't locate overloading.pm in @INC (@INC contains: /usr/home/eserte/.cpan/build/2015101112/Struct-Dumb-0.07-Sh9IPj/blib/lib /usr/home/eserte/.cpan/build/2015101112/Struct-Dumb-0.07-Sh9IPj/blib/arch /usr/perl5.8.9/lib/5.8.9/amd64-freebsd /usr/perl5.8.9/lib/5.8.9 /usr/perl5.8.9/lib/site_perl/5.8.9/amd64-freebsd /usr/perl5.8.9/lib/site_perl/5.8.9 .) at /usr/home/eserte/.cpan/build/2015101112/Struct-Dumb-0.07-Sh9IPj/blib/lib/Struct/Dumb.pm line 164.
# BEGIN failed--compilation aborted at /usr/home/eserte/.cpan/build/2015101112/Struct-Dumb-0.07-Sh9IPj/blib/lib/Struct/Dumb.pm line 164.
# Compilation failed in require at t/00use.t line 8.
# BEGIN failed--compilation aborted at t/00use.t line 8.
# Looks like you failed 1 test of 1.
t/00use.t ........
Dubious, test returned 1 (wstat 256, 0x100)
Failed 1/1 subtests
Can't locate overloading.pm in @INC (@INC contains: /usr/home/eserte/.cpan/build/2015101112/Struct-Dumb-0.07-Sh9IPj/blib/lib /usr/home/eserte/.cpan/build/2015101112/Struct-Dumb-0.07-Sh9IPj/blib/arch /usr/perl5.8.9/lib/5.8.9/amd64-freebsd /usr/perl5.8.9/lib/5.8.9 /usr/perl5.8.9/lib/site_perl/5.8.9/amd64-freebsd /usr/perl5.8.9/lib/site_perl/5.8.9 .) at /usr/home/eserte/.cpan/build/2015101112/Struct-Dumb-0.07-Sh9IPj/blib/lib/Struct/Dumb.pm line 164.
BEGIN failed--compilation aborted at /usr/home/eserte/.cpan/build/2015101112/Struct-Dumb-0.07-Sh9IPj/blib/lib/Struct/Dumb.pm line 164.
Compilation failed in require at t/01point.t line 11.
BEGIN failed--compilation aborted at t/01point.t line 11.
t/01point.t ......
Dubious, test returned 2 (wstat 512, 0x200)
No subtests run
Can't locate overloading.pm in @INC (@INC contains: /usr/home/eserte/.cpan/build/2015101112/Struct-Dumb-0.07-Sh9IPj/blib/lib /usr/home/eserte/.cpan/build/2015101112/Struct-Dumb-0.07-Sh9IPj/blib/arch /usr/perl5.8.9/lib/5.8.9/amd64-freebsd /usr/perl5.8.9/lib/5.8.9 /usr/perl5.8.9/lib/site_perl/5.8.9/amd64-freebsd /usr/perl5.8.9/lib/site_perl/5.8.9 .) at /usr/home/eserte/.cpan/build/2015101112/Struct-Dumb-0.07-Sh9IPj/blib/lib/Struct/Dumb.pm line 164.
BEGIN failed--compilation aborted at /usr/home/eserte/.cpan/build/2015101112/Struct-Dumb-0.07-Sh9IPj/blib/lib/Struct/Dumb.pm line 164.
Compilation failed in require at t/02scope.t line 9.
BEGIN failed--compilation aborted at t/02scope.t line 9.
t/02scope.t ......
Dubious, test returned 2 (wstat 512, 0x200)
No subtests run
Can't locate overloading.pm in @INC (@INC contains: /usr/home/eserte/.cpan/build/2015101112/Struct-Dumb-0.07-Sh9IPj/blib/lib /usr/home/eserte/.cpan/build/2015101112/Struct-Dumb-0.07-Sh9IPj/blib/arch /usr/perl5.8.9/lib/5.8.9/amd64-freebsd /usr/perl5.8.9/lib/5.8.9 /usr/perl5.8.9/lib/site_perl/5.8.9/amd64-freebsd /usr/perl5.8.9/lib/site_perl/5.8.9 .) at /usr/home/eserte/.cpan/build/2015101112/Struct-Dumb-0.07-Sh9IPj/blib/lib/Struct/Dumb.pm line 164.
BEGIN failed--compilation aborted at /usr/home/eserte/.cpan/build/2015101112/Struct-Dumb-0.07-Sh9IPj/blib/lib/Struct/Dumb.pm line 164.
Compilation failed in require at t/03readonly.t line 9.
BEGIN failed--compilation aborted at t/03readonly.t line 9.
t/03readonly.t ...
Dubious, test returned 2 (wstat 512, 0x200)
No subtests run
Can't locate overloading.pm in @INC (@INC contains: /usr/home/eserte/.cpan/build/2015101112/Struct-Dumb-0.07-Sh9IPj/blib/lib /usr/home/eserte/.cpan/build/2015101112/Struct-Dumb-0.07-Sh9IPj/blib/arch /usr/perl5.8.9/lib/5.8.9/amd64-freebsd /usr/perl5.8.9/lib/5.8.9 /usr/perl5.8.9/lib/site_perl/5.8.9/amd64-freebsd /usr/perl5.8.9/lib/site_perl/5.8.9 .) at /usr/home/eserte/.cpan/build/2015101112/Struct-Dumb-0.07-Sh9IPj/blib/lib/Struct/Dumb.pm line 164.
BEGIN failed--compilation aborted at /usr/home/eserte/.cpan/build/2015101112/Struct-Dumb-0.07-Sh9IPj/blib/lib/Struct/Dumb.pm line 164.
Compilation failed in require at t/04named.t line 9.
BEGIN failed--compilation aborted at t/04named.t line 9.
t/04named.t ......
Dubious, test returned 2 (wstat 512, 0x200)
No subtests run
Can't locate overloading.pm in @INC (@INC contains: /usr/home/eserte/.cpan/build/2015101112/Struct-Dumb-0.07-Sh9IPj/blib/lib /usr/home/eserte/.cpan/build/2015101112/Struct-Dumb-0.07-Sh9IPj/blib/arch /usr/perl5.8.9/lib/5.8.9/amd64-freebsd /usr/perl5.8.9/lib/5.8.9 /usr/perl5.8.9/lib/site_perl/5.8.9/amd64-freebsd /usr/perl5.8.9/lib/site_perl/5.8.9 .) at /usr/home/eserte/.cpan/build/2015101112/Struct-Dumb-0.07-Sh9IPj/blib/lib/Struct/Dumb.pm line 164.
BEGIN failed--compilation aborted at /usr/home/eserte/.cpan/build/2015101112/Struct-Dumb-0.07-Sh9IPj/blib/lib/Struct/Dumb.pm line 164.
Compilation failed in require at t/05predicate.t line 9.
BEGIN failed--compilation aborted at t/05predicate.t line 9.
t/05predicate.t ..
Dubious, test returned 2 (wstat 512, 0x200)
No subtests run
t/99pod.t ........ ok
Test Summary Report
-------------------
t/00use.t (Wstat: 256 Tests: 1 Failed: 1)
Failed test: 1
Non-zero exit status: 1
t/01point.t (Wstat: 512 Tests: 0 Failed: 0)
Non-zero exit status: 2
Parse errors: No plan found in TAP output
t/02scope.t (Wstat: 512 Tests: 0 Failed: 0)
Non-zero exit status: 2
Parse errors: No plan found in TAP output
t/03readonly.t (Wstat: 512 Tests: 0 Failed: 0)
Non-zero exit status: 2
Parse errors: No plan found in TAP output
t/04named.t (Wstat: 512 Tests: 0 Failed: 0)
Non-zero exit status: 2
Parse errors: No plan found in TAP output
t/05predicate.t (Wstat: 512 Tests: 0 Failed: 0)
Non-zero exit status: 2
Parse errors: No plan found in TAP output
Files=7, Tests=2, 0 wallclock secs ( 0.05 usr 0.03 sys + 0.26 cusr 0.08 csys = 0.42 CPU)
Result: FAIL
Failed 6/7 test programs. 1/2 subtests failed.
------------------------------
PREREQUISITES
------------------------------
Prerequisite modules loaded:
build_requires:
Module Need Have
----------- ---- --------
Test::Fatal 0 0.014
Test::More 0.88 1.001014
------------------------------
ENVIRONMENT AND OTHER CONTEXT
------------------------------
Environment variables:
LC_ALL = de_DE.ISO8859-1
PATH = /usr/local/bin:/usr/bin:/bin:/usr/local/sbin:/usr/sbin:/sbin:/home/cpansand/bin/freebsd9.3:/home/cpansand/bin/sh:/home/cpansand/bin:/usr/games:/home/cpansand/devel:/usr/home/eserte/src/srezic-misc/scripts
PERL5LIB =
PERL5OPT =
PERL5_CPANPLUS_IS_RUNNING = 90494
PERL5_CPAN_IS_RUNNING = 90494
PERL5_CPAN_IS_RUNNING_IN_RECURSION = 90438,90494
PERLDOC = -MPod::Perldoc::ToTextOverstrike
PERL_BATCH = yes
PERL_CANARY_STABILITY_NOPROMPT = 1
PERL_CPAN_REPORTER_CONFIG = /var/tmp/cpansmoker-1023/2015101112/cpanreporter_000_config.ini
PERL_EXTUTILS_AUTOINSTALL = --defaultdeps
SHELL = /usr/local/bin/zsh
TERM = screen
TMPDIR = /var/tmp/cpansmoker-1023/2015101112
Perl special variables (and OS-specific diagnostics, for MSWin32):
$^X = /usr/perl5.8.9/bin/perl
$UID/$EUID = 1023 / 1023
$GID = 1023 1023
$EGID = 1023 1023
Perl module toolchain versions installed:
Module Have
------------------- --------
CPAN 2.10
CPAN::Meta 2.150001
Cwd 3.47
ExtUtils::CBuilder 0.280224
ExtUtils::Command 7.10
ExtUtils::Install 2.04
ExtUtils::MakeMaker 7.10
ExtUtils::Manifest 1.69
ExtUtils::ParseXS 3.30
File::Spec 3.47
JSON 2.90
JSON::PP 2.27203
Module::Build 0.4214
Module::Signature 0.79
Parse::CPAN::Meta 1.4414
Test::Harness 3.35
Test::More 1.001014
YAML 1.15
YAML::Syck 1.29
version 0.9912
--
Summary of my perl5 (revision 5 version 8 subversion 9) configuration:
Platform:
osname=freebsd, osvers=9.2-release-p4, archname=amd64-freebsd
uname='freebsd cvrsnica-freebsd-92 9.2-release-p4 freebsd 9.2-release-p4 #0: tue apr 8 18:08:22 utc 2014 root@amd64-builder.daemonology.net:usrobjusrsrcsysgeneric amd64 '
config_args='-ds -e -Dprefix=/usr/perl5.8.9'
hint=recommended, useposix=true, d_sigaction=define
usethreads=undef use5005threads=undef useithreads=undef usemultiplicity=undef
useperlio=define d_sfio=undef uselargefiles=define usesocks=undef
use64bitint=define use64bitall=define uselongdouble=undef
usemymalloc=n, bincompat5005=undef
Compiler:
cc='cc', ccflags ='-DHAS_FPSETMASK -DHAS_FLOATINGPOINT_H -fno-strict-aliasing -pipe -I/usr/local/include',
optimize='-O',
cppflags='-DHAS_FPSETMASK -DHAS_FLOATINGPOINT_H -fno-strict-aliasing -pipe -I/usr/local/include'
ccversion='', gccversion='4.2.1 20070831 patched [FreeBSD]', gccosandvers=''
intsize=4, longsize=8, ptrsize=8, doublesize=8, byteorder=12345678
d_longlong=define, longlongsize=8, d_longdbl=define, longdblsize=16
ivtype='long', ivsize=8, nvtype='double', nvsize=8, Off_t='off_t', lseeksize=8
alignbytes=8, prototype=define
Linker and Libraries:
ld='cc', ldflags ='-Wl,-E -L/usr/local/lib'
libpth=/usr/lib /usr/local/lib
libs=-lgdbm -lm -lcrypt -lutil -lc
perllibs=-lm -lcrypt -lutil -lc
libc=, so=so, useshrplib=false, libperl=libperl.a
gnulibc_version=''
Dynamic Linking:
dlsrc=dl_dlopen.xs, dlext=so, d_dlsymun=undef, ccdlflags=' '
cccdlflags='-DPIC -fPIC', lddlflags='-shared -L/usr/local/lib'
Characteristics of this binary (from libperl):
Compile-time options: PERL_MALLOC_WRAP USE_64_BIT_ALL USE_64_BIT_INT
USE_FAST_STDIO USE_LARGE_FILES USE_PERLIO
Built under freebsd
Compiled at May 15 2014 22:27:57
%ENV:
PERL5LIB=""
PERL5OPT=""
PERL5_CPANPLUS_IS_RUNNING="90494"
PERL5_CPAN_IS_RUNNING="90494"
PERL5_CPAN_IS_RUNNING_IN_RECURSION="90438,90494"
PERLDOC="-MPod::Perldoc::ToTextOverstrike"
PERL_BATCH="yes"
PERL_CANARY_STABILITY_NOPROMPT="1"
PERL_CPAN_REPORTER_CONFIG="/var/tmp/cpansmoker-1023/2015101112/cpanreporter_000_config.ini"
PERL_EXTUTILS_AUTOINSTALL="--defaultdeps"
@INC:
/usr/perl5.8.9/lib/5.8.9/amd64-freebsd
/usr/perl5.8.9/lib/5.8.9
/usr/perl5.8.9/lib/site_perl/5.8.9/amd64-freebsd
/usr/perl5.8.9/lib/site_perl/5.8.9
.