Report for Locale-Utils-PlaceholderBabelFish-0.001

Back
From: metabase:user:320bfe00-2aae-11df-837a-5e0a49663a4f
Subject: FAIL Locale-Utils-PlaceholderBabelFish-0.001 v5.23.3 GNU/Linux
Date: 2015-10-02T07:05:20Z

This distribution has been tested as part of the CPAN Testers
project, supporting the Perl programming language.  See
http://wiki.cpantesters.org/ for more information or email
questions to cpan-testers-discuss@perl.org


--
Dear Steffen Winkler,

This is a computer-generated report for Locale-Utils-PlaceholderBabelFish-0.001
on perl 5.23.3, created by CPAN-Reporter-1.2015.

Thank you for uploading your work to CPAN.  However, there was a problem
testing your distribution.

If you think this report is invalid, please consult the CPAN Testers Wiki
for suggestions on how to avoid getting FAIL reports for missing library
or binary dependencies, unsupported operating systems, and so on:

http://wiki.cpantesters.org/wiki/CPANAuthorNotes

Sections of this report:

    * Tester comments
    * Program output
    * Prerequisites
    * Environment and other context

------------------------------
TESTER COMMENTS
------------------------------

Additional comments from tester:

this report is from an automated smoke testing program
and was not reviewed by a human for accuracy

------------------------------
PROGRAM OUTPUT
------------------------------

Output from '/usr/bin/make test':

PERL_DL_NONLAZY=1 "/home/sand/src/perl/repoperls/installed-perls/perl/v5.23.3/8378/bin/perl" "-MExtUtils::Command::MM" "-MTest::Harness" "-e" "undef *Test::Harness::Switches; test_harness(0, 'blib/lib', 'blib/arch')" t/*.t

#   Failed test 'use Locale::Utils::PlaceholderMaketext;'
#   at t/01_use.t line 10.
#     Tried to use 'Locale::Utils::PlaceholderMaketext'.
#     Error:  Can't locate Locale/Utils/PlaceholderMaketext.pm in @INC (you may need to install the Locale::Utils::PlaceholderMaketext module) (@INC contains: /tmp/loop_over_bdir-15033-J0693h/Locale-Utils-PlaceholderBabelFish-0.001-GEJ8Dg/blib/lib /tmp/loop_over_bdir-15033-J0693h/Locale-Utils-PlaceholderBabelFish-0.001-GEJ8Dg/blib/arch /home/sand/src/perl/repoperls/installed-perls/perl/v5.23.3/8378/lib/site_perl/5.23.3/x86_64-linux-ld /home/sand/src/perl/repoperls/installed-perls/perl/v5.23.3/8378/lib/site_perl/5.23.3 /home/sand/src/perl/repoperls/installed-perls/perl/v5.23.3/8378/lib/5.23.3/x86_64-linux-ld /home/sand/src/perl/repoperls/installed-perls/perl/v5.23.3/8378/lib/5.23.3) at t/01_use.t line 10.
# BEGIN failed--compilation aborted at t/01_use.t line 10.
# Looks like you failed 1 test of 2.
t/01_use.t ............ 
Dubious, test returned 1 (wstat 256, 0x100)
Failed 1/2 subtests 
t/02_exceptions.t ..... skipped: Author test. Set $ENV{AUTHOR_TESTING} to a true value to run.
t/03_expand_named.t ... ok
t/04_modifier_code.t .. ok
t/05_expand_plural.t .. ok
t/11_test_examples.t .. skipped: Set $ENV{AUTHOR_TESTING} to run this test.
t/chars.t ............. skipped: Author test. Set $ENV{AUTHOR_TESTING} to a true value to run.
t/perl_critic.t ....... skipped: Test::Perl::Critic required
t/pod.t ............... ok
t/pod_coverage.t ...... ok
t/prereq_build.t ...... skipped: Author test.  Set $ENV{RELEASE_TESTING} to a true value to run.

Test Summary Report
-------------------
t/01_use.t          (Wstat: 256 Tests: 2 Failed: 1)
  Failed test:  1
  Non-zero exit status: 1
Files=11, Tests=31,  3 wallclock secs ( 0.06 usr  0.05 sys +  0.74 cusr  0.15 csys =  1.00 CPU)
Result: FAIL
Failed 1/11 test programs. 1/31 subtests failed.
Makefile:858: recipe for target 'test_dynamic' failed
make: *** [test_dynamic] Error 255

------------------------------
PREREQUISITES
------------------------------

Prerequisite modules loaded:

requires:

    Module                       Need     Have    
    ---------------------------- -------- --------
    Carp                         0        1.37    
    List::Util                   0        1.42_01 
    Moo                          1.003001 2.000002
    MooX::StrictConstructor      0        0.008   
    MooX::Types::MooseLike       0        0.29    
    MooX::Types::MooseLike::Base 0        0.29    
    namespace::autoclean         0        0.27    
    Scalar::Util                 0        1.42_01 
    Test::Differences            0.60     0.63    
    Test::Exception              0        0.40    
    Test::More                   0        1.001014
    Test::NoWarnings             0        1.04    

build_requires:

    Module                       Need     Have    
    ---------------------------- -------- --------
    ExtUtils::MakeMaker          0        7.10    

configure_requires:

    Module                       Need     Have    
    ---------------------------- -------- --------
    Module::Build                0.42     0.4214  


------------------------------
ENVIRONMENT AND OTHER CONTEXT
------------------------------

Environment variables:

    AUTOMATED_TESTING = 1
    LANG = en_US.UTF-8
    LANGUAGE = en_US:en
    PATH = /home/sand/bin:/usr/local/bin:/usr/bin:/bin:/usr/games:/usr/local/perl/bin:/usr/X11/bin:/sbin:/usr/sbin
    PERL5LIB = 
    PERL5OPT = 
    PERL5_CPANPLUS_IS_RUNNING = 15037
    PERL5_CPAN_IS_RUNNING = 15037
    PERL_MM_USE_DEFAULT = 1
    SHELL = /usr/bin/zsh
    TERM = screen

Perl special variables (and OS-specific diagnostics, for MSWin32):

    $^X = /home/sand/src/perl/repoperls/installed-perls/perl/v5.23.3/8378/bin/perl
    $UID/$EUID = 1005 / 1005
    $GID = 1005 1005
    $EGID = 1005 1005

Perl module toolchain versions installed:

    Module              Have    
    ------------------- --------
    CPAN                2.11    
    CPAN::Meta          2.150005
    Cwd                 3.58    
    ExtUtils::CBuilder  0.280223
    ExtUtils::Command   7.10    
    ExtUtils::Install   2.04    
    ExtUtils::MakeMaker 7.10    
    ExtUtils::Manifest  1.70    
    ExtUtils::ParseXS   3.30    
    File::Spec          3.58    
    JSON                2.90    
    JSON::PP            2.27300 
    Module::Build       0.4214  
    Module::Signature   0.79    
    Parse::CPAN::Meta   1.4417  
    Test::Harness       3.35    
    Test::More          1.001014
    YAML                1.15    
    YAML::Syck          1.29    
    version             0.9909  


--

Summary of my perl5 (revision 5 version 23 subversion 3) configuration:
  Commit id: d2c3426b4ccfd6a61af7f4e904f371945d63fdc8
  Platform:
    osname=linux, osvers=4.1.0-2-amd64, archname=x86_64-linux-ld
    uname='linux k83 4.1.0-2-amd64 #1 smp debian 4.1.6-1 (2015-08-23) x86_64 gnulinux '
    config_args='-Dprefix=/home/sand/src/perl/repoperls/installed-perls/perl/v5.23.3/8378 -Dmyhostname=k83 -Dinstallusrbinperl=n -Uversiononly -Dusedevel -des -Ui_db -Uuseithreads -Duselongdouble'
    hint=recommended, useposix=true, d_sigaction=define
    useithreads=undef, usemultiplicity=undef
    use64bitint=define, use64bitall=define, uselongdouble=define
    usemymalloc=n, bincompat5005=undef
  Compiler:
    cc='cc', ccflags ='-fwrapv -fno-strict-aliasing -pipe -fstack-protector-strong -I/usr/local/include -D_LARGEFILE_SOURCE -D_FILE_OFFSET_BITS=64',
    optimize='-O2',
    cppflags='-fwrapv -fno-strict-aliasing -pipe -fstack-protector-strong -I/usr/local/include'
    ccversion='', gccversion='5.2.1 20150911', gccosandvers=''
    intsize=4, longsize=8, ptrsize=8, doublesize=8, byteorder=12345678, doublekind=3
    d_longlong=define, longlongsize=8, d_longdbl=define, longdblsize=16, longdblkind=3
    ivtype='long', ivsize=8, nvtype='long double', nvsize=16, Off_t='off_t', lseeksize=8
    alignbytes=16, prototype=define
  Linker and Libraries:
    ld='cc', ldflags =' -fstack-protector-strong -L/usr/local/lib'
    libpth=/usr/local/lib /usr/lib/gcc/x86_64-linux-gnu/5/include-fixed /usr/include/x86_64-linux-gnu /usr/lib /lib/x86_64-linux-gnu /lib/../lib /usr/lib/x86_64-linux-gnu /usr/lib/../lib /lib
    libs=-lpthread -lnsl -lgdbm -ldb -ldl -lm -lcrypt -lutil -lc -lgdbm_compat
    perllibs=-lpthread -lnsl -ldl -lm -lcrypt -lutil -lc
    libc=libc-2.19.so, so=so, useshrplib=false, libperl=libperl.a
    gnulibc_version='2.19'
  Dynamic Linking:
    dlsrc=dl_dlopen.xs, dlext=so, d_dlsymun=undef, ccdlflags='-Wl,-E'
    cccdlflags='-fPIC', lddlflags='-shared -O2 -L/usr/local/lib -fstack-protector-strong'


Characteristics of this binary (from libperl): 
  Compile-time options: HAS_TIMES PERLIO_LAYERS PERL_COPY_ON_WRITE
                        PERL_DONT_CREATE_GVSV
                        PERL_HASH_FUNC_ONE_AT_A_TIME_HARD PERL_MALLOC_WRAP
                        PERL_PRESERVE_IVUV PERL_USE_DEVEL USE_64_BIT_ALL
                        USE_64_BIT_INT USE_LARGE_FILES USE_LOCALE
                        USE_LOCALE_COLLATE USE_LOCALE_CTYPE
                        USE_LOCALE_NUMERIC USE_LOCALE_TIME USE_LONG_DOUBLE
                        USE_PERLIO USE_PERL_ATOF
  Built under linux
  Compiled at Sep 23 2015 23:39:15
  %ENV:
    PERL5LIB=""
    PERL5OPT=""
    PERL5_CPANPLUS_IS_RUNNING="15037"
    PERL5_CPAN_IS_RUNNING="15037"
    PERL_MM_USE_DEFAULT="1"
  @INC:
    /home/sand/src/perl/repoperls/installed-perls/perl/v5.23.3/8378/lib/site_perl/5.23.3/x86_64-linux-ld
    /home/sand/src/perl/repoperls/installed-perls/perl/v5.23.3/8378/lib/site_perl/5.23.3
    /home/sand/src/perl/repoperls/installed-perls/perl/v5.23.3/8378/lib/5.23.3/x86_64-linux-ld
    /home/sand/src/perl/repoperls/installed-perls/perl/v5.23.3/8378/lib/5.23.3
    .