Back
From: metabase:user:320bfe00-2aae-11df-837a-5e0a49663a4f
Subject: FAIL XML-Smart-1.77 v5.17.6 GNU/Linux
Date: 2013-02-13T14:19:27Z
This distribution has been tested as part of the CPAN Testers
project, supporting the Perl programming language. See
http://wiki.cpantesters.org/ for more information or email
questions to cpan-testers-discuss@perl.org
--
Dear Harish T Madabushi,
This is a computer-generated report for XML-Smart-1.77
on perl 5.17.6, created by CPAN-Reporter-1.2009.
Thank you for uploading your work to CPAN. However, there was a problem
testing your distribution.
If you think this report is invalid, please consult the CPAN Testers Wiki
for suggestions on how to avoid getting FAIL reports for missing library
or binary dependencies, unsupported operating systems, and so on:
http://wiki.cpantesters.org/wiki/CPANAuthorNotes
Sections of this report:
* Tester comments
* Program output
* Prerequisites
* Environment and other context
------------------------------
TESTER COMMENTS
------------------------------
Additional comments from tester:
this report is from an automated smoke testing program
and was not reviewed by a human for accuracy
------------------------------
PROGRAM OUTPUT
------------------------------
Output from '/usr/bin/make test':
PERL_DL_NONLAZY=1 /home/sand/src/perl/repoperls/installed-perls/perl/v5.17.6/127e/bin/perl "-MExtUtils::Command::MM" "-e" "test_harness(0, 'blib/lib', 'blib/arch')" t/*.t
# Testing XML::Smart 1.77, Perl 5.017006, /home/sand/src/perl/repoperls/installed-perls/perl/v5.17.6/127e/bin/perl
t/00-load.t .................. ok
# Failed test at t/base_tests.t line 663.
# got: '<hosts><serveros="lx"type="red"ver="123"/></hosts><hosts><serveros="LX"type="red"ver="123"/></hosts>'
# expected: '<root><hosts><serveros="lx"type="red"ver="123"/></hosts><hosts><serveros="LX"type="red"ver="123"/></hosts></root>'
# Looks like you failed 1 test of 2.
# Failed test 'XML::Smart::Parser Data Populate Array test'
# at t/base_tests.t line 667.
# Looks like you failed 1 test of 48.
t/base_tests.t ...............
Dubious, test returned 1 (wstat 256, 0x100)
Failed 1/48 subtests
(less 1 skipped subtest: 46 okay)
# Failed test at t/base_tests_for_mem_leak.t line 704.
# got: '<hosts><serveros="lx"type="red"ver="123"/></hosts><hosts><serveros="LX"type="red"ver="123"/></hosts>'
# expected: '<root><hosts><serveros="lx"type="red"ver="123"/></hosts><hosts><serveros="LX"type="red"ver="123"/></hosts></root>'
# Looks like you failed 1 test of 2.
# Failed test 'XML::Smart::Parser Data Populate Array test'
# at t/base_tests_for_mem_leak.t line 708.
# Looks like you failed 1 test of 48.
t/base_tests_for_mem_leak.t ..
Dubious, test returned 1 (wstat 256, 0x100)
Failed 1/48 subtests
(less 1 skipped subtest: 46 okay)
multiple roots, wrong element 'hosts'
at /tmp/loop_over_bdir-23075-gr6Epu/XML-Smart-1.77-SPKrNw/blib/lib/XML/Smart.pm line 238.
at t/base_tests_for_objcopy.t line 695.
# Child (XML::Smart::Parser Data Populate Array test) exited without calling finalize()
# Failed test 'XML::Smart::Parser Data Populate Array test'
# at /home/src/perl/repoperls/installed-perls/perl/v5.17.6/127e/lib/5.17.6/Test/Builder.pm line 252.
# Tests were run but no plan was declared and done_testing() was not seen.
t/base_tests_for_objcopy.t ...
Dubious, test returned 29 (wstat 7424, 0x1d00)
Failed 1/19 subtests
# Failed test at t/base_tests_multi_obj.t line 670.
# got: '<hosts><serveros="lx"type="red"ver="123"/></hosts><hosts><serveros="LX"type="red"ver="123"/></hosts>'
# expected: '<root><hosts><serveros="lx"type="red"ver="123"/></hosts><hosts><serveros="LX"type="red"ver="123"/></hosts></root>'
# Looks like you failed 1 test of 2.
# Failed test 'XML::Smart::Parser Data Populate Array test'
# at t/base_tests_multi_obj.t line 674.
# Looks like you failed 1 test of 48.
t/base_tests_multi_obj.t .....
Dubious, test returned 1 (wstat 256, 0x100)
Failed 1/48 subtests
(less 1 skipped subtest: 46 okay)
t/boilerplate.t .............. ok
t/copy_fail.t ................ ok
t/encode_tests.t ............. ok
t/force_case_bug_fix.t ....... ok
t/hex.t ...................... ok
t/manifest.t ................. skipped: Author tests not required for installation
t/obj_copy_meta.t ............ ok
t/pod-coverage.t ............. skipped: Author tests not required for installation
t/pod.t ...................... ok
t/subtree_assign.t ........... ok
Test Summary Report
-------------------
t/base_tests.t (Wstat: 256 Tests: 48 Failed: 1)
Failed test: 19
Non-zero exit status: 1
t/base_tests_for_mem_leak.t (Wstat: 256 Tests: 48 Failed: 1)
Failed test: 19
Non-zero exit status: 1
t/base_tests_for_objcopy.t (Wstat: 7424 Tests: 19 Failed: 1)
Failed test: 19
Non-zero exit status: 29
Parse errors: No plan found in TAP output
t/base_tests_multi_obj.t (Wstat: 256 Tests: 48 Failed: 1)
Failed test: 19
Non-zero exit status: 1
t/boilerplate.t (Wstat: 0 Tests: 3 Failed: 0)
TODO passed: 1-3
Files=15, Tests=210, 5 wallclock secs ( 0.11 usr 0.03 sys + 2.87 cusr 0.21 csys = 3.22 CPU)
Result: FAIL
Failed 4/15 test programs. 4/210 subtests failed.
make: *** [test_dynamic] Error 255
------------------------------
PREREQUISITES
------------------------------
Prerequisite modules loaded:
requires:
Module Need Have
------------------- ----- --------
Object::MultiType 0.03 0.05
perl 5.006 5.017006
build_requires:
Module Need Have
------------------- ----- --------
Test::More 0 0.98
configure_requires:
Module Need Have
------------------- ----- --------
ExtUtils::MakeMaker 0 6.64
------------------------------
ENVIRONMENT AND OTHER CONTEXT
------------------------------
Environment variables:
AUTOMATED_TESTING = 1
LANG = en_US.UTF-8
LANGUAGE = en_US:en
PATH = /usr/lib/ccache:/home/sand/bin:/usr/local/bin:/usr/bin:/bin:/usr/bin/X11:/usr/games:/usr/local/perl/bin:/usr/X11/bin:/sbin:/usr/sbin
PERL5LIB =
PERL5OPT =
PERL5_CPANPLUS_IS_RUNNING = 23076
PERL5_CPAN_IS_RUNNING = 23076
PERL_MM_USE_DEFAULT = 1
SHELL = /usr/bin/zsh
TERM = screen
Perl special variables (and OS-specific diagnostics, for MSWin32):
$^X = /home/sand/src/perl/repoperls/installed-perls/perl/v5.17.6/127e/bin/perl
$UID/$EUID = 1005 / 1005
$GID = 1005 1005
$EGID = 1005 1005
Perl module toolchain versions installed:
Module Have
------------------- --------
CPAN 2.00
CPAN::Meta 2.120921
Cwd 3.40
ExtUtils::CBuilder 0.280209
ExtUtils::Command 1.17
ExtUtils::Install 1.58
ExtUtils::MakeMaker 6.64
ExtUtils::Manifest 1.62
ExtUtils::ParseXS 3.18
File::Spec 3.40
JSON 2.53
JSON::PP 2.27200
Module::Build 0.4003
Module::Signature 0.70
Parse::CPAN::Meta 1.4404
Test::Harness 3.26
Test::More 0.98
YAML 0.84
YAML::Syck 1.22
version 0.9901
--
Summary of my perl5 (revision 5 version 17 subversion 6) configuration:
Commit id: 15c17f169ef0db20cf821f6005d06ec88d93d250
Platform:
osname=linux, osvers=3.2.0-4-amd64, archname=x86_64-linux-ld
uname='linux k83 3.2.0-4-amd64 #1 smp debian 3.2.35-2 x86_64 gnulinux '
config_args='-Dprefix=/home/src/perl/repoperls/installed-perls/perl/v5.17.6/127e -Dmyhostname=k83 -Dinstallusrbinperl=n -Uversiononly -Dusedevel -des -Ui_db -Uuseithreads -Duselongdouble -DDEBUGGING=-g'
hint=recommended, useposix=true, d_sigaction=define
useithreads=undef, usemultiplicity=undef
useperlio=define, d_sfio=undef, uselargefiles=define, usesocks=undef
use64bitint=define, use64bitall=define, uselongdouble=define
usemymalloc=n, bincompat5005=undef
Compiler:
cc='cc', ccflags ='-fno-strict-aliasing -pipe -fstack-protector -I/usr/local/include -D_LARGEFILE_SOURCE -D_FILE_OFFSET_BITS=64',
optimize='-O2 -g',
cppflags='-fno-strict-aliasing -pipe -fstack-protector -I/usr/local/include'
ccversion='', gccversion='4.7.2', gccosandvers=''
intsize=4, longsize=8, ptrsize=8, doublesize=8, byteorder=12345678
d_longlong=define, longlongsize=8, d_longdbl=define, longdblsize=16
ivtype='long', ivsize=8, nvtype='long double', nvsize=16, Off_t='off_t', lseeksize=8
alignbytes=16, prototype=define
Linker and Libraries:
ld='cc', ldflags =' -fstack-protector -L/usr/local/lib'
libpth=/usr/local/lib /lib/x86_64-linux-gnu /lib/../lib /usr/lib/x86_64-linux-gnu /usr/lib/../lib /lib /usr/lib
libs=-lnsl -ldb -ldl -lm -lcrypt -lutil -lc
perllibs=-lnsl -ldl -lm -lcrypt -lutil -lc
libc=, so=so, useshrplib=false, libperl=libperl.a
gnulibc_version='2.13'
Dynamic Linking:
dlsrc=dl_dlopen.xs, dlext=so, d_dlsymun=undef, ccdlflags='-Wl,-E'
cccdlflags='-fPIC', lddlflags='-shared -O2 -g -L/usr/local/lib -fstack-protector'
Characteristics of this binary (from libperl):
Compile-time options: HAS_TIMES PERLIO_LAYERS PERL_DONT_CREATE_GVSV
PERL_MALLOC_WRAP PERL_PRESERVE_IVUV PERL_USE_DEVEL
USE_64_BIT_ALL USE_64_BIT_INT USE_LARGE_FILES
USE_LOCALE USE_LOCALE_COLLATE USE_LOCALE_CTYPE
USE_LOCALE_NUMERIC USE_LONG_DOUBLE USE_PERLIO
USE_PERL_ATOF
Built under linux
Compiled at Dec 30 2012 13:08:02
%ENV:
PERL5LIB=""
PERL5OPT=""
PERL5_CPANPLUS_IS_RUNNING="23076"
PERL5_CPAN_IS_RUNNING="23076"
PERL_MM_USE_DEFAULT="1"
@INC:
/home/src/perl/repoperls/installed-perls/perl/v5.17.6/127e/lib/site_perl/5.17.6/x86_64-linux-ld
/home/src/perl/repoperls/installed-perls/perl/v5.17.6/127e/lib/site_perl/5.17.6
/home/src/perl/repoperls/installed-perls/perl/v5.17.6/127e/lib/5.17.6/x86_64-linux-ld
/home/src/perl/repoperls/installed-perls/perl/v5.17.6/127e/lib/5.17.6
.