Back
From: metabase:user:320bfe00-2aae-11df-837a-5e0a49663a4f
Subject: FAIL CGI-IDS-1.0214 v5.13.8 GNU/Linux
Date: 2012-01-12T05:29:18Z
This distribution has been tested as part of the CPAN Testers
project, supporting the Perl programming language. See
http://wiki.cpantesters.org/ for more information or email
questions to cpan-testers-discuss@perl.org
--
Dear Hinnerk Altenburg,
This is a computer-generated report for CGI-IDS-1.0214
on perl 5.13.8, created by CPAN-Reporter-1.2003.
Thank you for uploading your work to CPAN. However, there was a problem
testing your distribution.
If you think this report is invalid, please consult the CPAN Testers Wiki
for suggestions on how to avoid getting FAIL reports for missing library
or binary dependencies, unsupported operating systems, and so on:
http://wiki.cpantesters.org/wiki/CPANAuthorNotes
Sections of this report:
* Tester comments
* Program output
* Prerequisites
* Environment and other context
------------------------------
TESTER COMMENTS
------------------------------
Additional comments from tester:
none provided
------------------------------
PROGRAM OUTPUT
------------------------------
Output from './Build test':
# Failed test 'testXSSList'
# at t/01-ids.t line 1079.
# got: '771'
# expected: '779'
# Looks like you failed 1 test of 79.
t/01-ids.t ...........
Dubious, test returned 1 (wstat 256, 0x100)
Failed 1/79 subtests
t/02-pod.t ........... skipped: Test::Pod 1.22 required for testing POD
t/03-pod-coverage.t .. skipped: Test::Pod::Coverage 1.08 required for testing POD coverage
Test Summary Report
-------------------
t/01-ids.t (Wstat: 256 Tests: 79 Failed: 1)
Failed test: 42
Non-zero exit status: 1
Files=3, Tests=79, 4 wallclock secs ( 0.05 usr 0.01 sys + 4.33 cusr 0.03 csys = 4.42 CPU)
Result: FAIL
Failed 1/3 test programs. 1/79 subtests failed.
------------------------------
PREREQUISITES
------------------------------
Prerequisite modules loaded:
build_requires:
Module Need Have
-------------- ---- ---------
Carp 0 1.19
Encode 2.05 2.42
FindBin 0 1.50
HTML::Entities 0 3.69
JSON::XS 2.2 2.32
MIME::Base64 0 3.13
Test::More 0 0.98
Time::HiRes 0 1.9721_01
XML::Parser 0 2.41
XML::Simple 0 2.18
configure_requires:
Module Need Have
-------------- ---- ---------
Module::Build 0.36 0.3800
------------------------------
ENVIRONMENT AND OTHER CONTEXT
------------------------------
Environment variables:
LANG = en_US.UTF-8
LANGUAGE = en_US:en
PATH = /usr/lib/git-core:/home/sand/bin:/usr/local/bin:/usr/bin:/bin:/usr/bin/X11:/usr/games:/usr/local/perl/bin:/usr/X11/bin:/sbin:/usr/sbin
PERL5LIB =
PERL5OPT =
PERL5_CPANPLUS_IS_RUNNING = 12935
PERL5_CPAN_IS_RUNNING = 12935
SHELL = /usr/bin/zsh
TERM = screen
Perl special variables (and OS-specific diagnostics, for MSWin32):
$^X = /home/sand/src/perl/repoperls/installed-perls/perl/v5.13.8-418-g79e1bed/9980/bin/perl
$UID/$EUID = 1005 / 1005
$GID = 1005 1005
$EGID = 1005 1005
Perl module toolchain versions installed:
Module Have
------------------- --------
CPAN 1.9800
CPAN::Meta 2.112150
Cwd 3.35
ExtUtils::CBuilder 0.280202
ExtUtils::Command 1.16
ExtUtils::Install 1.55
ExtUtils::MakeMaker 6.62
ExtUtils::Manifest 1.58
ExtUtils::ParseXS 2.2208
File::Spec 3.33
JSON 2.53
JSON::PP 2.27104
Module::Build 0.3800
Module::Signature 0.68
Parse::CPAN::Meta 1.4401
Test::Harness 3.23
Test::More 0.98
YAML 0.78
YAML::Syck 1.19
version 0.88
--
Summary of my perl5 (revision 5 version 13 subversion 8) configuration:
Commit id: 79e1bedb117246358d920c36b2de61d23e6e16d4
Platform:
osname=linux, osvers=2.6.32-5-amd64, archname=x86_64-linux-thread-multi
uname='linux k83 2.6.32-5-amd64 #1 smp thu nov 3 03:41:26 utc 2011 x86_64 gnulinux '
config_args='-Dprefix=/home/src/perl/repoperls/installed-perls/perl/v5.13.8-418-g79e1bed/9980 -Dmyhostname=k83 -Dinstallusrbinperl=n -Uversiononly -Dusedevel -des -Ui_db -Duseithreads -Uuselongdouble -DDEBUGGING=-g'
hint=recommended, useposix=true, d_sigaction=define
useithreads=define, usemultiplicity=define
useperlio=define, d_sfio=undef, uselargefiles=define, usesocks=undef
use64bitint=define, use64bitall=define, uselongdouble=undef
usemymalloc=n, bincompat5005=undef
Compiler:
cc='cc', ccflags ='-D_REENTRANT -D_GNU_SOURCE -fno-strict-aliasing -pipe -fstack-protector -I/usr/local/include -D_LARGEFILE_SOURCE -D_FILE_OFFSET_BITS=64',
optimize='-O2 -g',
cppflags='-D_REENTRANT -D_GNU_SOURCE -fno-strict-aliasing -pipe -fstack-protector -I/usr/local/include'
ccversion='', gccversion='4.4.5', gccosandvers=''
intsize=4, longsize=8, ptrsize=8, doublesize=8, byteorder=12345678
d_longlong=define, longlongsize=8, d_longdbl=define, longdblsize=16
ivtype='long', ivsize=8, nvtype='double', nvsize=8, Off_t='off_t', lseeksize=8
alignbytes=8, prototype=define
Linker and Libraries:
ld='cc', ldflags =' -fstack-protector -L/usr/local/lib'
libpth=/usr/local/lib /lib /usr/lib /lib64 /usr/lib64
libs=-lnsl -ldb -ldl -lm -lcrypt -lutil -lpthread -lc
perllibs=-lnsl -ldl -lm -lcrypt -lutil -lpthread -lc
libc=/lib/libc-2.11.2.so, so=so, useshrplib=false, libperl=libperl.a
gnulibc_version='2.11.2'
Dynamic Linking:
dlsrc=dl_dlopen.xs, dlext=so, d_dlsymun=undef, ccdlflags='-Wl,-E'
cccdlflags='-fPIC', lddlflags='-shared -O2 -g -L/usr/local/lib -fstack-protector'
Characteristics of this binary (from libperl):
Compile-time options: MULTIPLICITY PERL_DONT_CREATE_GVSV
PERL_IMPLICIT_CONTEXT PERL_MALLOC_WRAP PERL_USE_DEVEL
USE_64_BIT_ALL USE_64_BIT_INT USE_ITHREADS
USE_LARGE_FILES USE_PERLIO USE_PERL_ATOF
USE_REENTRANT_API
Built under linux
Compiled at Jan 12 2012 06:11:01
%ENV:
PERL5LIB=""
PERL5OPT=""
PERL5_CPANPLUS_IS_RUNNING="12935"
PERL5_CPAN_IS_RUNNING="12935"
@INC:
/home/src/perl/repoperls/installed-perls/perl/v5.13.8-418-g79e1bed/9980/lib/site_perl/5.13.8/x86_64-linux-thread-multi
/home/src/perl/repoperls/installed-perls/perl/v5.13.8-418-g79e1bed/9980/lib/site_perl/5.13.8
/home/src/perl/repoperls/installed-perls/perl/v5.13.8-418-g79e1bed/9980/lib/5.13.8/x86_64-linux-thread-multi
/home/src/perl/repoperls/installed-perls/perl/v5.13.8-418-g79e1bed/9980/lib/5.13.8
.