Back
From: metabase:user:320bfe00-2aae-11df-837a-5e0a49663a4f
Subject: FAIL TemplateM-3.02 v5.17.11 GNU/Linux
Date: 2013-04-04T22:24:09Z
This distribution has been tested as part of the CPAN Testers
project, supporting the Perl programming language. See
http://wiki.cpantesters.org/ for more information or email
questions to cpan-testers-discuss@perl.org
--
Dear Lepenkov Sergey,
This is a computer-generated report for TemplateM-3.02
on perl 5.17.11, created by CPAN-Reporter-1.2009.
Thank you for uploading your work to CPAN. However, there was a problem
testing your distribution.
If you think this report is invalid, please consult the CPAN Testers Wiki
for suggestions on how to avoid getting FAIL reports for missing library
or binary dependencies, unsupported operating systems, and so on:
http://wiki.cpantesters.org/wiki/CPANAuthorNotes
Sections of this report:
* Tester comments
* Program output
* Prerequisites
* Environment and other context
------------------------------
TESTER COMMENTS
------------------------------
Additional comments from tester:
this report is from an automated smoke testing program
and was not reviewed by a human for accuracy
------------------------------
PROGRAM OUTPUT
------------------------------
Output from '/usr/bin/make test':
PERL_DL_NONLAZY=1 /tmp/basesmoker-reloperl-qqkY/bin/perl "-MExtUtils::Command::MM" "-e" "test_harness(0, 'blib/lib', 'blib/arch')" t/*.t
t/01-use-default.t .. ok
t/02-use-galore.t ... ok
# Failed test 'module checking'
# at t/03-stash.t line 19.
# got: 'default'
# expected: 'galore'
# Looks like you failed 1 test of 5.
t/03-stash.t ........
Dubious, test returned 1 (wstat 256, 0x100)
Failed 1/5 subtests
# Failed test 'module checking'
# at t/04-loop.t line 19.
# got: 'default'
# expected: 'galore'
# Looks like you failed 1 test of 7.
t/04-loop.t .........
Dubious, test returned 1 (wstat 256, 0x100)
Failed 1/7 subtests
# Failed test 'module checking'
# at t/05-ifelse.t line 19.
# got: 'default'
# expected: 'galore'
# Looks like you failed 1 test of 8.
t/05-ifelse.t .......
Dubious, test returned 1 (wstat 256, 0x100)
Failed 1/8 subtests
t/06-void.t ......... ok
Test Summary Report
-------------------
t/03-stash.t (Wstat: 256 Tests: 5 Failed: 1)
Failed test: 3
Non-zero exit status: 1
t/04-loop.t (Wstat: 256 Tests: 7 Failed: 1)
Failed test: 3
Non-zero exit status: 1
t/05-ifelse.t (Wstat: 256 Tests: 8 Failed: 1)
Failed test: 3
Non-zero exit status: 1
Files=6, Tests=27, 0 wallclock secs ( 0.04 usr 0.00 sys + 0.29 cusr 0.04 csys = 0.37 CPU)
Result: FAIL
Failed 3/6 test programs. 3/27 subtests failed.
make: *** [test_dynamic] Error 255
------------------------------
PREREQUISITES
------------------------------
Prerequisite modules loaded:
requires:
Module Need Have
------------------- -------- --------
ExtUtils::MakeMaker 6.6 6.65_01
File::Spec 0.82 3.40
HTTP::Headers 5.8 6.05
HTTP::Request 5.8 6.00
HTTP::Response 5.8 6.04
LWP 5.8 6.05
LWP::MediaTypes 6 6.02
LWP::UserAgent 5.8 6.05
perl 5.008001 5.017011
Test::More 0.94 0.98
URI 1.6 1.60
build_requires:
Module Need Have
------------------- -------- --------
ExtUtils::MakeMaker 6.6 6.65_01
Test::More 0.94 0.98
configure_requires:
Module Need Have
------------------- -------- --------
ExtUtils::MakeMaker 0 6.65_01
------------------------------
ENVIRONMENT AND OTHER CONTEXT
------------------------------
Environment variables:
AUTOMATED_TESTING = 1
LANG = en_US.UTF-8
LANGUAGE = en_US:en
PATH = /usr/lib/ccache:/home/sand/bin:/usr/local/bin:/usr/bin:/bin:/usr/bin/X11:/usr/games:/usr/local/perl/bin:/usr/X11/bin:/sbin:/usr/sbin
PERL5LIB =
PERL5OPT =
PERL5_CPANPLUS_IS_RUNNING = 3230
PERL5_CPAN_IS_RUNNING = 3230
PERL_MM_USE_DEFAULT = 1
SHELL = /usr/bin/zsh
TERM = screen
Perl special variables (and OS-specific diagnostics, for MSWin32):
$^X = /tmp/basesmoker-reloperl-qqkY/bin/perl
$UID/$EUID = 1005 / 1005
$GID = 1005 1005
$EGID = 1005 1005
Perl module toolchain versions installed:
Module Have
------------------- --------
CPAN 2.00
CPAN::Meta 2.120921
Cwd 3.40
ExtUtils::CBuilder 0.280209
ExtUtils::Command 1.17
ExtUtils::Install 1.59
ExtUtils::MakeMaker 6.65_01
ExtUtils::Manifest 1.63
ExtUtils::ParseXS 3.18
File::Spec 3.40
JSON 2.53
JSON::PP 2.27202
Module::Build 0.4004
Module::Signature 0.70
Parse::CPAN::Meta 1.4404
Test::Harness 3.26
Test::More 0.98
YAML 0.84
YAML::Syck 1.25
version 0.9902
--
Summary of my perl5 (revision 5 version 17 subversion 11) configuration:
Commit id: f9ae8fb691541b6b2e48da8df7a37ed95c4f518a
Platform:
osname=linux, osvers=3.2.0-4-amd64, archname=x86_64-linux
uname='linux k83 3.2.0-4-amd64 #1 smp debian 3.2.41-2 x86_64 gnulinux '
config_args='-Dprefix=/home/src/perl/repoperls/installed-perls/perl/v5.17.10-45-gf9ae8fb/165a -Dmyhostname=k83 -Dinstallusrbinperl=n -Uversiononly -Dusedevel -des -Ui_db -Uuseithreads -Uuselongdouble -DDEBUGGING=-g'
hint=recommended, useposix=true, d_sigaction=define
useithreads=undef, usemultiplicity=undef
useperlio=define, d_sfio=undef, uselargefiles=define, usesocks=undef
use64bitint=define, use64bitall=define, uselongdouble=undef
usemymalloc=n, bincompat5005=undef
Compiler:
cc='cc', ccflags ='-fno-strict-aliasing -pipe -fstack-protector -I/usr/local/include -D_LARGEFILE_SOURCE -D_FILE_OFFSET_BITS=64',
optimize='-O2 -g',
cppflags='-fno-strict-aliasing -pipe -fstack-protector -I/usr/local/include'
ccversion='', gccversion='4.7.2', gccosandvers=''
intsize=4, longsize=8, ptrsize=8, doublesize=8, byteorder=12345678
d_longlong=define, longlongsize=8, d_longdbl=define, longdblsize=16
ivtype='long', ivsize=8, nvtype='double', nvsize=8, Off_t='off_t', lseeksize=8
alignbytes=8, prototype=define
Linker and Libraries:
ld='cc', ldflags =' -fstack-protector -L/usr/local/lib'
libpth=/usr/local/lib /lib/x86_64-linux-gnu /lib/../lib /usr/lib/x86_64-linux-gnu /usr/lib/../lib /lib /usr/lib
libs=-lnsl -lgdbm -ldb -ldl -lm -lcrypt -lutil -lc -lgdbm_compat
perllibs=-lnsl -ldl -lm -lcrypt -lutil -lc
libc=, so=so, useshrplib=false, libperl=libperl.a
gnulibc_version='2.13'
Dynamic Linking:
dlsrc=dl_dlopen.xs, dlext=so, d_dlsymun=undef, ccdlflags='-Wl,-E'
cccdlflags='-fPIC', lddlflags='-shared -O2 -g -L/usr/local/lib -fstack-protector'
Characteristics of this binary (from libperl):
Compile-time options: HAS_TIMES PERLIO_LAYERS PERL_DONT_CREATE_GVSV
PERL_MALLOC_WRAP PERL_PRESERVE_IVUV PERL_SAWAMPERSAND
PERL_USE_DEVEL USE_64_BIT_ALL USE_64_BIT_INT
USE_LARGE_FILES USE_LOCALE USE_LOCALE_COLLATE
USE_LOCALE_CTYPE USE_LOCALE_NUMERIC USE_PERLIO
USE_PERL_ATOF
Built under linux
Compiled at Apr 4 2013 23:30:37
%ENV:
PERL5LIB=""
PERL5OPT=""
PERL5_CPANPLUS_IS_RUNNING="3230"
PERL5_CPAN_IS_RUNNING="3230"
PERL_MM_USE_DEFAULT="1"
@INC:
/home/src/perl/repoperls/installed-perls/perl/v5.17.10-45-gf9ae8fb/165a/lib/site_perl/5.17.11/x86_64-linux
/home/src/perl/repoperls/installed-perls/perl/v5.17.10-45-gf9ae8fb/165a/lib/site_perl/5.17.11
/home/src/perl/repoperls/installed-perls/perl/v5.17.10-45-gf9ae8fb/165a/lib/5.17.11/x86_64-linux
/home/src/perl/repoperls/installed-perls/perl/v5.17.10-45-gf9ae8fb/165a/lib/5.17.11
.