Back
From: metabase:user:30ae4450-2aae-11df-837a-5e0a49663a4f
Subject: FAIL Audio-1.029 v5.16.1
Date: 2013-11-08T12:52:25Z
This distribution has been tested as part of the CPAN Testers
project, supporting the Perl programming language. See
http://wiki.cpantesters.org/ for more information or email
questions to cpan-testers-discuss@perl.org
--
Dear Nick Ing-Simmons (PAUSE Custodial Account),
This is a computer-generated report for Audio-1.029
on perl 5.16.1, created by CPAN-Reporter-1.2010_01.
Thank you for uploading your work to CPAN. However, there was a problem
testing your distribution.
If you think this report is invalid, please consult the CPAN Testers Wiki
for suggestions on how to avoid getting FAIL reports for missing library
or binary dependencies, unsupported operating systems, and so on:
http://wiki.cpantesters.org/wiki/CPANAuthorNotes
Sections of this report:
* Tester comments
* Program output
* Prerequisites
* Environment and other context
------------------------------
TESTER COMMENTS
------------------------------
Additional comments from tester:
this report is from an automated smoke testing program
and was not reviewed by a human for accuracy
------------------------------
PROGRAM OUTPUT
------------------------------
Output from 'C:\strawberry5161\c\bin\dmake.exe test':
rem
rem
C:\strawberry5161\perl\bin\perl.exe -MExtUtils::Command -e cp -- tkscope blib\script\tkscope
pl2bat.bat blib\script\tkscope
C:\strawberry5161\perl\bin\perl.exe -MExtUtils::Command -e cp -- morse blib\script\morse
pl2bat.bat blib\script\morse
C:\strawberry5161\perl\bin\perl.exe -MExtUtils::Command -e cp -- dial blib\script\dial
pl2bat.bat blib\script\dial
C:\strawberry5161\perl\bin\perl.exe -MExtUtils::Command -e cp -- pplay blib\script\pplay
pl2bat.bat blib\script\pplay
C:\strawberry5161\perl\bin\perl.exe "-MExtUtils::Command::MM" "-e" "test_harness(0, '..\blib\lib', '..\blib\arch')" t/*.t
Name "Audio::Data::AudioVtab" used only once: possible typo at C:/strawberry5161/perl/lib/DynaLoader.pm line 213.
t/init.t ...... ok
Name "Audio::Data::AudioVtab" used only once: possible typo at C:/strawberry5161/perl/lib/DynaLoader.pm line 213.
t/load.t ...... ok
Name "Audio::Data::AudioVtab" used only once: possible typo at C:/strawberry5161/perl/lib/DynaLoader.pm line 213.
t/overload.t .. ok
Name "Audio::Data::AudioVtab" used only once: possible typo at C:/strawberry5161/perl/lib/DynaLoader.pm line 213.
t/poly.t ...... ok
All tests successful.
Files=4, Tests=44, 0 wallclock secs ( 0.02 usr + 0.08 sys = 0.10 CPU)
Result: PASS
rem
rem
C:\strawberry5161\perl\bin\perl.exe "-MExtUtils::Command::MM" "-e" "test_harness(0, '..\blib\lib', '..\blib\arch')" t/*.t
t/tone.t ..
Failed 1/6 subtests
Test Summary Report
-------------------
t/tone.t (Wstat: 0 Tests: 6 Failed: 1)
Failed test: 5
Files=1, Tests=6, 2 wallclock secs ( 0.02 usr + 0.03 sys = 0.05 CPU)
Result: FAIL
Failed 1/1 test programs. 1/6 subtests failed.
dmake: Error code 255, while making 'test_dynamic'
dmake.exe: Warning: -- Target [blib\script\tkscope] was made but the time stamp has not been updated.
dmake.exe: Warning: -- Target [blib\script\morse] was made but the time stamp has not been updated.
dmake.exe: Warning: -- Target [blib\script\dial] was made but the time stamp has not been updated.
dmake.exe: Warning: -- Target [blib\script\pplay] was made but the time stamp has not been updated.
dmake.exe: Error code 255, while making 'subdirs-test'
------------------------------
PREREQUISITES
------------------------------
Prerequisite modules loaded:
build_requires:
Module Need Have
------------------- ---- -------
ExtUtils::MakeMaker 0 6.63_02
------------------------------
ENVIRONMENT AND OTHER CONTEXT
------------------------------
Environment variables:
AUTOMATED_TESTING = 1
COMSPEC = C:\WINDOWS\system32\cmd.exe
NUMBER_OF_PROCESSORS = 1
PATH = C:\Program Files\Far Manager\;C:\WINDOWS\system32;C:\WINDOWS;C:\WINDOWS\System32\Wbem;C:\strawberry5161\c\bin;C:\strawberry5161\perl\site\bin;C:\strawberry5161\perl\bin
PERL5LIB =
PERL5OPT =
PERL5_CPANPLUS_IS_RUNNING = 1928
PERL5_CPAN_IS_RUNNING = 1928
PERL5_CPAN_IS_RUNNING_IN_RECURSION = 924,1928
PERL_CR_SMOKER_CURRENT = Audio-1.029
PERL_EXTUTILS_AUTOINSTALL = --defaultdeps
PERL_MM_USE_DEFAULT = 1
PROCESSOR_IDENTIFIER = x86 Family 16 Model 5 Stepping 3, AuthenticAMD
TEMP = C:\DOCUME~1\c\LOCALS~1\Temp
TERM = dumb
Perl special variables (and OS-specific diagnostics, for MSWin32):
$^X = C:\strawberry5161\perl\bin\perl.exe
$UID/$EUID = 0 / 0
$GID = 0
$EGID = 0
Win32::GetOSName = WinXP/.Net
Win32::GetOSVersion = Service Pack 3, 5, 1, 2600, 2, 3, 0, 256, 1
Win32::FsType = NTFS
Win32::IsAdminUser = 1
Perl module toolchain versions installed:
Module Have
------------------- --------
CPAN 2.00
CPAN::Meta 2.132661
Cwd 3.40
ExtUtils::CBuilder 0.280206
ExtUtils::Command 1.17
ExtUtils::Install 1.58
ExtUtils::MakeMaker 6.63_02
ExtUtils::Manifest 1.61
ExtUtils::ParseXS 3.16
File::Spec 3.40
JSON 2.59
JSON::PP 2.27200
Module::Build 0.4007
Module::Signature 0.68
Parse::CPAN::Meta 1.4404
Test::Harness 3.29
Test::More 0.98
YAML 0.84
YAML::Syck 1.27
version 0.9904
--
Summary of my perl5 (revision 5 version 16 subversion 1) configuration:
Platform:
osname=MSWin32, osvers=4.0, archname=MSWin32-x86-multi-thread
uname='Win32 strawberry-perl 5.16.1.1 #1 Thu Aug 9 09:54:46 2012 i386'
config_args='undef'
hint=recommended, useposix=true, d_sigaction=undef
useithreads=define, usemultiplicity=define
useperlio=define, d_sfio=undef, uselargefiles=define, usesocks=undef
use64bitint=undef, use64bitall=undef, uselongdouble=undef
usemymalloc=n, bincompat5005=undef
Compiler:
cc='gcc', ccflags =' -s -O2 -DWIN32 -DPERL_TEXTMODE_SCRIPTS -DPERL_IMPLICIT_CONTEXT -DPERL_IMPLICIT_SYS -fno-strict-aliasing -mms-bitfields',
optimize='-s -O2',
cppflags='-DWIN32'
ccversion='', gccversion='4.6.3', gccosandvers=''
intsize=4, longsize=4, ptrsize=4, doublesize=8, byteorder=1234
d_longlong=undef, longlongsize=8, d_longdbl=define, longdblsize=12
ivtype='long', ivsize=4, nvtype='double', nvsize=8, Off_t='long long', lseeksize=8
alignbytes=8, prototype=define
Linker and Libraries:
ld='g++', ldflags ='-s -L"C:\strawberry5161\perl\lib\CORE" -L"C:\strawberry5161\c\lib"'
libpth=C:\strawberry5161\c\lib C:\strawberry5161\c\i686-w64-mingw32\lib
libs=-lmoldname -lkernel32 -luser32 -lgdi32 -lwinspool -lcomdlg32 -ladvapi32 -lshell32 -lole32 -loleaut32 -lnetapi32 -luuid -lws2_32 -lmpr -lwinmm -lversion -lodbc32 -lodbccp32 -lcomctl32
perllibs=-lmoldname -lkernel32 -luser32 -lgdi32 -lwinspool -lcomdlg32 -ladvapi32 -lshell32 -lole32 -loleaut32 -lnetapi32 -luuid -lws2_32 -lmpr -lwinmm -lversion -lodbc32 -lodbccp32 -lcomctl32
libc=, so=dll, useshrplib=true, libperl=libperl516.a
gnulibc_version=''
Dynamic Linking:
dlsrc=dl_win32.xs, dlext=dll, d_dlsymun=undef, ccdlflags=' '
cccdlflags=' ', lddlflags='-mdll -s -L"C:\strawberry5161\perl\lib\CORE" -L"C:\strawberry5161\c\lib"'
Characteristics of this binary (from libperl):
Compile-time options: HAS_TIMES HAVE_INTERP_INTERN MULTIPLICITY
PERLIO_LAYERS PERL_DONT_CREATE_GVSV
PERL_IMPLICIT_CONTEXT PERL_IMPLICIT_SYS
PERL_MALLOC_WRAP PERL_PRESERVE_IVUV PL_OP_SLAB_ALLOC
USE_ITHREADS USE_LARGE_FILES USE_LOCALE
USE_LOCALE_COLLATE USE_LOCALE_CTYPE
USE_LOCALE_NUMERIC USE_PERLIO USE_PERL_ATOF
Built under MSWin32
Compiled at Aug 9 2012 10:03:09
%ENV:
PERL5_CPANPLUS_IS_RUNNING="1928"
PERL5_CPAN_IS_RUNNING="1928"
PERL5_CPAN_IS_RUNNING_IN_RECURSION="924,1928"
PERL_CR_SMOKER_CURRENT="Audio-1.029"
PERL_EXTUTILS_AUTOINSTALL="--defaultdeps"
PERL_MM_USE_DEFAULT="1"
@INC:
C:/strawberry5161/perl/site/lib
C:/strawberry5161/perl/vendor/lib
C:/strawberry5161/perl/lib
.