Report for Lingua-Thesaurus-0.13

Back
From: metabase:user:320bfe00-2aae-11df-837a-5e0a49663a4f
Subject: FAIL Lingua-Thesaurus-0.13 v5.20.2 GNU/Linux
Date: 2017-07-24T11:51:01Z

This distribution has been tested as part of the CPAN Testers
project, supporting the Perl programming language.  See
http://wiki.cpantesters.org/ for more information or email
questions to cpan-testers-discuss@perl.org


--
Dear Laurent Dami,

This is a computer-generated report for Lingua-Thesaurus-0.13
on perl 5.20.2, created by CPAN-Reporter-1.2018.

Thank you for uploading your work to CPAN.  However, there was a problem
testing your distribution.

If you think this report is invalid, please consult the CPAN Testers Wiki
for suggestions on how to avoid getting FAIL reports for missing library
or binary dependencies, unsupported operating systems, and so on:

http://wiki.cpantesters.org/wiki/CPANAuthorNotes

Sections of this report:

    * Tester comments
    * Program output
    * Prerequisites
    * Environment and other context

------------------------------
TESTER COMMENTS
------------------------------

Additional comments from tester:

this report is from an automated smoke testing program
and was not reviewed by a human for accuracy

------------------------------
PROGRAM OUTPUT
------------------------------

Output from './Build test':

# Testing Lingua::Thesaurus 0.13, Perl 5.020002, /home/sand/src/perl/repoperls/installed-perls/host/k93msid/v5.20.2/d2d1/bin/perl
t/00-compile-test.t .................... ok
t/01-load-jurivoc.t .................... ok
t/02-use-jurivoc.t ..................... ok
t/03-load-jurivoc-fulltext.t ........... ok
t/04-use-jurivoc-fulltext.t ............ ok
t/05-load-jurivoc-fulltext-unaccent.t .. ok
*** Error in `/home/sand/src/perl/repoperls/installed-perls/host/k93msid/v5.20.2/d2d1/bin/perl': corrupted double-linked list: 0x00005637f36b2b40 ***
======= Backtrace: =========
/lib/x86_64-linux-gnu/libc.so.6(+0x70bcb)[0x7f593c2b3bcb]
/lib/x86_64-linux-gnu/libc.so.6(+0x76f96)[0x7f593c2b9f96]
/lib/x86_64-linux-gnu/libc.so.6(+0x79510)[0x7f593c2bc510]
/lib/x86_64-linux-gnu/libc.so.6(__libc_malloc+0x54)[0x7f593c2bdd84]
/home/sand/src/perl/repoperls/installed-perls/host/k93msid/v5.20.2/d2d1/lib/site_perl/5.20.2/x86_64-linux/auto/DBD/SQLite/SQLite.so(+0x5b817)[0x7f5939aec817]
/home/sand/src/perl/repoperls/installed-perls/host/k93msid/v5.20.2/d2d1/lib/site_perl/5.20.2/x86_64-linux/auto/DBD/SQLite/SQLite.so(+0x30c8c)[0x7f5939ac1c8c]
/home/sand/src/perl/repoperls/installed-perls/host/k93msid/v5.20.2/d2d1/lib/site_perl/5.20.2/x86_64-linux/auto/DBD/SQLite/SQLite.so(+0x324c0)[0x7f5939ac34c0]
/home/sand/src/perl/repoperls/installed-perls/host/k93msid/v5.20.2/d2d1/lib/site_perl/5.20.2/x86_64-linux/auto/DBD/SQLite/SQLite.so(+0x3260e)[0x7f5939ac360e]
/home/sand/src/perl/repoperls/installed-perls/host/k93msid/v5.20.2/d2d1/lib/site_perl/5.20.2/x86_64-linux/auto/DBD/SQLite/SQLite.so(+0x36353)[0x7f5939ac7353]
/home/sand/src/perl/repoperls/installed-perls/host/k93msid/v5.20.2/d2d1/lib/site_perl/5.20.2/x86_64-linux/auto/DBD/SQLite/SQLite.so(+0xb7538)[0x7f5939b48538]
/home/sand/src/perl/repoperls/installed-perls/host/k93msid/v5.20.2/d2d1/lib/site_perl/5.20.2/x86_64-linux/auto/DBD/SQLite/SQLite.so(+0xbae81)[0x7f5939b4be81]
/home/sand/src/perl/repoperls/installed-perls/host/k93msid/v5.20.2/d2d1/lib/site_perl/5.20.2/x86_64-linux/auto/DBD/SQLite/SQLite.so(+0xbb460)[0x7f5939b4c460]
/home/sand/src/perl/repoperls/installed-perls/host/k93msid/v5.20.2/d2d1/lib/site_perl/5.20.2/x86_64-linux/auto/DBD/SQLite/SQLite.so(+0xbb7d8)[0x7f5939b4c7d8]
/home/sand/src/perl/repoperls/installed-perls/host/k93msid/v5.20.2/d2d1/lib/site_perl/5.20.2/x86_64-linux/auto/DBD/SQLite/SQLite.so(sqlite3_prepare_v2+0x16)[0x7f5939b4ca86]
/home/sand/src/perl/repoperls/installed-perls/host/k93msid/v5.20.2/d2d1/lib/site_perl/5.20.2/x86_64-linux/auto/DBD/SQLite/SQLite.so(+0xbc71b)[0x7f5939b4d71b]
/home/sand/src/perl/repoperls/installed-perls/host/k93msid/v5.20.2/d2d1/lib/site_perl/5.20.2/x86_64-linux/auto/DBD/SQLite/SQLite.so(+0xc1fb4)[0x7f5939b52fb4]
/home/sand/src/perl/repoperls/installed-perls/host/k93msid/v5.20.2/d2d1/lib/site_perl/5.20.2/x86_64-linux/auto/DBD/SQLite/SQLite.so(+0xc2465)[0x7f5939b53465]
/home/sand/src/perl/repoperls/installed-perls/host/k93msid/v5.20.2/d2d1/lib/site_perl/5.20.2/x86_64-linux/auto/DBD/SQLite/SQLite.so(+0xc2378)[0x7f5939b53378]
/home/sand/src/perl/repoperls/installed-perls/host/k93msid/v5.20.2/d2d1/lib/site_perl/5.20.2/x86_64-linux/auto/DBD/SQLite/SQLite.so(+0xc585e)[0x7f5939b5685e]
/home/sand/src/perl/repoperls/installed-perls/host/k93msid/v5.20.2/d2d1/lib/site_perl/5.20.2/x86_64-linux/auto/DBD/SQLite/SQLite.so(+0x9a020)[0x7f5939b2b020]
/home/sand/src/perl/repoperls/installed-perls/host/k93msid/v5.20.2/d2d1/lib/site_perl/5.20.2/x86_64-linux/auto/DBD/SQLite/SQLite.so(sqlite3_step+0x23f)[0x7f5939b324af]
/home/sand/src/perl/repoperls/installed-perls/host/k93msid/v5.20.2/d2d1/lib/site_perl/5.20.2/x86_64-linux/auto/DBD/SQLite/SQLite.so(sqlite_st_execute+0x793)[0x7f5939ab3a73]
/home/sand/src/perl/repoperls/installed-perls/host/k93msid/v5.20.2/d2d1/lib/site_perl/5.20.2/x86_64-linux/auto/DBD/SQLite/SQLite.so(+0x117eb)[0x7f5939aa27eb]
/home/sand/src/perl/repoperls/installed-perls/host/k93msid/v5.20.2/d2d1/lib/site_perl/5.20.2/x86_64-linux/auto/DBI/DBI.so(XS_DBI_dispatch+0x20cc)[0x7f5939dc70ec]
/home/sand/src/perl/repoperls/installed-perls/host/k93msid/v5.20.2/d2d1/bin/perl(Perl_pp_entersub+0x5b4)[0x5637f142be34]
/home/sand/src/perl/repoperls/installed-perls/host/k93msid/v5.20.2/d2d1/bin/perl(Perl_runops_debug+0xea)[0x5637f13f8b7a]
/home/sand/src/perl/repoperls/installed-perls/host/k93msid/v5.20.2/d2d1/bin/perl(perl_run+0x4d9)[0x5637f137c179]
/home/sand/src/perl/repoperls/installed-perls/host/k93msid/v5.20.2/d2d1/bin/perl(main+0x10f)[0x5637f1350b8f]
/lib/x86_64-linux-gnu/libc.so.6(__libc_start_main+0xf1)[0x7f593c2632b1]
/home/sand/src/perl/repoperls/installed-perls/host/k93msid/v5.20.2/d2d1/bin/perl(_start+0x2a)[0x5637f1350bca]
======= Memory map: ========
5637f1322000-5637f1595000 r-xp 00000000 00:26 22087894                   /home/sand/src/perl/repoperls/installed-perls/host/k93msid/v5.20.2/d2d1/bin/perl
5637f1795000-5637f179a000 r--p 00273000 00:26 22087894                   /home/sand/src/perl/repoperls/installed-perls/host/k93msid/v5.20.2/d2d1/bin/perl
5637f179a000-5637f179d000 rw-p 00278000 00:26 22087894                   /home/sand/src/perl/repoperls/installed-perls/host/k93msid/v5.20.2/d2d1/bin/perl
5637f179d000-5637f179e000 rw-p 00000000 00:00 0 
5637f36ae000-5637f50fc000 rw-p 00000000 00:00 0                          [heap]
7f5934000000-7f5934021000 rw-p 00000000 00:00 0 
7f5934021000-7f5938000000 ---p 00000000 00:00 0 
7f59391d1000-7f59391e7000 r-xp 00000000 ca:01 659141                     /lib/x86_64-linux-gnu/libgcc_s.so.1
7f59391e7000-7f59393e6000 ---p 00016000 ca:01 659141                     /lib/x86_64-linux-gnu/libgcc_s.so.1
7f59393e6000-7f59393e7000 r--p 00015000 ca:01 659141                     /lib/x86_64-linux-gnu/libgcc_s.so.1
7f59393e7000-7f59393e8000 rw-p 00016000 ca:01 659141                     /lib/x86_64-linux-gnu/libgcc_s.so.1
7f59393e8000-7f593942a000 r-xp 00000000 00:26 25957450                   /home/sand/src/perl/repoperls/installed-perls/host/k93msid/v5.20.2/d2d1/lib/site_perl/5.20.2/x86_64-linux/auto/Unicode/Normalize/Normalize.so
7f593942a000-7f5939629000 ---p 00042000 00:26 25957450                   /home/sand/src/perl/repoperls/installed-perls/host/k93msid/v5.20.2/d2d1/lib/site_perl/5.20.2/x86_64-linux/auto/Unicode/Normalize/Normalize.so
7f5939629000-7f593962a000 r--p 00041000 00:26 25957450                   /home/sand/src/perl/repoperls/installed-perls/host/k93msid/v5.20.2/d2d1/lib/site_perl/5.20.2/x86_64-linux/auto/Unicode/Normalize/Normalize.so
7f593962a000-7f593966f000 rw-p 00042000 00:26 25957450                   /home/sand/src/perl/repoperls/installed-perls/host/k93msid/v5.20.2/d2d1/lib/site_perl/5.20.2/x86_64-linux/auto/Unicode/Normalize/Normalize.so
7f593966f000-7f593968c000 r-xp 00000000 00:26 35835477                   /home/sand/src/perl/repoperls/installed-perls/host/k93msid/v5.20.2/d2d1/lib/site_perl/5.20.2/x86_64-linux/auto/Storable/Storable.so
7f593968c000-7f593988c000 ---p 0001d000 00:26 35835477                   /home/sand/src/perl/repoperls/installed-perls/host/k93msid/v5.20.2/d2d1/lib/site_perl/5.20.2/x86_64-linux/auto/Storable/Storable.so
7f593988c000-7f593988d000 r--p 0001d000 00:26 35835477                   /home/sand/src/perl/repoperls/installed-perls/host/k93msid/v5.20.2/d2d1/lib/site_perl/5.20.2/x86_64-linux/auto/Storable/Storable.so
7f593988d000-7f593988e000 rw-p 0001e000 00:26 35835477                   /home/sand/src/perl/repoperls/installed-perls/host/k93msid/v5.20.2/d2d1/lib/site_perl/5.20.2/x86_64-linux/auto/Storable/Storable.so
7f593988e000-7f5939890000 r-xp 00000000 00:26 25691798                   /home/sand/src/perl/repoperls/installed-perls/host/k93msid/v5.20.2/d2d1/lib/site_perl/5.20.2/x86_64-linux/auto/Unicode/CaseFold/CaseFold.so
7f5939890000-7f5939a8f000 ---p 00002000 00:26 25691798                   /home/sand/src/perl/repoperls/installed-perls/host/k93msid/v5.20.2/d2d1/lib/site_perl/5.20.2/x86_64-linux/auto/Unicode/CaseFold/CaseFold.so
7f5939a8f000-7f5939a90000 r--p 00001000 00:26 25691798                   /home/sand/src/perl/repoperls/installed-perls/host/k93msid/v5.20.2/d2d1/lib/site_perl/5.20.2/x86_64-linux/auto/Unicode/CaseFold/CaseFold.so
7f5939a90000-7f5939a91000 rw-p 00002000 00:26 25691798                   /home/sand/src/perl/repoperls/installed-perls/host/k93msid/v5.20.2/d2d1/lib/site_perl/5.20.2/x86_64-linux/auto/Unicode/CaseFold/CaseFold.so
7f5939a91000-7f5939b9f000 r-xp 00000000 00:26 23036624                   /home/sand/src/perl/repoperls/installed-perls/host/k93msid/v5.20.2/d2d1/lib/site_perl/5.20.2/x86_64-linux/auto/DBD/SQLite/SQLite.so
7f5939b9f000-7f5939d9e000 ---p 0010e000 00:26 23036624                   /home/sand/src/perl/repoperls/installed-perls/host/k93msid/v5.20.2/d2d1/lib/site_perl/5.20.2/x86_64-linux/auto/DBD/SQLite/SQLite.so
7f5939d9e000-7f5939da1000 r--p 0010d000 00:26 23036624                   /home/sand/src/perl/repoperls/installed-perls/host/k93msid/v5.20.2/d2d1/lib/site_perl/5.20.2/x86_64-linux/auto/DBD/SQLite/SQLite.so
7f5939da1000-7f5939da4000 rw-p 00110000 00:26 23036624                   /home/sand/src/perl/repoperls/installed-perls/host/k93msid/v5.20.2/d2d1/lib/site_perl/5.20.2/x86_64-linux/auto/DBD/SQLite/SQLite.so
7f5939da4000-7f5939ddf000 r-xp 00000000 00:26 22612725                   /home/sand/src/perl/repoperls/installed-perls/host/k93msid/v5.20.2/d2d1/lib/site_perl/5.20.2/x86_64-linux/auto/DBI/DBI.so
7f5939ddf000-7f5939fde000 ---p 0003b000 00:26 22612725                   /home/sand/src/perl/repoperls/installed-perls/host/k93msid/v5.20.2/d2d1/lib/site_perl/5.20.2/x86_64-linux/auto/DBI/DBI.so
7f5939fde000-7f5939fdf000 r--p 0003a000 00:26 22612725                   /home/sand/src/perl/repoperls/installed-perls/host/k93msid/v5.20.2/d2d1/lib/site_perl/5.20.2/x86_64-linux/auto/DBI/DBI.so
7f5939fdf000-7f5939fe0000 rw-p 0003b000 00:26 22612725                   /home/sand/src/perl/repoperls/installed-perls/host/k93msid/v5.20.2/d2d1/lib/site_perl/5.20.2/x86_64-linux/auto/DBI/DBI.so
7f5939fe0000-7f5939fed000 r-xp 00000000 00:26 22480319                   /home/sand/src/perl/repoperls/installed-perls/host/k93msid/v5.20.2/d2d1/lib/site_perl/5.20.2/x86_64-linux/auto/Variable/Magic/Magic.so
7f5939fed000-7f593a1ec000 ---p 0000d000 00:26 22480319                   /home/sand/src/perl/repoperls/installed-perls/host/k93msid/v5.20.2/d2d1/lib/site_perl/5.20.2/x86_64-linux/auto/Variable/Magic/Magic.so
7f593a1ec000-7f593a1ed000 r--p 0000c000 00:26 22480319                   /home/sand/src/perl/repoperls/installed-perls/host/k93msid/v5.20.2/d2d1/lib/site_perl/5.20.2/x86_64-linux/auto/Variable/Magic/Magic.so
7f593a1ed000-7f593a1ee000 rw-p 0000d000 00:26 22480319                   /home/sand/src/perl/repoperls/installed-perls/host/k93msid/v5.20.2/d2d1/lib/site_perl/5.20.2/x86_64-linux/auto/Variable/Magic/Magic.so
7f593a1ee000-7f593a1f3000 r-xp 00000000 00:26 23796190                   /home/sand/src/perl/repoperls/installed-perls/host/k93msid/v5.20.2/d2d1/lib/site_perl/5.20.2/x86_64-linux/auto/Cwd/Cwd.so
7f593a1f3000-7f593a3f2000 ---p 00005000 00:26 23796190                   /home/sand/src/perl/repoperls/installed-perls/host/k93msid/v5.20.2/d2d1/lib/site_perl/5.20.2/x86_64-linux/auto/Cwd/Cwd.so
7f593a3f2000-7f593a3f3000 r--p 00004000 00:26 23796190                   /home/sand/src/perl/repoperls/installed-perls/host/k93msid/v5.20.2/d2d1/lib/site_perl/5.20.2/x86_64-linux/auto/Cwd/Cwd.so
7f593a3f3000-7f593a3f4000 rw-p 00005000 00:26 23796190                   /home/sand/src/perl/repoperls/installed-perls/host/k93msid/v5.20.2/d2d1/lib/site_perl/5.20.2/x86_64-linux/auto/Cwd/Cwd.so
7f593a3f4000-7f593a44b000 r-xp 00000000 00:26 22088505                   /home/sand/src/perl/repoperls/installed-perls/host/k93msid/v5.20.2/d2d1/lib/5.20.2/x86_64-linux/auto/re/re.so
7f593a44b000-7f593a64a000 ---p 00057000 00:26 22088505                   /home/sand/src/perl/repoperls/installed-perls/host/k93msid/v5.20.2/d2d1/lib/5.20.2/x86_64-linux/auto/re/re.so
7f593a64a000-7f593a64b000 r--p 00056000 00:26 22088505                   /home/sand/src/perl/repoperls/installed-perls/host/k93msid/v5.20.2/d2d1/lib/5.20.2/x86_64-linux/auto/re/re.so
7f593a64b000-7f593a64c000 rw-p 00057000 00:26 22088505                   /home/sand/src/perl/repoperls/installed-perls/host/k93msid/v5.20.2/d2d1/lib/5.20.2/x86_64-linux/auto/re/re.so
7f593a64c000-7f593a664000 r-xp 00000000 00:26 22088589                   /home/sand/src/perl/repoperls/installed-perls/host/k93msid/v5.20.2/d2d1/lib/5.20.2/x86_64-linux/auto/B/B.so
7f593a664000-7f593a863000 ---p 00018000 00:26 22088589                   /home/sand/src/perl/repoperls/installed-perls/host/k93msid/v5.20.2/d2d1/lib/5.20.2/x86_64-linux/auto/B/B.so
7f593a863000-7f593a866000 r--p 00017000 00:26 22088589                   /home/sand/src/perl/repoperls/installed-perls/host/k93msid/v5.20.2/d2d1/lib/5.20.2/x86_64-linux/auto/B/B.so
7f593a866000-7f593a867000 rw-p 0001a000 00:26 22088589                   /home/sand/src/perl/repoperls/installed-perls/host/k93msid/v5.20.2/d2d1/lib/5.20.2/x86_64-linux/auto/B/B.so
7f593a867000-7f593a86f000 r-xp 00000000 00:26 22692481                   /home/sand/src/perl/repoperls/installed-perls/host/k93msid/v5.20.2/d2d1/lib/site_perl/5.20.2/x86_64-linux/auto/Moose/Moose.so
7f593a86f000-7f593aa6e000 ---p 00008000 00:26 22692481                   /home/sand/src/perl/repoperls/installed-perls/host/k93msid/v5.20.2/d2d1/lib/site_perl/5.20.2/x86_64-linux/auto/Moose/Moose.so
7f593aa6e000-7f593aa6f000 r--p 00007000 00:26 22692481                   /home/sand/src/perl/repoperls/installed-perls/host/k93msid/v5.20.2/d2d1/lib/site_perl/5.20.2/x86_64-linux/auto/Moose/Moose.so
7f593aa6f000-7f593aa70000 rw-p 00008000 00:26 22692481                   /home/sand/src/perl/repoperls/installed-perls/host/k93msid/v5.20.2/d2d1/lib/site_perl/5.20.2/x86_64-linux/auto/Moose/Moose.so
7f593aa70000-7f593aa72000 r-xp 00000000 00:26 22110497                   /home/sand/src/perl/repoperls/installed-perls/host/k93msid/v5.20.2/d2d1/lib/site_perl/5.20.2/x86_64-linux/auto/Sub/Identify/Identify.so
7f593aa72000-7f593ac71000 ---p 00002000 00:26 22110497                   /home/sand/src/perl/repoperls/installed-perls/host/k93msid/v5.20.2/d2d1/lib/site_perl/5.20.2/x86_64-linux/auto/Sub/Identify/Identify.so
7f593ac71000-7f593ac72000 r--p 00001000 00:26 22110497                   /home/sand/src/perl/repoperls/installed-perls/host/k93msid/v5.20.2/d2d1/lib/site_perl/5.20.2/x86_64-linux/auto/Sub/Identify/Identify.so
7f593ac72000-7f593ac73000 rw-p 00002000 00:26 22110497                   /home/sand/src/perl/repoperls/installed-perls/host/k93msid/v5.20.2/d2d1/lib/site_perl/5.20.2/x86_64-linux/auto/Sub/Identify/Identify.so
7f593ac73000-7f593ac76000 r-xp 00000000 00:26 22490531                   /home/sand/src/perl/repoperls/installed-perls/host/k93msid/v5.20.2/d2d1/lib/site_perl/5.20.2/x86_64-linux/auto/Sub/Name/Name.so
7f593ac76000-7f593ae75000 ---p 00003000 00:26 22490531                   /home/sand/src/perl/repoperls/installed-perls/host/k93msid/v5.20.2/d2d1/lib/site_perl/5.20.2/x86_64-linux/auto/Sub/Name/Name.so
7f593ae75000-7f593ae76000 r--p 00002000 00:26 22490531                   /home/sand/src/perl/repoperls/installed-perls/host/k93msid/v5.20.2/d2d1/lib/site_perl/5.20.2/x86_64-linux/auto/Sub/Name/Name.so
7f593ae76000-7f593ae77000 rw-p 00003000 00:26 22490531                   /home/sand/src/perl/repoperls/installed-perls/host/k93msid/v5.20.2/d2d1/lib/site_perl/5.20.2/x86_64-linux/auto/Sub/Name/Name.so
7f593ae77000-7f593ae80000 r-xp 00000000 00:26 22135887                   /home/sand/src/perl/repoperls/installed-perls/host/k93msid/v5.20.2/d2d1/lib/site_perl/5.20.2/x86_64-linux/auto/Package/Stash/XS/XS.so
7f593ae80000-7f593b07f000 ---p 00009000 00:26 22135887                   /home/sand/src/perl/repoperls/installed-perls/host/k93msid/v5.20.2/d2d1/lib/site_perl/5.20.2/x86_64-linux/auto/Package/Stash/XS/XS.so
7f593b07f000-7f593b080000 r--p 00008000 00:26 22135887                   /home/sand/src/perl/repoperls/installed-perls/host/k93msid/v5.20.2/d2d1/lib/site_perl/5.20.2/x86_64-linux/auto/Package/Stash/XS/XS.so
7f593b080000-7f593b081000 rw-p 00009000 00:26 22135887                   /home/sand/src/perl/repoperls/installed-perls/host/k93msid/v5.20.2/d2d1/lib/site_perl/5.20.2/x86_64-linux/auto/Package/Stash/XS/XS.so
7f593b081000-7f593b085000 r-xp 00000000 00:26 22691912                   /home/sand/src/perl/repoperls/installed-perls/host/k93msid/v5.20.2/d2d1/lib/site_perl/5.20.2/x86_64-linux/auto/Class/Load/XS/XS.so
7f593b085000-7f593b284000 ---p 00004000 00:26 22691912                   /home/sand/src/perl/repoperls/installed-perls/host/k93msid/v5.20.2/d2d1/lib/site_perl/5.20.2/x86_64-linux/auto/Class/Load/XS/XS.so
7f593b284000-7f593b285000 r--p 00003000 00:26 22691912                   /home/sand/src/perl/repoperls/installed-perls/host/k93msid/v5.20.2/d2d1/lib/site_perl/5.20.2/x86_64-linux/auto/Class/Load/XS/XS.so
7f593b285000-7f593b286000 rw-p 00004000 00:26 22691912                   /home/sand/src/perl/repoperls/installed-perls/host/k93msid/v5.20.2/d2d1/lib/site_perl/5.20.2/x86_64-linux/auto/Class/Load/XS/XS.so
7f593b286000-7f593b28b000 r-xp 00000000 00:26 15390255                   /home/sand/src/perl/repoperls/installed-perls/host/k93msid/v5.20.2/d2d1/lib/site_perl/5.20.2/x86_64-linux/auto/Params/Util/Util.so
7f593b28b000-7f593b48a000 ---p 00005000 00:26 15390255                   /home/sand/src/perl/repoperls/installed-perls/host/k93msid/v5.20.2/d2d1/lib/site_perl/5.20.2/x86_64-linux/auto/Params/Util/Util.so
7f593b48a000-7f593b48b000 r--p 00004000 00:26 15390255                   /home/sand/src/perl/repoperls/installed-perls/host/k93msid/v5.20.2/d2d1/lib/site_perl/5.20.2/x86_64-linux/auto/Params/Util/Util.so
7f593b48b000-7f593b48c000 rw-p 00005000 00:26 15390255                   /home/sand/src/perl/repoperls/installed-perls/host/k93msid/v5.20.2/d2d1/lib/site_perl/5.20.2/x86_64-linux/auto/Params/Util/Util.so
7f593b48c000-7f593b491000 r-xp 00000000 00:26 22088520                   /home/sand/src/perl/repoperls/installed-perls/host/k93msid/v5.20.2/d2d1/lib/5.20.2/x86_64-linux/auto/mro/mro.so
7f593b491000-7f593b690000 ---p 00005000 00:26 22088520                   /home/sand/src/perl/repoperls/installed-perls/host/k93msid/v5.20.2/d2d1/lib/5.20.2/x86_64-linux/auto/mro/mro.so
7f593b690000-7f593b691000 r--p 00004000 00:26 22088520                   /home/sand/src/perl/repoperls/installed-perls/host/k93msid/v5.20.2/d2d1/lib/5.20.2/x86_64-linux/auto/mro/mro.so
7f593b691000-7f593b692000 rw-p 00005000 00:26 22088520                   /home/sand/src/perl/repoperls/installed-perls/host/k93msid/v5.20.2/d2d1/lib/5.20.2/x86_64-linux/auto/mro/mro.so
7f593b692000-7f593b6ae000 r-xp 00000000 00:26 22088507                   /home/sand/src/perl/repoperls/installed-perls/host/k93msid/v5.20.2/d2d1/lib/5.20.2/x86_64-linux/auto/POSIX/POSIX.so
7f593b6ae000-7f593b8ad000 ---p 0001c000 00:26 22088507                   /home/sand/src/perl/repoperls/installed-perls/host/k93msid/v5.20.2/d2d1/lib/5.20.2/x86_64-linux/auto/POSIX/POSIX.so
7f593b8ad000-7f593b8b0000 r--p 0001b000 00:26 22088507                   /home/sand/src/perl/repoperls/installed-perls/host/k93msid/v5.20.2/d2d1/lib/5.20.2/x86_64-linux/auto/POSIX/POSIX.so
7f593b8b0000-7f593b8b1000 rw-p 0001e000 00:26 22088507                   /home/sand/src/perl/repoperls/installed-perls/host/k93msid/v5.20.2/d2d1/lib/5.20.2/x86_64-linux/auto/POSIX/POSIX.so
7f593b8b1000-7f593b8b5000 r-xp 00000000 00:26 22088548                   /home/sand/src/perl/repoperls/installed-perls/host/k93msid/v5.20.2/d2d1/lib/5.20.2/x86_64-linux/auto/Fcntl/Fcntl.so
7f593b8b5000-7f593bab5000 ---p 00004000 00:26 22088548                   /home/sand/src/perl/repoperls/installed-perls/host/k93msid/v5.20.2/d2d1/lib/5.20.2/x86_64-linux/auto/Fcntl/Fcntl.so
7f593bab5000-7f593bab6000 r--p 00004000 00:26 22088548                   /home/sand/src/perl/repoperls/installed-perls/host/k93msid/v5.20.2/d2d1/lib/5.20.2/x86_64-linux/auto/Fcntl/Fcntl.so
7f593bab6000-7f593bab7000 rw-p 00005000 00:26 22088548                   /home/sand/src/perl/repoperls/installed-perls/host/k93msid/v5.20.2/d2d1/lib/5.20.2/x86_64-linux/auto/Fcntl/Fcntl.so
7f593bab7000-7f593baca000 r-xp 00000000 00:26 22473434                   /home/sand/src/perl/repoperls/installed-perls/host/k93msid/v5.20.2/d2d1/lib/site_perl/5.20.2/x86_64-linux/auto/List/Util/Util.so
7f593baca000-7f593bcc9000 ---p 00013000 00:26 22473434                   /home/sand/src/perl/repoperls/installed-perls/host/k93msid/v5.20.2/d2d1/lib/site_perl/5.20.2/x86_64-linux/auto/List/Util/Util.so
7f593bcc9000-7f593bcca000 r--p 00012000 00:26 22473434                   /home/sand/src/perl/repoperls/installed-perls/host/k93msid/v5.20.2/d2d1/lib/site_perl/5.20.2/x86_64-linux/auto/List/Util/Util.so
7f593bcca000-7f593bccb000 rw-p 00013000 00:26 22473434                   /home/sand/src/perl/repoperls/installed-perls/host/k93msid/v5.20.2/d2d1/lib/site_perl/5.20.2/x86_64-linux/auto/List/Util/Util.so
7f593bccb000-7f593c243000 r--p 00000000 ca:01 795130                     /usr/lib/locale/locale-archive
7f593c243000-7f593c3d8000 r-xp 00000000 ca:01 659150                     /lib/x86_64-linux-gnu/libc-2.24.so
7f593c3d8000-7f593c5d7000 ---p 00195000 ca:01 659150                     /lib/x86_64-linux-gnu/libc-2.24.so
7f593c5d7000-7f593c5db000 r--p 00194000 ca:01 659150                     /lib/x86_64-linux-gnu/libc-2.24.so
7f593c5db000-7f593c5dd000 rw-p 00198000 ca:01 659150                     /lib/x86_64-linux-gnu/libc-2.24.so
7f593c5dd000-7f593c5e1000 rw-p 00000000 00:00 0 
7f593c5e1000-7f593c5e3000 r-xp 00000000 ca:01 659169                     /lib/x86_64-linux-gnu/libutil-2.24.so
7f593c5e3000-7f593c7e2000 ---p 00002000 ca:01 659169                     /lib/x86_64-linux-gnu/libutil-2.24.so
7f593c7e2000-7f593c7e3000 r--p 00001000 ca:01 659169                     /lib/x86_64-linux-gnu/libutil-2.24.so
7f593c7e3000-7f593c7e4000 rw-p 00002000 ca:01 659169                     /lib/x86_64-linux-gnu/libutil-2.24.so
7f593c7e4000-7f593c7ec000 r-xp 00000000 ca:01 659152                     /lib/x86_64-linux-gnu/libcrypt-2.24.so
7f593c7ec000-7f593c9ec000 ---p 00008000 ca:01 659152                     /lib/x86_64-linux-gnu/libcrypt-2.24.so
7f593c9ec000-7f593c9ed000 r--p 00008000 ca:01 659152                     /lib/x86_64-linux-gnu/libcrypt-2.24.so
7f593c9ed000-7f593c9ee000 rw-p 00009000 ca:01 659152                     /lib/x86_64-linux-gnu/libcrypt-2.24.so
7f593c9ee000-7f593ca1c000 rw-p 00000000 00:00 0 
7f593ca1c000-7f593cb1f000 r-xp 00000000 ca:01 659154                     /lib/x86_64-linux-gnu/libm-2.24.so
7f593cb1f000-7f593cd1e000 ---p 00103000 ca:01 659154                     /lib/x86_64-linux-gnu/libm-2.24.so
7f593cd1e000-7f593cd1f000 r--p 00102000 ca:01 659154                     /lib/x86_64-linux-gnu/libm-2.24.so
7f593cd1f000-7f593cd20000 rw-p 00103000 ca:01 659154                     /lib/x86_64-linux-gnu/libm-2.24.so
7f593cd20000-7f593cd23000 r-xp 00000000 ca:01 659153                     /lib/x86_64-linux-gnu/libdl-2.24.so
7f593cd23000-7f593cf22000 ---p 00003000 ca:01 659153                     /lib/x86_64-linux-gnu/libdl-2.24.so
7f593cf22000-7f593cf23000 r--p 00002000 ca:01 659153                     /lib/x86_64-linux-gnu/libdl-2.24.so
7f593cf23000-7f593cf24000 rw-p 00003000 ca:01 659153                     /lib/x86_64-linux-gnu/libdl-2.24.so
7f593cf24000-7f593cf38000 r-xp 00000000 ca:01 659157                     /lib/x86_64-linux-gnu/libnsl-2.24.so
7f593cf38000-7f593d138000 ---p 00014000 ca:01 659157                     /lib/x86_64-linux-gnu/libnsl-2.24.so
7f593d138000-7f593d139000 r--p 00014000 ca:01 659157                     /lib/x86_64-linux-gnu/libnsl-2.24.so
7f593d139000-7f593d13a000 rw-p 00015000 ca:01 659157                     /lib/x86_64-linux-gnu/libnsl-2.24.so
7f593d13a000-7f593d13c000 rw-p 00000000 00:00 0 
7f593d13c000-7f593d154000 r-xp 00000000 ca:01 659165                     /lib/x86_64-linux-gnu/libpthread-2.24.so
7f593d154000-7f593d353000 ---p 00018000 ca:01 659165                     /lib/x86_64-linux-gnu/libpthread-2.24.so
7f593d353000-7f593d354000 r--p 00017000 ca:01 659165                     /lib/x86_64-linux-gnu/libpthread-2.24.so
7f593d354000-7f593d355000 rw-p 00018000 ca:01 659165                     /lib/x86_64-linux-gnu/libpthread-2.24.so
7f593d355000-7f593d359000 rw-p 00000000 00:00 0 
7f593d359000-7f593d37c000 r-xp 00000000 ca:01 659133                     /lib/x86_64-linux-gnu/ld-2.24.so
7f593d4da000-7f593d56a000 rw-p 00000000 00:00 0 
7f593d578000-7f593d57c000 rw-p 00000000 00:00 0 
7f593d57c000-7f593d57d000 r--p 00023000 ca:01 659133                     /lib/x86_64-linux-gnu/ld-2.24.so
7f593d57d000-7f593d57e000 rw-p 00024000 ca:01 659133                     /lib/x86_64-linux-gnu/ld-2.24.so
7f593d57e000-7f593d57f000 rw-p 00000000 00:00 0 
7ffcec515000-7ffcec536000 rw-p 00000000 00:00 0                          [stack]
7ffcec5dd000-7ffcec5df000 r--p 00000000 00:00 0                          [vvar]
7ffcec5df000-7ffcec5e1000 r-xp 00000000 00:00 0                          [vdso]
ffffffffff600000-ffffffffff601000 r-xp 00000000 00:00 0                  [vsyscall]
t/06-use-jurivoc-fulltext-unaccent.t ... 
Failed 4/4 subtests 
t/99-cleanup.t ......................... skipped: Not a real test file -- just cleaning up
t/pod.t ................................ skipped: POD: release testing only

Test Summary Report
-------------------
t/06-use-jurivoc-fulltext-unaccent.t (Wstat: 134 Tests: 0 Failed: 0)
  Non-zero wait status: 134
  Parse errors: Bad plan.  You planned 4 tests but ran 0.
Files=9, Tests=26, 16 wallclock secs ( 0.03 usr  0.08 sys +  2.52 cusr  0.35 csys =  2.98 CPU)
Result: FAIL
Failed 1/9 test programs. 0/26 subtests failed.

------------------------------
PREREQUISITES
------------------------------

Prerequisite modules loaded:

requires:

    Module            Need Have    
    ----------------- ---- --------
    Carp              0    1.38    
    DBD::SQLite       1.54 1.54    
    DBI               0    1.636   
    Module::Load      0    0.32    
    Moose             0    2.2005  
    namespace::clean  0    0.27    
    perl              5.01 5.020002
    Search::Tokenizer 0    1.01    

build_requires:

    Module            Need Have    
    ----------------- ---- --------
    POSIX             0    1.38_03 
    Test::More        0    1.302088

configure_requires:

    Module            Need Have    
    ----------------- ---- --------
    Module::Build     0    0.4222  


------------------------------
ENVIRONMENT AND OTHER CONTEXT
------------------------------

Environment variables:

    AUTOMATED_TESTING = 1
    LANG = en_US.UTF-8
    PATH = /home/sand/bin:/usr/local/bin:/usr/bin:/bin:/usr/games:/usr/local/perl/bin:/usr/X11/bin:/sbin:/usr/sbin
    PERL5LIB = 
    PERL5OPT = 
    PERL5_CPANPLUS_IS_RUNNING = 31485
    PERL5_CPAN_IS_RUNNING = 31485
    PERL_CANARY_STABILITY_NOPROMPT = 1
    PERL_MM_USE_DEFAULT = 1
    PERL_USE_UNSAFE_INC = 1
    SHELL = /usr/bin/zsh
    TERM = screen

Perl special variables (and OS-specific diagnostics, for MSWin32):

    $^X = /home/sand/src/perl/repoperls/installed-perls/host/k93msid/v5.20.2/d2d1/bin/perl
    $UID/$EUID = 1005 / 1005
    $GID = 1005 1005
    $EGID = 1005 1005

Perl module toolchain versions installed:

    Module              Have    
    ------------------- --------
    CPAN                2.18    
    CPAN::Meta          2.150010
    Cwd                 3.62    
    ExtUtils::CBuilder  0.280224
    ExtUtils::Command   7.31_01 
    ExtUtils::Install   2.12    
    ExtUtils::MakeMaker 7.31_01 
    ExtUtils::Manifest  1.70    
    ExtUtils::ParseXS   3.24    
    File::Spec          3.62    
    JSON                2.93    
    JSON::PP            2.94    
    Module::Build       0.4222  
    Module::Signature   0.81    
    Parse::CPAN::Meta   1.4422  
    Test::Harness       3.40_01 
    Test::More          1.302088
    YAML                1.23    
    YAML::Syck          1.30    
    version             0.9918  


--

Summary of my perl5 (revision 5 version 20 subversion 2) configuration:
  Derived from: c05ce579b6dae0f955ff8922469d49f95f4bf6fd
  Platform:
    osname=linux, osvers=4.9.0-2-amd64, archname=x86_64-linux
    uname='linux k93msid 4.9.0-2-amd64 #1 smp debian 4.9.18-1 (2017-03-30) x86_64 gnulinux '
    config_args='-Dprefix=/home/sand/src/perl/repoperls/installed-perls/host/k93msid/v5.20.2/d2d1 -Dmyhostname=k93msid -Dinstallusrbinperl=n -Uversiononly -Dusedevel -des -Ui_db -Dlibswanted=cl pthread socket inet nsl gdbm dbm malloc dl ld sun m crypt sec util c cposix posix ucb BSD gdbm_compat -Uuseithreads -Uuselongdouble -DDEBUGGING=both'
    hint=recommended, useposix=true, d_sigaction=define
    useithreads=undef, usemultiplicity=undef
    use64bitint=define, use64bitall=define, uselongdouble=undef
    usemymalloc=n, bincompat5005=undef
  Compiler:
    cc='cc', ccflags ='-fwrapv -DDEBUGGING -fno-strict-aliasing -pipe -fstack-protector -I/usr/local/include -D_LARGEFILE_SOURCE -D_FILE_OFFSET_BITS=64',
    optimize='-O2 -g',
    cppflags='-fwrapv -DDEBUGGING -fno-strict-aliasing -pipe -fstack-protector -I/usr/local/include'
    ccversion='', gccversion='6.3.0 20170406', gccosandvers=''
    intsize=4, longsize=8, ptrsize=8, doublesize=8, byteorder=12345678
    d_longlong=define, longlongsize=8, d_longdbl=define, longdblsize=16
    ivtype='long', ivsize=8, nvtype='double', nvsize=8, Off_t='off_t', lseeksize=8
    alignbytes=8, prototype=define
  Linker and Libraries:
    ld='cc', ldflags =' -fstack-protector -L/usr/local/lib'
    libpth=/usr/local/lib /usr/lib/gcc/x86_64-linux-gnu/6/include-fixed /usr/include/x86_64-linux-gnu /usr/lib /lib/x86_64-linux-gnu /lib/../lib /usr/lib/x86_64-linux-gnu /usr/lib/../lib /lib
    libs=-lpthread -lnsl -ldl -lm -lcrypt -lutil -lc
    perllibs=-lpthread -lnsl -ldl -lm -lcrypt -lutil -lc
    libc=libc-2.24.so, so=so, useshrplib=false, libperl=libperl.a
    gnulibc_version='2.24'
  Dynamic Linking:
    dlsrc=dl_dlopen.xs, dlext=so, d_dlsymun=undef, ccdlflags='-Wl,-E'
    cccdlflags='-fPIC', lddlflags='-shared -O2 -g -L/usr/local/lib -fstack-protector'


Characteristics of this binary (from libperl): 
  Compile-time options: DEBUGGING HAS_TIMES PERLIO_LAYERS
                        PERL_DONT_CREATE_GVSV
                        PERL_HASH_FUNC_ONE_AT_A_TIME_HARD PERL_MALLOC_WRAP
                        PERL_NEW_COPY_ON_WRITE PERL_PRESERVE_IVUV
                        PERL_USE_DEVEL USE_64_BIT_ALL USE_64_BIT_INT
                        USE_LARGE_FILES USE_LOCALE USE_LOCALE_COLLATE
                        USE_LOCALE_CTYPE USE_LOCALE_NUMERIC USE_PERLIO
                        USE_PERL_ATOF
  Locally applied patches:
	uncommitted-changes
  Built under linux
  Compiled at Apr 17 2017 05:57:02
  %ENV:
    PERL5LIB=""
    PERL5OPT=""
    PERL5_CPANPLUS_IS_RUNNING="31485"
    PERL5_CPAN_IS_RUNNING="31485"
    PERL_CANARY_STABILITY_NOPROMPT="1"
    PERL_MM_USE_DEFAULT="1"
    PERL_USE_UNSAFE_INC="1"
  @INC:
    /home/sand/src/perl/repoperls/installed-perls/host/k93msid/v5.20.2/d2d1/lib/site_perl/5.20.2/x86_64-linux
    /home/sand/src/perl/repoperls/installed-perls/host/k93msid/v5.20.2/d2d1/lib/site_perl/5.20.2
    /home/sand/src/perl/repoperls/installed-perls/host/k93msid/v5.20.2/d2d1/lib/5.20.2/x86_64-linux
    /home/sand/src/perl/repoperls/installed-perls/host/k93msid/v5.20.2/d2d1/lib/5.20.2
    .