Report for Pod-Simple-3.16

Back
From: metabase:user:4bb19ea0-b064-11df-ac73-2d518c32fe74
Subject: FAIL Pod-Simple-3.16 v5.12.3 GNU/Linux
Date: 2011-03-28T09:32:55Z

This distribution has been tested as part of the CPAN Testers
project, supporting the Perl programming language.  See
http://wiki.cpantesters.org/ for more information or email
questions to cpan-testers-discuss@perl.org


--
Dear David E. Wheeler,

This is a computer-generated report for Pod-Simple-3.16
on perl 5.12.3, created by CPAN-Reporter-1.1902.

Thank you for uploading your work to CPAN.  However, there was a problem
testing your distribution.

If you think this report is invalid, please consult the CPAN Testers Wiki
for suggestions on how to avoid getting FAIL reports for missing library
or binary dependencies, unsupported operating systems, and so on:

http://wiki.cpantesters.org/wiki/CPANAuthorNotes

Sections of this report:

    * Tester comments
    * Program output
    * Prerequisites
    * Environment and other context

------------------------------
TESTER COMMENTS
------------------------------

Additional comments from tester:

none provided

------------------------------
PROGRAM OUTPUT
------------------------------

Output from 'make test':

PERL_DL_NONLAZY=1 /home/stefan/perl5/perlbrew/perls/perl-5.12.3/bin/perl "-MExtUtils::Command::MM" "-e" "test_harness(0, 'blib/lib', 'blib/arch')" t/*.t
t/00about.t ... ok
t/20_skip.t ... ok
t/ac_d.t ...... ok
t/accept01.t .. ok
t/accept05.t .. ok
t/basic.t ..... ok
t/begin.t ..... ok
t/cbacks.t .... ok
t/chunking.t .. ok
t/closeys.t ... ok
t/corpus.t .... ok
t/encod01.t ... ok
t/encod02.t ... ok
t/encod03.t ... ok
t/end_over.t .. ok
t/fcodes.t .... ok
t/fcodes_e.t .. ok
t/fcodes_l.t .. ok
t/fcodes_s.t .. ok
t/for.t ....... ok
t/fornot.t .... ok
t/heads.t ..... ok
t/html01.t .... ok
t/html02.t .... ok
t/html03.t .... ok
t/htmlbat.t ... ok
t/items.t ..... ok
t/items02.t ... ok
t/itemstar.t .. ok
t/linkclas.t .. ok
t/output.t .... ok
t/puller.t .... ok
t/pulltitl.t .. ok
t/reinit.t .... ok
t/render.t .... ok
t/search05.t .. ok
t/search10.t .. ok
t/search12.t .. ok
t/search20.t .. ok
t/search22.t .. ok
t/search25.t .. ok
t/search26.t .. ok
t/search27.t .. ok
t/search28.t .. ok
t/search29.t .. ok
# Test 7 got: "/home/stefan/perl5/perlbrew/perls/perl-5.12.3/lib/site_perl/5.12.3/capture/tiny.pod" (t/search50.t at line 80)
#   Expected: "/home/stefan/perl5/perlbrew/perls/perl-5.12.3/lib/site_perl/5.12.3/capture/tiny.pm" ( find('Capture::Tiny') should match survey's name2where{Capture::Tiny})
#  t/search50.t line 80 is:   ok
t/search50.t .. 
Failed 1/8 subtests 
t/stree.t ..... ok
t/strpvbtm.t .. ok
t/tiedfh.t .... ok
t/verb_fmt.t .. ok
t/verbatim.t .. ok
t/x_nixer.t ... ok
t/xhtml01.t ... ok
t/xhtml05.t ... ok
t/xhtml10.t ... ok

Test Summary Report
-------------------
t/search50.t (Wstat: 0 Tests: 8 Failed: 1)
  Failed test:  7
Files=55, Tests=1369,  7 wallclock secs ( 0.60 usr  0.08 sys +  3.20 cusr  0.42 csys =  4.30 CPU)
Result: FAIL
Failed 1/55 test programs. 1/1369 subtests failed.
make: *** [test_dynamic] Error 255

------------------------------
PREREQUISITES
------------------------------

Prerequisite modules loaded:

requires:

    Module              Need      Have     
    ------------------- --------- ---------
    Carp                0         1.17     
    Config              0         0        
    constant            0         1.20     
    Cwd                 0         3.33     
    File::Basename      0         2.78     
    File::Find          0         1.15     
    File::Spec          0         3.33     
    integer             0         1.00     
    overload            0         1.10     
    Pod::Escapes        1.04      1.04     
    strict              0         1.04     
    Symbol              0         1.07     
    Test                1.25      1.25_02  
    Test::More          0         0.98     
    Text::Wrap          98.112902 2009.0305

configure_requires:

    Module              Need      Have     
    ------------------- --------- ---------
    ExtUtils::MakeMaker 0         6.56     


------------------------------
ENVIRONMENT AND OTHER CONTEXT
------------------------------

Environment variables:

    LANG = en_US.UTF-8
    PATH = /home/stefan/perl5/perlbrew/bin:/home/stefan/perl5/perlbrew/perls/current/bin:/usr/local/sbin:/usr/local/bin:/usr/sbin:/usr/bin:/sbin:/bin:/usr/games
    PERL5LIB = 
    PERL5OPT = 
    PERL5_CPANPLUS_IS_RUNNING = 21284
    PERL5_CPAN_IS_RUNNING = 21284
    SHELL = /bin/bash
    TERM = xterm

Perl special variables (and OS-specific diagnostics, for MSWin32):

    $^X = /home/stefan/perl5/perlbrew/perls/perl-5.12.3/bin/perl
    $UID/$EUID = 1000 / 1000
    $GID = 1000 4 20 24 46 108 117 123 124 1000
    $EGID = 1000 4 20 24 46 108 117 123 124 1000

Perl module toolchain versions installed:

    Module              Have    
    ------------------- --------
    CPAN                1.9600  
    Cwd                 3.33    
    ExtUtils::CBuilder  0.280202
    ExtUtils::Command   1.17    
    ExtUtils::Install   1.55    
    ExtUtils::MakeMaker 6.56    
    ExtUtils::Manifest  1.58    
    ExtUtils::ParseXS   2.2206  
    File::Spec          3.33    
    Module::Build       0.3800  
    Module::Signature   n/a     
    Test::Harness       3.23    
    Test::More          0.98    
    YAML                n/a     
    YAML::Syck          n/a     
    version             0.88    

--

Summary of my perl5 (revision 5 version 12 subversion 3) configuration:
   
  Platform:
    osname=linux, osvers=2.6.28-19-generic, archname=x86_64-linux
    uname='linux pc-stefan 2.6.28-19-generic #66-ubuntu smp sat oct 16 18:00:58 utc 2010 x86_64 gnulinux '
    config_args='-de -Dprefix=/home/stefan/perl5/perlbrew/perls/perl-5.12.3'
    hint=recommended, useposix=true, d_sigaction=define
    useithreads=undef, usemultiplicity=undef
    useperlio=define, d_sfio=undef, uselargefiles=define, usesocks=undef
    use64bitint=define, use64bitall=define, uselongdouble=undef
    usemymalloc=n, bincompat5005=undef
  Compiler:
    cc='cc', ccflags ='-fno-strict-aliasing -pipe -fstack-protector -I/usr/local/include -D_LARGEFILE_SOURCE -D_FILE_OFFSET_BITS=64',
    optimize='-O2',
    cppflags='-fno-strict-aliasing -pipe -fstack-protector -I/usr/local/include'
    ccversion='', gccversion='4.3.3', gccosandvers=''
    intsize=4, longsize=8, ptrsize=8, doublesize=8, byteorder=12345678
    d_longlong=define, longlongsize=8, d_longdbl=define, longdblsize=16
    ivtype='long', ivsize=8, nvtype='double', nvsize=8, Off_t='off_t', lseeksize=8
    alignbytes=8, prototype=define
  Linker and Libraries:
    ld='cc', ldflags =' -fstack-protector -L/usr/local/lib'
    libpth=/usr/local/lib /lib /usr/lib /lib64 /usr/lib64
    libs=-lnsl -ldl -lm -lcrypt -lutil -lc
    perllibs=-lnsl -ldl -lm -lcrypt -lutil -lc
    libc=/lib/libc-2.9.so, so=so, useshrplib=false, libperl=libperl.a
    gnulibc_version='2.9'
  Dynamic Linking:
    dlsrc=dl_dlopen.xs, dlext=so, d_dlsymun=undef, ccdlflags='-Wl,-E'
    cccdlflags='-fPIC', lddlflags='-shared -O2 -L/usr/local/lib -fstack-protector'


Characteristics of this binary (from libperl): 
  Compile-time options: PERL_DONT_CREATE_GVSV PERL_MALLOC_WRAP USE_64_BIT_ALL
                        USE_64_BIT_INT USE_LARGE_FILES USE_PERLIO
                        USE_PERL_ATOF
  Built under linux
  Compiled at Jan 26 2011 12:12:08
  %ENV:
    PERL5LIB=""
    PERL5OPT=""
    PERL5_CPANPLUS_IS_RUNNING="21284"
    PERL5_CPAN_IS_RUNNING="21284"
  @INC:
    /home/stefan/perl5/perlbrew/perls/perl-5.12.3/lib/site_perl/5.12.3/x86_64-linux
    /home/stefan/perl5/perlbrew/perls/perl-5.12.3/lib/site_perl/5.12.3
    /home/stefan/perl5/perlbrew/perls/perl-5.12.3/lib/5.12.3/x86_64-linux
    /home/stefan/perl5/perlbrew/perls/perl-5.12.3/lib/5.12.3
    .