Report for Catalyst-Controller-Resources-0.08

Back
From: metabase:user:320bfe00-2aae-11df-837a-5e0a49663a4f
Subject: FAIL Catalyst-Controller-Resources-0.08 v5.13.5 GNU/Linux
Date: 2010-11-26T21:30:15Z

This distribution has been tested as part of the CPAN Testers
project, supporting the Perl programming language.  See
http://wiki.cpantesters.org/ for more information or email
questions to cpan-testers-discuss@perl.org


--
Dear NAKAGAWA Masaki,

This is a computer-generated report for Catalyst-Controller-Resources-0.08
on perl 5.13.5, created by CPAN-Reporter-1.1805.

Thank you for uploading your work to CPAN.  However, there was a problem
testing your distribution.

If you think this report is invalid, please consult the CPAN Testers Wiki
for suggestions on how to avoid getting FAIL reports for missing library
or binary dependencies, unsupported operating systems, and so on:

http://wiki.cpantesters.org/wiki/CPANAuthorNotes

Sections of this report:

    * Tester comments
    * Program output
    * Prerequisites
    * Environment and other context

------------------------------
TESTER COMMENTS
------------------------------

Additional comments from tester:

this report is from an automated smoke testing program
and was not reviewed by a human for accuracy

------------------------------
PROGRAM OUTPUT
------------------------------

Output from '/usr/bin/make test':

PERL_DL_NONLAZY=1 /home/src/perl/repoperls/installed-perls/perl/v5.13.5-513-g919671d/bin/perl "-MExtUtils::Command::MM" "-e" "test_harness(0, 'inc', 'blib/lib', 'blib/arch')" t/*.t
t/00_compile.t ..................... ok

#   Failed test 'request success: list'
#   at t/10_resources.t line 13.

#   Failed test 'valid contents: list'
#   at t/10_resources.t line 14.
#          got: '404 Not Found'
#     expected: 'users/list'

#   Failed test 'request success: create'
#   at t/10_resources.t line 13.

#   Failed test 'valid contents: create'
#   at t/10_resources.t line 14.
#          got: '404 Not Found'
#     expected: 'users/create'

#   Failed test 'request success: post'
#   at t/10_resources.t line 13.

#   Failed test 'valid contents: post'
#   at t/10_resources.t line 14.
#          got: '404 Not Found'
#     expected: 'users/post'

#   Failed test 'request success: show'
#   at t/10_resources.t line 13.

#   Failed test 'valid contents: show'
#   at t/10_resources.t line 14.
#          got: '404 Not Found'
#     expected: 'users/show'

#   Failed test 'request success: update'
#   at t/10_resources.t line 13.

#   Failed test 'valid contents: update'
#   at t/10_resources.t line 14.
#          got: '404 Not Found'
#     expected: 'users/update'

#   Failed test 'request success: destroy'
#   at t/10_resources.t line 13.

#   Failed test 'valid contents: destroy'
#   at t/10_resources.t line 14.
#          got: '404 Not Found'
#     expected: 'users/destroy'

#   Failed test 'request success: edit'
#   at t/10_resources.t line 13.

#   Failed test 'valid contents: edit'
#   at t/10_resources.t line 14.
#          got: '404 Not Found'
#     expected: 'users/edit'

#   Failed test 'request success: delete'
#   at t/10_resources.t line 13.

#   Failed test 'valid contents: delete'
#   at t/10_resources.t line 14.
#          got: '404 Not Found'
#     expected: 'users/delete'

#   Failed test 'request success: extra collection'
#   at t/10_resources.t line 13.

#   Failed test 'valid contents: extra collection'
#   at t/10_resources.t line 14.
#          got: '404 Not Found'
#     expected: 'users/login'

#   Failed test 'request success: extra member'
#   at t/10_resources.t line 13.

#   Failed test 'valid contents: extra member'
#   at t/10_resources.t line 14.
#          got: '404 Not Found'
#     expected: 'users/feed'
# Looks like you failed 20 tests of 20.
t/10_resources.t ................... 
Dubious, test returned 20 (wstat 5120, 0x1400)
Failed 20/20 subtests 

#   Failed test 'request success: list'
#   at t/11_nested_resources.t line 13.

#   Failed test 'valid contents: list'
#   at t/11_nested_resources.t line 14.
#          got: '404 Not Found'
#     expected: 'pages/list'

#   Failed test 'request success: create'
#   at t/11_nested_resources.t line 13.

#   Failed test 'valid contents: create'
#   at t/11_nested_resources.t line 14.
#          got: '404 Not Found'
#     expected: 'pages/create'

#   Failed test 'request success: post'
#   at t/11_nested_resources.t line 13.

#   Failed test 'valid contents: post'
#   at t/11_nested_resources.t line 14.
#          got: '404 Not Found'
#     expected: 'pages/post'

#   Failed test 'request success: show'
#   at t/11_nested_resources.t line 13.

#   Failed test 'valid contents: show'
#   at t/11_nested_resources.t line 14.
#          got: '404 Not Found'
#     expected: 'pages/show'

#   Failed test 'request success: update'
#   at t/11_nested_resources.t line 13.

#   Failed test 'valid contents: update'
#   at t/11_nested_resources.t line 14.
#          got: '404 Not Found'
#     expected: 'pages/update'

#   Failed test 'request success: destroy'
#   at t/11_nested_resources.t line 13.

#   Failed test 'valid contents: destroy'
#   at t/11_nested_resources.t line 14.
#          got: '404 Not Found'
#     expected: 'pages/destroy'

#   Failed test 'request success: edit'
#   at t/11_nested_resources.t line 13.

#   Failed test 'valid contents: edit'
#   at t/11_nested_resources.t line 14.
#          got: '404 Not Found'
#     expected: 'pages/edit'

#   Failed test 'request success: delete'
#   at t/11_nested_resources.t line 13.

#   Failed test 'valid contents: delete'
#   at t/11_nested_resources.t line 14.
#          got: '404 Not Found'
#     expected: 'pages/delete'
# Looks like you failed 16 tests of 16.
t/11_nested_resources.t ............ 
Dubious, test returned 16 (wstat 4096, 0x1000)
Failed 16/16 subtests 

#   Failed test 'request success: nested list'
#   at t/12_namespace_nested_resources.t line 13.

#   Failed test 'valid contents: nested list'
#   at t/12_namespace_nested_resources.t line 14.
#          got: '404 Not Found'
#     expected: 'users/articles/list'

#   Failed test 'request success: nested create'
#   at t/12_namespace_nested_resources.t line 13.

#   Failed test 'valid contents: nested create'
#   at t/12_namespace_nested_resources.t line 14.
#          got: '404 Not Found'
#     expected: 'users/articles/create'

#   Failed test 'request success: nested show'
#   at t/12_namespace_nested_resources.t line 13.

#   Failed test 'valid contents: nested show'
#   at t/12_namespace_nested_resources.t line 14.
#          got: '404 Not Found'
#     expected: 'users/articles/show'

#   Failed test 'request success: nested update'
#   at t/12_namespace_nested_resources.t line 13.

#   Failed test 'valid contents: nested update'
#   at t/12_namespace_nested_resources.t line 14.
#          got: '404 Not Found'
#     expected: 'users/articles/update'

#   Failed test 'request success: nested destroy'
#   at t/12_namespace_nested_resources.t line 13.

#   Failed test 'valid contents: nested destroy'
#   at t/12_namespace_nested_resources.t line 14.
#          got: '404 Not Found'
#     expected: 'users/articles/destroy'

#   Failed test 'request success: complex nested list'
#   at t/12_namespace_nested_resources.t line 13.

#   Failed test 'valid contents: complex nested list'
#   at t/12_namespace_nested_resources.t line 14.
#          got: '404 Not Found'
#     expected: 'users/articles/comments/list'

#   Failed test 'request success: complex nested create'
#   at t/12_namespace_nested_resources.t line 13.

#   Failed test 'valid contents: complex nested create'
#   at t/12_namespace_nested_resources.t line 14.
#          got: '404 Not Found'
#     expected: 'users/articles/comments/create'

#   Failed test 'request success: complex nested show'
#   at t/12_namespace_nested_resources.t line 13.

#   Failed test 'valid contents: complex nested show'
#   at t/12_namespace_nested_resources.t line 14.
#          got: '404 Not Found'
#     expected: 'users/articles/comments/show'

#   Failed test 'request success: complex nested update'
#   at t/12_namespace_nested_resources.t line 13.

#   Failed test 'valid contents: complex nested update'
#   at t/12_namespace_nested_resources.t line 14.
#          got: '404 Not Found'
#     expected: 'users/articles/comments/update'

#   Failed test 'request success: complex nested destroy'
#   at t/12_namespace_nested_resources.t line 13.

#   Failed test 'valid contents: complex nested destroy'
#   at t/12_namespace_nested_resources.t line 14.
#          got: '404 Not Found'
#     expected: 'users/articles/comments/destroy'
# Looks like you failed 20 tests of 20.
t/12_namespace_nested_resources.t .. 
Dubious, test returned 20 (wstat 5120, 0x1400)
Failed 20/20 subtests 

#   Failed test 'request success: create'
#   at t/20_singleton_resource.t line 13.

#   Failed test 'valid contents: create'
#   at t/20_singleton_resource.t line 14.
#          got: '404 Not Found'
#     expected: 'account/create'

#   Failed test 'request success: post'
#   at t/20_singleton_resource.t line 13.

#   Failed test 'valid contents: post'
#   at t/20_singleton_resource.t line 14.
#          got: '404 Not Found'
#     expected: 'account/post'

#   Failed test 'request success: show'
#   at t/20_singleton_resource.t line 13.

#   Failed test 'valid contents: show'
#   at t/20_singleton_resource.t line 14.
#          got: '404 Not Found'
#     expected: 'account/show'

#   Failed test 'request success: update'
#   at t/20_singleton_resource.t line 13.

#   Failed test 'valid contents: update'
#   at t/20_singleton_resource.t line 14.
#          got: '404 Not Found'
#     expected: 'account/update'

#   Failed test 'request success: destroy'
#   at t/20_singleton_resource.t line 13.

#   Failed test 'valid contents: destroy'
#   at t/20_singleton_resource.t line 14.
#          got: '404 Not Found'
#     expected: 'account/destroy'

#   Failed test 'request success: edit'
#   at t/20_singleton_resource.t line 13.

#   Failed test 'valid contents: edit'
#   at t/20_singleton_resource.t line 14.
#          got: '404 Not Found'
#     expected: 'account/edit'

#   Failed test 'request success: delete'
#   at t/20_singleton_resource.t line 13.

#   Failed test 'valid contents: delete'
#   at t/20_singleton_resource.t line 14.
#          got: '404 Not Found'
#     expected: 'account/delete'
# Looks like you failed 14 tests of 14.
t/20_singleton_resource.t .......... 
Dubious, test returned 14 (wstat 3584, 0xe00)
Failed 14/14 subtests 

#   Failed test 'request success: index'
#   at t/21_nested_singleton_resource.t line 13.

#   Failed test 'valid contents: index'
#   at t/21_nested_singleton_resource.t line 14.
#          got: '404 Not Found'
#     expected: 'messages/list'

#   Failed test 'request success: create'
#   at t/21_nested_singleton_resource.t line 13.

#   Failed test 'valid contents: create'
#   at t/21_nested_singleton_resource.t line 14.
#          got: '404 Not Found'
#     expected: 'messages/create'

#   Failed test 'request success: post'
#   at t/21_nested_singleton_resource.t line 13.

#   Failed test 'valid contents: post'
#   at t/21_nested_singleton_resource.t line 14.
#          got: '404 Not Found'
#     expected: 'messages/post'

#   Failed test 'request success: show'
#   at t/21_nested_singleton_resource.t line 13.

#   Failed test 'valid contents: show'
#   at t/21_nested_singleton_resource.t line 14.
#          got: '404 Not Found'
#     expected: 'messages/show'

#   Failed test 'request success: update'
#   at t/21_nested_singleton_resource.t line 13.

#   Failed test 'valid contents: update'
#   at t/21_nested_singleton_resource.t line 14.
#          got: '404 Not Found'
#     expected: 'messages/update'

#   Failed test 'request success: destroy'
#   at t/21_nested_singleton_resource.t line 13.

#   Failed test 'valid contents: destroy'
#   at t/21_nested_singleton_resource.t line 14.
#          got: '404 Not Found'
#     expected: 'messages/destroy'

#   Failed test 'request success: edit'
#   at t/21_nested_singleton_resource.t line 13.

#   Failed test 'valid contents: edit'
#   at t/21_nested_singleton_resource.t line 14.
#          got: '404 Not Found'
#     expected: 'messages/edit'

#   Failed test 'request success: delete'
#   at t/21_nested_singleton_resource.t line 13.

#   Failed test 'valid contents: delete'
#   at t/21_nested_singleton_resource.t line 14.
#          got: '404 Not Found'
#     expected: 'messages/delete'
# Looks like you failed 16 tests of 16.
t/21_nested_singleton_resource.t ... 
Dubious, test returned 16 (wstat 4096, 0x1000)
Failed 16/16 subtests 

#   Failed test 'request success: index'
#   at t/30_deep_endpoint.t line 13.

#   Failed test 'valid contents: index'
#   at t/30_deep_endpoint.t line 14.
#          got: '404 Not Found'
#     expected: 'foo/bar/list'

#   Failed test 'request success: create'
#   at t/30_deep_endpoint.t line 13.

#   Failed test 'valid contents: create'
#   at t/30_deep_endpoint.t line 14.
#          got: '404 Not Found'
#     expected: 'foo/bar/create'

#   Failed test 'request success: post'
#   at t/30_deep_endpoint.t line 13.

#   Failed test 'valid contents: post'
#   at t/30_deep_endpoint.t line 14.
#          got: '404 Not Found'
#     expected: 'foo/bar/post'

#   Failed test 'request success: show'
#   at t/30_deep_endpoint.t line 13.

#   Failed test 'valid contents: show'
#   at t/30_deep_endpoint.t line 14.
#          got: '404 Not Found'
#     expected: 'foo/bar/show'

#   Failed test 'request success: update'
#   at t/30_deep_endpoint.t line 13.

#   Failed test 'valid contents: update'
#   at t/30_deep_endpoint.t line 14.
#          got: '404 Not Found'
#     expected: 'foo/bar/update'

#   Failed test 'request success: destroy'
#   at t/30_deep_endpoint.t line 13.

#   Failed test 'valid contents: destroy'
#   at t/30_deep_endpoint.t line 14.
#          got: '404 Not Found'
#     expected: 'foo/bar/destroy'

#   Failed test 'request success: edit'
#   at t/30_deep_endpoint.t line 13.

#   Failed test 'valid contents: edit'
#   at t/30_deep_endpoint.t line 14.
#          got: '404 Not Found'
#     expected: 'foo/bar/edit'

#   Failed test 'request success: delete'
#   at t/30_deep_endpoint.t line 13.

#   Failed test 'valid contents: delete'
#   at t/30_deep_endpoint.t line 14.
#          got: '404 Not Found'
#     expected: 'foo/bar/delete'

#   Failed test 'request success: more deep index'
#   at t/30_deep_endpoint.t line 13.

#   Failed test 'valid contents: more deep index'
#   at t/30_deep_endpoint.t line 14.
#          got: '404 Not Found'
#     expected: 'foo/bar/buz/list'

#   Failed test 'request success: more deep create'
#   at t/30_deep_endpoint.t line 13.

#   Failed test 'valid contents: more deep create'
#   at t/30_deep_endpoint.t line 14.
#          got: '404 Not Found'
#     expected: 'foo/bar/buz/create'

#   Failed test 'request success: more deep post'
#   at t/30_deep_endpoint.t line 13.

#   Failed test 'valid contents: more deep post'
#   at t/30_deep_endpoint.t line 14.
#          got: '404 Not Found'
#     expected: 'foo/bar/buz/post'

#   Failed test 'request success: more deep show'
#   at t/30_deep_endpoint.t line 13.

#   Failed test 'valid contents: more deep show'
#   at t/30_deep_endpoint.t line 14.
#          got: '404 Not Found'
#     expected: 'foo/bar/buz/show'

#   Failed test 'request success: more deep update'
#   at t/30_deep_endpoint.t line 13.

#   Failed test 'valid contents: more deep update'
#   at t/30_deep_endpoint.t line 14.
#          got: '404 Not Found'
#     expected: 'foo/bar/buz/update'

#   Failed test 'request success: more deep destroy'
#   at t/30_deep_endpoint.t line 13.

#   Failed test 'valid contents: more deep destroy'
#   at t/30_deep_endpoint.t line 14.
#          got: '404 Not Found'
#     expected: 'foo/bar/buz/destroy'

#   Failed test 'request success: more deep edit'
#   at t/30_deep_endpoint.t line 13.

#   Failed test 'valid contents: more deep edit'
#   at t/30_deep_endpoint.t line 14.
#          got: '404 Not Found'
#     expected: 'foo/bar/buz/edit'

#   Failed test 'request success: more deep delete'
#   at t/30_deep_endpoint.t line 13.

#   Failed test 'valid contents: more deep delete'
#   at t/30_deep_endpoint.t line 14.
#          got: '404 Not Found'
#     expected: 'foo/bar/buz/delete'
# Looks like you failed 32 tests of 32.
t/30_deep_endpoint.t ............... 
Dubious, test returned 32 (wstat 8192, 0x2000)
Failed 32/32 subtests 

#   Failed test at t/31_path_prefix.t line 7.

#   Failed test at t/31_path_prefix.t line 8.
#                   '404 Not Found'
#     doesn't match '(?^:users/show)'

#   Failed test at t/31_path_prefix.t line 10.

#   Failed test at t/31_path_prefix.t line 11.
#          got: '404 Not Found'
#     expected: '(user, date) = (masaki, 20080401)'
# Looks like you failed 4 tests of 4.
t/31_path_prefix.t ................. 
Dubious, test returned 4 (wstat 1024, 0x400)
Failed 4/4 subtests 
t/32_action_class.t ................ ok

Test Summary Report
-------------------
t/10_resources.t                 (Wstat: 5120 Tests: 20 Failed: 20)
  Failed tests:  1-20
  Non-zero exit status: 20
t/11_nested_resources.t          (Wstat: 4096 Tests: 16 Failed: 16)
  Failed tests:  1-16
  Non-zero exit status: 16
t/12_namespace_nested_resources.t (Wstat: 5120 Tests: 20 Failed: 20)
  Failed tests:  1-20
  Non-zero exit status: 20
t/20_singleton_resource.t        (Wstat: 3584 Tests: 14 Failed: 14)
  Failed tests:  1-14
  Non-zero exit status: 14
t/21_nested_singleton_resource.t (Wstat: 4096 Tests: 16 Failed: 16)
  Failed tests:  1-16
  Non-zero exit status: 16
t/30_deep_endpoint.t             (Wstat: 8192 Tests: 32 Failed: 32)
  Failed tests:  1-32
  Non-zero exit status: 32
t/31_path_prefix.t               (Wstat: 1024 Tests: 4 Failed: 4)
  Failed tests:  1-4
  Non-zero exit status: 4
Files=9, Tests=134,  9 wallclock secs ( 0.06 usr  0.01 sys +  8.26 cusr  0.42 csys =  8.75 CPU)
Result: FAIL
Failed 7/9 test programs. 122/134 subtests failed.
make: *** [test_dynamic] Error 255

------------------------------
PREREQUISITES
------------------------------

Prerequisite modules loaded:

requires:

    Module                           Need    Have   
    -------------------------------- ------- -------
    Catalyst::Controller::ActionRole 0.12    0.15   
    Catalyst::Runtime                5.80011 5.80029
    Class::MOP                       0.84    1.11   
    ExtUtils::MakeMaker              6.42    6.57_06
    Filter::Util::Call               0       1.08   
    HTTP::Request                    0       5.827  
    Moose                            0.79    1.21   
    MRO::Compat                      0       0.11   
    namespace::clean                 0       0.18   
    Test::More                       0       0.97_01
    Test::UseAllModules              0       0.12   

build_requires:

    Module                           Need    Have   
    -------------------------------- ------- -------
    ExtUtils::MakeMaker              0       6.57_06

configure_requires:

    Module                           Need    Have   
    -------------------------------- ------- -------
    ExtUtils::MakeMaker              6.42    6.57_06


------------------------------
ENVIRONMENT AND OTHER CONTEXT
------------------------------

Environment variables:

    AUTOMATED_TESTING = 1
    LANG = en_US.UTF-8
    PATH = /home/sand/bin:/usr/local/bin:/usr/bin:/bin:/usr/bin/X11:/usr/games:/usr/local/perl/bin:/usr/X11/bin:/sbin:/usr/sbin
    PERL5LIB = 
    PERL5OPT = 
    PERL5_CPANPLUS_IS_RUNNING = 10114
    PERL5_CPAN_IS_RUNNING = 10114
    PERL_MM_USE_DEFAULT = 1
    SHELL = /usr/bin/zsh
    TERM = screen

Perl special variables (and OS-specific diagnostics, for MSWin32):

    $^X = /home/src/perl/repoperls/installed-perls/perl/v5.13.5-513-g919671d/bin/perl
    $UID/$EUID = 1001 / 1001
    $GID = 1001 1001
    $EGID = 1001 1001

Perl module toolchain versions installed:

    Module              Have   
    ------------------- -------
    CPAN                1.94_62
    Cwd                 3.34   
    ExtUtils::CBuilder  0.27_07
    ExtUtils::Command   1.16   
    ExtUtils::Install   1.55   
    ExtUtils::MakeMaker 6.57_06
    ExtUtils::Manifest  1.58   
    ExtUtils::ParseXS   2.2207 
    File::Spec          3.33   
    Module::Build       0.36_17
    Module::Signature   0.66   
    Test::Harness       3.22   
    Test::More          0.97_01
    YAML                0.72   
    YAML::Syck          1.17   
    version             0.86   


--

Summary of my perl5 (revision 5 version 13 subversion 5) configuration:
  Commit id: 919671d7a1f9048e55f69da3534a77dd0b5dd1bd
  Platform:
    osname=linux, osvers=2.6.32-2-amd64, archname=x86_64-linux-ld
    uname='linux k81 2.6.32-2-amd64 #1 smp fri feb 12 00:01:47 utc 2010 x86_64 gnulinux '
    config_args='-Dprefix=/home/src/perl/repoperls/installed-perls/perl/v5.13.5-513-g919671d -Dinstallusrbinperl=n -Uversiononly -Dusedevel -des -Ui_db -Uuseithreads -Duselongdouble'
    hint=recommended, useposix=true, d_sigaction=define
    useithreads=undef, usemultiplicity=undef
    useperlio=define, d_sfio=undef, uselargefiles=define, usesocks=undef
    use64bitint=define, use64bitall=define, uselongdouble=define
    usemymalloc=n, bincompat5005=undef
  Compiler:
    cc='cc', ccflags ='-fno-strict-aliasing -pipe -fstack-protector -I/usr/local/include -D_LARGEFILE_SOURCE -D_FILE_OFFSET_BITS=64',
    optimize='-O2',
    cppflags='-fno-strict-aliasing -pipe -fstack-protector -I/usr/local/include'
    ccversion='', gccversion='4.4.4', gccosandvers=''
    intsize=4, longsize=8, ptrsize=8, doublesize=8, byteorder=12345678
    d_longlong=define, longlongsize=8, d_longdbl=define, longdblsize=16
    ivtype='long', ivsize=8, nvtype='long double', nvsize=16, Off_t='off_t', lseeksize=8
    alignbytes=16, prototype=define
  Linker and Libraries:
    ld='cc', ldflags =' -fstack-protector -L/usr/local/lib'
    libpth=/usr/local/lib /lib /usr/lib /lib64 /usr/lib64
    libs=-lnsl -lgdbm -ldb -ldl -lm -lcrypt -lutil -lc -lgdbm_compat
    perllibs=-lnsl -ldl -lm -lcrypt -lutil -lc
    libc=/lib/libc-2.11.2.so, so=so, useshrplib=false, libperl=libperl.a
    gnulibc_version='2.11.2'
  Dynamic Linking:
    dlsrc=dl_dlopen.xs, dlext=so, d_dlsymun=undef, ccdlflags='-Wl,-E'
    cccdlflags='-fPIC', lddlflags='-shared -O2 -L/usr/local/lib -fstack-protector'


Characteristics of this binary (from libperl): 
  Compile-time options: PERL_DONT_CREATE_GVSV PERL_MALLOC_WRAP PERL_USE_DEVEL
                        USE_64_BIT_ALL USE_64_BIT_INT USE_LARGE_FILES
                        USE_LONG_DOUBLE USE_PERLIO USE_PERL_ATOF
  Built under linux
  Compiled at Oct 19 2010 05:55:26
  %ENV:
    PERL5LIB=""
    PERL5OPT=""
    PERL5_CPANPLUS_IS_RUNNING="10114"
    PERL5_CPAN_IS_RUNNING="10114"
    PERL_MM_USE_DEFAULT="1"
  @INC:
    /home/src/perl/repoperls/installed-perls/perl/v5.13.5-513-g919671d/lib/site_perl/5.13.5/x86_64-linux-ld
    /home/src/perl/repoperls/installed-perls/perl/v5.13.5-513-g919671d/lib/site_perl/5.13.5
    /home/src/perl/repoperls/installed-perls/perl/v5.13.5-513-g919671d/lib/5.13.5/x86_64-linux-ld
    /home/src/perl/repoperls/installed-perls/perl/v5.13.5-513-g919671d/lib/5.13.5
    .