Report for Math-Matrix-0.9

Back
From: metabase:user:31d414ea-2aae-11df-837a-5e0a49663a4f
Subject: FAIL Math-Matrix-0.9 5.8.9 GNU/Linux
Date: 2020-08-08T15:39:34Z

This distribution has been tested as part of the CPAN Testers
project, supporting the Perl programming language.  See
http://wiki.cpantesters.org/ for more information or email
questions to cpan-testers-discuss@perl.org


--
Dear Peter John Acklam,

This is a computer-generated report for Math-Matrix-0.9
on perl 5.8.9, created by CPAN-Reporter-1.2018.

Thank you for uploading your work to CPAN.  However, there was a problem
testing your distribution.

If you think this report is invalid, please consult the CPAN Testers Wiki
for suggestions on how to avoid getting FAIL reports for missing library
or binary dependencies, unsupported operating systems, and so on:

http://wiki.cpantesters.org/wiki/CPANAuthorNotes

Sections of this report:

    * Tester comments
    * Program output
    * Prerequisites
    * Environment and other context

------------------------------
TESTER COMMENTS
------------------------------

Additional comments from tester:

this report is from an automated smoke testing program
and was not reviewed by a human for accuracy

------------------------------
PROGRAM OUTPUT
------------------------------

Output from '/usr/bin/make test':

PERL_DL_NONLAZY=1 "/home/david/cpantesting/perl-5.8.9/bin/perl" "-MExtUtils::Command::MM" "-MTest::Harness" "-e" "undef *Test::Harness::Switches; test_harness(0, 'blib/lib', 'blib/arch')" t/*.t
t/00-signature.t .............. skipped: Set the environment variable TEST_SIGNATURE to enable this test.
t/01-load.t ................... ok
t/absolute.t .................. ok
t/as_string.t ................. ok
t/basic.t ..................... ok

#   Failed test 'trying to modify $y->[0][0] does actually modify it'
#   at t/clone-math-complex.t line 36.
#          got: 2
#     expected: 3

#   Failed test 'modifying $y->[0][0] does not modify $x->[0][0]'
#   at t/clone-math-complex.t line 38.
#          got: 2
#     expected: 3

#   Failed test 'trying to modify $y->[0][1] does actually modify it'
#   at t/clone-math-complex.t line 36.
#          got: 3
#     expected: 4

#   Failed test 'modifying $y->[0][1] does not modify $x->[0][1]'
#   at t/clone-math-complex.t line 38.
#          got: 3
#     expected: 4

#   Failed test 'trying to modify $y->[0][2] does actually modify it'
#   at t/clone-math-complex.t line 36.
#          got: 4
#     expected: 5

#   Failed test 'modifying $y->[0][2] does not modify $x->[0][2]'
#   at t/clone-math-complex.t line 38.
#          got: 4
#     expected: 5

#   Failed test 'trying to modify $y->[1][0] does actually modify it'
#   at t/clone-math-complex.t line 36.
#          got: 5
#     expected: 6

#   Failed test 'modifying $y->[1][0] does not modify $x->[1][0]'
#   at t/clone-math-complex.t line 38.
#          got: 5
#     expected: 6

#   Failed test 'trying to modify $y->[1][1] does actually modify it'
#   at t/clone-math-complex.t line 36.
#          got: 6
#     expected: 7

#   Failed test 'modifying $y->[1][1] does not modify $x->[1][1]'
#   at t/clone-math-complex.t line 38.
#          got: 6
#     expected: 7

#   Failed test 'trying to modify $y->[1][2] does actually modify it'
#   at t/clone-math-complex.t line 36.
#          got: 7
#     expected: 8

#   Failed test 'modifying $y->[1][2] does not modify $x->[1][2]'
#   at t/clone-math-complex.t line 38.
#          got: 7
#     expected: 8
# Looks like you failed 12 tests of 22.
t/clone-math-complex.t ........ 
Dubious, test returned 12 (wstat 3072, 0xc00)
Failed 12/22 subtests 
t/clone-math-real.t ........... ok
t/clone.t ..................... ok
t/concat.t .................... ok
t/cross_product.t ............. ok
t/determinant-math-complex.t .. ok
t/determinant-math-real.t ..... ok
t/determinant.t ............... ok
t/diagonal.t .................. ok
t/dot_product.t ............... ok
t/extension.t ................. ok
t/negative.t .................. ok
t/new.t ....................... ok
t/new_identity.t .............. ok
t/normalize.t ................. ok

#   Failed test 'modifying $B->[0][0] does not modify $A->[0][1]'
#   at t/slice-math-complex.t line 39.
#          got: 13
#     expected: 12

#   Failed test 'modifying $B->[0][1] does not modify $A->[0][3]'
#   at t/slice-math-complex.t line 39.
#          got: 15
#     expected: 14

#   Failed test 'modifying $B->[0][2] does not modify $A->[0][6]'
#   at t/slice-math-complex.t line 39.
#          got: 18
#     expected: 17

#   Failed test 'modifying $B->[1][0] does not modify $A->[1][1]'
#   at t/slice-math-complex.t line 39.
#          got: 23
#     expected: 22

#   Failed test 'modifying $B->[1][1] does not modify $A->[1][3]'
#   at t/slice-math-complex.t line 39.
#          got: 25
#     expected: 24

#   Failed test 'modifying $B->[1][2] does not modify $A->[1][6]'
#   at t/slice-math-complex.t line 39.
#          got: 28
#     expected: 27
# Looks like you failed 6 tests of 19.
t/slice-math-complex.t ........ 
Dubious, test returned 6 (wstat 1536, 0x600)
Failed 6/19 subtests 
t/slice-math-real.t ........... ok
t/slice.t ..................... ok
t/version.t ................... ok

Test Summary Report
-------------------
t/clone-math-complex.t      (Wstat: 3072 Tests: 22 Failed: 12)
  Failed tests:  6-7, 9-10, 12-13, 15-16, 18-19, 21-22
  Non-zero exit status: 12
t/slice-math-complex.t      (Wstat: 1536 Tests: 19 Failed: 6)
  Failed tests:  4, 7, 10, 13, 16, 19
  Non-zero exit status: 6
Files=24, Tests=231,  9 wallclock secs ( 0.07 usr  0.08 sys +  1.03 cusr  0.14 csys =  1.32 CPU)
Result: FAIL
Failed 2/24 test programs. 18/231 subtests failed.
Makefile:858: recipe for target 'test_dynamic' failed
make: *** [test_dynamic] Error 255

------------------------------
PREREQUISITES
------------------------------

Prerequisite modules loaded:

build_requires:

    Module              Need Have    
    ------------------- ---- --------
    Math::Complex       0    1.54    
    Test::More          0.94 1.302177

configure_requires:

    Module              Need Have    
    ------------------- ---- --------
    ExtUtils::MakeMaker 6.58 7.34    


------------------------------
ENVIRONMENT AND OTHER CONTEXT
------------------------------

Environment variables:

    AUTOMATED_TESTING = 1
    LANG = en_US.UTF-8
    NONINTERACTIVE_TESTING = 1
    PATH = /usr/local/bin:/usr/bin:/bin:/usr/local/games:/usr/games
    PERL = 5.8.9
    PERL5LIB = 
    PERL5OPT = 
    PERL5_CPANPLUS_IS_RUNNING = 10333
    PERL5_CPAN_IS_RUNNING = 10333
    PERLVER = 5.8.9
    PERL_INLINE_DIRECTORY = /home/david/.Inline-5.8.9
    PERL_MM_USE_DEFAULT = 1
    PERL_USE_UNSAFE_INC = 0
    SHELL = /bin/bash
    TERM = screen

Perl special variables (and OS-specific diagnostics, for MSWin32):

    $^X = /home/david/cpantesting/perl-5.8.9/bin/perl
    $UID/$EUID = 1000 / 1000
    $GID = 1000 27 1000
    $EGID = 1000 27 1000

Perl module toolchain versions installed:

    Module              Have    
    ------------------- --------
    CPAN                2.26    
    CPAN::Meta          2.143240
    Cwd                 3.75    
    ExtUtils::CBuilder  0.280234
    ExtUtils::Command   7.34    
    ExtUtils::Install   2.06    
    ExtUtils::MakeMaker 7.34    
    ExtUtils::Manifest  1.70    
    ExtUtils::ParseXS   3.35    
    File::Spec          3.75    
    JSON                4.02    
    JSON::PP            4.02    
    Module::Build       0.4231  
    Module::Signature   n/a     
    Parse::CPAN::Meta   1.4414  
    Test::Harness       3.42    
    Test::More          1.302177
    YAML                1.30    
    YAML::Syck          n/a     
    version             0.9924  


--

Summary of my perl5 (revision 5 version 8 subversion 9) configuration:
  Platform:
    osname=linux, osvers=4.9.0-8-amd64, archname=x86_64-linux-thread-multi
    uname='linux pigsty 4.9.0-8-amd64 #1 smp debian 4.9.144-3 (2019-02-02) x86_64 gnulinux '
    config_args='-de -Duse64bitall -Dusethreads -Dprefix=/home/david/cpantesting/perl-5.8.9 -A ccflags=-fwrapv'
    hint=previous, useposix=true, d_sigaction=define
    usethreads=define use5005threads=undef useithreads=define usemultiplicity=define
    useperlio=define d_sfio=undef uselargefiles=define usesocks=undef
    use64bitint=define use64bitall=define uselongdouble=undef
    usemymalloc=n, bincompat5005=undef
  Compiler:
    cc='cc', ccflags ='-D_REENTRANT -D_GNU_SOURCE -fwrapv -fno-strict-aliasing -pipe -I/usr/local/include -D_LARGEFILE_SOURCE -D_FILE_OFFSET_BITS=64 -fwrapv',
    optimize='-O2',
    cppflags='-D_REENTRANT -D_GNU_SOURCE -fwrapv -fno-strict-aliasing -pipe -I/usr/local/include -D_REENTRANT -D_GNU_SOURCE -fwrapv -fno-strict-aliasing -pipe -I/usr/local/include -D_LARGEFILE_SOURCE -D_FILE_OFFSET_BITS=64 -fwrapv'
    ccversion='', gccversion='6.3.0 20170516', gccosandvers=''
    intsize=4, longsize=8, ptrsize=8, doublesize=8, byteorder=12345678
    d_longlong=define, longlongsize=8, d_longdbl=define, longdblsize=16
    ivtype='long', ivsize=8, nvtype='double', nvsize=8, Off_t='off_t', lseeksize=8
    alignbytes=8, prototype=define
  Linker and Libraries:
    ld='cc', ldflags =' -L/usr/local/lib'
    libpth=/usr/local/lib /lib/x86_64-linux-gnu /lib/../lib /usr/lib/x86_64-linux-gnu /usr/lib/../lib /lib /usr/lib
    libs=-lnsl -ldb -ldl -lm -lcrypt -lutil -lpthread -lc
    perllibs=-lnsl -ldl -lm -lcrypt -lutil -lpthread -lc
    libc=libc-2.24.so, so=so, useshrplib=false, libperl=libperl.a
    gnulibc_version='2.24'
  Dynamic Linking:
    dlsrc=dl_dlopen.xs, dlext=so, d_dlsymun=undef, ccdlflags='-Wl,-E'
    cccdlflags='-fPIC', lddlflags='-shared -O2 -L/usr/local/lib'


Characteristics of this binary (from libperl): 
  Compile-time options: MULTIPLICITY PERL_IMPLICIT_CONTEXT PERL_MALLOC_WRAP
                        USE_64_BIT_ALL USE_64_BIT_INT USE_FAST_STDIO
                        USE_ITHREADS USE_LARGE_FILES USE_PERLIO
                        USE_REENTRANT_API
  Locally applied patches:
	Devel::PatchPerl 1.56
  Built under linux
  Compiled at Apr 25 2019 16:01:13
  %ENV:
    PERL="5.8.9"
    PERL5LIB=""
    PERL5OPT=""
    PERL5_CPANPLUS_IS_RUNNING="10333"
    PERL5_CPAN_IS_RUNNING="10333"
    PERLVER="5.8.9"
    PERL_INLINE_DIRECTORY="/home/david/.Inline-5.8.9"
    PERL_MM_USE_DEFAULT="1"
    PERL_USE_UNSAFE_INC="0"
  @INC:
    /home/david/cpantesting/perl-5.8.9/lib/5.8.9/x86_64-linux-thread-multi
    /home/david/cpantesting/perl-5.8.9/lib/5.8.9
    /home/david/cpantesting/perl-5.8.9/lib/site_perl/5.8.9/x86_64-linux-thread-multi
    /home/david/cpantesting/perl-5.8.9/lib/site_perl/5.8.9
    .