Report for WebService-Zusaar-v0.0.4

Back
From: metabase:user:314402c4-2aae-11df-837a-5e0a49663a4f
Subject: FAIL WebService-Zusaar-v0.0.4 v5.18.4 FreeBSD
Date: 2015-11-04T06:29:10Z

This distribution has been tested as part of the CPAN Testers
project, supporting the Perl programming language.  See
http://wiki.cpantesters.org/ for more information or email
questions to cpan-testers-discuss@perl.org


--
Dear Masanori Ohgita,

This is a computer-generated report for WebService-Zusaar-v0.0.4
on perl 5.18.4, created by CPAN-Reporter-1.2015.

Thank you for uploading your work to CPAN.  However, there was a problem
testing your distribution.

If you think this report is invalid, please consult the CPAN Testers Wiki
for suggestions on how to avoid getting FAIL reports for missing library
or binary dependencies, unsupported operating systems, and so on:

http://wiki.cpantesters.org/wiki/CPANAuthorNotes

Sections of this report:

    * Tester comments
    * Program output
    * Prerequisites
    * Environment and other context

------------------------------
TESTER COMMENTS
------------------------------

Additional comments from tester:

none provided

------------------------------
PROGRAM OUTPUT
------------------------------

Output from './Build test':

# Testing WebService::Zusaar 0.0.4
t/00.load.t ................. ok
t/01.fetch_event.t .......... ok

#   Failed test 'Item > catch'
#   at t/010.online_fetch_event.t line 37.
Wide character in print at /usr/perl5.18.4p/lib/site_perl/5.18.4/Test/Builder.pm line 1826.
#          got: 'プログラミング勉強会(中級者向け) Perl の近代的なオブジェクト指向アプローチ Moo'
#     expected: '囲め! ゆーすけべーさん!!'

#   Failed test 'Item > owner_nickname'
#   at t/010.online_fetch_event.t line 37.
#          got: 'hakata_oyuki'
#     expected: '__papix__'

#   Failed test 'Item > event_id'
#   at t/010.online_fetch_event.t line 37.
#          got: '15247007'
#     expected: '489104'

#   Failed test 'Item > event_id'
#   at t/010.online_fetch_event.t line 37.
#          got: '489104'
#     expected: '476003'

#   Failed test 'Item > owner_nickname'
#   at t/010.online_fetch_event.t line 37.
#          got: '__papix__'
#     expected: 'Kansai Perl Mongers'

#   Failed test 'Item > catch'
#   at t/010.online_fetch_event.t line 37.
Wide character in print at /usr/perl5.18.4p/lib/site_perl/5.18.4/Test/Builder.pm line 1826.
#          got: '囲め! ゆーすけべーさん!!'
#     expected: '関西のPerlユーザーによる、Perlユーザーのための集会'

#   Failed test 'Item > event_id'
#   at t/010.online_fetch_event.t line 48.
#          got: '15247007'
#     expected: '476003'

#   Failed test 'Item > owner_nickname'
#   at t/010.online_fetch_event.t line 48.
#          got: 'hakata_oyuki'
#     expected: 'Kansai Perl Mongers'

#   Failed test 'Item > catch'
#   at t/010.online_fetch_event.t line 48.
Wide character in print at /usr/perl5.18.4p/lib/site_perl/5.18.4/Test/Builder.pm line 1826.
#          got: 'プログラミング勉強会(中級者向け) Perl の近代的なオブジェクト指向アプローチ Moo'
#     expected: '関西のPerlユーザーによる、Perlユーザーのための集会'
# Looks like you failed 9 tests of 15.
t/010.online_fetch_event.t .. 
Dubious, test returned 9 (wstat 2304, 0x900)
Failed 9/15 subtests 
t/02.fetch_event_user.t ..... ok

Test Summary Report
-------------------
t/010.online_fetch_event.t (Wstat: 2304 Tests: 15 Failed: 9)
  Failed tests:  1-6, 13-15
  Non-zero exit status: 9
Files=4, Tests=40,  5 wallclock secs ( 0.06 usr  0.02 sys +  2.23 cusr  0.26 csys =  2.56 CPU)
Result: FAIL
Failed 1/4 test programs. 9/40 subtests failed.

------------------------------
PREREQUISITES
------------------------------

Prerequisite modules loaded:

requires:

    Module                    Need Have    
    ------------------------- ---- --------
    Carp                      0    1.36    
    Class::Accessor           0    0.34    
    Data::Recursive::Encode   0    0.06    
    DateTime::Format::ISO8601 0    0.08    
    File::Slurp               0    9999.19 
    FindBin                   0    1.51    
    Hash::AsObject            0    0.13    
    JSON                      0    2.90    
    LWP::UserAgent            0    6.13    
    Module::Build             0    0.4214  
    Plack::Loader             0    0       
    Test::More                0    1.001014
    Test::Perl::Critic        0    1.03    
    Test::Pod                 0    1.51    
    Test::Pod::Coverage       1.08 1.10    
    Test::TCP                 0    2.12    
    URI                       0    1.69    
    version                   0    0.9912  

configure_requires:

    Module                    Need Have    
    ------------------------- ---- --------
    Module::Build             0.40 0.4214  


------------------------------
ENVIRONMENT AND OTHER CONTEXT
------------------------------

Environment variables:

    LC_ALL = de_DE.ISO8859-1
    PATH = /usr/local/bin:/usr/bin:/bin:/usr/local/sbin:/usr/sbin:/sbin:/home/cpansand/bin/freebsd10.1:/home/cpansand/bin/sh:/home/cpansand/bin:/usr/games:/home/cpansand/devel:/home/eserte/src/srezic-misc/scripts
    PERL5LIB = 
    PERL5OPT = 
    PERL5_CPANPLUS_IS_RUNNING = 76687
    PERL5_CPAN_IS_RUNNING = 76687
    PERL5_CPAN_IS_RUNNING_IN_RECURSION = 35819,76687
    PERLDOC = -MPod::Perldoc::ToTextOverstrike
    PERL_BATCH = yes
    PERL_CANARY_STABILITY_NOPROMPT = 1
    PERL_CPAN_REPORTER_CONFIG = /var/tmp/cpansmoker-1023/2015110321/cpanreporter_000_config.ini
    PERL_EXTUTILS_AUTOINSTALL = --defaultdeps
    SHELL = /usr/local/bin/zsh
    TERM = screen
    TMPDIR = /var/tmp/cpansmoker-1023/2015110321

Perl special variables (and OS-specific diagnostics, for MSWin32):

    $^X = /usr/perl5.18.4p/bin/perl5.18.4
    $UID/$EUID = 1023 / 1023
    $GID = 1023 1023
    $EGID = 1023 1023

Perl module toolchain versions installed:

    Module              Have    
    ------------------- --------
    CPAN                2.00    
    CPAN::Meta          2.150005
    Cwd                 3.47    
    ExtUtils::CBuilder  0.280224
    ExtUtils::Command   1.17    
    ExtUtils::Install   1.59    
    ExtUtils::MakeMaker 7.04    
    ExtUtils::Manifest  1.70    
    ExtUtils::ParseXS   3.24    
    File::Spec          3.47    
    JSON                2.90    
    JSON::PP            2.27300 
    Module::Build       0.4214  
    Module::Signature   0.79    
    Parse::CPAN::Meta   1.4417  
    Test::Harness       3.35    
    Test::More          1.001014
    YAML                1.15    
    YAML::Syck          1.29    
    version             0.9912  


--

Summary of my perl5 (revision 5 version 18 subversion 4) configuration:
   
  Platform:
    osname=freebsd, osvers=10.1-release, archname=amd64-freebsd
    uname='freebsd cvrsnica-freebsd-101.herceg.de 10.1-release freebsd 10.1-release #0 r274401: tue nov 11 21:02:49 utc 2014 root@releng1.nyi.freebsd.org:usrobjusrsrcsysgeneric amd64 '
    config_args='-ds -e -Dprefix=/usr/perl5.18.4p'
    hint=recommended, useposix=true, d_sigaction=define
    useithreads=undef, usemultiplicity=undef
    useperlio=define, d_sfio=undef, uselargefiles=define, usesocks=undef
    use64bitint=define, use64bitall=define, uselongdouble=undef
    usemymalloc=n, bincompat5005=undef
  Compiler:
    cc='cc', ccflags ='-DHAS_FPSETMASK -DHAS_FLOATINGPOINT_H -fno-strict-aliasing -pipe -fstack-protector -I/usr/local/include',
    optimize='-O',
    cppflags='-DHAS_FPSETMASK -DHAS_FLOATINGPOINT_H -fno-strict-aliasing -pipe -fstack-protector -I/usr/local/include'
    ccversion='', gccversion='4.2.1 Compatible FreeBSD Clang 3.4.1 (tags/RELEASE_34/dot1-final 208032)', gccosandvers=''
    intsize=4, longsize=8, ptrsize=8, doublesize=8, byteorder=12345678
    d_longlong=define, longlongsize=8, d_longdbl=define, longdblsize=16
    ivtype='long', ivsize=8, nvtype='double', nvsize=8, Off_t='off_t', lseeksize=8
    alignbytes=8, prototype=define
  Linker and Libraries:
    ld='cc', ldflags ='-pthread -Wl,-E  -fstack-protector -L/usr/local/lib'
    libpth=/usr/lib /usr/local/lib
    libs=-lgdbm -lm -lcrypt -lutil -lc
    perllibs=-lm -lcrypt -lutil -lc
    libc=, so=so, useshrplib=false, libperl=libperl.a
    gnulibc_version=''
  Dynamic Linking:
    dlsrc=dl_dlopen.xs, dlext=so, d_dlsymun=undef, ccdlflags=' '
    cccdlflags='-DPIC -fPIC', lddlflags='-shared  -L/usr/local/lib -fstack-protector'


Characteristics of this binary (from libperl): 
  Compile-time options: HAS_TIMES PERLIO_LAYERS PERL_DONT_CREATE_GVSV
                        PERL_HASH_FUNC_ONE_AT_A_TIME_HARD PERL_MALLOC_WRAP
                        PERL_PRESERVE_IVUV PERL_SAWAMPERSAND USE_64_BIT_ALL
                        USE_64_BIT_INT USE_LARGE_FILES USE_LOCALE
                        USE_LOCALE_COLLATE USE_LOCALE_CTYPE
                        USE_LOCALE_NUMERIC USE_PERLIO USE_PERL_ATOF
  Built under freebsd
  Compiled at Apr  4 2015 13:03:15
  %ENV:
    PERL5LIB=""
    PERL5OPT=""
    PERL5_CPANPLUS_IS_RUNNING="76687"
    PERL5_CPAN_IS_RUNNING="76687"
    PERL5_CPAN_IS_RUNNING_IN_RECURSION="35819,76687"
    PERLDOC="-MPod::Perldoc::ToTextOverstrike"
    PERL_BATCH="yes"
    PERL_CANARY_STABILITY_NOPROMPT="1"
    PERL_CPAN_REPORTER_CONFIG="/var/tmp/cpansmoker-1023/2015110321/cpanreporter_000_config.ini"
    PERL_EXTUTILS_AUTOINSTALL="--defaultdeps"
  @INC:
    /usr/perl5.18.4p/lib/site_perl/5.18.4/amd64-freebsd
    /usr/perl5.18.4p/lib/site_perl/5.18.4
    /usr/perl5.18.4p/lib/5.18.4/amd64-freebsd
    /usr/perl5.18.4p/lib/5.18.4
    .