Back
From: metabase:user:320bfe00-2aae-11df-837a-5e0a49663a4f
Subject: FAIL App-CSV-0.06 v5.14.2 GNU/Linux
Date: 2012-12-04T07:43:54Z
This distribution has been tested as part of the CPAN Testers
project, supporting the Perl programming language. See
http://wiki.cpantesters.org/ for more information or email
questions to cpan-testers-discuss@perl.org
--
Dear Gaal Yahas,
This is a computer-generated report for App-CSV-0.06
on perl 5.14.2, created by CPAN-Reporter-1.2006.
Thank you for uploading your work to CPAN. However, there was a problem
testing your distribution.
If you think this report is invalid, please consult the CPAN Testers Wiki
for suggestions on how to avoid getting FAIL reports for missing library
or binary dependencies, unsupported operating systems, and so on:
http://wiki.cpantesters.org/wiki/CPANAuthorNotes
Sections of this report:
* Tester comments
* Program output
* Prerequisites
* Environment and other context
------------------------------
TESTER COMMENTS
------------------------------
Additional comments from tester:
this report is from an automated smoke testing program
and was not reviewed by a human for accuracy
------------------------------
PROGRAM OUTPUT
------------------------------
Output from '/usr/bin/make test':
PERL_DL_NONLAZY=1 /home/sand/src/perl/repoperls/installed-perls/perl/v5.14.2/9980/bin/perl "-MExtUtils::Command::MM" "-e" "test_harness(0, 'blib/lib', 'blib/arch')" t/*.t
# Testing App-CSV 0.06, Perl 5.014002, /home/sand/src/perl/repoperls/installed-perls/perl/v5.14.2/9980/bin/perl
t/01-load.t ....... ok
t/02-basic.t ...... ok
Useless use of a variable in void context at /home/src/perl/repoperls/installed-perls/perl/v5.14.2/9980/lib/site_perl/5.14.2/x86_64-linux-thread-multi/List/MoreUtils.pm line 362.
Name "Package::DeprecationManager::a" used only once: possible typo at /home/src/perl/repoperls/installed-perls/perl/v5.14.2/9980/lib/site_perl/5.14.2/x86_64-linux-thread-multi/List/MoreUtils.pm line 362.
Name "Package::DeprecationManager::b" used only once: possible typo at /home/src/perl/repoperls/installed-perls/perl/v5.14.2/9980/lib/site_perl/5.14.2/x86_64-linux-thread-multi/List/MoreUtils.pm line 362.
# system {/home/sand/src/perl/repoperls/installed-perls/perl/v5.14.2/9980/bin/perl} csv -I /tmp/loop_over_bdir-1pVt8T/App-CSV-0.06-L9yAbL/blib/lib -I /tmp/loop_over_bdir-1pVt8T/App-CSV-0.06-L9yAbL/blib/arch -I /home/src/perl/repoperls/installed-perls/perl/v5.14.2/9980/lib/site_perl/5.14.2/x86_64-linux-thread-multi -I /home/src/perl/repoperls/installed-perls/perl/v5.14.2/9980/lib/site_perl/5.14.2 -I /home/src/perl/repoperls/installed-perls/perl/v5.14.2/9980/lib/5.14.2/x86_64-linux-thread-multi -I /home/src/perl/repoperls/installed-perls/perl/v5.14.2/9980/lib/5.14.2 -I . /tmp/loop_over_bdir-1pVt8T/App-CSV-0.06-L9yAbL/t/../bin/csv --input /tmp/loop_over_bdir-1pVt8T/App-CSV-0.06-L9yAbL/t/input1.csv --output t/tmp/output1.csv 2 1
Useless use of a variable in void context at /home/src/perl/repoperls/installed-perls/perl/v5.14.2/9980/lib/site_perl/5.14.2/x86_64-linux-thread-multi/List/MoreUtils.pm line 362.
Name "Package::DeprecationManager::a" used only once: possible typo at /home/src/perl/repoperls/installed-perls/perl/v5.14.2/9980/lib/site_perl/5.14.2/x86_64-linux-thread-multi/List/MoreUtils.pm line 362.
Name "Package::DeprecationManager::b" used only once: possible typo at /home/src/perl/repoperls/installed-perls/perl/v5.14.2/9980/lib/site_perl/5.14.2/x86_64-linux-thread-multi/List/MoreUtils.pm line 362.
# temporary output at t/tmp/output1.csv
# system {/home/sand/src/perl/repoperls/installed-perls/perl/v5.14.2/9980/bin/perl} csv -I /tmp/loop_over_bdir-1pVt8T/App-CSV-0.06-L9yAbL/blib/lib -I /tmp/loop_over_bdir-1pVt8T/App-CSV-0.06-L9yAbL/blib/arch -I /home/src/perl/repoperls/installed-perls/perl/v5.14.2/9980/lib/site_perl/5.14.2/x86_64-linux-thread-multi -I /home/src/perl/repoperls/installed-perls/perl/v5.14.2/9980/lib/site_perl/5.14.2 -I /home/src/perl/repoperls/installed-perls/perl/v5.14.2/9980/lib/5.14.2/x86_64-linux-thread-multi -I /home/src/perl/repoperls/installed-perls/perl/v5.14.2/9980/lib/5.14.2 -I . /tmp/loop_over_bdir-1pVt8T/App-CSV-0.06-L9yAbL/t/../bin/csv --input /tmp/loop_over_bdir-1pVt8T/App-CSV-0.06-L9yAbL/t/input1.csv --output t/tmp/output1.tsv 2 1
Useless use of a variable in void context at /home/src/perl/repoperls/installed-perls/perl/v5.14.2/9980/lib/site_perl/5.14.2/x86_64-linux-thread-multi/List/MoreUtils.pm line 362.
Name "Package::DeprecationManager::a" used only once: possible typo at /home/src/perl/repoperls/installed-perls/perl/v5.14.2/9980/lib/site_perl/5.14.2/x86_64-linux-thread-multi/List/MoreUtils.pm line 362.
Name "Package::DeprecationManager::b" used only once: possible typo at /home/src/perl/repoperls/installed-perls/perl/v5.14.2/9980/lib/site_perl/5.14.2/x86_64-linux-thread-multi/List/MoreUtils.pm line 362.
# temporary output at t/tmp/output1.tsv
t/03-file.t ....... ok
# run /home/sand/src/perl/repoperls/installed-perls/perl/v5.14.2/9980/bin/perl -I /tmp/loop_over_bdir-1pVt8T/App-CSV-0.06-L9yAbL/blib/lib -I /tmp/loop_over_bdir-1pVt8T/App-CSV-0.06-L9yAbL/blib/arch -I /home/src/perl/repoperls/installed-perls/perl/v5.14.2/9980/lib/site_perl/5.14.2/x86_64-linux-thread-multi -I /home/src/perl/repoperls/installed-perls/perl/v5.14.2/9980/lib/site_perl/5.14.2 -I /home/src/perl/repoperls/installed-perls/perl/v5.14.2/9980/lib/5.14.2/x86_64-linux-thread-multi -I /home/src/perl/repoperls/installed-perls/perl/v5.14.2/9980/lib/5.14.2 -I . /tmp/loop_over_bdir-1pVt8T/App-CSV-0.06-L9yAbL/t/../bin/csv --input - --output -
# Failed test 'nothing on stderr'
# at t/04-stdio.t line 35.
# got: 'Useless use of a variable in void context at /home/src/perl/repoperls/installed-perls/perl/v5.14.2/9980/lib/site_perl/5.14.2/x86_64-linux-thread-multi/List/MoreUtils.pm line 362.
# Name "Package::DeprecationManager::a" used only once: possible typo at /home/src/perl/repoperls/installed-perls/perl/v5.14.2/9980/lib/site_perl/5.14.2/x86_64-linux-thread-multi/List/MoreUtils.pm line 362.
# Name "Package::DeprecationManager::b" used only once: possible typo at /home/src/perl/repoperls/installed-perls/perl/v5.14.2/9980/lib/site_perl/5.14.2/x86_64-linux-thread-multi/List/MoreUtils.pm line 362.
# '
# expected: ''
# run /home/sand/src/perl/repoperls/installed-perls/perl/v5.14.2/9980/bin/perl -I /tmp/loop_over_bdir-1pVt8T/App-CSV-0.06-L9yAbL/blib/lib -I /tmp/loop_over_bdir-1pVt8T/App-CSV-0.06-L9yAbL/blib/arch -I /home/src/perl/repoperls/installed-perls/perl/v5.14.2/9980/lib/site_perl/5.14.2/x86_64-linux-thread-multi -I /home/src/perl/repoperls/installed-perls/perl/v5.14.2/9980/lib/site_perl/5.14.2 -I /home/src/perl/repoperls/installed-perls/perl/v5.14.2/9980/lib/5.14.2/x86_64-linux-thread-multi -I /home/src/perl/repoperls/installed-perls/perl/v5.14.2/9980/lib/5.14.2 -I . /tmp/loop_over_bdir-1pVt8T/App-CSV-0.06-L9yAbL/t/../bin/csv --input -
# Failed test 'nothing on stderr'
# at t/04-stdio.t line 35.
# got: 'Useless use of a variable in void context at /home/src/perl/repoperls/installed-perls/perl/v5.14.2/9980/lib/site_perl/5.14.2/x86_64-linux-thread-multi/List/MoreUtils.pm line 362.
# Name "Package::DeprecationManager::a" used only once: possible typo at /home/src/perl/repoperls/installed-perls/perl/v5.14.2/9980/lib/site_perl/5.14.2/x86_64-linux-thread-multi/List/MoreUtils.pm line 362.
# Name "Package::DeprecationManager::b" used only once: possible typo at /home/src/perl/repoperls/installed-perls/perl/v5.14.2/9980/lib/site_perl/5.14.2/x86_64-linux-thread-multi/List/MoreUtils.pm line 362.
# '
# expected: ''
# run /home/sand/src/perl/repoperls/installed-perls/perl/v5.14.2/9980/bin/perl -I /tmp/loop_over_bdir-1pVt8T/App-CSV-0.06-L9yAbL/blib/lib -I /tmp/loop_over_bdir-1pVt8T/App-CSV-0.06-L9yAbL/blib/arch -I /home/src/perl/repoperls/installed-perls/perl/v5.14.2/9980/lib/site_perl/5.14.2/x86_64-linux-thread-multi -I /home/src/perl/repoperls/installed-perls/perl/v5.14.2/9980/lib/site_perl/5.14.2 -I /home/src/perl/repoperls/installed-perls/perl/v5.14.2/9980/lib/5.14.2/x86_64-linux-thread-multi -I /home/src/perl/repoperls/installed-perls/perl/v5.14.2/9980/lib/5.14.2 -I . /tmp/loop_over_bdir-1pVt8T/App-CSV-0.06-L9yAbL/t/../bin/csv --output -
# Failed test 'nothing on stderr'
# at t/04-stdio.t line 35.
# got: 'Useless use of a variable in void context at /home/src/perl/repoperls/installed-perls/perl/v5.14.2/9980/lib/site_perl/5.14.2/x86_64-linux-thread-multi/List/MoreUtils.pm line 362.
# Name "Package::DeprecationManager::a" used only once: possible typo at /home/src/perl/repoperls/installed-perls/perl/v5.14.2/9980/lib/site_perl/5.14.2/x86_64-linux-thread-multi/List/MoreUtils.pm line 362.
# Name "Package::DeprecationManager::b" used only once: possible typo at /home/src/perl/repoperls/installed-perls/perl/v5.14.2/9980/lib/site_perl/5.14.2/x86_64-linux-thread-multi/List/MoreUtils.pm line 362.
# '
# expected: ''
# run /home/sand/src/perl/repoperls/installed-perls/perl/v5.14.2/9980/bin/perl -I /tmp/loop_over_bdir-1pVt8T/App-CSV-0.06-L9yAbL/blib/lib -I /tmp/loop_over_bdir-1pVt8T/App-CSV-0.06-L9yAbL/blib/arch -I /home/src/perl/repoperls/installed-perls/perl/v5.14.2/9980/lib/site_perl/5.14.2/x86_64-linux-thread-multi -I /home/src/perl/repoperls/installed-perls/perl/v5.14.2/9980/lib/site_perl/5.14.2 -I /home/src/perl/repoperls/installed-perls/perl/v5.14.2/9980/lib/5.14.2/x86_64-linux-thread-multi -I /home/src/perl/repoperls/installed-perls/perl/v5.14.2/9980/lib/5.14.2 -I . /tmp/loop_over_bdir-1pVt8T/App-CSV-0.06-L9yAbL/t/../bin/csv
# Failed test 'nothing on stderr'
# at t/04-stdio.t line 35.
# got: 'Useless use of a variable in void context at /home/src/perl/repoperls/installed-perls/perl/v5.14.2/9980/lib/site_perl/5.14.2/x86_64-linux-thread-multi/List/MoreUtils.pm line 362.
# Name "Package::DeprecationManager::a" used only once: possible typo at /home/src/perl/repoperls/installed-perls/perl/v5.14.2/9980/lib/site_perl/5.14.2/x86_64-linux-thread-multi/List/MoreUtils.pm line 362.
# Name "Package::DeprecationManager::b" used only once: possible typo at /home/src/perl/repoperls/installed-perls/perl/v5.14.2/9980/lib/site_perl/5.14.2/x86_64-linux-thread-multi/List/MoreUtils.pm line 362.
# '
# expected: ''
# Looks like you failed 4 tests of 8.
t/04-stdio.t ......
Dubious, test returned 4 (wstat 1024, 0x400)
Failed 4/8 subtests
t/boilerplate.t ... ok
t/pod-coverage.t .. skipped: Test::Pod::Coverage is a little too draconic for my taste
t/pod.t ........... ok
Test Summary Report
-------------------
t/04-stdio.t (Wstat: 1024 Tests: 8 Failed: 4)
Failed tests: 2, 4, 6, 8
Non-zero exit status: 4
Files=7, Tests=26, 5 wallclock secs ( 0.05 usr 0.01 sys + 3.07 cusr 0.25 csys = 3.38 CPU)
Result: FAIL
Failed 1/7 test programs. 4/26 subtests failed.
make: *** [test_dynamic] Error 255
------------------------------
PREREQUISITES
------------------------------
Prerequisite modules loaded:
requires:
Module Need Have
------------------- ------ --------
IO::String 0 1.08
Moose 0 2.0604
MooseX::Getopt 0 0.47
perl v5.6.0 5.014002
Text::CSV_XS 0 0.94
build_requires:
Module Need Have
------------------- ------ --------
ExtUtils::MakeMaker 0 6.63_04
configure_requires:
Module Need Have
------------------- ------ --------
ExtUtils::MakeMaker 0 6.63_04
------------------------------
ENVIRONMENT AND OTHER CONTEXT
------------------------------
Environment variables:
AUTOMATED_TESTING = 1
LANG = en_US.UTF-8
LANGUAGE = en_US:en
PATH = /home/sand/bin:/usr/local/bin:/usr/bin:/bin:/usr/bin/X11:/usr/games:/usr/local/perl/bin:/usr/X11/bin:/sbin:/usr/sbin
PERL5LIB =
PERL5OPT =
PERL5_CPANPLUS_IS_RUNNING = 8507
PERL5_CPAN_IS_RUNNING = 8507
PERL_MM_USE_DEFAULT = 1
SHELL = /usr/bin/zsh
TERM = screen
Perl special variables (and OS-specific diagnostics, for MSWin32):
$^X = /home/sand/src/perl/repoperls/installed-perls/perl/v5.14.2/9980/bin/perl
$UID/$EUID = 1005 / 1005
$GID = 1005 1005
$EGID = 1005 1005
Perl module toolchain versions installed:
Module Have
------------------- --------
CPAN 1.99_51
CPAN::Meta 2.120921
Cwd 3.36
ExtUtils::CBuilder 0.280205
ExtUtils::Command 1.17
ExtUtils::Install 1.56
ExtUtils::MakeMaker 6.63_04
ExtUtils::Manifest 1.61
ExtUtils::ParseXS 3.18
File::Spec 3.33
JSON 2.53
JSON::PP 2.27200
Module::Build 0.4003
Module::Signature 0.70
Parse::CPAN::Meta 1.4404
Test::Harness 3.25
Test::More 0.98_03
YAML 0.84
YAML::Syck 1.22_01
version 0.9901
--
Summary of my perl5 (revision 5 version 14 subversion 2) configuration:
Commit id: dc281e6088d189558b79a5121119b7196c8b3db0
Platform:
osname=linux, osvers=3.2.0-3-amd64, archname=x86_64-linux-thread-multi
uname='linux k83 3.2.0-3-amd64 #1 smp mon jul 23 02:45:17 utc 2012 x86_64 gnulinux '
config_args='-Dprefix=/home/src/perl/repoperls/installed-perls/perl/v5.14.2/9980 -Dmyhostname=k83 -Dinstallusrbinperl=n -Uversiononly -Dusedevel -des -Ui_db -Duseithreads -Uuselongdouble -DDEBUGGING=-g'
hint=recommended, useposix=true, d_sigaction=define
useithreads=define, usemultiplicity=define
useperlio=define, d_sfio=undef, uselargefiles=define, usesocks=undef
use64bitint=define, use64bitall=define, uselongdouble=undef
usemymalloc=n, bincompat5005=undef
Compiler:
cc='cc', ccflags ='-D_REENTRANT -D_GNU_SOURCE -fno-strict-aliasing -pipe -fstack-protector -I/usr/local/include -D_LARGEFILE_SOURCE -D_FILE_OFFSET_BITS=64',
optimize='-O2 -g',
cppflags='-D_REENTRANT -D_GNU_SOURCE -fno-strict-aliasing -pipe -fstack-protector -I/usr/local/include'
ccversion='', gccversion='4.7.1', gccosandvers=''
intsize=4, longsize=8, ptrsize=8, doublesize=8, byteorder=12345678
d_longlong=define, longlongsize=8, d_longdbl=define, longdblsize=16
ivtype='long', ivsize=8, nvtype='double', nvsize=8, Off_t='off_t', lseeksize=8
alignbytes=8, prototype=define
Linker and Libraries:
ld='cc', ldflags =' -fstack-protector -L/usr/local/lib'
libpth=/usr/local/lib /lib/x86_64-linux-gnu /lib/../lib /usr/lib/x86_64-linux-gnu /usr/lib/../lib /lib /usr/lib
libs=-lnsl -ldb -ldl -lm -lcrypt -lutil -lpthread -lc
perllibs=-lnsl -ldl -lm -lcrypt -lutil -lpthread -lc
libc=, so=so, useshrplib=false, libperl=libperl.a
gnulibc_version='2.13'
Dynamic Linking:
dlsrc=dl_dlopen.xs, dlext=so, d_dlsymun=undef, ccdlflags='-Wl,-E'
cccdlflags='-fPIC', lddlflags='-shared -O2 -g -L/usr/local/lib -fstack-protector'
Characteristics of this binary (from libperl):
Compile-time options: MULTIPLICITY PERL_DONT_CREATE_GVSV
PERL_IMPLICIT_CONTEXT PERL_MALLOC_WRAP
PERL_PRESERVE_IVUV PERL_USE_DEVEL USE_64_BIT_ALL
USE_64_BIT_INT USE_ITHREADS USE_LARGE_FILES
USE_PERLIO USE_PERL_ATOF USE_REENTRANT_API
Built under linux
Compiled at Aug 5 2012 21:21:20
%ENV:
PERL5LIB=""
PERL5OPT=""
PERL5_CPANPLUS_IS_RUNNING="8507"
PERL5_CPAN_IS_RUNNING="8507"
PERL_MM_USE_DEFAULT="1"
@INC:
/home/src/perl/repoperls/installed-perls/perl/v5.14.2/9980/lib/site_perl/5.14.2/x86_64-linux-thread-multi
/home/src/perl/repoperls/installed-perls/perl/v5.14.2/9980/lib/site_perl/5.14.2
/home/src/perl/repoperls/installed-perls/perl/v5.14.2/9980/lib/5.14.2/x86_64-linux-thread-multi
/home/src/perl/repoperls/installed-perls/perl/v5.14.2/9980/lib/5.14.2
.