Report for Time-Zone-Olsen-0.01

Back
From: metabase:user:314402c4-2aae-11df-837a-5e0a49663a4f
Subject: FAIL Time-Zone-Olsen-0.01 v5.20.2 GNU/Linux
Date: 2015-02-27T07:36:32Z

This distribution has been tested as part of the CPAN Testers
project, supporting the Perl programming language.  See
http://wiki.cpantesters.org/ for more information or email
questions to cpan-testers-discuss@perl.org


--
Dear David Dick,

This is a computer-generated report for Time-Zone-Olsen-0.01
on perl 5.20.2, created by CPAN-Reporter-1.2011.

Thank you for uploading your work to CPAN.  However, there was a problem
testing your distribution.

If you think this report is invalid, please consult the CPAN Testers Wiki
for suggestions on how to avoid getting FAIL reports for missing library
or binary dependencies, unsupported operating systems, and so on:

http://wiki.cpantesters.org/wiki/CPANAuthorNotes

Sections of this report:

    * Tester comments
    * Program output
    * Prerequisites
    * Environment and other context

------------------------------
TESTER COMMENTS
------------------------------

Additional comments from tester:

none provided

------------------------------
PROGRAM OUTPUT
------------------------------

Output from '/usr/bin/make test':

PERL_DL_NONLAZY=1 "/bbbike/perl-5.20.2/bin/perl" "-MExtUtils::Command::MM" "-MTest::Harness" "-e" "undef *Test::Harness::Switches; test_harness(0, 'blib/lib', 'blib/arch')" t/*.t
# Testing Time::Zone::Olsen 0.01, Perl 5.020002, /bbbike/perl-5.20.2/bin/perl
t/00-load.t ........... ok
t/boilerplate.t ....... ok
t/manifest.t .......... skipped: Author tests not required for installation
t/pod-coverage.t ...... ok
t/pod.t ............... ok
date: ungültiges Datum „Do Jan 31 14:20:08 GMT 1895“

#   Failed test 'Matched Fr Feb  1 00:20:08 1895 to  for Australia/Melbourne for $zoneinfo->local_time'
#   at t/zoneinfo_all.t line 41.
date: ungültiges Datum „Do Jan 31 14:20:08 GMT 1895“
date: ungültiges Datum „Do Jan 31 14:20:07 GMT 1895“

#   Failed test 'Matched Do Jan 31 23:59:59 1895 to  for Australia/Melbourne for $zoneinfo->local_time - 1'
#   at t/zoneinfo_all.t line 48.
date: ungültiges Datum „Do Jan 31 14:20:07 GMT 1895“
date: ungültiges Datum „Do Jan 31 14:20:09 GMT 1895“

#   Failed test 'Matched Fr Feb  1 00:20:09 1895 to  for Australia/Melbourne for $zoneinfo->local_time + 1'
#   at t/zoneinfo_all.t line 55.
date: ungültiges Datum „Do Jan 31 14:20:09 GMT 1895“
date: ungültiges Datum „So Dez 31 14:01:00 GMT 1916“

#   Failed test 'Matched Mo Jan  1 01:01:00 1917 to  for Australia/Melbourne for $zoneinfo->local_time'
#   at t/zoneinfo_all.t line 41.
date: ungültiges Datum „So Dez 31 14:01:00 GMT 1916“
date: ungültiges Datum „So Dez 31 14:00:59 GMT 1916“

#   Failed test 'Matched Mo Jan  1 00:00:59 1917 to  for Australia/Melbourne for $zoneinfo->local_time - 1'
#   at t/zoneinfo_all.t line 48.
date: ungültiges Datum „So Dez 31 14:00:59 GMT 1916“
date: ungültiges Datum „So Dez 31 14:01:01 GMT 1916“

#   Failed test 'Matched Mo Jan  1 01:01:01 1917 to  for Australia/Melbourne for $zoneinfo->local_time + 1'
#   at t/zoneinfo_all.t line 55.
date: ungültiges Datum „So Dez 31 14:01:01 GMT 1916“
date: ungültiges Datum „Sa Mär 24 15:00:00 GMT 1917“

#   Failed test 'Matched So Mär 25 01:00:00 1917 to  for Australia/Melbourne for $zoneinfo->local_time'
#   at t/zoneinfo_all.t line 41.
date: ungültiges Datum „Sa Mär 24 15:00:00 GMT 1917“
date: ungültiges Datum „Sa Mär 24 14:59:59 GMT 1917“

#   Failed test 'Matched So Mär 25 01:59:59 1917 to  for Australia/Melbourne for $zoneinfo->local_time - 1'
#   at t/zoneinfo_all.t line 48.
date: ungültiges Datum „Sa Mär 24 15:59:59 GMT 1917“
date: ungültiges Datum „Sa Mär 24 15:00:01 GMT 1917“

#   Failed test 'Matched So Mär 25 01:00:01 1917 to  for Australia/Melbourne for $zoneinfo->local_time + 1'
#   at t/zoneinfo_all.t line 55.
date: ungültiges Datum „Sa Mär 24 15:00:01 GMT 1917“
date: ungültiges Datum „Mi Dez 31 16:00:00 GMT 1941“

#   Failed test 'Matched Do Jan  1 03:00:00 1942 to  for Australia/Melbourne for $zoneinfo->local_time'
#   at t/zoneinfo_all.t line 41.
date: ungültiges Datum „Mi Dez 31 16:00:00 GMT 1941“
date: ungültiges Datum „Mi Dez 31 15:59:59 GMT 1941“

#   Failed test 'Matched Do Jan  1 01:59:59 1942 to  for Australia/Melbourne for $zoneinfo->local_time - 1'
#   at t/zoneinfo_all.t line 48.
date: ungültiges Datum „Mi Dez 31 15:59:59 GMT 1941“
date: ungültiges Datum „Mi Dez 31 16:00:01 GMT 1941“

#   Failed test 'Matched Do Jan  1 03:00:01 1942 to  for Australia/Melbourne for $zoneinfo->local_time + 1'
#   at t/zoneinfo_all.t line 55.
date: ungültiges Datum „Mi Dez 31 16:00:01 GMT 1941“
date: ungültiges Datum „Sa Mär 28 15:00:00 GMT 1942“

#   Failed test 'Matched So Mär 29 01:00:00 1942 to  for Australia/Melbourne for $zoneinfo->local_time'
#   at t/zoneinfo_all.t line 41.
date: ungültiges Datum „Sa Mär 28 15:00:00 GMT 1942“
date: ungültiges Datum „Sa Mär 28 14:59:59 GMT 1942“

#   Failed test 'Matched So Mär 29 01:59:59 1942 to  for Australia/Melbourne for $zoneinfo->local_time - 1'
#   at t/zoneinfo_all.t line 48.
date: ungültiges Datum „Sa Mär 28 15:59:59 GMT 1942“
date: ungültiges Datum „Sa Mär 28 15:00:01 GMT 1942“

#   Failed test 'Matched So Mär 29 01:00:01 1942 to  for Australia/Melbourne for $zoneinfo->local_time + 1'
#   at t/zoneinfo_all.t line 55.
date: ungültiges Datum „Sa Mär 28 15:00:01 GMT 1942“
date: ungültiges Datum „Sa Sep 26 16:00:00 GMT 1942“

#   Failed test 'Matched So Sep 27 03:00:00 1942 to  for Australia/Melbourne for $zoneinfo->local_time'
#   at t/zoneinfo_all.t line 41.
date: ungültiges Datum „Sa Sep 26 16:00:00 GMT 1942“
date: ungültiges Datum „Sa Sep 26 15:59:59 GMT 1942“

#   Failed test 'Matched So Sep 27 01:59:59 1942 to  for Australia/Melbourne for $zoneinfo->local_time - 1'
#   at t/zoneinfo_all.t line 48.
date: ungültiges Datum „Sa Sep 26 15:59:59 GMT 1942“
date: ungültiges Datum „Sa Sep 26 16:00:01 GMT 1942“

#   Failed test 'Matched So Sep 27 03:00:01 1942 to  for Australia/Melbourne for $zoneinfo->local_time + 1'
#   at t/zoneinfo_all.t line 55.
date: ungültiges Datum „Sa Sep 26 16:00:01 GMT 1942“
date: ungültiges Datum „Sa Mär 27 15:00:00 GMT 1943“

#   Failed test 'Matched So Mär 28 01:00:00 1943 to  for Australia/Melbourne for $zoneinfo->local_time'
#   at t/zoneinfo_all.t line 41.
date: ungültiges Datum „Sa Mär 27 15:00:00 GMT 1943“
date: ungültiges Datum „Sa Mär 27 14:59:59 GMT 1943“

#   Failed test 'Matched So Mär 28 01:59:59 1943 to  for Australia/Melbourne for $zoneinfo->local_time - 1'
#   at t/zoneinfo_all.t line 48.
date: ungültiges Datum „Sa Mär 27 15:59:59 GMT 1943“
date: ungültiges Datum „Sa Mär 27 15:00:01 GMT 1943“

#   Failed test 'Matched So Mär 28 01:00:01 1943 to  for Australia/Melbourne for $zoneinfo->local_time + 1'
#   at t/zoneinfo_all.t line 55.
date: ungültiges Datum „Sa Mär 27 15:00:01 GMT 1943“
date: ungültiges Datum „Sa Okt  2 16:00:00 GMT 1943“

#   Failed test 'Matched So Okt  3 03:00:00 1943 to  for Australia/Melbourne for $zoneinfo->local_time'
#   at t/zoneinfo_all.t line 41.
date: ungültiges Datum „Sa Okt  2 16:00:00 GMT 1943“
date: ungültiges Datum „Sa Okt  2 15:59:59 GMT 1943“

#   Failed test 'Matched So Okt  3 01:59:59 1943 to  for Australia/Melbourne for $zoneinfo->local_time - 1'
#   at t/zoneinfo_all.t line 48.
date: ungültiges Datum „Sa Okt  2 15:59:59 GMT 1943“
date: ungültiges Datum „Sa Okt  2 16:00:01 GMT 1943“

#   Failed test 'Matched So Okt  3 03:00:01 1943 to  for Australia/Melbourne for $zoneinfo->local_time + 1'
#   at t/zoneinfo_all.t line 55.
date: ungültiges Datum „Sa Okt  2 16:00:01 GMT 1943“
date: ungültiges Datum „Sa Mär 25 15:00:00 GMT 1944“

#   Failed test 'Matched So Mär 26 01:00:00 1944 to  for Australia/Melbourne for $zoneinfo->local_time'
#   at t/zoneinfo_all.t line 41.
date: ungültiges Datum „Sa Mär 25 15:00:00 GMT 1944“
date: ungültiges Datum „Sa Mär 25 14:59:59 GMT 1944“

#   Failed test 'Matched So Mär 26 01:59:59 1944 to  for Australia/Melbourne for $zoneinfo->local_time - 1'
#   at t/zoneinfo_all.t line 48.
date: ungültiges Datum „Sa Mär 25 15:59:59 GMT 1944“
date: ungültiges Datum „Sa Mär 25 15:00:01 GMT 1944“

#   Failed test 'Matched So Mär 26 01:00:01 1944 to  for Australia/Melbourne for $zoneinfo->local_time + 1'
#   at t/zoneinfo_all.t line 55.
date: ungültiges Datum „Sa Mär 25 15:00:01 GMT 1944“
date: ungültiges Datum „Sa Okt 30 16:00:00 GMT 1971“

#   Failed test 'Matched So Okt 31 03:00:00 1971 to  for Australia/Melbourne for $zoneinfo->local_time'
#   at t/zoneinfo_all.t line 41.
date: ungültiges Datum „Sa Okt 30 16:00:00 GMT 1971“
date: ungültiges Datum „Sa Okt 30 15:59:59 GMT 1971“

#   Failed test 'Matched So Okt 31 01:59:59 1971 to  for Australia/Melbourne for $zoneinfo->local_time - 1'
#   at t/zoneinfo_all.t line 48.
date: ungültiges Datum „Sa Okt 30 15:59:59 GMT 1971“
date: ungültiges Datum „Sa Okt 30 16:00:01 GMT 1971“

#   Failed test 'Matched So Okt 31 03:00:01 1971 to  for Australia/Melbourne for $zoneinfo->local_time + 1'
#   at t/zoneinfo_all.t line 55.
date: ungültiges Datum „Sa Okt 30 16:00:01 GMT 1971“
date: ungültiges Datum „Sa Feb 26 16:00:00 GMT 1972“

#   Failed test 'Matched So Feb 27 02:00:00 1972 to  for Australia/Melbourne for $zoneinfo->local_time'
#   at t/zoneinfo_all.t line 41.
date: ungültiges Datum „Sa Feb 26 16:00:00 GMT 1972“
date: ungültiges Datum „Sa Feb 26 15:59:59 GMT 1972“

#   Failed test 'Matched So Feb 27 02:59:59 1972 to  for Australia/Melbourne for $zoneinfo->local_time - 1'
#   at t/zoneinfo_all.t line 48.
date: ungültiges Datum „Sa Feb 26 16:59:59 GMT 1972“
date: ungültiges Datum „Sa Feb 26 16:00:01 GMT 1972“

#   Failed test 'Matched So Feb 27 02:00:01 1972 to  for Australia/Melbourne for $zoneinfo->local_time + 1'
#   at t/zoneinfo_all.t line 55.
date: ungültiges Datum „Sa Feb 26 16:00:01 GMT 1972“
date: ungültiges Datum „Sa Okt 28 16:00:00 GMT 1972“

#   Failed test 'Matched So Okt 29 03:00:00 1972 to  for Australia/Melbourne for $zoneinfo->local_time'
#   at t/zoneinfo_all.t line 41.
date: ungültiges Datum „Sa Okt 28 16:00:00 GMT 1972“
date: ungültiges Datum „Sa Okt 28 15:59:59 GMT 1972“

#   Failed test 'Matched So Okt 29 01:59:59 1972 to  for Australia/Melbourne for $zoneinfo->local_time - 1'
#   at t/zoneinfo_all.t line 48.
date: ungültiges Datum „Sa Okt 28 15:59:59 GMT 1972“
date: ungültiges Datum „Sa Okt 28 16:00:01 GMT 1972“

#   Failed test 'Matched So Okt 29 03:00:01 1972 to  for Australia/Melbourne for $zoneinfo->local_time + 1'
#   at t/zoneinfo_all.t line 55.
date: ungültiges Datum „Sa Okt 28 16:00:01 GMT 1972“
date: ungültiges Datum „Sa Mär  3 16:00:00 GMT 1973“

#   Failed test 'Matched So Mär  4 02:00:00 1973 to  for Australia/Melbourne for $zoneinfo->local_time'
#   at t/zoneinfo_all.t line 41.
date: ungültiges Datum „Sa Mär  3 16:00:00 GMT 1973“
date: ungültiges Datum „Sa Mär  3 15:59:59 GMT 1973“

#   Failed test 'Matched So Mär  4 02:59:59 1973 to  for Australia/Melbourne for $zoneinfo->local_time - 1'
#   at t/zoneinfo_all.t line 48.
date: ungültiges Datum „Sa Mär  3 16:59:59 GMT 1973“
date: ungültiges Datum „Sa Mär  3 16:00:01 GMT 1973“

#   Failed test 'Matched So Mär  4 02:00:01 1973 to  for Australia/Melbourne for $zoneinfo->local_time + 1'
#   at t/zoneinfo_all.t line 55.
date: ungültiges Datum „Sa Mär  3 16:00:01 GMT 1973“
date: ungültiges Datum „Sa Okt 27 16:00:00 GMT 1973“

#   Failed test 'Matched So Okt 28 03:00:00 1973 to  for Australia/Melbourne for $zoneinfo->local_time'
#   at t/zoneinfo_all.t line 41.
date: ungültiges Datum „Sa Okt 27 16:00:00 GMT 1973“
date: ungültiges Datum „Sa Okt 27 15:59:59 GMT 1973“

#   Failed test 'Matched So Okt 28 01:59:59 1973 to  for Australia/Melbourne for $zoneinfo->local_time - 1'
#   at t/zoneinfo_all.t line 48.
date: ungültiges Datum „Sa Okt 27 15:59:59 GMT 1973“
date: ungültiges Datum „Sa Okt 27 16:00:01 GMT 1973“

#   Failed test 'Matched So Okt 28 03:00:01 1973 to  for Australia/Melbourne for $zoneinfo->local_time + 1'
#   at t/zoneinfo_all.t line 55.
date: ungültiges Datum „Sa Okt 27 16:00:01 GMT 1973“
date: ungültiges Datum „Sa Mär  2 16:00:00 GMT 1974“

#   Failed test 'Matched So Mär  3 02:00:00 1974 to  for Australia/Melbourne for $zoneinfo->local_time'
#   at t/zoneinfo_all.t line 41.
date: ungültiges Datum „Sa Mär  2 16:00:00 GMT 1974“
date: ungültiges Datum „Sa Mär  2 15:59:59 GMT 1974“

#   Failed test 'Matched So Mär  3 02:59:59 1974 to  for Australia/Melbourne for $zoneinfo->local_time - 1'
#   at t/zoneinfo_all.t line 48.
date: ungültiges Datum „Sa Mär  2 16:59:59 GMT 1974“
date: ungültiges Datum „Sa Mär  2 16:00:01 GMT 1974“

#   Failed test 'Matched So Mär  3 02:00:01 1974 to  for Australia/Melbourne for $zoneinfo->local_time + 1'
#   at t/zoneinfo_all.t line 55.
date: ungültiges Datum „Sa Mär  2 16:00:01 GMT 1974“
date: ungültiges Datum „Sa Okt 26 16:00:00 GMT 1974“

#   Failed test 'Matched So Okt 27 03:00:00 1974 to  for Australia/Melbourne for $zoneinfo->local_time'
#   at t/zoneinfo_all.t line 41.
date: ungültiges Datum „Sa Okt 26 16:00:00 GMT 1974“
date: ungültiges Datum „Sa Okt 26 15:59:59 GMT 1974“

#   Failed test 'Matched So Okt 27 01:59:59 1974 to  for Australia/Melbourne for $zoneinfo->local_time - 1'
#   at t/zoneinfo_all.t line 48.
date: ungültiges Datum „Sa Okt 26 15:59:59 GMT 1974“
date: ungültiges Datum „Sa Okt 26 16:00:01 GMT 1974“

#   Failed test 'Matched So Okt 27 03:00:01 1974 to  for Australia/Melbourne for $zoneinfo->local_time + 1'
#   at t/zoneinfo_all.t line 55.
date: ungültiges Datum „Sa Okt 26 16:00:01 GMT 1974“
date: ungültiges Datum „Sa Mär  1 16:00:00 GMT 1975“

#   Failed test 'Matched So Mär  2 02:00:00 1975 to  for Australia/Melbourne for $zoneinfo->local_time'
#   at t/zoneinfo_all.t line 41.
date: ungültiges Datum „Sa Mär  1 16:00:00 GMT 1975“
date: ungültiges Datum „Sa Mär  1 15:59:59 GMT 1975“

#   Failed test 'Matched So Mär  2 02:59:59 1975 to  for Australia/Melbourne for $zoneinfo->local_time - 1'
#   at t/zoneinfo_all.t line 48.
date: ungültiges Datum „Sa Mär  1 16:59:59 GMT 1975“
date: ungültiges Datum „Sa Mär  1 16:00:01 GMT 1975“

#   Failed test 'Matched So Mär  2 02:00:01 1975 to  for Australia/Melbourne for $zoneinfo->local_time + 1'
#   at t/zoneinfo_all.t line 55.
date: ungültiges Datum „Sa Mär  1 16:00:01 GMT 1975“
date: ungültiges Datum „Sa Okt 25 16:00:00 GMT 1975“

#   Failed test 'Matched So Okt 26 03:00:00 1975 to  for Australia/Melbourne for $zoneinfo->local_time'
#   at t/zoneinfo_all.t line 41.
date: ungültiges Datum „Sa Okt 25 16:00:00 GMT 1975“
date: ungültiges Datum „Sa Okt 25 15:59:59 GMT 1975“

#   Failed test 'Matched So Okt 26 01:59:59 1975 to  for Australia/Melbourne for $zoneinfo->local_time - 1'
#   at t/zoneinfo_all.t line 48.
date: ungültiges Datum „Sa Okt 25 15:59:59 GMT 1975“
date: ungültiges Datum „Sa Okt 25 16:00:01 GMT 1975“

#   Failed test 'Matched So Okt 26 03:00:01 1975 to  for Australia/Melbourne for $zoneinfo->local_time + 1'
#   at t/zoneinfo_all.t line 55.
date: ungültiges Datum „Sa Okt 25 16:00:01 GMT 1975“
date: ungültiges Datum „Sa Mär  6 16:00:00 GMT 1976“

#   Failed test 'Matched So Mär  7 02:00:00 1976 to  for Australia/Melbourne for $zoneinfo->local_time'
#   at t/zoneinfo_all.t line 41.
date: ungültiges Datum „Sa Mär  6 16:00:00 GMT 1976“
date: ungültiges Datum „Sa Mär  6 15:59:59 GMT 1976“

#   Failed test 'Matched So Mär  7 02:59:59 1976 to  for Australia/Melbourne for $zoneinfo->local_time - 1'
#   at t/zoneinfo_all.t line 48.
date: ungültiges Datum „Sa Mär  6 16:59:59 GMT 1976“
date: ungültiges Datum „Sa Mär  6 16:00:01 GMT 1976“

#   Failed test 'Matched So Mär  7 02:00:01 1976 to  for Australia/Melbourne for $zoneinfo->local_time + 1'
#   at t/zoneinfo_all.t line 55.
date: ungültiges Datum „Sa Mär  6 16:00:01 GMT 1976“
date: ungültiges Datum „Sa Okt 30 16:00:00 GMT 1976“

#   Failed test 'Matched So Okt 31 03:00:00 1976 to  for Australia/Melbourne for $zoneinfo->local_time'
#   at t/zoneinfo_all.t line 41.
date: ungültiges Datum „Sa Okt 30 16:00:00 GMT 1976“
date: ungültiges Datum „Sa Okt 30 15:59:59 GMT 1976“

#   Failed test 'Matched So Okt 31 01:59:59 1976 to  for Australia/Melbourne for $zoneinfo->local_time - 1'
#   at t/zoneinfo_all.t line 48.
date: ungültiges Datum „Sa Okt 30 15:59:59 GMT 1976“
date: ungültiges Datum „Sa Okt 30 16:00:01 GMT 1976“

#   Failed test 'Matched So Okt 31 03:00:01 1976 to  for Australia/Melbourne for $zoneinfo->local_time + 1'
#   at t/zoneinfo_all.t line 55.
date: ungültiges Datum „Sa Okt 30 16:00:01 GMT 1976“
date: ungültiges Datum „Sa Mär  5 16:00:00 GMT 1977“

#   Failed test 'Matched So Mär  6 02:00:00 1977 to  for Australia/Melbourne for $zoneinfo->local_time'
#   at t/zoneinfo_all.t line 41.
date: ungültiges Datum „Sa Mär  5 16:00:00 GMT 1977“
date: ungültiges Datum „Sa Mär  5 15:59:59 GMT 1977“

#   Failed test 'Matched So Mär  6 02:59:59 1977 to  for Australia/Melbourne for $zoneinfo->local_time - 1'
#   at t/zoneinfo_all.t line 48.
date: ungültiges Datum „Sa Mär  5 16:59:59 GMT 1977“
date: ungültiges Datum „Sa Mär  5 16:00:01 GMT 1977“

#   Failed test 'Matched So Mär  6 02:00:01 1977 to  for Australia/Melbourne for $zoneinfo->local_time + 1'
#   at t/zoneinfo_all.t line 55.
date: ungültiges Datum „Sa Mär  5 16:00:01 GMT 1977“
date: ungültiges Datum „Sa Okt 29 16:00:00 GMT 1977“

#   Failed test 'Matched So Okt 30 03:00:00 1977 to  for Australia/Melbourne for $zoneinfo->local_time'
#   at t/zoneinfo_all.t line 41.
date: ungültiges Datum „Sa Okt 29 16:00:00 GMT 1977“
date: ungültiges Datum „Sa Okt 29 15:59:59 GMT 1977“

#   Failed test 'Matched So Okt 30 01:59:59 1977 to  for Australia/Melbourne for $zoneinfo->local_time - 1'
#   at t/zoneinfo_all.t line 48.
date: ungültiges Datum „Sa Okt 29 15:59:59 GMT 1977“
date: ungültiges Datum „Sa Okt 29 16:00:01 GMT 1977“

#   Failed test 'Matched So Okt 30 03:00:01 1977 to  for Australia/Melbourne for $zoneinfo->local_time + 1'
#   at t/zoneinfo_all.t line 55.
date: ungültiges Datum „Sa Okt 29 16:00:01 GMT 1977“
date: ungültiges Datum „Sa Mär  4 16:00:00 GMT 1978“

#   Failed test 'Matched So Mär  5 02:00:00 1978 to  for Australia/Melbourne for $zoneinfo->local_time'
#   at t/zoneinfo_all.t line 41.
date: ungültiges Datum „Sa Mär  4 16:00:00 GMT 1978“
date: ungültiges Datum „Sa Mär  4 15:59:59 GMT 1978“

#   Failed test 'Matched So Mär  5 02:59:59 1978 to  for Australia/Melbourne for $zoneinfo->local_time - 1'
#   at t/zoneinfo_all.t line 48.
date: ungültiges Datum „Sa Mär  4 16:59:59 GMT 1978“
date: ungültiges Datum „Sa Mär  4 16:00:01 GMT 1978“

#   Failed test 'Matched So Mär  5 02:00:01 1978 to  for Australia/Melbourne for $zoneinfo->local_time + 1'
#   at t/zoneinfo_all.t line 55.
date: ungültiges Datum „Sa Mär  4 16:00:01 GMT 1978“
date: ungültiges Datum „Sa Okt 28 16:00:00 GMT 1978“

#   Failed test 'Matched So Okt 29 03:00:00 1978 to  for Australia/Melbourne for $zoneinfo->local_time'
#   at t/zoneinfo_all.t line 41.
date: ungültiges Datum „Sa Okt 28 16:00:00 GMT 1978“
date: ungültiges Datum „Sa Okt 28 15:59:59 GMT 1978“

#   Failed test 'Matched So Okt 29 01:59:59 1978 to  for Australia/Melbourne for $zoneinfo->local_time - 1'
#   at t/zoneinfo_all.t line 48.
date: ungültiges Datum „Sa Okt 28 15:59:59 GMT 1978“
date: ungültiges Datum „Sa Okt 28 16:00:01 GMT 1978“

#   Failed test 'Matched So Okt 29 03:00:01 1978 to  for Australia/Melbourne for $zoneinfo->local_time + 1'
#   at t/zoneinfo_all.t line 55.
date: ungültiges Datum „Sa Okt 28 16:00:01 GMT 1978“
date: ungültiges Datum „Sa Mär  3 16:00:00 GMT 1979“

#   Failed test 'Matched So Mär  4 02:00:00 1979 to  for Australia/Melbourne for $zoneinfo->local_time'
#   at t/zoneinfo_all.t line 41.
date: ungültiges Datum „Sa Mär  3 16:00:00 GMT 1979“
date: ungültiges Datum „Sa Mär  3 15:59:59 GMT 1979“

#   Failed test 'Matched So Mär  4 02:59:59 1979 to  for Australia/Melbourne for $zoneinfo->local_time - 1'
#   at t/zoneinfo_all.t line 48.
date: ungültiges Datum „Sa Mär  3 16:59:59 GMT 1979“
date: ungültiges Datum „Sa Mär  3 16:00:01 GMT 1979“

#   Failed test 'Matched So Mär  4 02:00:01 1979 to  for Australia/Melbourne for $zoneinfo->local_time + 1'
#   at t/zoneinfo_all.t line 55.
date: ungültiges Datum „Sa Mär  3 16:00:01 GMT 1979“
date: ungültiges Datum „Sa Okt 27 16:00:00 GMT 1979“

#   Failed test 'Matched So Okt 28 03:00:00 1979 to  for Australia/Melbourne for $zoneinfo->local_time'
#   at t/zoneinfo_all.t line 41.
date: ungültiges Datum „Sa Okt 27 16:00:00 GMT 1979“
date: ungültiges Datum „Sa Okt 27 15:59:59 GMT 1979“

#   Failed test 'Matched So Okt 28 01:59:59 1979 to  for Australia/Melbourne for $zoneinfo->local_time - 1'
#   at t/zoneinfo_all.t line 48.
date: ungültiges Datum „Sa Okt 27 15:59:59 GMT 1979“
date: ungültiges Datum „Sa Okt 27 16:00:01 GMT 1979“

#   Failed test 'Matched So Okt 28 03:00:01 1979 to  for Australia/Melbourne for $zoneinfo->local_time + 1'
#   at t/zoneinfo_all.t line 55.
date: ungültiges Datum „Sa Okt 27 16:00:01 GMT 1979“
date: ungültiges Datum „Sa Mär  1 16:00:00 GMT 1980“

#   Failed test 'Matched So Mär  2 02:00:00 1980 to  for Australia/Melbourne for $zoneinfo->local_time'
#   at t/zoneinfo_all.t line 41.
date: ungültiges Datum „Sa Mär  1 16:00:00 GMT 1980“
date: ungültiges Datum „Sa Mär  1 15:59:59 GMT 1980“

#   Failed test 'Matched So Mär  2 02:59:59 1980 to  for Australia/Melbourne for $zoneinfo->local_time - 1'
#   at t/zoneinfo_all.t line 48.
date: ungültiges Datum „Sa Mär  1 16:59:59 GMT 1980“
date: ungültiges Datum „Sa Mär  1 16:00:01 GMT 1980“

#   Failed test 'Matched So Mär  2 02:00:01 1980 to  for Australia/Melbourne for $zoneinfo->local_time + 1'
#   at t/zoneinfo_all.t line 55.
date: ungültiges Datum „Sa Mär  1 16:00:01 GMT 1980“
date: ungültiges Datum „Sa Okt 25 16:00:00 GMT 1980“

#   Failed test 'Matched So Okt 26 03:00:00 1980 to  for Australia/Melbourne for $zoneinfo->local_time'
#   at t/zoneinfo_all.t line 41.
date: ungültiges Datum „Sa Okt 25 16:00:00 GMT 1980“
date: ungültiges Datum „Sa Okt 25 15:59:59 GMT 1980“

#   Failed test 'Matched So Okt 26 01:59:59 1980 to  for Australia/Melbourne for $zoneinfo->local_time - 1'
#   at t/zoneinfo_all.t line 48.
date: ungültiges Datum „Sa Okt 25 15:59:59 GMT 1980“
date: ungültiges Datum „Sa Okt 25 16:00:01 GMT 1980“

#   Failed test 'Matched So Okt 26 03:00:01 1980 to  for Australia/Melbourne for $zoneinfo->local_time + 1'
#   at t/zoneinfo_all.t line 55.
date: ungültiges Datum „Sa Okt 25 16:00:01 GMT 1980“
date: ungültiges Datum „Sa Feb 28 16:00:00 GMT 1981“

#   Failed test 'Matched So Mär  1 02:00:00 1981 to  for Australia/Melbourne for $zoneinfo->local_time'
#   at t/zoneinfo_all.t line 41.
date: ungültiges Datum „Sa Feb 28 16:00:00 GMT 1981“
date: ungültiges Datum „Sa Feb 28 15:59:59 GMT 1981“

#   Failed test 'Matched So Mär  1 02:59:59 1981 to  for Australia/Melbourne for $zoneinfo->local_time - 1'
#   at t/zoneinfo_all.t line 48.
date: ungültiges Datum „Sa Feb 28 16:59:59 GMT 1981“
date: ungültiges Datum „Sa Feb 28 16:00:01 GMT 1981“

#   Failed test 'Matched So Mär  1 02:00:01 1981 to  for Australia/Melbourne for $zoneinfo->local_time + 1'
#   at t/zoneinfo_all.t line 55.
date: ungültiges Datum „Sa Feb 28 16:00:01 GMT 1981“
date: ungültiges Datum „Sa Okt 24 16:00:00 GMT 1981“

#   Failed test 'Matched So Okt 25 03:00:00 1981 to  for Australia/Melbourne for $zoneinfo->local_time'
#   at t/zoneinfo_all.t line 41.
date: ungültiges Datum „Sa Okt 24 16:00:00 GMT 1981“
date: ungültiges Datum „Sa Okt 24 15:59:59 GMT 1981“

#   Failed test 'Matched So Okt 25 01:59:59 1981 to  for Australia/Melbourne for $zoneinfo->local_time - 1'
#   at t/zoneinfo_all.t line 48.
date: ungültiges Datum „Sa Okt 24 15:59:59 GMT 1981“
date: ungültiges Datum „Sa Okt 24 16:00:01 GMT 1981“

#   Failed test 'Matched So Okt 25 03:00:01 1981 to  for Australia/Melbourne for $zoneinfo->local_time + 1'
#   at t/zoneinfo_all.t line 55.
date: ungültiges Datum „Sa Okt 24 16:00:01 GMT 1981“
date: ungültiges Datum „Sa Mär  6 16:00:00 GMT 1982“

#   Failed test 'Matched So Mär  7 02:00:00 1982 to  for Australia/Melbourne for $zoneinfo->local_time'
#   at t/zoneinfo_all.t line 41.
date: ungültiges Datum „Sa Mär  6 16:00:00 GMT 1982“
date: ungültiges Datum „Sa Mär  6 15:59:59 GMT 1982“

#   Failed test 'Matched So Mär  7 02:59:59 1982 to  for Australia/Melbourne for $zoneinfo->local_time - 1'
#   at t/zoneinfo_all.t line 48.
date: ungültiges Datum „Sa Mär  6 16:59:59 GMT 1982“
date: ungültiges Datum „Sa Mär  6 16:00:01 GMT 1982“

#   Failed test 'Matched So Mär  7 02:00:01 1982 to  for Australia/Melbourne for $zoneinfo->local_time + 1'
#   at t/zoneinfo_all.t line 55.
date: ungültiges Datum „Sa Mär  6 16:00:01 GMT 1982“
date: ungültiges Datum „Sa Okt 30 16:00:00 GMT 1982“

#   Failed test 'Matched So Okt 31 03:00:00 1982 to  for Australia/Melbourne for $zoneinfo->local_time'
#   at t/zoneinfo_all.t line 41.
date: ungültiges Datum „Sa Okt 30 16:00:00 GMT 1982“
date: ungültiges Datum „Sa Okt 30 15:59:59 GMT 1982“

#   Failed test 'Matched So Okt 31 01:59:59 1982 to  for Australia/Melbourne for $zoneinfo->local_time - 1'
#   at t/zoneinfo_all.t line 48.
date: ungültiges Datum „Sa Okt 30 15:59:59 GMT 1982“
date: ungültiges Datum „Sa Okt 30 16:00:01 GMT 1982“

#   Failed test 'Matched So Okt 31 03:00:01 1982 to  for Australia/Melbourne for $zoneinfo->local_time + 1'
#   at t/zoneinfo_all.t line 55.
date: ungültiges Datum „Sa Okt 30 16:00:01 GMT 1982“
date: ungültiges Datum „Sa Mär  5 16:00:00 GMT 1983“

#   Failed test 'Matched So Mär  6 02:00:00 1983 to  for Australia/Melbourne for $zoneinfo->local_time'
#   at t/zoneinfo_all.t line 41.
date: ungültiges Datum „Sa Mär  5 16:00:00 GMT 1983“
date: ungültiges Datum „Sa Mär  5 15:59:59 GMT 1983“

#   Failed test 'Matched So Mär  6 02:59:59 1983 to  for Australia/Melbourne for $zoneinfo->local_time - 1'
#   at t/zoneinfo_all.t line 48.
date: ungültiges Datum „Sa Mär  5 16:59:59 GMT 1983“
date: ungültiges Datum „Sa Mär  5 16:00:01 GMT 1983“

#   Failed test 'Matched So Mär  6 02:00:01 1983 to  for Australia/Melbourne for $zoneinfo->local_time + 1'
#   at t/zoneinfo_all.t line 55.
date: ungültiges Datum „Sa Mär  5 16:00:01 GMT 1983“
date: ungültiges Datum „Sa Okt 29 16:00:00 GMT 1983“

#   Failed test 'Matched So Okt 30 03:00:00 1983 to  for Australia/Melbourne for $zoneinfo->local_time'
#   at t/zoneinfo_all.t line 41.
date: ungültiges Datum „Sa Okt 29 16:00:00 GMT 1983“
date: ungültiges Datum „Sa Okt 29 15:59:59 GMT 1983“

#   Failed test 'Matched So Okt 30 01:59:59 1983 to  for Australia/Melbourne for $zoneinfo->local_time - 1'
#   at t/zoneinfo_all.t line 48.
date: ungültiges Datum „Sa Okt 29 15:59:59 GMT 1983“
date: ungültiges Datum „Sa Okt 29 16:00:01 GMT 1983“

#   Failed test 'Matched So Okt 30 03:00:01 1983 to  for Australia/Melbourne for $zoneinfo->local_time + 1'
#   at t/zoneinfo_all.t line 55.
date: ungültiges Datum „Sa Okt 29 16:00:01 GMT 1983“
date: ungültiges Datum „Sa Mär  3 16:00:00 GMT 1984“

#   Failed test 'Matched So Mär  4 02:00:00 1984 to  for Australia/Melbourne for $zoneinfo->local_time'
#   at t/zoneinfo_all.t line 41.
date: ungültiges Datum „Sa Mär  3 16:00:00 GMT 1984“
date: ungültiges Datum „Sa Mär  3 15:59:59 GMT 1984“

#   Failed test 'Matched So Mär  4 02:59:59 1984 to  for Australia/Melbourne for $zoneinfo->local_time - 1'
#   at t/zoneinfo_all.t line 48.
date: ungültiges Datum „Sa Mär  3 16:59:59 GMT 1984“
date: ungültiges Datum „Sa Mär  3 16:00:01 GMT 1984“

#   Failed test 'Matched So Mär  4 02:00:01 1984 to  for Australia/Melbourne for $zoneinfo->local_time + 1'
#   at t/zoneinfo_all.t line 55.
date: ungültiges Datum „Sa Mär  3 16:00:01 GMT 1984“
date: ungültiges Datum „Sa Okt 27 16:00:00 GMT 1984“

#   Failed test 'Matched So Okt 28 03:00:00 1984 to  for Australia/Melbourne for $zoneinfo->local_time'
#   at t/zoneinfo_all.t line 41.
date: ungültiges Datum „Sa Okt 27 16:00:00 GMT 1984“
date: ungültiges Datum „Sa Okt 27 15:59:59 GMT 1984“

#   Failed test 'Matched So Okt 28 01:59:59 1984 to  for Australia/Melbourne for $zoneinfo->local_time - 1'
#   at t/zoneinfo_all.t line 48.
date: ungültiges Datum „Sa Okt 27 15:59:59 GMT 1984“
date: ungültiges Datum „Sa Okt 27 16:00:01 GMT 1984“

#   Failed test 'Matched So Okt 28 03:00:01 1984 to  for Australia/Melbourne for $zoneinfo->local_time + 1'
#   at t/zoneinfo_all.t line 55.
date: ungültiges Datum „Sa Okt 27 16:00:01 GMT 1984“
date: ungültiges Datum „Sa Mär  2 16:00:00 GMT 1985“

#   Failed test 'Matched So Mär  3 02:00:00 1985 to  for Australia/Melbourne for $zoneinfo->local_time'
#   at t/zoneinfo_all.t line 41.
date: ungültiges Datum „Sa Mär  2 16:00:00 GMT 1985“
date: ungültiges Datum „Sa Mär  2 15:59:59 GMT 1985“

#   Failed test 'Matched So Mär  3 02:59:59 1985 to  for Australia/Melbourne for $zoneinfo->local_time - 1'
#   at t/zoneinfo_all.t line 48.
date: ungültiges Datum „Sa Mär  2 16:59:59 GMT 1985“
date: ungültiges Datum „Sa Mär  2 16:00:01 GMT 1985“

#   Failed test 'Matched So Mär  3 02:00:01 1985 to  for Australia/Melbourne for $zoneinfo->local_time + 1'
#   at t/zoneinfo_all.t line 55.
date: ungültiges Datum „Sa Mär  2 16:00:01 GMT 1985“
date: ungültiges Datum „Sa Okt 26 16:00:00 GMT 1985“

#   Failed test 'Matched So Okt 27 03:00:00 1985 to  for Australia/Melbourne for $zoneinfo->local_time'
#   at t/zoneinfo_all.t line 41.
date: ungültiges Datum „Sa Okt 26 16:00:00 GMT 1985“
date: ungültiges Datum „Sa Okt 26 15:59:59 GMT 1985“

#   Failed test 'Matched So Okt 27 01:59:59 1985 to  for Australia/Melbourne for $zoneinfo->local_time - 1'
#   at t/zoneinfo_all.t line 48.
date: ungültiges Datum „Sa Okt 26 15:59:59 GMT 1985“
date: ungültiges Datum „Sa Okt 26 16:00:01 GMT 1985“

#   Failed test 'Matched So Okt 27 03:00:01 1985 to  for Australia/Melbourne for $zoneinfo->local_time + 1'
#   at t/zoneinfo_all.t line 55.
date: ungültiges Datum „Sa Okt 26 16:00:01 GMT 1985“
date: ungültiges Datum „Sa Mär 15 16:00:00 GMT 1986“

#   Failed test 'Matched So Mär 16 02:00:00 1986 to  for Australia/Melbourne for $zoneinfo->local_time'
#   at t/zoneinfo_all.t line 41.
date: ungültiges Datum „Sa Mär 15 16:00:00 GMT 1986“
date: ungültiges Datum „Sa Mär 15 15:59:59 GMT 1986“

#   Failed test 'Matched So Mär 16 02:59:59 1986 to  for Australia/Melbourne for $zoneinfo->local_time - 1'
#   at t/zoneinfo_all.t line 48.
date: ungültiges Datum „Sa Mär 15 16:59:59 GMT 1986“
date: ungültiges Datum „Sa Mär 15 16:00:01 GMT 1986“

#   Failed test 'Matched So Mär 16 02:00:01 1986 to  for Australia/Melbourne for $zoneinfo->local_time + 1'
#   at t/zoneinfo_all.t line 55.
date: ungültiges Datum „Sa Mär 15 16:00:01 GMT 1986“
date: ungültiges Datum „Sa Okt 18 16:00:00 GMT 1986“

#   Failed test 'Matched So Okt 19 03:00:00 1986 to  for Australia/Melbourne for $zoneinfo->local_time'
#   at t/zoneinfo_all.t line 41.
date: ungültiges Datum „Sa Okt 18 16:00:00 GMT 1986“
date: ungültiges Datum „Sa Okt 18 15:59:59 GMT 1986“

#   Failed test 'Matched So Okt 19 01:59:59 1986 to  for Australia/Melbourne for $zoneinfo->local_time - 1'
#   at t/zoneinfo_all.t line 48.
date: ungültiges Datum „Sa Okt 18 15:59:59 GMT 1986“
date: ungültiges Datum „Sa Okt 18 16:00:01 GMT 1986“

#   Failed test 'Matched So Okt 19 03:00:01 1986 to  for Australia/Melbourne for $zoneinfo->local_time + 1'
#   at t/zoneinfo_all.t line 55.
date: ungültiges Datum „Sa Okt 18 16:00:01 GMT 1986“
date: ungültiges Datum „Sa Mär 14 16:00:00 GMT 1987“

#   Failed test 'Matched So Mär 15 02:00:00 1987 to  for Australia/Melbourne for $zoneinfo->local_time'
#   at t/zoneinfo_all.t line 41.
date: ungültiges Datum „Sa Mär 14 16:00:00 GMT 1987“
date: ungültiges Datum „Sa Mär 14 15:59:59 GMT 1987“

#   Failed test 'Matched So Mär 15 02:59:59 1987 to  for Australia/Melbourne for $zoneinfo->local_time - 1'
#   at t/zoneinfo_all.t line 48.
date: ungültiges Datum „Sa Mär 14 16:59:59 GMT 1987“
date: ungültiges Datum „Sa Mär 14 16:00:01 GMT 1987“

#   Failed test 'Matched So Mär 15 02:00:01 1987 to  for Australia/Melbourne for $zoneinfo->local_time + 1'
#   at t/zoneinfo_all.t line 55.
date: ungültiges Datum „Sa Mär 14 16:00:01 GMT 1987“
date: ungültiges Datum „Sa Okt 17 16:00:00 GMT 1987“

#   Failed test 'Matched So Okt 18 03:00:00 1987 to  for Australia/Melbourne for $zoneinfo->local_time'
#   at t/zoneinfo_all.t line 41.
date: ungültiges Datum „Sa Okt 17 16:00:00 GMT 1987“
date: ungültiges Datum „Sa Okt 17 15:59:59 GMT 1987“

#   Failed test 'Matched So Okt 18 01:59:59 1987 to  for Australia/Melbourne for $zoneinfo->local_time - 1'
#   at t/zoneinfo_all.t line 48.
date: ungültiges Datum „Sa Okt 17 15:59:59 GMT 1987“
date: ungültiges Datum „Sa Okt 17 16:00:01 GMT 1987“

#   Failed test 'Matched So Okt 18 03:00:01 1987 to  for Australia/Melbourne for $zoneinfo->local_time + 1'
#   at t/zoneinfo_all.t line 55.
date: ungültiges Datum „Sa Okt 17 16:00:01 GMT 1987“
date: ungültiges Datum „Sa Mär 19 16:00:00 GMT 1988“

#   Failed test 'Matched So Mär 20 02:00:00 1988 to  for Australia/Melbourne for $zoneinfo->local_time'
#   at t/zoneinfo_all.t line 41.
date: ungültiges Datum „Sa Mär 19 16:00:00 GMT 1988“
date: ungültiges Datum „Sa Mär 19 15:59:59 GMT 1988“

#   Failed test 'Matched So Mär 20 02:59:59 1988 to  for Australia/Melbourne for $zoneinfo->local_time - 1'
#   at t/zoneinfo_all.t line 48.
date: ungültiges Datum „Sa Mär 19 16:59:59 GMT 1988“
date: ungültiges Datum „Sa Mär 19 16:00:01 GMT 1988“

#   Failed test 'Matched So Mär 20 02:00:01 1988 to  for Australia/Melbourne for $zoneinfo->local_time + 1'
#   at t/zoneinfo_all.t line 55.
date: ungültiges Datum „Sa Mär 19 16:00:01 GMT 1988“
date: ungültiges Datum „Sa Okt 29 16:00:00 GMT 1988“

#   Failed test 'Matched So Okt 30 03:00:00 1988 to  for Australia/Melbourne for $zoneinfo->local_time'
#   at t/zoneinfo_all.t line 41.
date: ungültiges Datum „Sa Okt 29 16:00:00 GMT 1988“
date: ungültiges Datum „Sa Okt 29 15:59:59 GMT 1988“

#   Failed test 'Matched So Okt 30 01:59:59 1988 to  for Australia/Melbourne for $zoneinfo->local_time - 1'
#   at t/zoneinfo_all.t line 48.
date: ungültiges Datum „Sa Okt 29 15:59:59 GMT 1988“
date: ungültiges Datum „Sa Okt 29 16:00:01 GMT 1988“

#   Failed test 'Matched So Okt 30 03:00:01 1988 to  for Australia/Melbourne for $zoneinfo->local_time + 1'
#   at t/zoneinfo_all.t line 55.
date: ungültiges Datum „Sa Okt 29 16:00:01 GMT 1988“
date: ungültiges Datum „Sa Mär 18 16:00:00 GMT 1989“

#   Failed test 'Matched So Mär 19 02:00:00 1989 to  for Australia/Melbourne for $zoneinfo->local_time'
#   at t/zoneinfo_all.t line 41.
date: ungültiges Datum „Sa Mär 18 16:00:00 GMT 1989“
date: ungültiges Datum „Sa Mär 18 15:59:59 GMT 1989“

#   Failed test 'Matched So Mär 19 02:59:59 1989 to  for Australia/Melbourne for $zoneinfo->local_time - 1'
#   at t/zoneinfo_all.t line 48.
date: ungültiges Datum „Sa Mär 18 16:59:59 GMT 1989“
date: ungültiges Datum „Sa Mär 18 16:00:01 GMT 1989“

#   Failed test 'Matched So Mär 19 02:00:01 1989 to  for Australia/Melbourne for $zoneinfo->local_time + 1'
#   at t/zoneinfo_all.t line 55.
date: ungültiges Datum „Sa Mär 18 16:00:01 GMT 1989“
date: ungültiges Datum „Sa Okt 28 16:00:00 GMT 1989“

#   Failed test 'Matched So Okt 29 03:00:00 1989 to  for Australia/Melbourne for $zoneinfo->local_time'
#   at t/zoneinfo_all.t line 41.
date: ungültiges Datum „Sa Okt 28 16:00:00 GMT 1989“
date: ungültiges Datum „Sa Okt 28 15:59:59 GMT 1989“

#   Failed test 'Matched So Okt 29 01:59:59 1989 to  for Australia/Melbourne for $zoneinfo->local_time - 1'
#   at t/zoneinfo_all.t line 48.
date: ungültiges Datum „Sa Okt 28 15:59:59 GMT 1989“
date: ungültiges Datum „Sa Okt 28 16:00:01 GMT 1989“

#   Failed test 'Matched So Okt 29 03:00:01 1989 to  for Australia/Melbourne for $zoneinfo->local_time + 1'
#   at t/zoneinfo_all.t line 55.
date: ungültiges Datum „Sa Okt 28 16:00:01 GMT 1989“
date: ungültiges Datum „Sa Mär 17 16:00:00 GMT 1990“

#   Failed test 'Matched So Mär 18 02:00:00 1990 to  for Australia/Melbourne for $zoneinfo->local_time'
#   at t/zoneinfo_all.t line 41.
date: ungültiges Datum „Sa Mär 17 16:00:00 GMT 1990“
date: ungültiges Datum „Sa Mär 17 15:59:59 GMT 1990“

#   Failed test 'Matched So Mär 18 02:59:59 1990 to  for Australia/Melbourne for $zoneinfo->local_time - 1'
#   at t/zoneinfo_all.t line 48.
date: ungültiges Datum „Sa Mär 17 16:59:59 GMT 1990“
date: ungültiges Datum „Sa Mär 17 16:00:01 GMT 1990“

#   Failed test 'Matched So Mär 18 02:00:01 1990 to  for Australia/Melbourne for $zoneinfo->local_time + 1'
#   at t/zoneinfo_all.t line 55.
date: ungültiges Datum „Sa Mär 17 16:00:01 GMT 1990“
date: ungültiges Datum „Sa Okt 27 16:00:00 GMT 1990“

#   Failed test 'Matched So Okt 28 03:00:00 1990 to  for Australia/Melbourne for $zoneinfo->local_time'
#   at t/zoneinfo_all.t line 41.
date: ungültiges Datum „Sa Okt 27 16:00:00 GMT 1990“
date: ungültiges Datum „Sa Okt 27 15:59:59 GMT 1990“

#   Failed test 'Matched So Okt 28 01:59:59 1990 to  for Australia/Melbourne for $zoneinfo->local_time - 1'
#   at t/zoneinfo_all.t line 48.
date: ungültiges Datum „Sa Okt 27 15:59:59 GMT 1990“
date: ungültiges Datum „Sa Okt 27 16:00:01 GMT 1990“

#   Failed test 'Matched So Okt 28 03:00:01 1990 to  for Australia/Melbourne for $zoneinfo->local_time + 1'
#   at t/zoneinfo_all.t line 55.
date: ungültiges Datum „Sa Okt 27 16:00:01 GMT 1990“
date: ungültiges Datum „Sa Mär  2 16:00:00 GMT 1991“

#   Failed test 'Matched So Mär  3 02:00:00 1991 to  for Australia/Melbourne for $zoneinfo->local_time'
#   at t/zoneinfo_all.t line 41.
date: ungültiges Datum „Sa Mär  2 16:00:00 GMT 1991“
date: ungültiges Datum „Sa Mär  2 15:59:59 GMT 1991“

#   Failed test 'Matched So Mär  3 02:59:59 1991 to  for Australia/Melbourne for $zoneinfo->local_time - 1'
#   at t/zoneinfo_all.t line 48.
date: ungültiges Datum „Sa Mär  2 16:59:59 GMT 1991“
date: ungültiges Datum „Sa Mär  2 16:00:01 GMT 1991“

#   Failed test 'Matched So Mär  3 02:00:01 1991 to  for Australia/Melbourne for $zoneinfo->local_time + 1'
#   at t/zoneinfo_all.t line 55.
date: ungültiges Datum „Sa Mär  2 16:00:01 GMT 1991“
date: ungültiges Datum „Sa Okt 26 16:00:00 GMT 1991“

#   Failed test 'Matched So Okt 27 03:00:00 1991 to  for Australia/Melbourne for $zoneinfo->local_time'
#   at t/zoneinfo_all.t line 41.
date: ungültiges Datum „Sa Okt 26 16:00:00 GMT 1991“
date: ungültiges Datum „Sa Okt 26 15:59:59 GMT 1991“

#   Failed test 'Matched So Okt 27 01:59:59 1991 to  for Australia/Melbourne for $zoneinfo->local_time - 1'
#   at t/zoneinfo_all.t line 48.
date: ungültiges Datum „Sa Okt 26 15:59:59 GMT 1991“
date: ungültiges Datum „Sa Okt 26 16:00:01 GMT 1991“

#   Failed test 'Matched So Okt 27 03:00:01 1991 to  for Australia/Melbourne for $zoneinfo->local_time + 1'
#   at t/zoneinfo_all.t line 55.
date: ungültiges Datum „Sa Okt 26 16:00:01 GMT 1991“
date: ungültiges Datum „Sa Feb 29 16:00:00 GMT 1992“

#   Failed test 'Matched So Mär  1 02:00:00 1992 to  for Australia/Melbourne for $zoneinfo->local_time'
#   at t/zoneinfo_all.t line 41.
date: ungültiges Datum „Sa Feb 29 16:00:00 GMT 1992“
date: ungültiges Datum „Sa Feb 29 15:59:59 GMT 1992“

#   Failed test 'Matched So Mär  1 02:59:59 1992 to  for Australia/Melbourne for $zoneinfo->local_time - 1'
#   at t/zoneinfo_all.t line 48.
date: ungültiges Datum „Sa Feb 29 16:59:59 GMT 1992“
date: ungültiges Datum „Sa Feb 29 16:00:01 GMT 1992“

#   Failed test 'Matched So Mär  1 02:00:01 1992 to  for Australia/Melbourne for $zoneinfo->local_time + 1'
#   at t/zoneinfo_all.t line 55.
date: ungültiges Datum „Sa Feb 29 16:00:01 GMT 1992“
date: ungültiges Datum „Sa Okt 24 16:00:00 GMT 1992“

#   Failed test 'Matched So Okt 25 03:00:00 1992 to  for Australia/Melbourne for $zoneinfo->local_time'
#   at t/zoneinfo_all.t line 41.
date: ungültiges Datum „Sa Okt 24 16:00:00 GMT 1992“
date: ungültiges Datum „Sa Okt 24 15:59:59 GMT 1992“

#   Failed test 'Matched So Okt 25 01:59:59 1992 to  for Australia/Melbourne for $zoneinfo->local_time - 1'
#   at t/zoneinfo_all.t line 48.
date: ungültiges Datum „Sa Okt 24 15:59:59 GMT 1992“
date: ungültiges Datum „Sa Okt 24 16:00:01 GMT 1992“

#   Failed test 'Matched So Okt 25 03:00:01 1992 to  for Australia/Melbourne for $zoneinfo->local_time + 1'
#   at t/zoneinfo_all.t line 55.
date: ungültiges Datum „Sa Okt 24 16:00:01 GMT 1992“
date: ungültiges Datum „Sa Mär  6 16:00:00 GMT 1993“

#   Failed test 'Matched So Mär  7 02:00:00 1993 to  for Australia/Melbourne for $zoneinfo->local_time'
#   at t/zoneinfo_all.t line 41.
date: ungültiges Datum „Sa Mär  6 16:00:00 GMT 1993“
date: ungültiges Datum „Sa Mär  6 15:59:59 GMT 1993“

#   Failed test 'Matched So Mär  7 02:59:59 1993 to  for Australia/Melbourne for $zoneinfo->local_time - 1'
#   at t/zoneinfo_all.t line 48.
date: ungültiges Datum „Sa Mär  6 16:59:59 GMT 1993“
date: ungültiges Datum „Sa Mär  6 16:00:01 GMT 1993“

#   Failed test 'Matched So Mär  7 02:00:01 1993 to  for Australia/Melbourne for $zoneinfo->local_time + 1'
#   at t/zoneinfo_all.t line 55.
date: ungültiges Datum „Sa Mär  6 16:00:01 GMT 1993“
date: ungültiges Datum „Sa Okt 30 16:00:00 GMT 1993“

#   Failed test 'Matched So Okt 31 03:00:00 1993 to  for Australia/Melbourne for $zoneinfo->local_time'
#   at t/zoneinfo_all.t line 41.
date: ungültiges Datum „Sa Okt 30 16:00:00 GMT 1993“
date: ungültiges Datum „Sa Okt 30 15:59:59 GMT 1993“

#   Failed test 'Matched So Okt 31 01:59:59 1993 to  for Australia/Melbourne for $zoneinfo->local_time - 1'
#   at t/zoneinfo_all.t line 48.
date: ungültiges Datum „Sa Okt 30 15:59:59 GMT 1993“
date: ungültiges Datum „Sa Okt 30 16:00:01 GMT 1993“

#   Failed test 'Matched So Okt 31 03:00:01 1993 to  for Australia/Melbourne for $zoneinfo->local_time + 1'
#   at t/zoneinfo_all.t line 55.
date: ungültiges Datum „Sa Okt 30 16:00:01 GMT 1993“
date: ungültiges Datum „Sa Mär  5 16:00:00 GMT 1994“

#   Failed test 'Matched So Mär  6 02:00:00 1994 to  for Australia/Melbourne for $zoneinfo->local_time'
#   at t/zoneinfo_all.t line 41.
date: ungültiges Datum „Sa Mär  5 16:00:00 GMT 1994“
date: ungültiges Datum „Sa Mär  5 15:59:59 GMT 1994“

#   Failed test 'Matched So Mär  6 02:59:59 1994 to  for Australia/Melbourne for $zoneinfo->local_time - 1'
#   at t/zoneinfo_all.t line 48.
date: ungültiges Datum „Sa Mär  5 16:59:59 GMT 1994“
date: ungültiges Datum „Sa Mär  5 16:00:01 GMT 1994“

#   Failed test 'Matched So Mär  6 02:00:01 1994 to  for Australia/Melbourne for $zoneinfo->local_time + 1'
#   at t/zoneinfo_all.t line 55.
date: ungültiges Datum „Sa Mär  5 16:00:01 GMT 1994“
date: ungültiges Datum „Sa Okt 29 16:00:00 GMT 1994“

#   Failed test 'Matched So Okt 30 03:00:00 1994 to  for Australia/Melbourne for $zoneinfo->local_time'
#   at t/zoneinfo_all.t line 41.
date: ungültiges Datum „Sa Okt 29 16:00:00 GMT 1994“
date: ungültiges Datum „Sa Okt 29 15:59:59 GMT 1994“

#   Failed test 'Matched So Okt 30 01:59:59 1994 to  for Australia/Melbourne for $zoneinfo->local_time - 1'
#   at t/zoneinfo_all.t line 48.
date: ungültiges Datum „Sa Okt 29 15:59:59 GMT 1994“
date: ungültiges Datum „Sa Okt 29 16:00:01 GMT 1994“

#   Failed test 'Matched So Okt 30 03:00:01 1994 to  for Australia/Melbourne for $zoneinfo->local_time + 1'
#   at t/zoneinfo_all.t line 55.
date: ungültiges Datum „Sa Okt 29 16:00:01 GMT 1994“
date: ungültiges Datum „Sa Mär 25 16:00:00 GMT 1995“

#   Failed test 'Matched So Mär 26 02:00:00 1995 to  for Australia/Melbourne for $zoneinfo->local_time'
#   at t/zoneinfo_all.t line 41.
date: ungültiges Datum „Sa Mär 25 16:00:00 GMT 1995“
date: ungültiges Datum „Sa Mär 25 15:59:59 GMT 1995“

#   Failed test 'Matched So Mär 26 02:59:59 1995 to  for Australia/Melbourne for $zoneinfo->local_time - 1'
#   at t/zoneinfo_all.t line 48.
date: ungültiges Datum „Sa Mär 25 16:59:59 GMT 1995“
date: ungültiges Datum „Sa Mär 25 16:00:01 GMT 1995“

#   Failed test 'Matched So Mär 26 02:00:01 1995 to  for Australia/Melbourne for $zoneinfo->local_time + 1'
#   at t/zoneinfo_all.t line 55.
date: ungültiges Datum „Sa Mär 25 16:00:01 GMT 1995“
date: ungültiges Datum „Sa Okt 28 16:00:00 GMT 1995“

#   Failed test 'Matched So Okt 29 03:00:00 1995 to  for Australia/Melbourne for $zoneinfo->local_time'
#   at t/zoneinfo_all.t line 41.
date: ungültiges Datum „Sa Okt 28 16:00:00 GMT 1995“
date: ungültiges Datum „Sa Okt 28 15:59:59 GMT 1995“

#   Failed test 'Matched So Okt 29 01:59:59 1995 to  for Australia/Melbourne for $zoneinfo->local_time - 1'
#   at t/zoneinfo_all.t line 48.
date: ungültiges Datum „Sa Okt 28 15:59:59 GMT 1995“
date: ungültiges Datum „Sa Okt 28 16:00:01 GMT 1995“

#   Failed test 'Matched So Okt 29 03:00:01 1995 to  for Australia/Melbourne for $zoneinfo->local_time + 1'
#   at t/zoneinfo_all.t line 55.
date: ungültiges Datum „Sa Okt 28 16:00:01 GMT 1995“
date: ungültiges Datum „Sa Mär 30 16:00:00 GMT 1996“

#   Failed test 'Matched So Mär 31 02:00:00 1996 to  for Australia/Melbourne for $zoneinfo->local_time'
#   at t/zoneinfo_all.t line 41.
date: ungültiges Datum „Sa Mär 30 16:00:00 GMT 1996“
date: ungültiges Datum „Sa Mär 30 15:59:59 GMT 1996“

#   Failed test 'Matched So Mär 31 02:59:59 1996 to  for Australia/Melbourne for $zoneinfo->local_time - 1'
#   at t/zoneinfo_all.t line 48.
date: ungültiges Datum „Sa Mär 30 16:59:59 GMT 1996“
date: ungültiges Datum „Sa Mär 30 16:00:01 GMT 1996“

#   Failed test 'Matched So Mär 31 02:00:01 1996 to  for Australia/Melbourne for $zoneinfo->local_time + 1'
#   at t/zoneinfo_all.t line 55.
date: ungültiges Datum „Sa Mär 30 16:00:01 GMT 1996“
date: ungültiges Datum „Sa Okt 26 16:00:00 GMT 1996“

#   Failed test 'Matched So Okt 27 03:00:00 1996 to  for Australia/Melbourne for $zoneinfo->local_time'
#   at t/zoneinfo_all.t line 41.
date: ungültiges Datum „Sa Okt 26 16:00:00 GMT 1996“
date: ungültiges Datum „Sa Okt 26 15:59:59 GMT 1996“

#   Failed test 'Matched So Okt 27 01:59:59 1996 to  for Australia/Melbourne for $zoneinfo->local_time - 1'
#   at t/zoneinfo_all.t line 48.
date: ungültiges Datum „Sa Okt 26 15:59:59 GMT 1996“
date: ungültiges Datum „Sa Okt 26 16:00:01 GMT 1996“

#   Failed test 'Matched So Okt 27 03:00:01 1996 to  for Australia/Melbourne for $zoneinfo->local_time + 1'
#   at t/zoneinfo_all.t line 55.
date: ungültiges Datum „Sa Okt 26 16:00:01 GMT 1996“
date: ungültiges Datum „Sa Mär 29 16:00:00 GMT 1997“

#   Failed test 'Matched So Mär 30 02:00:00 1997 to  for Australia/Melbourne for $zoneinfo->local_time'
#   at t/zoneinfo_all.t line 41.
date: ungültiges Datum „Sa Mär 29 16:00:00 GMT 1997“
date: ungültiges Datum „Sa Mär 29 15:59:59 GMT 1997“

#   Failed test 'Matched So Mär 30 02:59:59 1997 to  for Australia/Melbourne for $zoneinfo->local_time - 1'
#   at t/zoneinfo_all.t line 48.
date: ungültiges Datum „Sa Mär 29 16:59:59 GMT 1997“
date: ungültiges Datum „Sa Mär 29 16:00:01 GMT 1997“

#   Failed test 'Matched So Mär 30 02:00:01 1997 to  for Australia/Melbourne for $zoneinfo->local_time + 1'
#   at t/zoneinfo_all.t line 55.
date: ungültiges Datum „Sa Mär 29 16:00:01 GMT 1997“
date: ungültiges Datum „Sa Okt 25 16:00:00 GMT 1997“

#   Failed test 'Matched So Okt 26 03:00:00 1997 to  for Australia/Melbourne for $zoneinfo->local_time'
#   at t/zoneinfo_all.t line 41.
date: ungültiges Datum „Sa Okt 25 16:00:00 GMT 1997“
date: ungültiges Datum „Sa Okt 25 15:59:59 GMT 1997“

#   Failed test 'Matched So Okt 26 01:59:59 1997 to  for Australia/Melbourne for $zoneinfo->local_time - 1'
#   at t/zoneinfo_all.t line 48.
date: ungültiges Datum „Sa Okt 25 15:59:59 GMT 1997“
date: ungültiges Datum „Sa Okt 25 16:00:01 GMT 1997“

#   Failed test 'Matched So Okt 26 03:00:01 1997 to  for Australia/Melbourne for $zoneinfo->local_time + 1'
#   at t/zoneinfo_all.t line 55.
date: ungültiges Datum „Sa Okt 25 16:00:01 GMT 1997“
date: ungültiges Datum „Sa Mär 28 16:00:00 GMT 1998“

#   Failed test 'Matched So Mär 29 02:00:00 1998 to  for Australia/Melbourne for $zoneinfo->local_time'
#   at t/zoneinfo_all.t line 41.
date: ungültiges Datum „Sa Mär 28 16:00:00 GMT 1998“
date: ungültiges Datum „Sa Mär 28 15:59:59 GMT 1998“

#   Failed test 'Matched So Mär 29 02:59:59 1998 to  for Australia/Melbourne for $zoneinfo->local_time - 1'
#   at t/zoneinfo_all.t line 48.
date: ungültiges Datum „Sa Mär 28 16:59:59 GMT 1998“
date: ungültiges Datum „Sa Mär 28 16:00:01 GMT 1998“

#   Failed test 'Matched So Mär 29 02:00:01 1998 to  for Australia/Melbourne for $zoneinfo->local_time + 1'
#   at t/zoneinfo_all.t line 55.
date: ungültiges Datum „Sa Mär 28 16:00:01 GMT 1998“
date: ungültiges Datum „Sa Okt 24 16:00:00 GMT 1998“

#   Failed test 'Matched So Okt 25 03:00:00 1998 to  for Australia/Melbourne for $zoneinfo->local_time'
#   at t/zoneinfo_all.t line 41.
date: ungültiges Datum „Sa Okt 24 16:00:00 GMT 1998“
date: ungültiges Datum „Sa Okt 24 15:59:59 GMT 1998“

#   Failed test 'Matched So Okt 25 01:59:59 1998 to  for Australia/Melbourne for $zoneinfo->local_time - 1'
#   at t/zoneinfo_all.t line 48.
date: ungültiges Datum „Sa Okt 24 15:59:59 GMT 1998“
date: ungültiges Datum „Sa Okt 24 16:00:01 GMT 1998“

#   Failed test 'Matched So Okt 25 03:00:01 1998 to  for Australia/Melbourne for $zoneinfo->local_time + 1'
#   at t/zoneinfo_all.t line 55.
date: ungültiges Datum „Sa Okt 24 16:00:01 GMT 1998“
date: ungültiges Datum „Sa Mär 27 16:00:00 GMT 1999“

#   Failed test 'Matched So Mär 28 02:00:00 1999 to  for Australia/Melbourne for $zoneinfo->local_time'
#   at t/zoneinfo_all.t line 41.
date: ungültiges Datum „Sa Mär 27 16:00:00 GMT 1999“
date: ungültiges Datum „Sa Mär 27 15:59:59 GMT 1999“

#   Failed test 'Matched So Mär 28 02:59:59 1999 to  for Australia/Melbourne for $zoneinfo->local_time - 1'
#   at t/zoneinfo_all.t line 48.
date: ungültiges Datum „Sa Mär 27 16:59:59 GMT 1999“
date: ungültiges Datum „Sa Mär 27 16:00:01 GMT 1999“

#   Failed test 'Matched So Mär 28 02:00:01 1999 to  for Australia/Melbourne for $zoneinfo->local_time + 1'
#   at t/zoneinfo_all.t line 55.
date: ungültiges Datum „Sa Mär 27 16:00:01 GMT 1999“
date: ungültiges Datum „Sa Okt 30 16:00:00 GMT 1999“

#   Failed test 'Matched So Okt 31 03:00:00 1999 to  for Australia/Melbourne for $zoneinfo->local_time'
#   at t/zoneinfo_all.t line 41.
date: ungültiges Datum „Sa Okt 30 16:00:00 GMT 1999“
date: ungültiges Datum „Sa Okt 30 15:59:59 GMT 1999“

#   Failed test 'Matched So Okt 31 01:59:59 1999 to  for Australia/Melbourne for $zoneinfo->local_time - 1'
#   at t/zoneinfo_all.t line 48.
date: ungültiges Datum „Sa Okt 30 15:59:59 GMT 1999“
date: ungültiges Datum „Sa Okt 30 16:00:01 GMT 1999“

#   Failed test 'Matched So Okt 31 03:00:01 1999 to  for Australia/Melbourne for $zoneinfo->local_time + 1'
#   at t/zoneinfo_all.t line 55.
date: ungültiges Datum „Sa Okt 30 16:00:01 GMT 1999“
date: ungültiges Datum „Sa Mär 25 16:00:00 GMT 2000“

#   Failed test 'Matched So Mär 26 02:00:00 2000 to  for Australia/Melbourne for $zoneinfo->local_time'
#   at t/zoneinfo_all.t line 41.
date: ungültiges Datum „Sa Mär 25 16:00:00 GMT 2000“
date: ungültiges Datum „Sa Mär 25 15:59:59 GMT 2000“

#   Failed test 'Matched So Mär 26 02:59:59 2000 to  for Australia/Melbourne for $zoneinfo->local_time - 1'
#   at t/zoneinfo_all.t line 48.
date: ungültiges Datum „Sa Mär 25 16:59:59 GMT 2000“
date: ungültiges Datum „Sa Mär 25 16:00:01 GMT 2000“

#   Failed test 'Matched So Mär 26 02:00:01 2000 to  for Australia/Melbourne for $zoneinfo->local_time + 1'
#   at t/zoneinfo_all.t line 55.
date: ungültiges Datum „Sa Mär 25 16:00:01 GMT 2000“
date: ungültiges Datum „Sa Aug 26 16:00:00 GMT 2000“

#   Failed test 'Matched So Aug 27 03:00:00 2000 to  for Australia/Melbourne for $zoneinfo->local_time'
#   at t/zoneinfo_all.t line 41.
date: ungültiges Datum „Sa Aug 26 16:00:00 GMT 2000“
date: ungültiges Datum „Sa Aug 26 15:59:59 GMT 2000“

#   Failed test 'Matched So Aug 27 01:59:59 2000 to  for Australia/Melbourne for $zoneinfo->local_time - 1'
#   at t/zoneinfo_all.t line 48.
date: ungültiges Datum „Sa Aug 26 15:59:59 GMT 2000“
date: ungültiges Datum „Sa Aug 26 16:00:01 GMT 2000“

#   Failed test 'Matched So Aug 27 03:00:01 2000 to  for Australia/Melbourne for $zoneinfo->local_time + 1'
#   at t/zoneinfo_all.t line 55.
date: ungültiges Datum „Sa Aug 26 16:00:01 GMT 2000“
date: ungültiges Datum „Sa Mär 24 16:00:00 GMT 2001“

#   Failed test 'Matched So Mär 25 02:00:00 2001 to  for Australia/Melbourne for $zoneinfo->local_time'
#   at t/zoneinfo_all.t line 41.
date: ungültiges Datum „Sa Mär 24 16:00:00 GMT 2001“
date: ungültiges Datum „Sa Mär 24 15:59:59 GMT 2001“

#   Failed test 'Matched So Mär 25 02:59:59 2001 to  for Australia/Melbourne for $zoneinfo->local_time - 1'
#   at t/zoneinfo_all.t line 48.
date: ungültiges Datum „Sa Mär 24 16:59:59 GMT 2001“
date: ungültiges Datum „Sa Mär 24 16:00:01 GMT 2001“

#   Failed test 'Matched So Mär 25 02:00:01 2001 to  for Australia/Melbourne for $zoneinfo->local_time + 1'
#   at t/zoneinfo_all.t line 55.
date: ungültiges Datum „Sa Mär 24 16:00:01 GMT 2001“
date: ungültiges Datum „Sa Okt 27 16:00:00 GMT 2001“

#   Failed test 'Matched So Okt 28 03:00:00 2001 to  for Australia/Melbourne for $zoneinfo->local_time'
#   at t/zoneinfo_all.t line 41.
date: ungültiges Datum „Sa Okt 27 16:00:00 GMT 2001“
date: ungültiges Datum „Sa Okt 27 15:59:59 GMT 2001“

#   Failed test 'Matched So Okt 28 01:59:59 2001 to  for Australia/Melbourne for $zoneinfo->local_time - 1'
#   at t/zoneinfo_all.t line 48.
date: ungültiges Datum „Sa Okt 27 15:59:59 GMT 2001“
date: ungültiges Datum „Sa Okt 27 16:00:01 GMT 2001“

#   Failed test 'Matched So Okt 28 03:00:01 2001 to  for Australia/Melbourne for $zoneinfo->local_time + 1'
#   at t/zoneinfo_all.t line 55.
date: ungültiges Datum „Sa Okt 27 16:00:01 GMT 2001“
date: ungültiges Datum „Sa Mär 30 16:00:00 GMT 2002“

#   Failed test 'Matched So Mär 31 02:00:00 2002 to  for Australia/Melbourne for $zoneinfo->local_time'
#   at t/zoneinfo_all.t line 41.
date: ungültiges Datum „Sa Mär 30 16:00:00 GMT 2002“
date: ungültiges Datum „Sa Mär 30 15:59:59 GMT 2002“

#   Failed test 'Matched So Mär 31 02:59:59 2002 to  for Australia/Melbourne for $zoneinfo->local_time - 1'
#   at t/zoneinfo_all.t line 48.
date: ungültiges Datum „Sa Mär 30 16:59:59 GMT 2002“
date: ungültiges Datum „Sa Mär 30 16:00:01 GMT 2002“

#   Failed test 'Matched So Mär 31 02:00:01 2002 to  for Australia/Melbourne for $zoneinfo->local_time + 1'
#   at t/zoneinfo_all.t line 55.
date: ungültiges Datum „Sa Mär 30 16:00:01 GMT 2002“
date: ungültiges Datum „Sa Okt 26 16:00:00 GMT 2002“

#   Failed test 'Matched So Okt 27 03:00:00 2002 to  for Australia/Melbourne for $zoneinfo->local_time'
#   at t/zoneinfo_all.t line 41.
date: ungültiges Datum „Sa Okt 26 16:00:00 GMT 2002“
date: ungültiges Datum „Sa Okt 26 15:59:59 GMT 2002“

#   Failed test 'Matched So Okt 27 01:59:59 2002 to  for Australia/Melbourne for $zoneinfo->local_time - 1'
#   at t/zoneinfo_all.t line 48.
date: ungültiges Datum „Sa Okt 26 15:59:59 GMT 2002“
date: ungültiges Datum „Sa Okt 26 16:00:01 GMT 2002“

#   Failed test 'Matched So Okt 27 03:00:01 2002 to  for Australia/Melbourne for $zoneinfo->local_time + 1'
#   at t/zoneinfo_all.t line 55.
date: ungültiges Datum „Sa Okt 26 16:00:01 GMT 2002“
date: ungültiges Datum „Sa Mär 29 16:00:00 GMT 2003“

#   Failed test 'Matched So Mär 30 02:00:00 2003 to  for Australia/Melbourne for $zoneinfo->local_time'
#   at t/zoneinfo_all.t line 41.
date: ungültiges Datum „Sa Mär 29 16:00:00 GMT 2003“
date: ungültiges Datum „Sa Mär 29 15:59:59 GMT 2003“

#   Failed test 'Matched So Mär 30 02:59:59 2003 to  for Australia/Melbourne for $zoneinfo->local_time - 1'
#   at t/zoneinfo_all.t line 48.
date: ungültiges Datum „Sa Mär 29 16:59:59 GMT 2003“
date: ungültiges Datum „Sa Mär 29 16:00:01 GMT 2003“

#   Failed test 'Matched So Mär 30 02:00:01 2003 to  for Australia/Melbourne for $zoneinfo->local_time + 1'
#   at t/zoneinfo_all.t line 55.
date: ungültiges Datum „Sa Mär 29 16:00:01 GMT 2003“
date: ungültiges Datum „Sa Okt 25 16:00:00 GMT 2003“

#   Failed test 'Matched So Okt 26 03:00:00 2003 to  for Australia/Melbourne for $zoneinfo->local_time'
#   at t/zoneinfo_all.t line 41.
date: ungültiges Datum „Sa Okt 25 16:00:00 GMT 2003“
date: ungültiges Datum „Sa Okt 25 15:59:59 GMT 2003“

#   Failed test 'Matched So Okt 26 01:59:59 2003 to  for Australia/Melbourne for $zoneinfo->local_time - 1'
#   at t/zoneinfo_all.t line 48.
date: ungültiges Datum „Sa Okt 25 15:59:59 GMT 2003“
date: ungültiges Datum „Sa Okt 25 16:00:01 GMT 2003“

#   Failed test 'Matched So Okt 26 03:00:01 2003 to  for Australia/Melbourne for $zoneinfo->local_time + 1'
#   at t/zoneinfo_all.t line 55.
date: ungültiges Datum „Sa Okt 25 16:00:01 GMT 2003“
date: ungültiges Datum „Sa Mär 27 16:00:00 GMT 2004“

#   Failed test 'Matched So Mär 28 02:00:00 2004 to  for Australia/Melbourne for $zoneinfo->local_time'
#   at t/zoneinfo_all.t line 41.
date: ungültiges Datum „Sa Mär 27 16:00:00 GMT 2004“
date: ungültiges Datum „Sa Mär 27 15:59:59 GMT 2004“

#   Failed test 'Matched So Mär 28 02:59:59 2004 to  for Australia/Melbourne for $zoneinfo->local_time - 1'
#   at t/zoneinfo_all.t line 48.
date: ungültiges Datum „Sa Mär 27 16:59:59 GMT 2004“
date: ungültiges Datum „Sa Mär 27 16:00:01 GMT 2004“

#   Failed test 'Matched So Mär 28 02:00:01 2004 to  for Australia/Melbourne for $zoneinfo->local_time + 1'
#   at t/zoneinfo_all.t line 55.
date: ungültiges Datum „Sa Mär 27 16:00:01 GMT 2004“
date: ungültiges Datum „Sa Okt 30 16:00:00 GMT 2004“

#   Failed test 'Matched So Okt 31 03:00:00 2004 to  for Australia/Melbourne for $zoneinfo->local_time'
#   at t/zoneinfo_all.t line 41.
date: ungültiges Datum „Sa Okt 30 16:00:00 GMT 2004“
date: ungültiges Datum „Sa Okt 30 15:59:59 GMT 2004“

#   Failed test 'Matched So Okt 31 01:59:59 2004 to  for Australia/Melbourne for $zoneinfo->local_time - 1'
#   at t/zoneinfo_all.t line 48.
date: ungültiges Datum „Sa Okt 30 15:59:59 GMT 2004“
date: ungültiges Datum „Sa Okt 30 16:00:01 GMT 2004“

#   Failed test 'Matched So Okt 31 03:00:01 2004 to  for Australia/Melbourne for $zoneinfo->local_time + 1'
#   at t/zoneinfo_all.t line 55.
date: ungültiges Datum „Sa Okt 30 16:00:01 GMT 2004“
date: ungültiges Datum „Sa Mär 26 16:00:00 GMT 2005“

#   Failed test 'Matched So Mär 27 02:00:00 2005 to  for Australia/Melbourne for $zoneinfo->local_time'
#   at t/zoneinfo_all.t line 41.
date: ungültiges Datum „Sa Mär 26 16:00:00 GMT 2005“
date: ungültiges Datum „Sa Mär 26 15:59:59 GMT 2005“

#   Failed test 'Matched So Mär 27 02:59:59 2005 to  for Australia/Melbourne for $zoneinfo->local_time - 1'
#   at t/zoneinfo_all.t line 48.
date: ungültiges Datum „Sa Mär 26 16:59:59 GMT 2005“
date: ungültiges Datum „Sa Mär 26 16:00:01 GMT 2005“

#   Failed test 'Matched So Mär 27 02:00:01 2005 to  for Australia/Melbourne for $zoneinfo->local_time + 1'
#   at t/zoneinfo_all.t line 55.
date: ungültiges Datum „Sa Mär 26 16:00:01 GMT 2005“
date: ungültiges Datum „Sa Okt 29 16:00:00 GMT 2005“

#   Failed test 'Matched So Okt 30 03:00:00 2005 to  for Australia/Melbourne for $zoneinfo->local_time'
#   at t/zoneinfo_all.t line 41.
date: ungültiges Datum „Sa Okt 29 16:00:00 GMT 2005“
date: ungültiges Datum „Sa Okt 29 15:59:59 GMT 2005“

#   Failed test 'Matched So Okt 30 01:59:59 2005 to  for Australia/Melbourne for $zoneinfo->local_time - 1'
#   at t/zoneinfo_all.t line 48.
date: ungültiges Datum „Sa Okt 29 15:59:59 GMT 2005“
date: ungültiges Datum „Sa Okt 29 16:00:01 GMT 2005“

#   Failed test 'Matched So Okt 30 03:00:01 2005 to  for Australia/Melbourne for $zoneinfo->local_time + 1'
#   at t/zoneinfo_all.t line 55.
date: ungültiges Datum „Sa Okt 29 16:00:01 GMT 2005“
date: ungültiges Datum „Sa Apr  1 16:00:00 GMT 2006“

#   Failed test 'Matched So Apr  2 02:00:00 2006 to  for Australia/Melbourne for $zoneinfo->local_time'
#   at t/zoneinfo_all.t line 41.
date: ungültiges Datum „Sa Apr  1 16:00:00 GMT 2006“
date: ungültiges Datum „Sa Apr  1 15:59:59 GMT 2006“

#   Failed test 'Matched So Apr  2 02:59:59 2006 to  for Australia/Melbourne for $zoneinfo->local_time - 1'
#   at t/zoneinfo_all.t line 48.
date: ungültiges Datum „Sa Apr  1 16:59:59 GMT 2006“
date: ungültiges Datum „Sa Apr  1 16:00:01 GMT 2006“

#   Failed test 'Matched So Apr  2 02:00:01 2006 to  for Australia/Melbourne for $zoneinfo->local_time + 1'
#   at t/zoneinfo_all.t line 55.
date: ungültiges Datum „Sa Apr  1 16:00:01 GMT 2006“
date: ungültiges Datum „Sa Okt 28 16:00:00 GMT 2006“

#   Failed test 'Matched So Okt 29 03:00:00 2006 to  for Australia/Melbourne for $zoneinfo->local_time'
#   at t/zoneinfo_all.t line 41.
date: ungültiges Datum „Sa Okt 28 16:00:00 GMT 2006“
date: ungültiges Datum „Sa Okt 28 15:59:59 GMT 2006“

#   Failed test 'Matched So Okt 29 01:59:59 2006 to  for Australia/Melbourne for $zoneinfo->local_time - 1'
#   at t/zoneinfo_all.t line 48.
date: ungültiges Datum „Sa Okt 28 15:59:59 GMT 2006“
date: ungültiges Datum „Sa Okt 28 16:00:01 GMT 2006“

#   Failed test 'Matched So Okt 29 03:00:01 2006 to  for Australia/Melbourne for $zoneinfo->local_time + 1'
#   at t/zoneinfo_all.t line 55.
date: ungültiges Datum „Sa Okt 28 16:00:01 GMT 2006“
date: ungültiges Datum „Sa Mär 24 16:00:00 GMT 2007“

#   Failed test 'Matched So Mär 25 02:00:00 2007 to  for Australia/Melbourne for $zoneinfo->local_time'
#   at t/zoneinfo_all.t line 41.
date: ungültiges Datum „Sa Mär 24 16:00:00 GMT 2007“
date: ungültiges Datum „Sa Mär 24 15:59:59 GMT 2007“

#   Failed test 'Matched So Mär 25 02:59:59 2007 to  for Australia/Melbourne for $zoneinfo->local_time - 1'
#   at t/zoneinfo_all.t line 48.
date: ungültiges Datum „Sa Mär 24 16:59:59 GMT 2007“
date: ungültiges Datum „Sa Mär 24 16:00:01 GMT 2007“

#   Failed test 'Matched So Mär 25 02:00:01 2007 to  for Australia/Melbourne for $zoneinfo->local_time + 1'
#   at t/zoneinfo_all.t line 55.
date: ungültiges Datum „Sa Mär 24 16:00:01 GMT 2007“
date: ungültiges Datum „Sa Okt 27 16:00:00 GMT 2007“

#   Failed test 'Matched So Okt 28 03:00:00 2007 to  for Australia/Melbourne for $zoneinfo->local_time'
#   at t/zoneinfo_all.t line 41.
date: ungültiges Datum „Sa Okt 27 16:00:00 GMT 2007“
date: ungültiges Datum „Sa Okt 27 15:59:59 GMT 2007“

#   Failed test 'Matched So Okt 28 01:59:59 2007 to  for Australia/Melbourne for $zoneinfo->local_time - 1'
#   at t/zoneinfo_all.t line 48.
date: ungültiges Datum „Sa Okt 27 15:59:59 GMT 2007“
date: ungültiges Datum „Sa Okt 27 16:00:01 GMT 2007“

#   Failed test 'Matched So Okt 28 03:00:01 2007 to  for Australia/Melbourne for $zoneinfo->local_time + 1'
#   at t/zoneinfo_all.t line 55.
date: ungültiges Datum „Sa Okt 27 16:00:01 GMT 2007“
date: ungültiges Datum „Sa Apr  5 16:00:00 GMT 2008“

#   Failed test 'Matched So Apr  6 02:00:00 2008 to  for Australia/Melbourne for $zoneinfo->local_time'
#   at t/zoneinfo_all.t line 41.
date: ungültiges Datum „Sa Apr  5 16:00:00 GMT 2008“
date: ungültiges Datum „Sa Apr  5 15:59:59 GMT 2008“

#   Failed test 'Matched So Apr  6 02:59:59 2008 to  for Australia/Melbourne for $zoneinfo->local_time - 1'
#   at t/zoneinfo_all.t line 48.
date: ungültiges Datum „Sa Apr  5 16:59:59 GMT 2008“
date: ungültiges Datum „Sa Apr  5 16:00:01 GMT 2008“

#   Failed test 'Matched So Apr  6 02:00:01 2008 to  for Australia/Melbourne for $zoneinfo->local_time + 1'
#   at t/zoneinfo_all.t line 55.
date: ungültiges Datum „Sa Apr  5 16:00:01 GMT 2008“
date: ungültiges Datum „Sa Okt  4 16:00:00 GMT 2008“

#   Failed test 'Matched So Okt  5 03:00:00 2008 to  for Australia/Melbourne for $zoneinfo->local_time'
#   at t/zoneinfo_all.t line 41.
date: ungültiges Datum „Sa Okt  4 16:00:00 GMT 2008“
date: ungültiges Datum „Sa Okt  4 15:59:59 GMT 2008“

#   Failed test 'Matched So Okt  5 01:59:59 2008 to  for Australia/Melbourne for $zoneinfo->local_time - 1'
#   at t/zoneinfo_all.t line 48.
date: ungültiges Datum „Sa Okt  4 15:59:59 GMT 2008“
date: ungültiges Datum „Sa Okt  4 16:00:01 GMT 2008“

#   Failed test 'Matched So Okt  5 03:00:01 2008 to  for Australia/Melbourne for $zoneinfo->local_time + 1'
#   at t/zoneinfo_all.t line 55.
date: ungültiges Datum „Sa Okt  4 16:00:01 GMT 2008“
date: ungültiges Datum „Sa Apr  4 16:00:00 GMT 2009“

#   Failed test 'Matched So Apr  5 02:00:00 2009 to  for Australia/Melbourne for $zoneinfo->local_time'
#   at t/zoneinfo_all.t line 41.
date: ungültiges Datum „Sa Apr  4 16:00:00 GMT 2009“
date: ungültiges Datum „Sa Apr  4 15:59:59 GMT 2009“

#   Failed test 'Matched So Apr  5 02:59:59 2009 to  for Australia/Melbourne for $zoneinfo->local_time - 1'
#   at t/zoneinfo_all.t line 48.
date: ungültiges Datum „Sa Apr  4 16:59:59 GMT 2009“
date: ungültiges Datum „Sa Apr  4 16:00:01 GMT 2009“

#   Failed test 'Matched So Apr  5 02:00:01 2009 to  for Australia/Melbourne for $zoneinfo->local_time + 1'
#   at t/zoneinfo_all.t line 55.
date: ungültiges Datum „Sa Apr  4 16:00:01 GMT 2009“
date: ungültiges Datum „Sa Okt  3 16:00:00 GMT 2009“

#   Failed test 'Matched So Okt  4 03:00:00 2009 to  for Australia/Melbourne for $zoneinfo->local_time'
#   at t/zoneinfo_all.t line 41.
date: ungültiges Datum „Sa Okt  3 16:00:00 GMT 2009“
date: ungültiges Datum „Sa Okt  3 15:59:59 GMT 2009“

#   Failed test 'Matched So Okt  4 01:59:59 2009 to  for Australia/Melbourne for $zoneinfo->local_time - 1'
#   at t/zoneinfo_all.t line 48.
date: ungültiges Datum „Sa Okt  3 15:59:59 GMT 2009“
date: ungültiges Datum „Sa Okt  3 16:00:01 GMT 2009“

#   Failed test 'Matched So Okt  4 03:00:01 2009 to  for Australia/Melbourne for $zoneinfo->local_time + 1'
#   at t/zoneinfo_all.t line 55.
date: ungültiges Datum „Sa Okt  3 16:00:01 GMT 2009“
date: ungültiges Datum „Sa Apr  3 16:00:00 GMT 2010“

#   Failed test 'Matched So Apr  4 02:00:00 2010 to  for Australia/Melbourne for $zoneinfo->local_time'
#   at t/zoneinfo_all.t line 41.
date: ungültiges Datum „Sa Apr  3 16:00:00 GMT 2010“
date: ungültiges Datum „Sa Apr  3 15:59:59 GMT 2010“

#   Failed test 'Matched So Apr  4 02:59:59 2010 to  for Australia/Melbourne for $zoneinfo->local_time - 1'
#   at t/zoneinfo_all.t line 48.
date: ungültiges Datum „Sa Apr  3 16:59:59 GMT 2010“
date: ungültiges Datum „Sa Apr  3 16:00:01 GMT 2010“

#   Failed test 'Matched So Apr  4 02:00:01 2010 to  for Australia/Melbourne for $zoneinfo->local_time + 1'
#   at t/zoneinfo_all.t line 55.
date: ungültiges Datum „Sa Apr  3 16:00:01 GMT 2010“
date: ungültiges Datum „Sa Okt  2 16:00:00 GMT 2010“

#   Failed test 'Matched So Okt  3 03:00:00 2010 to  for Australia/Melbourne for $zoneinfo->local_time'
#   at t/zoneinfo_all.t line 41.
date: ungültiges Datum „Sa Okt  2 16:00:00 GMT 2010“
date: ungültiges Datum „Sa Okt  2 15:59:59 GMT 2010“

#   Failed test 'Matched So Okt  3 01:59:59 2010 to  for Australia/Melbourne for $zoneinfo->local_time - 1'
#   at t/zoneinfo_all.t line 48.
date: ungültiges Datum „Sa Okt  2 15:59:59 GMT 2010“
date: ungültiges Datum „Sa Okt  2 16:00:01 GMT 2010“

#   Failed test 'Matched So Okt  3 03:00:01 2010 to  for Australia/Melbourne for $zoneinfo->local_time + 1'
#   at t/zoneinfo_all.t line 55.
date: ungültiges Datum „Sa Okt  2 16:00:01 GMT 2010“
date: ungültiges Datum „Sa Apr  2 16:00:00 GMT 2011“

#   Failed test 'Matched So Apr  3 02:00:00 2011 to  for Australia/Melbourne for $zoneinfo->local_time'
#   at t/zoneinfo_all.t line 41.
date: ungültiges Datum „Sa Apr  2 16:00:00 GMT 2011“
date: ungültiges Datum „Sa Apr  2 15:59:59 GMT 2011“

#   Failed test 'Matched So Apr  3 02:59:59 2011 to  for Australia/Melbourne for $zoneinfo->local_time - 1'
#   at t/zoneinfo_all.t line 48.
date: ungültiges Datum „Sa Apr  2 16:59:59 GMT 2011“
date: ungültiges Datum „Sa Apr  2 16:00:01 GMT 2011“

#   Failed test 'Matched So Apr  3 02:00:01 2011 to  for Australia/Melbourne for $zoneinfo->local_time + 1'
#   at t/zoneinfo_all.t line 55.
date: ungültiges Datum „Sa Apr  2 16:00:01 GMT 2011“
date: ungültiges Datum „Sa Okt  1 16:00:00 GMT 2011“

#   Failed test 'Matched So Okt  2 03:00:00 2011 to  for Australia/Melbourne for $zoneinfo->local_time'
#   at t/zoneinfo_all.t line 41.
date: ungültiges Datum „Sa Okt  1 16:00:00 GMT 2011“
date: ungültiges Datum „Sa Okt  1 15:59:59 GMT 2011“

#   Failed test 'Matched So Okt  2 01:59:59 2011 to  for Australia/Melbourne for $zoneinfo->local_time - 1'
#   at t/zoneinfo_all.t line 48.
date: ungültiges Datum „Sa Okt  1 15:59:59 GMT 2011“
date: ungültiges Datum „Sa Okt  1 16:00:01 GMT 2011“

#   Failed test 'Matched So Okt  2 03:00:01 2011 to  for Australia/Melbourne for $zoneinfo->local_time + 1'
#   at t/zoneinfo_all.t line 55.
date: ungültiges Datum „Sa Okt  1 16:00:01 GMT 2011“
date: ungültiges Datum „Sa Mär 31 16:00:00 GMT 2012“

#   Failed test 'Matched So Apr  1 02:00:00 2012 to  for Australia/Melbourne for $zoneinfo->local_time'
#   at t/zoneinfo_all.t line 41.
date: ungültiges Datum „Sa Mär 31 16:00:00 GMT 2012“
date: ungültiges Datum „Sa Mär 31 15:59:59 GMT 2012“

#   Failed test 'Matched So Apr  1 02:59:59 2012 to  for Australia/Melbourne for $zoneinfo->local_time - 1'
#   at t/zoneinfo_all.t line 48.
date: ungültiges Datum „Sa Mär 31 16:59:59 GMT 2012“
date: ungültiges Datum „Sa Mär 31 16:00:01 GMT 2012“

#   Failed test 'Matched So Apr  1 02:00:01 2012 to  for Australia/Melbourne for $zoneinfo->local_time + 1'
#   at t/zoneinfo_all.t line 55.
date: ungültiges Datum „Sa Mär 31 16:00:01 GMT 2012“
date: ungültiges Datum „Sa Okt  6 16:00:00 GMT 2012“

#   Failed test 'Matched So Okt  7 03:00:00 2012 to  for Australia/Melbourne for $zoneinfo->local_time'
#   at t/zoneinfo_all.t line 41.
date: ungültiges Datum „Sa Okt  6 16:00:00 GMT 2012“
date: ungültiges Datum „Sa Okt  6 15:59:59 GMT 2012“

#   Failed test 'Matched So Okt  7 01:59:59 2012 to  for Australia/Melbourne for $zoneinfo->local_time - 1'
#   at t/zoneinfo_all.t line 48.
date: ungültiges Datum „Sa Okt  6 15:59:59 GMT 2012“
date: ungültiges Datum „Sa Okt  6 16:00:01 GMT 2012“

#   Failed test 'Matched So Okt  7 03:00:01 2012 to  for Australia/Melbourne for $zoneinfo->local_time + 1'
#   at t/zoneinfo_all.t line 55.
date: ungültiges Datum „Sa Okt  6 16:00:01 GMT 2012“
date: ungültiges Datum „Sa Apr  6 16:00:00 GMT 2013“

#   Failed test 'Matched So Apr  7 02:00:00 2013 to  for Australia/Melbourne for $zoneinfo->local_time'
#   at t/zoneinfo_all.t line 41.
date: ungültiges Datum „Sa Apr  6 16:00:00 GMT 2013“
date: ungültiges Datum „Sa Apr  6 15:59:59 GMT 2013“

#   Failed test 'Matched So Apr  7 02:59:59 2013 to  for Australia/Melbourne for $zoneinfo->local_time - 1'
#   at t/zoneinfo_all.t line 48.
date: ungültiges Datum „Sa Apr  6 16:59:59 GMT 2013“
date: ungültiges Datum „Sa Apr  6 16:00:01 GMT 2013“

#   Failed test 'Matched So Apr  7 02:00:01 2013 to  for Australia/Melbourne for $zoneinfo->local_time + 1'
#   at t/zoneinfo_all.t line 55.
date: ungültiges Datum „Sa Apr  6 16:00:01 GMT 2013“
date: ungültiges Datum „Sa Okt  5 16:00:00 GMT 2013“

#   Failed test 'Matched So Okt  6 03:00:00 2013 to  for Australia/Melbourne for $zoneinfo->local_time'
#   at t/zoneinfo_all.t line 41.
date: ungültiges Datum „Sa Okt  5 16:00:00 GMT 2013“
date: ungültiges Datum „Sa Okt  5 15:59:59 GMT 2013“

#   Failed test 'Matched So Okt  6 01:59:59 2013 to  for Australia/Melbourne for $zoneinfo->local_time - 1'
#   at t/zoneinfo_all.t line 48.
date: ungültiges Datum „Sa Okt  5 15:59:59 GMT 2013“
date: ungültiges Datum „Sa Okt  5 16:00:01 GMT 2013“

#   Failed test 'Matched So Okt  6 03:00:01 2013 to  for Australia/Melbourne for $zoneinfo->local_time + 1'
#   at t/zoneinfo_all.t line 55.
date: ungültiges Datum „Sa Okt  5 16:00:01 GMT 2013“
date: ungültiges Datum „Sa Apr  5 16:00:00 GMT 2014“

#   Failed test 'Matched So Apr  6 02:00:00 2014 to  for Australia/Melbourne for $zoneinfo->local_time'
#   at t/zoneinfo_all.t line 41.
date: ungültiges Datum „Sa Apr  5 16:00:00 GMT 2014“
date: ungültiges Datum „Sa Apr  5 15:59:59 GMT 2014“

#   Failed test 'Matched So Apr  6 02:59:59 2014 to  for Australia/Melbourne for $zoneinfo->local_time - 1'
#   at t/zoneinfo_all.t line 48.
date: ungültiges Datum „Sa Apr  5 16:59:59 GMT 2014“
date: ungültiges Datum „Sa Apr  5 16:00:01 GMT 2014“

#   Failed test 'Matched So Apr  6 02:00:01 2014 to  for Australia/Melbourne for $zoneinfo->local_time + 1'
#   at t/zoneinfo_all.t line 55.
date: ungültiges Datum „Sa Apr  5 16:00:01 GMT 2014“
date: ungültiges Datum „Sa Okt  4 16:00:00 GMT 2014“

#   Failed test 'Matched So Okt  5 03:00:00 2014 to  for Australia/Melbourne for $zoneinfo->local_time'
#   at t/zoneinfo_all.t line 41.
date: ungültiges Datum „Sa Okt  4 16:00:00 GMT 2014“
date: ungültiges Datum „Sa Okt  4 15:59:59 GMT 2014“

#   Failed test 'Matched So Okt  5 01:59:59 2014 to  for Australia/Melbourne for $zoneinfo->local_time - 1'
#   at t/zoneinfo_all.t line 48.
date: ungültiges Datum „Sa Okt  4 15:59:59 GMT 2014“
date: ungültiges Datum „Sa Okt  4 16:00:01 GMT 2014“

#   Failed test 'Matched So Okt  5 03:00:01 2014 to  for Australia/Melbourne for $zoneinfo->local_time + 1'
#   at t/zoneinfo_all.t line 55.
date: ungültiges Datum „Sa Okt  4 16:00:01 GMT 2014“
date: ungültiges Datum „Sa Apr  4 16:00:00 GMT 2015“

#   Failed test 'Matched So Apr  5 02:00:00 2015 to  for Australia/Melbourne for $zoneinfo->local_time'
#   at t/zoneinfo_all.t line 41.
date: ungültiges Datum „Sa Apr  4 16:00:00 GMT 2015“
date: ungültiges Datum „Sa Apr  4 15:59:59 GMT 2015“

#   Failed test 'Matched So Apr  5 02:59:59 2015 to  for Australia/Melbourne for $zoneinfo->local_time - 1'
#   at t/zoneinfo_all.t line 48.
date: ungültiges Datum „Sa Apr  4 16:59:59 GMT 2015“
date: ungültiges Datum „Sa Apr  4 16:00:01 GMT 2015“

#   Failed test 'Matched So Apr  5 02:00:01 2015 to  for Australia/Melbourne for $zoneinfo->local_time + 1'
#   at t/zoneinfo_all.t line 55.
date: ungültiges Datum „Sa Apr  4 16:00:01 GMT 2015“
date: ungültiges Datum „Sa Okt  3 16:00:00 GMT 2015“

#   Failed test 'Matched So Okt  4 03:00:00 2015 to  for Australia/Melbourne for $zoneinfo->local_time'
#   at t/zoneinfo_all.t line 41.
date: ungültiges Datum „Sa Okt  3 16:00:00 GMT 2015“
date: ungültiges Datum „Sa Okt  3 15:59:59 GMT 2015“

#   Failed test 'Matched So Okt  4 01:59:59 2015 to  for Australia/Melbourne for $zoneinfo->local_time - 1'
#   at t/zoneinfo_all.t line 48.
date: ungültiges Datum „Sa Okt  3 15:59:59 GMT 2015“
date: ungültiges Datum „Sa Okt  3 16:00:01 GMT 2015“

#   Failed test 'Matched So Okt  4 03:00:01 2015 to  for Australia/Melbourne for $zoneinfo->local_time + 1'
#   at t/zoneinfo_all.t line 55.
date: ungültiges Datum „Sa Okt  3 16:00:01 GMT 2015“
date: ungültiges Datum „Sa Apr  2 16:00:00 GMT 2016“

#   Failed test 'Matched So Apr  3 02:00:00 2016 to  for Australia/Melbourne for $zoneinfo->local_time'
#   at t/zoneinfo_all.t line 41.
date: ungültiges Datum „Sa Apr  2 16:00:00 GMT 2016“
date: ungültiges Datum „Sa Apr  2 15:59:59 GMT 2016“

#   Failed test 'Matched So Apr  3 02:59:59 2016 to  for Australia/Melbourne for $zoneinfo->local_time - 1'
#   at t/zoneinfo_all.t line 48.
date: ungültiges Datum „Sa Apr  2 16:59:59 GMT 2016“
date: ungültiges Datum „Sa Apr  2 16:00:01 GMT 2016“

#   Failed test 'Matched So Apr  3 02:00:01 2016 to  for Australia/Melbourne for $zoneinfo->local_time + 1'
#   at t/zoneinfo_all.t line 55.
date: ungültiges Datum „Sa Apr  2 16:00:01 GMT 2016“
date: ungültiges Datum „Sa Okt  1 16:00:00 GMT 2016“

#   Failed test 'Matched So Okt  2 03:00:00 2016 to  for Australia/Melbourne for $zoneinfo->local_time'
#   at t/zoneinfo_all.t line 41.
date: ungültiges Datum „Sa Okt  1 16:00:00 GMT 2016“
date: ungültiges Datum „Sa Okt  1 15:59:59 GMT 2016“

#   Failed test 'Matched So Okt  2 01:59:59 2016 to  for Australia/Melbourne for $zoneinfo->local_time - 1'
#   at t/zoneinfo_all.t line 48.
date: ungültiges Datum „Sa Okt  1 15:59:59 GMT 2016“
date: ungültiges Datum „Sa Okt  1 16:00:01 GMT 2016“

#   Failed test 'Matched So Okt  2 03:00:01 2016 to  for Australia/Melbourne for $zoneinfo->local_time + 1'
#   at t/zoneinfo_all.t line 55.
date: ungültiges Datum „Sa Okt  1 16:00:01 GMT 2016“
date: ungültiges Datum „Sa Apr  1 16:00:00 GMT 2017“

#   Failed test 'Matched So Apr  2 02:00:00 2017 to  for Australia/Melbourne for $zoneinfo->local_time'
#   at t/zoneinfo_all.t line 41.
date: ungültiges Datum „Sa Apr  1 16:00:00 GMT 2017“
date: ungültiges Datum „Sa Apr  1 15:59:59 GMT 2017“

#   Failed test 'Matched So Apr  2 02:59:59 2017 to  for Australia/Melbourne for $zoneinfo->local_time - 1'
#   at t/zoneinfo_all.t line 48.
date: ungültiges Datum „Sa Apr  1 16:59:59 GMT 2017“
date: ungültiges Datum „Sa Apr  1 16:00:01 GMT 2017“

#   Failed test 'Matched So Apr  2 02:00:01 2017 to  for Australia/Melbourne for $zoneinfo->local_time + 1'
#   at t/zoneinfo_all.t line 55.
date: ungültiges Datum „Sa Apr  1 16:00:01 GMT 2017“
date: ungültiges Datum „Sa Sep 30 16:00:00 GMT 2017“

#   Failed test 'Matched So Okt  1 03:00:00 2017 to  for Australia/Melbourne for $zoneinfo->local_time'
#   at t/zoneinfo_all.t line 41.
date: ungültiges Datum „Sa Sep 30 16:00:00 GMT 2017“
date: ungültiges Datum „Sa Sep 30 15:59:59 GMT 2017“

#   Failed test 'Matched So Okt  1 01:59:59 2017 to  for Australia/Melbourne for $zoneinfo->local_time - 1'
#   at t/zoneinfo_all.t line 48.
date: ungültiges Datum „Sa Sep 30 15:59:59 GMT 2017“
date: ungültiges Datum „Sa Sep 30 16:00:01 GMT 2017“

#   Failed test 'Matched So Okt  1 03:00:01 2017 to  for Australia/Melbourne for $zoneinfo->local_time + 1'
#   at t/zoneinfo_all.t line 55.
date: ungültiges Datum „Sa Sep 30 16:00:01 GMT 2017“
date: ungültiges Datum „Sa Mär 31 16:00:00 GMT 2018“

#   Failed test 'Matched So Apr  1 02:00:00 2018 to  for Australia/Melbourne for $zoneinfo->local_time'
#   at t/zoneinfo_all.t line 41.
date: ungültiges Datum „Sa Mär 31 16:00:00 GMT 2018“
date: ungültiges Datum „Sa Mär 31 15:59:59 GMT 2018“

#   Failed test 'Matched So Apr  1 02:59:59 2018 to  for Australia/Melbourne for $zoneinfo->local_time - 1'
#   at t/zoneinfo_all.t line 48.
date: ungültiges Datum „Sa Mär 31 16:59:59 GMT 2018“
date: ungültiges Datum „Sa Mär 31 16:00:01 GMT 2018“

#   Failed test 'Matched So Apr  1 02:00:01 2018 to  for Australia/Melbourne for $zoneinfo->local_time + 1'
#   at t/zoneinfo_all.t line 55.
date: ungültiges Datum „Sa Mär 31 16:00:01 GMT 2018“
date: ungültiges Datum „Sa Okt  6 16:00:00 GMT 2018“

#   Failed test 'Matched So Okt  7 03:00:00 2018 to  for Australia/Melbourne for $zoneinfo->local_time'
#   at t/zoneinfo_all.t line 41.
date: ungültiges Datum „Sa Okt  6 16:00:00 GMT 2018“
date: ungültiges Datum „Sa Okt  6 15:59:59 GMT 2018“

#   Failed test 'Matched So Okt  7 01:59:59 2018 to  for Australia/Melbourne for $zoneinfo->local_time - 1'
#   at t/zoneinfo_all.t line 48.
date: ungültiges Datum „Sa Okt  6 15:59:59 GMT 2018“
date: ungültiges Datum „Sa Okt  6 16:00:01 GMT 2018“

#   Failed test 'Matched So Okt  7 03:00:01 2018 to  for Australia/Melbourne for $zoneinfo->local_time + 1'
#   at t/zoneinfo_all.t line 55.
date: ungültiges Datum „Sa Okt  6 16:00:01 GMT 2018“
date: ungültiges Datum „Sa Apr  6 16:00:00 GMT 2019“

#   Failed test 'Matched So Apr  7 02:00:00 2019 to  for Australia/Melbourne for $zoneinfo->local_time'
#   at t/zoneinfo_all.t line 41.
date: ungültiges Datum „Sa Apr  6 16:00:00 GMT 2019“
date: ungültiges Datum „Sa Apr  6 15:59:59 GMT 2019“

#   Failed test 'Matched So Apr  7 02:59:59 2019 to  for Australia/Melbourne for $zoneinfo->local_time - 1'
#   at t/zoneinfo_all.t line 48.
date: ungültiges Datum „Sa Apr  6 16:59:59 GMT 2019“
date: ungültiges Datum „Sa Apr  6 16:00:01 GMT 2019“

#   Failed test 'Matched So Apr  7 02:00:01 2019 to  for Australia/Melbourne for $zoneinfo->local_time + 1'
#   at t/zoneinfo_all.t line 55.
date: ungültiges Datum „Sa Apr  6 16:00:01 GMT 2019“
date: ungültiges Datum „Sa Okt  5 16:00:00 GMT 2019“

#   Failed test 'Matched So Okt  6 03:00:00 2019 to  for Australia/Melbourne for $zoneinfo->local_time'
#   at t/zoneinfo_all.t line 41.
date: ungültiges Datum „Sa Okt  5 16:00:00 GMT 2019“
date: ungültiges Datum „Sa Okt  5 15:59:59 GMT 2019“

#   Failed test 'Matched So Okt  6 01:59:59 2019 to  for Australia/Melbourne for $zoneinfo->local_time - 1'
#   at t/zoneinfo_all.t line 48.
date: ungültiges Datum „Sa Okt  5 15:59:59 GMT 2019“
date: ungültiges Datum „Sa Okt  5 16:00:01 GMT 2019“

#   Failed test 'Matched So Okt  6 03:00:01 2019 to  for Australia/Melbourne for $zoneinfo->local_time + 1'
#   at t/zoneinfo_all.t line 55.
date: ungültiges Datum „Sa Okt  5 16:00:01 GMT 2019“
date: ungültiges Datum „Sa Apr  4 16:00:00 GMT 2020“

#   Failed test 'Matched So Apr  5 02:00:00 2020 to  for Australia/Melbourne for $zoneinfo->local_time'
#   at t/zoneinfo_all.t line 41.
date: ungültiges Datum „Sa Apr  4 16:00:00 GMT 2020“
date: ungültiges Datum „Sa Apr  4 15:59:59 GMT 2020“

#   Failed test 'Matched So Apr  5 02:59:59 2020 to  for Australia/Melbourne for $zoneinfo->local_time - 1'
#   at t/zoneinfo_all.t line 48.
date: ungültiges Datum „Sa Apr  4 16:59:59 GMT 2020“
date: ungültiges Datum „Sa Apr  4 16:00:01 GMT 2020“

#   Failed test 'Matched So Apr  5 02:00:01 2020 to  for Australia/Melbourne for $zoneinfo->local_time + 1'
#   at t/zoneinfo_all.t line 55.
date: ungültiges Datum „Sa Apr  4 16:00:01 GMT 2020“
date: ungültiges Datum „Sa Okt  3 16:00:00 GMT 2020“

#   Failed test 'Matched So Okt  4 03:00:00 2020 to  for Australia/Melbourne for $zoneinfo->local_time'
#   at t/zoneinfo_all.t line 41.
date: ungültiges Datum „Sa Okt  3 16:00:00 GMT 2020“
date: ungültiges Datum „Sa Okt  3 15:59:59 GMT 2020“

#   Failed test 'Matched So Okt  4 01:59:59 2020 to  for Australia/Melbourne for $zoneinfo->local_time - 1'
#   at t/zoneinfo_all.t line 48.
date: ungültiges Datum „Sa Okt  3 15:59:59 GMT 2020“
date: ungültiges Datum „Sa Okt  3 16:00:01 GMT 2020“

#   Failed test 'Matched So Okt  4 03:00:01 2020 to  for Australia/Melbourne for $zoneinfo->local_time + 1'
#   at t/zoneinfo_all.t line 55.
date: ungültiges Datum „Sa Okt  3 16:00:01 GMT 2020“
date: ungültiges Datum „Sa Apr  3 16:00:00 GMT 2021“

#   Failed test 'Matched So Apr  4 02:00:00 2021 to  for Australia/Melbourne for $zoneinfo->local_time'
#   at t/zoneinfo_all.t line 41.
date: ungültiges Datum „Sa Apr  3 16:00:00 GMT 2021“
date: ungültiges Datum „Sa Apr  3 15:59:59 GMT 2021“

#   Failed test 'Matched So Apr  4 02:59:59 2021 to  for Australia/Melbourne for $zoneinfo->local_time - 1'
#   at t/zoneinfo_all.t line 48.
date: ungültiges Datum „Sa Apr  3 16:59:59 GMT 2021“
date: ungültiges Datum „Sa Apr  3 16:00:01 GMT 2021“

#   Failed test 'Matched So Apr  4 02:00:01 2021 to  for Australia/Melbourne for $zoneinfo->local_time + 1'
#   at t/zoneinfo_all.t line 55.
date: ungültiges Datum „Sa Apr  3 16:00:01 GMT 2021“
date: ungültiges Datum „Sa Okt  2 16:00:00 GMT 2021“

#   Failed test 'Matched So Okt  3 03:00:00 2021 to  for Australia/Melbourne for $zoneinfo->local_time'
#   at t/zoneinfo_all.t line 41.
date: ungültiges Datum „Sa Okt  2 16:00:00 GMT 2021“
date: ungültiges Datum „Sa Okt  2 15:59:59 GMT 2021“

#   Failed test 'Matched So Okt  3 01:59:59 2021 to  for Australia/Melbourne for $zoneinfo->local_time - 1'
#   at t/zoneinfo_all.t line 48.
date: ungültiges Datum „Sa Okt  2 15:59:59 GMT 2021“
date: ungültiges Datum „Sa Okt  2 16:00:01 GMT 2021“

#   Failed test 'Matched So Okt  3 03:00:01 2021 to  for Australia/Melbourne for $zoneinfo->local_time + 1'
#   at t/zoneinfo_all.t line 55.
date: ungültiges Datum „Sa Okt  2 16:00:01 GMT 2021“
date: ungültiges Datum „Sa Apr  2 16:00:00 GMT 2022“

#   Failed test 'Matched So Apr  3 02:00:00 2022 to  for Australia/Melbourne for $zoneinfo->local_time'
#   at t/zoneinfo_all.t line 41.
date: ungültiges Datum „Sa Apr  2 16:00:00 GMT 2022“
date: ungültiges Datum „Sa Apr  2 15:59:59 GMT 2022“

#   Failed test 'Matched So Apr  3 02:59:59 2022 to  for Australia/Melbourne for $zoneinfo->local_time - 1'
#   at t/zoneinfo_all.t line 48.
date: ungültiges Datum „Sa Apr  2 16:59:59 GMT 2022“
date: ungültiges Datum „Sa Apr  2 16:00:01 GMT 2022“

#   Failed test 'Matched So Apr  3 02:00:01 2022 to  for Australia/Melbourne for $zoneinfo->local_time + 1'
#   at t/zoneinfo_all.t line 55.
date: ungültiges Datum „Sa Apr  2 16:00:01 GMT 2022“
date: ungültiges Datum „Sa Okt  1 16:00:00 GMT 2022“

#   Failed test 'Matched So Okt  2 03:00:00 2022 to  for Australia/Melbourne for $zoneinfo->local_time'
#   at t/zoneinfo_all.t line 41.
date: ungültiges Datum „Sa Okt  1 16:00:00 GMT 2022“
date: ungültiges Datum „Sa Okt  1 15:59:59 GMT 2022“

#   Failed test 'Matched So Okt  2 01:59:59 2022 to  for Australia/Melbourne for $zoneinfo->local_time - 1'
#   at t/zoneinfo_all.t line 48.
date: ungültiges Datum „Sa Okt  1 15:59:59 GMT 2022“
date: ungültiges Datum „Sa Okt  1 16:00:01 GMT 2022“

#   Failed test 'Matched So Okt  2 03:00:01 2022 to  for Australia/Melbourne for $zoneinfo->local_time + 1'
#   at t/zoneinfo_all.t line 55.
date: ungültiges Datum „Sa Okt  1 16:00:01 GMT 2022“
date: ungültiges Datum „Sa Apr  1 16:00:00 GMT 2023“

#   Failed test 'Matched So Apr  2 02:00:00 2023 to  for Australia/Melbourne for $zoneinfo->local_time'
#   at t/zoneinfo_all.t line 41.
date: ungültiges Datum „Sa Apr  1 16:00:00 GMT 2023“
date: ungültiges Datum „Sa Apr  1 15:59:59 GMT 2023“

#   Failed test 'Matched So Apr  2 02:59:59 2023 to  for Australia/Melbourne for $zoneinfo->local_time - 1'
#   at t/zoneinfo_all.t line 48.
date: ungültiges Datum „Sa Apr  1 16:59:59 GMT 2023“
date: ungültiges Datum „Sa Apr  1 16:00:01 GMT 2023“

#   Failed test 'Matched So Apr  2 02:00:01 2023 to  for Australia/Melbourne for $zoneinfo->local_time + 1'
#   at t/zoneinfo_all.t line 55.
date: ungültiges Datum „Sa Apr  1 16:00:01 GMT 2023“
date: ungültiges Datum „Sa Sep 30 16:00:00 GMT 2023“

#   Failed test 'Matched So Okt  1 03:00:00 2023 to  for Australia/Melbourne for $zoneinfo->local_time'
#   at t/zoneinfo_all.t line 41.
date: ungültiges Datum „Sa Sep 30 16:00:00 GMT 2023“
date: ungültiges Datum „Sa Sep 30 15:59:59 GMT 2023“

#   Failed test 'Matched So Okt  1 01:59:59 2023 to  for Australia/Melbourne for $zoneinfo->local_time - 1'
#   at t/zoneinfo_all.t line 48.
date: ungültiges Datum „Sa Sep 30 15:59:59 GMT 2023“
date: ungültiges Datum „Sa Sep 30 16:00:01 GMT 2023“

#   Failed test 'Matched So Okt  1 03:00:01 2023 to  for Australia/Melbourne for $zoneinfo->local_time + 1'
#   at t/zoneinfo_all.t line 55.
date: ungültiges Datum „Sa Sep 30 16:00:01 GMT 2023“
date: ungültiges Datum „Sa Apr  6 16:00:00 GMT 2024“

#   Failed test 'Matched So Apr  7 02:00:00 2024 to  for Australia/Melbourne for $zoneinfo->local_time'
#   at t/zoneinfo_all.t line 41.
date: ungültiges Datum „Sa Apr  6 16:00:00 GMT 2024“
date: ungültiges Datum „Sa Apr  6 15:59:59 GMT 2024“

#   Failed test 'Matched So Apr  7 02:59:59 2024 to  for Australia/Melbourne for $zoneinfo->local_time - 1'
#   at t/zoneinfo_all.t line 48.
date: ungültiges Datum „Sa Apr  6 16:59:59 GMT 2024“
date: ungültiges Datum „Sa Apr  6 16:00:01 GMT 2024“

#   Failed test 'Matched So Apr  7 02:00:01 2024 to  for Australia/Melbourne for $zoneinfo->local_time + 1'
#   at t/zoneinfo_all.t line 55.
date: ungültiges Datum „Sa Apr  6 16:00:01 GMT 2024“
date: ungültiges Datum „Sa Okt  5 16:00:00 GMT 2024“

#   Failed test 'Matched So Okt  6 03:00:00 2024 to  for Australia/Melbourne for $zoneinfo->local_time'
#   at t/zoneinfo_all.t line 41.
date: ungültiges Datum „Sa Okt  5 16:00:00 GMT 2024“
date: ungültiges Datum „Sa Okt  5 15:59:59 GMT 2024“

#   Failed test 'Matched So Okt  6 01:59:59 2024 to  for Australia/Melbourne for $zoneinfo->local_time - 1'
#   at t/zoneinfo_all.t line 48.
date: ungültiges Datum „Sa Okt  5 15:59:59 GMT 2024“
date: ungültiges Datum „Sa Okt  5 16:00:01 GMT 2024“

#   Failed test 'Matched So Okt  6 03:00:01 2024 to  for Australia/Melbourne for $zoneinfo->local_time + 1'
#   at t/zoneinfo_all.t line 55.
date: ungültiges Datum „Sa Okt  5 16:00:01 GMT 2024“
date: ungültiges Datum „Sa Apr  5 16:00:00 GMT 2025“

#   Failed test 'Matched So Apr  6 02:00:00 2025 to  for Australia/Melbourne for $zoneinfo->local_time'
#   at t/zoneinfo_all.t line 41.
date: ungültiges Datum „Sa Apr  5 16:00:00 GMT 2025“
date: ungültiges Datum „Sa Apr  5 15:59:59 GMT 2025“

#   Failed test 'Matched So Apr  6 02:59:59 2025 to  for Australia/Melbourne for $zoneinfo->local_time - 1'
#   at t/zoneinfo_all.t line 48.
date: ungültiges Datum „Sa Apr  5 16:59:59 GMT 2025“
date: ungültiges Datum „Sa Apr  5 16:00:01 GMT 2025“

#   Failed test 'Matched So Apr  6 02:00:01 2025 to  for Australia/Melbourne for $zoneinfo->local_time + 1'
#   at t/zoneinfo_all.t line 55.
date: ungültiges Datum „Sa Apr  5 16:00:01 GMT 2025“
date: ungültiges Datum „Sa Okt  4 16:00:00 GMT 2025“

#   Failed test 'Matched So Okt  5 03:00:00 2025 to  for Australia/Melbourne for $zoneinfo->local_time'
#   at t/zoneinfo_all.t line 41.
date: ungültiges Datum „Sa Okt  4 16:00:00 GMT 2025“
date: ungültiges Datum „Sa Okt  4 15:59:59 GMT 2025“

#   Failed test 'Matched So Okt  5 01:59:59 2025 to  for Australia/Melbourne for $zoneinfo->local_time - 1'
#   at t/zoneinfo_all.t line 48.
date: ungültiges Datum „Sa Okt  4 15:59:59 GMT 2025“
date: ungültiges Datum „Sa Okt  4 16:00:01 GMT 2025“

#   Failed test 'Matched So Okt  5 03:00:01 2025 to  for Australia/Melbourne for $zoneinfo->local_time + 1'
#   at t/zoneinfo_all.t line 55.
date: ungültiges Datum „Sa Okt  4 16:00:01 GMT 2025“
date: ungültiges Datum „Sa Apr  4 16:00:00 GMT 2026“

#   Failed test 'Matched So Apr  5 02:00:00 2026 to  for Australia/Melbourne for $zoneinfo->local_time'
#   at t/zoneinfo_all.t line 41.
date: ungültiges Datum „Sa Apr  4 16:00:00 GMT 2026“
date: ungültiges Datum „Sa Apr  4 15:59:59 GMT 2026“

#   Failed test 'Matched So Apr  5 02:59:59 2026 to  for Australia/Melbourne for $zoneinfo->local_time - 1'
#   at t/zoneinfo_all.t line 48.
date: ungültiges Datum „Sa Apr  4 16:59:59 GMT 2026“
date: ungültiges Datum „Sa Apr  4 16:00:01 GMT 2026“

#   Failed test 'Matched So Apr  5 02:00:01 2026 to  for Australia/Melbourne for $zoneinfo->local_time + 1'
#   at t/zoneinfo_all.t line 55.
date: ungültiges Datum „Sa Apr  4 16:00:01 GMT 2026“
date: ungültiges Datum „Sa Okt  3 16:00:00 GMT 2026“

#   Failed test 'Matched So Okt  4 03:00:00 2026 to  for Australia/Melbourne for $zoneinfo->local_time'
#   at t/zoneinfo_all.t line 41.
date: ungültiges Datum „Sa Okt  3 16:00:00 GMT 2026“
date: ungültiges Datum „Sa Okt  3 15:59:59 GMT 2026“

#   Failed test 'Matched So Okt  4 01:59:59 2026 to  for Australia/Melbourne for $zoneinfo->local_time - 1'
#   at t/zoneinfo_all.t line 48.
date: ungültiges Datum „Sa Okt  3 15:59:59 GMT 2026“
date: ungültiges Datum „Sa Okt  3 16:00:01 GMT 2026“

#   Failed test 'Matched So Okt  4 03:00:01 2026 to  for Australia/Melbourne for $zoneinfo->local_time + 1'
#   at t/zoneinfo_all.t line 55.
date: ungültiges Datum „Sa Okt  3 16:00:01 GMT 2026“
date: ungültiges Datum „Sa Apr  3 16:00:00 GMT 2027“

#   Failed test 'Matched So Apr  4 02:00:00 2027 to  for Australia/Melbourne for $zoneinfo->local_time'
#   at t/zoneinfo_all.t line 41.
date: ungültiges Datum „Sa Apr  3 16:00:00 GMT 2027“
date: ungültiges Datum „Sa Apr  3 15:59:59 GMT 2027“

#   Failed test 'Matched So Apr  4 02:59:59 2027 to  for Australia/Melbourne for $zoneinfo->local_time - 1'
#   at t/zoneinfo_all.t line 48.
date: ungültiges Datum „Sa Apr  3 16:59:59 GMT 2027“
date: ungültiges Datum „Sa Apr  3 16:00:01 GMT 2027“

#   Failed test 'Matched So Apr  4 02:00:01 2027 to  for Australia/Melbourne for $zoneinfo->local_time + 1'
#   at t/zoneinfo_all.t line 55.
date: ungültiges Datum „Sa Apr  3 16:00:01 GMT 2027“
date: ungültiges Datum „Sa Okt  2 16:00:00 GMT 2027“

#   Failed test 'Matched So Okt  3 03:00:00 2027 to  for Australia/Melbourne for $zoneinfo->local_time'
#   at t/zoneinfo_all.t line 41.
date: ungültiges Datum „Sa Okt  2 16:00:00 GMT 2027“
date: ungültiges Datum „Sa Okt  2 15:59:59 GMT 2027“

#   Failed test 'Matched So Okt  3 01:59:59 2027 to  for Australia/Melbourne for $zoneinfo->local_time - 1'
#   at t/zoneinfo_all.t line 48.
date: ungültiges Datum „Sa Okt  2 15:59:59 GMT 2027“
date: ungültiges Datum „Sa Okt  2 16:00:01 GMT 2027“

#   Failed test 'Matched So Okt  3 03:00:01 2027 to  for Australia/Melbourne for $zoneinfo->local_time + 1'
#   at t/zoneinfo_all.t line 55.
date: ungültiges Datum „Sa Okt  2 16:00:01 GMT 2027“
date: ungültiges Datum „Sa Apr  1 16:00:00 GMT 2028“

#   Failed test 'Matched So Apr  2 02:00:00 2028 to  for Australia/Melbourne for $zoneinfo->local_time'
#   at t/zoneinfo_all.t line 41.
date: ungültiges Datum „Sa Apr  1 16:00:00 GMT 2028“
date: ungültiges Datum „Sa Apr  1 15:59:59 GMT 2028“

#   Failed test 'Matched So Apr  2 02:59:59 2028 to  for Australia/Melbourne for $zoneinfo->local_time - 1'
#   at t/zoneinfo_all.t line 48.
date: ungültiges Datum „Sa Apr  1 16:59:59 GMT 2028“
date: ungültiges Datum „Sa Apr  1 16:00:01 GMT 2028“

#   Failed test 'Matched So Apr  2 02:00:01 2028 to  for Australia/Melbourne for $zoneinfo->local_time + 1'
#   at t/zoneinfo_all.t line 55.
date: ungültiges Datum „Sa Apr  1 16:00:01 GMT 2028“
date: ungültiges Datum „Sa Sep 30 16:00:00 GMT 2028“

#   Failed test 'Matched So Okt  1 03:00:00 2028 to  for Australia/Melbourne for $zoneinfo->local_time'
#   at t/zoneinfo_all.t line 41.
date: ungültiges Datum „Sa Sep 30 16:00:00 GMT 2028“
date: ungültiges Datum „Sa Sep 30 15:59:59 GMT 2028“

#   Failed test 'Matched So Okt  1 01:59:59 2028 to  for Australia/Melbourne for $zoneinfo->local_time - 1'
#   at t/zoneinfo_all.t line 48.
date: ungültiges Datum „Sa Sep 30 15:59:59 GMT 2028“
date: ungültiges Datum „Sa Sep 30 16:00:01 GMT 2028“

#   Failed test 'Matched So Okt  1 03:00:01 2028 to  for Australia/Melbourne for $zoneinfo->local_time + 1'
#   at t/zoneinfo_all.t line 55.
date: ungültiges Datum „Sa Sep 30 16:00:01 GMT 2028“
date: ungültiges Datum „Sa Mär 31 16:00:00 GMT 2029“

#   Failed test 'Matched So Apr  1 02:00:00 2029 to  for Australia/Melbourne for $zoneinfo->local_time'
#   at t/zoneinfo_all.t line 41.
date: ungültiges Datum „Sa Mär 31 16:00:00 GMT 2029“
date: ungültiges Datum „Sa Mär 31 15:59:59 GMT 2029“

#   Failed test 'Matched So Apr  1 02:59:59 2029 to  for Australia/Melbourne for $zoneinfo->local_time - 1'
#   at t/zoneinfo_all.t line 48.
date: ungültiges Datum „Sa Mär 31 16:59:59 GMT 2029“
date: ungültiges Datum „Sa Mär 31 16:00:01 GMT 2029“

#   Failed test 'Matched So Apr  1 02:00:01 2029 to  for Australia/Melbourne for $zoneinfo->local_time + 1'
#   at t/zoneinfo_all.t line 55.
date: ungültiges Datum „Sa Mär 31 16:00:01 GMT 2029“
date: ungültiges Datum „Sa Okt  6 16:00:00 GMT 2029“

#   Failed test 'Matched So Okt  7 03:00:00 2029 to  for Australia/Melbourne for $zoneinfo->local_time'
#   at t/zoneinfo_all.t line 41.
date: ungültiges Datum „Sa Okt  6 16:00:00 GMT 2029“
date: ungültiges Datum „Sa Okt  6 15:59:59 GMT 2029“

#   Failed test 'Matched So Okt  7 01:59:59 2029 to  for Australia/Melbourne for $zoneinfo->local_time - 1'
#   at t/zoneinfo_all.t line 48.
date: ungültiges Datum „Sa Okt  6 15:59:59 GMT 2029“
date: ungültiges Datum „Sa Okt  6 16:00:01 GMT 2029“

#   Failed test 'Matched So Okt  7 03:00:01 2029 to  for Australia/Melbourne for $zoneinfo->local_time + 1'
#   at t/zoneinfo_all.t line 55.
date: ungültiges Datum „Sa Okt  6 16:00:01 GMT 2029“
date: ungültiges Datum „Sa Apr  6 16:00:00 GMT 2030“

#   Failed test 'Matched So Apr  7 02:00:00 2030 to  for Australia/Melbourne for $zoneinfo->local_time'
#   at t/zoneinfo_all.t line 41.
date: ungültiges Datum „Sa Apr  6 16:00:00 GMT 2030“
date: ungültiges Datum „Sa Apr  6 15:59:59 GMT 2030“

#   Failed test 'Matched So Apr  7 02:59:59 2030 to  for Australia/Melbourne for $zoneinfo->local_time - 1'
#   at t/zoneinfo_all.t line 48.
date: ungültiges Datum „Sa Apr  6 16:59:59 GMT 2030“
date: ungültiges Datum „Sa Apr  6 16:00:01 GMT 2030“

#   Failed test 'Matched So Apr  7 02:00:01 2030 to  for Australia/Melbourne for $zoneinfo->local_time + 1'
#   at t/zoneinfo_all.t line 55.
date: ungültiges Datum „Sa Apr  6 16:00:01 GMT 2030“
date: ungültiges Datum „Sa Okt  5 16:00:00 GMT 2030“

#   Failed test 'Matched So Okt  6 03:00:00 2030 to  for Australia/Melbourne for $zoneinfo->local_time'
#   at t/zoneinfo_all.t line 41.
date: ungültiges Datum „Sa Okt  5 16:00:00 GMT 2030“
date: ungültiges Datum „Sa Okt  5 15:59:59 GMT 2030“

#   Failed test 'Matched So Okt  6 01:59:59 2030 to  for Australia/Melbourne for $zoneinfo->local_time - 1'
#   at t/zoneinfo_all.t line 48.
date: ungültiges Datum „Sa Okt  5 15:59:59 GMT 2030“
date: ungültiges Datum „Sa Okt  5 16:00:01 GMT 2030“

#   Failed test 'Matched So Okt  6 03:00:01 2030 to  for Australia/Melbourne for $zoneinfo->local_time + 1'
#   at t/zoneinfo_all.t line 55.
date: ungültiges Datum „Sa Okt  5 16:00:01 GMT 2030“
date: ungültiges Datum „Sa Apr  5 16:00:00 GMT 2031“

#   Failed test 'Matched So Apr  6 02:00:00 2031 to  for Australia/Melbourne for $zoneinfo->local_time'
#   at t/zoneinfo_all.t line 41.
date: ungültiges Datum „Sa Apr  5 16:00:00 GMT 2031“
date: ungültiges Datum „Sa Apr  5 15:59:59 GMT 2031“

#   Failed test 'Matched So Apr  6 02:59:59 2031 to  for Australia/Melbourne for $zoneinfo->local_time - 1'
#   at t/zoneinfo_all.t line 48.
date: ungültiges Datum „Sa Apr  5 16:59:59 GMT 2031“
date: ungültiges Datum „Sa Apr  5 16:00:01 GMT 2031“

#   Failed test 'Matched So Apr  6 02:00:01 2031 to  for Australia/Melbourne for $zoneinfo->local_time + 1'
#   at t/zoneinfo_all.t line 55.
date: ungültiges Datum „Sa Apr  5 16:00:01 GMT 2031“
date: ungültiges Datum „Sa Okt  4 16:00:00 GMT 2031“

#   Failed test 'Matched So Okt  5 03:00:00 2031 to  for Australia/Melbourne for $zoneinfo->local_time'
#   at t/zoneinfo_all.t line 41.
date: ungültiges Datum „Sa Okt  4 16:00:00 GMT 2031“
date: ungültiges Datum „Sa Okt  4 15:59:59 GMT 2031“

#   Failed test 'Matched So Okt  5 01:59:59 2031 to  for Australia/Melbourne for $zoneinfo->local_time - 1'
#   at t/zoneinfo_all.t line 48.
date: ungültiges Datum „Sa Okt  4 15:59:59 GMT 2031“
date: ungültiges Datum „Sa Okt  4 16:00:01 GMT 2031“

#   Failed test 'Matched So Okt  5 03:00:01 2031 to  for Australia/Melbourne for $zoneinfo->local_time + 1'
#   at t/zoneinfo_all.t line 55.
date: ungültiges Datum „Sa Okt  4 16:00:01 GMT 2031“
date: ungültiges Datum „Sa Apr  3 16:00:00 GMT 2032“

#   Failed test 'Matched So Apr  4 02:00:00 2032 to  for Australia/Melbourne for $zoneinfo->local_time'
#   at t/zoneinfo_all.t line 41.
date: ungültiges Datum „Sa Apr  3 16:00:00 GMT 2032“
date: ungültiges Datum „Sa Apr  3 15:59:59 GMT 2032“

#   Failed test 'Matched So Apr  4 02:59:59 2032 to  for Australia/Melbourne for $zoneinfo->local_time - 1'
#   at t/zoneinfo_all.t line 48.
date: ungültiges Datum „Sa Apr  3 16:59:59 GMT 2032“
date: ungültiges Datum „Sa Apr  3 16:00:01 GMT 2032“

#   Failed test 'Matched So Apr  4 02:00:01 2032 to  for Australia/Melbourne for $zoneinfo->local_time + 1'
#   at t/zoneinfo_all.t line 55.
date: ungültiges Datum „Sa Apr  3 16:00:01 GMT 2032“
date: ungültiges Datum „Sa Okt  2 16:00:00 GMT 2032“

#   Failed test 'Matched So Okt  3 03:00:00 2032 to  for Australia/Melbourne for $zoneinfo->local_time'
#   at t/zoneinfo_all.t line 41.
date: ungültiges Datum „Sa Okt  2 16:00:00 GMT 2032“
date: ungültiges Datum „Sa Okt  2 15:59:59 GMT 2032“

#   Failed test 'Matched So Okt  3 01:59:59 2032 to  for Australia/Melbourne for $zoneinfo->local_time - 1'
#   at t/zoneinfo_all.t line 48.
date: ungültiges Datum „Sa Okt  2 15:59:59 GMT 2032“
date: ungültiges Datum „Sa Okt  2 16:00:01 GMT 2032“

#   Failed test 'Matched So Okt  3 03:00:01 2032 to  for Australia/Melbourne for $zoneinfo->local_time + 1'
#   at t/zoneinfo_all.t line 55.
date: ungültiges Datum „Sa Okt  2 16:00:01 GMT 2032“
date: ungültiges Datum „Sa Apr  2 16:00:00 GMT 2033“

#   Failed test 'Matched So Apr  3 02:00:00 2033 to  for Australia/Melbourne for $zoneinfo->local_time'
#   at t/zoneinfo_all.t line 41.
date: ungültiges Datum „Sa Apr  2 16:00:00 GMT 2033“
date: ungültiges Datum „Sa Apr  2 15:59:59 GMT 2033“

#   Failed test 'Matched So Apr  3 02:59:59 2033 to  for Australia/Melbourne for $zoneinfo->local_time - 1'
#   at t/zoneinfo_all.t line 48.
date: ungültiges Datum „Sa Apr  2 16:59:59 GMT 2033“
date: ungültiges Datum „Sa Apr  2 16:00:01 GMT 2033“

#   Failed test 'Matched So Apr  3 02:00:01 2033 to  for Australia/Melbourne for $zoneinfo->local_time + 1'
#   at t/zoneinfo_all.t line 55.
date: ungültiges Datum „Sa Apr  2 16:00:01 GMT 2033“
date: ungültiges Datum „Sa Okt  1 16:00:00 GMT 2033“

#   Failed test 'Matched So Okt  2 03:00:00 2033 to  for Australia/Melbourne for $zoneinfo->local_time'
#   at t/zoneinfo_all.t line 41.
date: ungültiges Datum „Sa Okt  1 16:00:00 GMT 2033“
date: ungültiges Datum „Sa Okt  1 15:59:59 GMT 2033“

#   Failed test 'Matched So Okt  2 01:59:59 2033 to  for Australia/Melbourne for $zoneinfo->local_time - 1'
#   at t/zoneinfo_all.t line 48.
date: ungültiges Datum „Sa Okt  1 15:59:59 GMT 2033“
date: ungültiges Datum „Sa Okt  1 16:00:01 GMT 2033“

#   Failed test 'Matched So Okt  2 03:00:01 2033 to  for Australia/Melbourne for $zoneinfo->local_time + 1'
#   at t/zoneinfo_all.t line 55.
date: ungültiges Datum „Sa Okt  1 16:00:01 GMT 2033“
date: ungültiges Datum „Sa Apr  1 16:00:00 GMT 2034“

#   Failed test 'Matched So Apr  2 02:00:00 2034 to  for Australia/Melbourne for $zoneinfo->local_time'
#   at t/zoneinfo_all.t line 41.
date: ungültiges Datum „Sa Apr  1 16:00:00 GMT 2034“
date: ungültiges Datum „Sa Apr  1 15:59:59 GMT 2034“

#   Failed test 'Matched So Apr  2 02:59:59 2034 to  for Australia/Melbourne for $zoneinfo->local_time - 1'
#   at t/zoneinfo_all.t line 48.
date: ungültiges Datum „Sa Apr  1 16:59:59 GMT 2034“
date: ungültiges Datum „Sa Apr  1 16:00:01 GMT 2034“

#   Failed test 'Matched So Apr  2 02:00:01 2034 to  for Australia/Melbourne for $zoneinfo->local_time + 1'
#   at t/zoneinfo_all.t line 55.
date: ungültiges Datum „Sa Apr  1 16:00:01 GMT 2034“
date: ungültiges Datum „Sa Sep 30 16:00:00 GMT 2034“

#   Failed test 'Matched So Okt  1 03:00:00 2034 to  for Australia/Melbourne for $zoneinfo->local_time'
#   at t/zoneinfo_all.t line 41.
date: ungültiges Datum „Sa Sep 30 16:00:00 GMT 2034“
date: ungültiges Datum „Sa Sep 30 15:59:59 GMT 2034“

#   Failed test 'Matched So Okt  1 01:59:59 2034 to  for Australia/Melbourne for $zoneinfo->local_time - 1'
#   at t/zoneinfo_all.t line 48.
date: ungültiges Datum „Sa Sep 30 15:59:59 GMT 2034“
date: ungültiges Datum „Sa Sep 30 16:00:01 GMT 2034“

#   Failed test 'Matched So Okt  1 03:00:01 2034 to  for Australia/Melbourne for $zoneinfo->local_time + 1'
#   at t/zoneinfo_all.t line 55.
date: ungültiges Datum „Sa Sep 30 16:00:01 GMT 2034“
date: ungültiges Datum „Sa Mär 31 16:00:00 GMT 2035“

#   Failed test 'Matched So Apr  1 02:00:00 2035 to  for Australia/Melbourne for $zoneinfo->local_time'
#   at t/zoneinfo_all.t line 41.
date: ungültiges Datum „Sa Mär 31 16:00:00 GMT 2035“
date: ungültiges Datum „Sa Mär 31 15:59:59 GMT 2035“

#   Failed test 'Matched So Apr  1 02:59:59 2035 to  for Australia/Melbourne for $zoneinfo->local_time - 1'
#   at t/zoneinfo_all.t line 48.
date: ungültiges Datum „Sa Mär 31 16:59:59 GMT 2035“
date: ungültiges Datum „Sa Mär 31 16:00:01 GMT 2035“

#   Failed test 'Matched So Apr  1 02:00:01 2035 to  for Australia/Melbourne for $zoneinfo->local_time + 1'
#   at t/zoneinfo_all.t line 55.
date: ungültiges Datum „Sa Mär 31 16:00:01 GMT 2035“
date: ungültiges Datum „Sa Okt  6 16:00:00 GMT 2035“

#   Failed test 'Matched So Okt  7 03:00:00 2035 to  for Australia/Melbourne for $zoneinfo->local_time'
#   at t/zoneinfo_all.t line 41.
date: ungültiges Datum „Sa Okt  6 16:00:00 GMT 2035“
date: ungültiges Datum „Sa Okt  6 15:59:59 GMT 2035“

#   Failed test 'Matched So Okt  7 01:59:59 2035 to  for Australia/Melbourne for $zoneinfo->local_time - 1'
#   at t/zoneinfo_all.t line 48.
date: ungültiges Datum „Sa Okt  6 15:59:59 GMT 2035“
date: ungültiges Datum „Sa Okt  6 16:00:01 GMT 2035“

#   Failed test 'Matched So Okt  7 03:00:01 2035 to  for Australia/Melbourne for $zoneinfo->local_time + 1'
#   at t/zoneinfo_all.t line 55.
date: ungültiges Datum „Sa Okt  6 16:00:01 GMT 2035“
date: ungültiges Datum „Sa Apr  5 16:00:00 GMT 2036“

#   Failed test 'Matched So Apr  6 02:00:00 2036 to  for Australia/Melbourne for $zoneinfo->local_time'
#   at t/zoneinfo_all.t line 41.
date: ungültiges Datum „Sa Apr  5 16:00:00 GMT 2036“
date: ungültiges Datum „Sa Apr  5 15:59:59 GMT 2036“

#   Failed test 'Matched So Apr  6 02:59:59 2036 to  for Australia/Melbourne for $zoneinfo->local_time - 1'
#   at t/zoneinfo_all.t line 48.
date: ungültiges Datum „Sa Apr  5 16:59:59 GMT 2036“
date: ungültiges Datum „Sa Apr  5 16:00:01 GMT 2036“

#   Failed test 'Matched So Apr  6 02:00:01 2036 to  for Australia/Melbourne for $zoneinfo->local_time + 1'
#   at t/zoneinfo_all.t line 55.
date: ungültiges Datum „Sa Apr  5 16:00:01 GMT 2036“
date: ungültiges Datum „Sa Okt  4 16:00:00 GMT 2036“

#   Failed test 'Matched So Okt  5 03:00:00 2036 to  for Australia/Melbourne for $zoneinfo->local_time'
#   at t/zoneinfo_all.t line 41.
date: ungültiges Datum „Sa Okt  4 16:00:00 GMT 2036“
date: ungültiges Datum „Sa Okt  4 15:59:59 GMT 2036“

#   Failed test 'Matched So Okt  5 01:59:59 2036 to  for Australia/Melbourne for $zoneinfo->local_time - 1'
#   at t/zoneinfo_all.t line 48.
date: ungültiges Datum „Sa Okt  4 15:59:59 GMT 2036“
date: ungültiges Datum „Sa Okt  4 16:00:01 GMT 2036“

#   Failed test 'Matched So Okt  5 03:00:01 2036 to  for Australia/Melbourne for $zoneinfo->local_time + 1'
#   at t/zoneinfo_all.t line 55.
date: ungültiges Datum „Sa Okt  4 16:00:01 GMT 2036“
date: ungültiges Datum „Sa Apr  4 16:00:00 GMT 2037“

#   Failed test 'Matched So Apr  5 02:00:00 2037 to  for Australia/Melbourne for $zoneinfo->local_time'
#   at t/zoneinfo_all.t line 41.
date: ungültiges Datum „Sa Apr  4 16:00:00 GMT 2037“
date: ungültiges Datum „Sa Apr  4 15:59:59 GMT 2037“

#   Failed test 'Matched So Apr  5 02:59:59 2037 to  for Australia/Melbourne for $zoneinfo->local_time - 1'
#   at t/zoneinfo_all.t line 48.
date: ungültiges Datum „Sa Apr  4 16:59:59 GMT 2037“
date: ungültiges Datum „Sa Apr  4 16:00:01 GMT 2037“

#   Failed test 'Matched So Apr  5 02:00:01 2037 to  for Australia/Melbourne for $zoneinfo->local_time + 1'
#   at t/zoneinfo_all.t line 55.
date: ungültiges Datum „Sa Apr  4 16:00:01 GMT 2037“
date: ungültiges Datum „Sa Okt  3 16:00:00 GMT 2037“

#   Failed test 'Matched So Okt  4 03:00:00 2037 to  for Australia/Melbourne for $zoneinfo->local_time'
#   at t/zoneinfo_all.t line 41.
date: ungültiges Datum „Sa Okt  3 16:00:00 GMT 2037“
date: ungültiges Datum „Sa Okt  3 15:59:59 GMT 2037“

#   Failed test 'Matched So Okt  4 01:59:59 2037 to  for Australia/Melbourne for $zoneinfo->local_time - 1'
#   at t/zoneinfo_all.t line 48.
date: ungültiges Datum „Sa Okt  3 15:59:59 GMT 2037“
date: ungültiges Datum „Sa Okt  3 16:00:01 GMT 2037“

#   Failed test 'Matched So Okt  4 03:00:01 2037 to  for Australia/Melbourne for $zoneinfo->local_time + 1'
#   at t/zoneinfo_all.t line 55.
date: ungültiges Datum „Sa Okt  3 16:00:01 GMT 2037“
# Looks like you failed 426 tests of 858.
t/zoneinfo_all.t ...... 
Dubious, test returned 254 (wstat 65024, 0xfe00)
Failed 426/858 subtests 
# TZ environment variable is Australia/Melbourne
date: ungültiges Datum „Fr Feb 27 07:35:38 GMT 2015“

#   Failed test 'Matched Fr Feb 27 07:35:38 2015 to  for Africa/Abidjan'
#   at t/zoneinfo_current.t line 51.
date: ungültiges Datum „Fr Feb 27 07:35:38 GMT 2015“

#   Failed test 'Matched Fr Feb 27 07:35:38 2015 to  for Africa/Accra'
#   at t/zoneinfo_current.t line 51.
date: ungültiges Datum „Fr Feb 27 07:35:38 GMT 2015“

#   Failed test 'Matched Fr Feb 27 10:35:38 2015 to  for Africa/Addis_Ababa'
#   at t/zoneinfo_current.t line 51.
date: ungültiges Datum „Fr Feb 27 07:35:38 GMT 2015“

#   Failed test 'Matched Fr Feb 27 08:35:38 2015 to  for Africa/Algiers'
#   at t/zoneinfo_current.t line 51.
date: ungültiges Datum „Fr Feb 27 07:35:38 GMT 2015“

#   Failed test 'Matched Fr Feb 27 10:35:38 2015 to  for Africa/Asmara'
#   at t/zoneinfo_current.t line 51.
date: ungültiges Datum „Fr Feb 27 07:35:38 GMT 2015“

#   Failed test 'Matched Fr Feb 27 07:35:38 2015 to  for Africa/Bamako'
#   at t/zoneinfo_current.t line 51.
date: ungültiges Datum „Fr Feb 27 07:35:38 GMT 2015“

#   Failed test 'Matched Fr Feb 27 08:35:38 2015 to  for Africa/Bangui'
#   at t/zoneinfo_current.t line 51.
date: ungültiges Datum „Fr Feb 27 07:35:38 GMT 2015“

#   Failed test 'Matched Fr Feb 27 07:35:38 2015 to  for Africa/Banjul'
#   at t/zoneinfo_current.t line 51.
date: ungültiges Datum „Fr Feb 27 07:35:38 GMT 2015“

#   Failed test 'Matched Fr Feb 27 07:35:38 2015 to  for Africa/Bissau'
#   at t/zoneinfo_current.t line 51.
date: ungültiges Datum „Fr Feb 27 07:35:38 GMT 2015“

#   Failed test 'Matched Fr Feb 27 09:35:38 2015 to  for Africa/Blantyre'
#   at t/zoneinfo_current.t line 51.
date: ungültiges Datum „Fr Feb 27 07:35:38 GMT 2015“

#   Failed test 'Matched Fr Feb 27 08:35:38 2015 to  for Africa/Brazzaville'
#   at t/zoneinfo_current.t line 51.
date: ungültiges Datum „Fr Feb 27 07:35:38 GMT 2015“

#   Failed test 'Matched Fr Feb 27 09:35:38 2015 to  for Africa/Bujumbura'
#   at t/zoneinfo_current.t line 51.
date: ungültiges Datum „Fr Feb 27 07:35:38 GMT 2015“

#   Failed test 'Matched Fr Feb 27 09:35:38 2015 to  for Africa/Cairo'
#   at t/zoneinfo_current.t line 51.
date: ungültiges Datum „Fr Feb 27 07:35:38 GMT 2015“

#   Failed test 'Matched Fr Feb 27 07:35:38 2015 to  for Africa/Casablanca'
#   at t/zoneinfo_current.t line 51.
date: ungültiges Datum „Fr Feb 27 07:35:38 GMT 2015“

#   Failed test 'Matched Fr Feb 27 08:35:38 2015 to  for Africa/Ceuta'
#   at t/zoneinfo_current.t line 51.
date: ungültiges Datum „Fr Feb 27 07:35:38 GMT 2015“

#   Failed test 'Matched Fr Feb 27 07:35:38 2015 to  for Africa/Conakry'
#   at t/zoneinfo_current.t line 51.
date: ungültiges Datum „Fr Feb 27 07:35:38 GMT 2015“

#   Failed test 'Matched Fr Feb 27 07:35:38 2015 to  for Africa/Dakar'
#   at t/zoneinfo_current.t line 51.
date: ungültiges Datum „Fr Feb 27 07:35:38 GMT 2015“

#   Failed test 'Matched Fr Feb 27 10:35:38 2015 to  for Africa/Dar_es_Salaam'
#   at t/zoneinfo_current.t line 51.
date: ungültiges Datum „Fr Feb 27 07:35:38 GMT 2015“

#   Failed test 'Matched Fr Feb 27 10:35:38 2015 to  for Africa/Djibouti'
#   at t/zoneinfo_current.t line 51.
date: ungültiges Datum „Fr Feb 27 07:35:38 GMT 2015“

#   Failed test 'Matched Fr Feb 27 08:35:38 2015 to  for Africa/Douala'
#   at t/zoneinfo_current.t line 51.
date: ungültiges Datum „Fr Feb 27 07:35:38 GMT 2015“

#   Failed test 'Matched Fr Feb 27 07:35:38 2015 to  for Africa/El_Aaiun'
#   at t/zoneinfo_current.t line 51.
date: ungültiges Datum „Fr Feb 27 07:35:38 GMT 2015“

#   Failed test 'Matched Fr Feb 27 07:35:38 2015 to  for Africa/Freetown'
#   at t/zoneinfo_current.t line 51.
date: ungültiges Datum „Fr Feb 27 07:35:38 GMT 2015“

#   Failed test 'Matched Fr Feb 27 09:35:38 2015 to  for Africa/Gaborone'
#   at t/zoneinfo_current.t line 51.
date: ungültiges Datum „Fr Feb 27 07:35:38 GMT 2015“

#   Failed test 'Matched Fr Feb 27 09:35:38 2015 to  for Africa/Harare'
#   at t/zoneinfo_current.t line 51.
date: ungültiges Datum „Fr Feb 27 07:35:38 GMT 2015“

#   Failed test 'Matched Fr Feb 27 09:35:38 2015 to  for Africa/Johannesburg'
#   at t/zoneinfo_current.t line 51.
date: ungültiges Datum „Fr Feb 27 07:35:38 GMT 2015“

#   Failed test 'Matched Fr Feb 27 10:35:38 2015 to  for Africa/Juba'
#   at t/zoneinfo_current.t line 51.
date: ungültiges Datum „Fr Feb 27 07:35:38 GMT 2015“

#   Failed test 'Matched Fr Feb 27 10:35:38 2015 to  for Africa/Kampala'
#   at t/zoneinfo_current.t line 51.
date: ungültiges Datum „Fr Feb 27 07:35:38 GMT 2015“

#   Failed test 'Matched Fr Feb 27 10:35:38 2015 to  for Africa/Khartoum'
#   at t/zoneinfo_current.t line 51.
date: ungültiges Datum „Fr Feb 27 07:35:38 GMT 2015“

#   Failed test 'Matched Fr Feb 27 09:35:38 2015 to  for Africa/Kigali'
#   at t/zoneinfo_current.t line 51.
date: ungültiges Datum „Fr Feb 27 07:35:38 GMT 2015“

#   Failed test 'Matched Fr Feb 27 08:35:38 2015 to  for Africa/Kinshasa'
#   at t/zoneinfo_current.t line 51.
date: ungültiges Datum „Fr Feb 27 07:35:38 GMT 2015“

#   Failed test 'Matched Fr Feb 27 08:35:38 2015 to  for Africa/Lagos'
#   at t/zoneinfo_current.t line 51.
date: ungültiges Datum „Fr Feb 27 07:35:38 GMT 2015“

#   Failed test 'Matched Fr Feb 27 08:35:38 2015 to  for Africa/Libreville'
#   at t/zoneinfo_current.t line 51.
date: ungültiges Datum „Fr Feb 27 07:35:38 GMT 2015“

#   Failed test 'Matched Fr Feb 27 07:35:38 2015 to  for Africa/Lome'
#   at t/zoneinfo_current.t line 51.
date: ungültiges Datum „Fr Feb 27 07:35:38 GMT 2015“

#   Failed test 'Matched Fr Feb 27 08:35:38 2015 to  for Africa/Luanda'
#   at t/zoneinfo_current.t line 51.
date: ungültiges Datum „Fr Feb 27 07:35:38 GMT 2015“

#   Failed test 'Matched Fr Feb 27 09:35:38 2015 to  for Africa/Lubumbashi'
#   at t/zoneinfo_current.t line 51.
date: ungültiges Datum „Fr Feb 27 07:35:38 GMT 2015“

#   Failed test 'Matched Fr Feb 27 09:35:38 2015 to  for Africa/Lusaka'
#   at t/zoneinfo_current.t line 51.
date: ungültiges Datum „Fr Feb 27 07:35:38 GMT 2015“

#   Failed test 'Matched Fr Feb 27 08:35:38 2015 to  for Africa/Malabo'
#   at t/zoneinfo_current.t line 51.
date: ungültiges Datum „Fr Feb 27 07:35:38 GMT 2015“

#   Failed test 'Matched Fr Feb 27 09:35:38 2015 to  for Africa/Maputo'
#   at t/zoneinfo_current.t line 51.
date: ungültiges Datum „Fr Feb 27 07:35:38 GMT 2015“

#   Failed test 'Matched Fr Feb 27 09:35:38 2015 to  for Africa/Maseru'
#   at t/zoneinfo_current.t line 51.
date: ungültiges Datum „Fr Feb 27 07:35:38 GMT 2015“

#   Failed test 'Matched Fr Feb 27 09:35:38 2015 to  for Africa/Mbabane'
#   at t/zoneinfo_current.t line 51.
date: ungültiges Datum „Fr Feb 27 07:35:38 GMT 2015“

#   Failed test 'Matched Fr Feb 27 10:35:38 2015 to  for Africa/Mogadishu'
#   at t/zoneinfo_current.t line 51.
date: ungültiges Datum „Fr Feb 27 07:35:38 GMT 2015“

#   Failed test 'Matched Fr Feb 27 07:35:38 2015 to  for Africa/Monrovia'
#   at t/zoneinfo_current.t line 51.
date: ungültiges Datum „Fr Feb 27 07:35:38 GMT 2015“

#   Failed test 'Matched Fr Feb 27 10:35:38 2015 to  for Africa/Nairobi'
#   at t/zoneinfo_current.t line 51.
date: ungültiges Datum „Fr Feb 27 07:35:38 GMT 2015“

#   Failed test 'Matched Fr Feb 27 08:35:38 2015 to  for Africa/Ndjamena'
#   at t/zoneinfo_current.t line 51.
date: ungültiges Datum „Fr Feb 27 07:35:38 GMT 2015“

#   Failed test 'Matched Fr Feb 27 08:35:38 2015 to  for Africa/Niamey'
#   at t/zoneinfo_current.t line 51.
date: ungültiges Datum „Fr Feb 27 07:35:38 GMT 2015“

#   Failed test 'Matched Fr Feb 27 07:35:38 2015 to  for Africa/Nouakchott'
#   at t/zoneinfo_current.t line 51.
date: ungültiges Datum „Fr Feb 27 07:35:38 GMT 2015“

#   Failed test 'Matched Fr Feb 27 07:35:38 2015 to  for Africa/Ouagadougou'
#   at t/zoneinfo_current.t line 51.
date: ungültiges Datum „Fr Feb 27 07:35:38 GMT 2015“

#   Failed test 'Matched Fr Feb 27 08:35:38 2015 to  for Africa/Porto-Novo'
#   at t/zoneinfo_current.t line 51.
date: ungültiges Datum „Fr Feb 27 07:35:38 GMT 2015“

#   Failed test 'Matched Fr Feb 27 07:35:38 2015 to  for Africa/Sao_Tome'
#   at t/zoneinfo_current.t line 51.
date: ungültiges Datum „Fr Feb 27 07:35:38 GMT 2015“

#   Failed test 'Matched Fr Feb 27 09:35:38 2015 to  for Africa/Tripoli'
#   at t/zoneinfo_current.t line 51.
date: ungültiges Datum „Fr Feb 27 07:35:38 GMT 2015“

#   Failed test 'Matched Fr Feb 27 08:35:38 2015 to  for Africa/Tunis'
#   at t/zoneinfo_current.t line 51.
date: ungültiges Datum „Fr Feb 27 07:35:38 GMT 2015“

#   Failed test 'Matched Fr Feb 27 09:35:38 2015 to  for Africa/Windhoek'
#   at t/zoneinfo_current.t line 51.
date: ungültiges Datum „Fr Feb 27 07:35:38 GMT 2015“

#   Failed test 'Matched Do Feb 26 21:35:38 2015 to  for America/Adak'
#   at t/zoneinfo_current.t line 51.
date: ungültiges Datum „Fr Feb 27 07:35:38 GMT 2015“

#   Failed test 'Matched Do Feb 26 22:35:38 2015 to  for America/Anchorage'
#   at t/zoneinfo_current.t line 51.
date: ungültiges Datum „Fr Feb 27 07:35:38 GMT 2015“

#   Failed test 'Matched Fr Feb 27 03:35:38 2015 to  for America/Anguilla'
#   at t/zoneinfo_current.t line 51.
date: ungültiges Datum „Fr Feb 27 07:35:38 GMT 2015“

#   Failed test 'Matched Fr Feb 27 03:35:38 2015 to  for America/Antigua'
#   at t/zoneinfo_current.t line 51.
date: ungültiges Datum „Fr Feb 27 07:35:38 GMT 2015“

#   Failed test 'Matched Fr Feb 27 04:35:38 2015 to  for America/Araguaina'
#   at t/zoneinfo_current.t line 51.
date: ungültiges Datum „Fr Feb 27 07:35:38 GMT 2015“

#   Failed test 'Matched Fr Feb 27 04:35:38 2015 to  for America/Argentina/Buenos_Aires'
#   at t/zoneinfo_current.t line 51.
date: ungültiges Datum „Fr Feb 27 07:35:38 GMT 2015“

#   Failed test 'Matched Fr Feb 27 04:35:38 2015 to  for America/Argentina/Catamarca'
#   at t/zoneinfo_current.t line 51.
date: ungültiges Datum „Fr Feb 27 07:35:38 GMT 2015“

#   Failed test 'Matched Fr Feb 27 04:35:38 2015 to  for America/Argentina/Cordoba'
#   at t/zoneinfo_current.t line 51.
date: ungültiges Datum „Fr Feb 27 07:35:38 GMT 2015“

#   Failed test 'Matched Fr Feb 27 04:35:38 2015 to  for America/Argentina/Jujuy'
#   at t/zoneinfo_current.t line 51.
date: ungültiges Datum „Fr Feb 27 07:35:38 GMT 2015“

#   Failed test 'Matched Fr Feb 27 04:35:38 2015 to  for America/Argentina/La_Rioja'
#   at t/zoneinfo_current.t line 51.
date: ungültiges Datum „Fr Feb 27 07:35:38 GMT 2015“

#   Failed test 'Matched Fr Feb 27 04:35:38 2015 to  for America/Argentina/Mendoza'
#   at t/zoneinfo_current.t line 51.
date: ungültiges Datum „Fr Feb 27 07:35:38 GMT 2015“

#   Failed test 'Matched Fr Feb 27 04:35:38 2015 to  for America/Argentina/Rio_Gallegos'
#   at t/zoneinfo_current.t line 51.
date: ungültiges Datum „Fr Feb 27 07:35:38 GMT 2015“

#   Failed test 'Matched Fr Feb 27 04:35:38 2015 to  for America/Argentina/Salta'
#   at t/zoneinfo_current.t line 51.
date: ungültiges Datum „Fr Feb 27 07:35:38 GMT 2015“

#   Failed test 'Matched Fr Feb 27 04:35:38 2015 to  for America/Argentina/San_Juan'
#   at t/zoneinfo_current.t line 51.
date: ungültiges Datum „Fr Feb 27 07:35:38 GMT 2015“

#   Failed test 'Matched Fr Feb 27 04:35:38 2015 to  for America/Argentina/San_Luis'
#   at t/zoneinfo_current.t line 51.
date: ungültiges Datum „Fr Feb 27 07:35:38 GMT 2015“

#   Failed test 'Matched Fr Feb 27 04:35:38 2015 to  for America/Argentina/Tucuman'
#   at t/zoneinfo_current.t line 51.
date: ungültiges Datum „Fr Feb 27 07:35:38 GMT 2015“

#   Failed test 'Matched Fr Feb 27 04:35:38 2015 to  for America/Argentina/Ushuaia'
#   at t/zoneinfo_current.t line 51.
date: ungültiges Datum „Fr Feb 27 07:35:38 GMT 2015“

#   Failed test 'Matched Fr Feb 27 03:35:38 2015 to  for America/Aruba'
#   at t/zoneinfo_current.t line 51.
date: ungültiges Datum „Fr Feb 27 07:35:38 GMT 2015“

#   Failed test 'Matched Fr Feb 27 04:35:38 2015 to  for America/Asuncion'
#   at t/zoneinfo_current.t line 51.
date: ungültiges Datum „Fr Feb 27 07:35:38 GMT 2015“

#   Failed test 'Matched Fr Feb 27 02:35:38 2015 to  for America/Atikokan'
#   at t/zoneinfo_current.t line 51.
date: ungültiges Datum „Fr Feb 27 07:35:38 GMT 2015“

#   Failed test 'Matched Fr Feb 27 04:35:38 2015 to  for America/Bahia'
#   at t/zoneinfo_current.t line 51.
date: ungültiges Datum „Fr Feb 27 07:35:38 GMT 2015“

#   Failed test 'Matched Fr Feb 27 01:35:38 2015 to  for America/Bahia_Banderas'
#   at t/zoneinfo_current.t line 51.
date: ungültiges Datum „Fr Feb 27 07:35:38 GMT 2015“

#   Failed test 'Matched Fr Feb 27 03:35:38 2015 to  for America/Barbados'
#   at t/zoneinfo_current.t line 51.
date: ungültiges Datum „Fr Feb 27 07:35:38 GMT 2015“

#   Failed test 'Matched Fr Feb 27 04:35:38 2015 to  for America/Belem'
#   at t/zoneinfo_current.t line 51.
date: ungültiges Datum „Fr Feb 27 07:35:38 GMT 2015“

#   Failed test 'Matched Fr Feb 27 01:35:38 2015 to  for America/Belize'
#   at t/zoneinfo_current.t line 51.
date: ungültiges Datum „Fr Feb 27 07:35:38 GMT 2015“

#   Failed test 'Matched Fr Feb 27 03:35:38 2015 to  for America/Blanc-Sablon'
#   at t/zoneinfo_current.t line 51.
date: ungültiges Datum „Fr Feb 27 07:35:38 GMT 2015“

#   Failed test 'Matched Fr Feb 27 03:35:38 2015 to  for America/Boa_Vista'
#   at t/zoneinfo_current.t line 51.
date: ungültiges Datum „Fr Feb 27 07:35:38 GMT 2015“

#   Failed test 'Matched Fr Feb 27 02:35:38 2015 to  for America/Bogota'
#   at t/zoneinfo_current.t line 51.
date: ungültiges Datum „Fr Feb 27 07:35:38 GMT 2015“

#   Failed test 'Matched Fr Feb 27 00:35:38 2015 to  for America/Boise'
#   at t/zoneinfo_current.t line 51.
date: ungültiges Datum „Fr Feb 27 07:35:38 GMT 2015“

#   Failed test 'Matched Fr Feb 27 00:35:38 2015 to  for America/Cambridge_Bay'
#   at t/zoneinfo_current.t line 51.
date: ungültiges Datum „Fr Feb 27 07:35:38 GMT 2015“

#   Failed test 'Matched Fr Feb 27 03:35:38 2015 to  for America/Campo_Grande'
#   at t/zoneinfo_current.t line 51.
date: ungültiges Datum „Fr Feb 27 07:35:38 GMT 2015“

#   Failed test 'Matched Fr Feb 27 01:35:38 2015 to  for America/Cancun'
#   at t/zoneinfo_current.t line 51.
date: ungültiges Datum „Fr Feb 27 07:35:38 GMT 2015“

#   Failed test 'Matched Fr Feb 27 03:05:38 2015 to  for America/Caracas'
#   at t/zoneinfo_current.t line 51.
date: ungültiges Datum „Fr Feb 27 07:35:38 GMT 2015“

#   Failed test 'Matched Fr Feb 27 04:35:38 2015 to  for America/Cayenne'
#   at t/zoneinfo_current.t line 51.
date: ungültiges Datum „Fr Feb 27 07:35:38 GMT 2015“

#   Failed test 'Matched Fr Feb 27 02:35:38 2015 to  for America/Cayman'
#   at t/zoneinfo_current.t line 51.
date: ungültiges Datum „Fr Feb 27 07:35:38 GMT 2015“

#   Failed test 'Matched Fr Feb 27 01:35:38 2015 to  for America/Chicago'
#   at t/zoneinfo_current.t line 51.
date: ungültiges Datum „Fr Feb 27 07:35:38 GMT 2015“

#   Failed test 'Matched Fr Feb 27 00:35:38 2015 to  for America/Chihuahua'
#   at t/zoneinfo_current.t line 51.
date: ungültiges Datum „Fr Feb 27 07:35:38 GMT 2015“

#   Failed test 'Matched Fr Feb 27 01:35:38 2015 to  for America/Costa_Rica'
#   at t/zoneinfo_current.t line 51.
date: ungültiges Datum „Fr Feb 27 07:35:38 GMT 2015“

#   Failed test 'Matched Fr Feb 27 00:35:38 2015 to  for America/Creston'
#   at t/zoneinfo_current.t line 51.
date: ungültiges Datum „Fr Feb 27 07:35:38 GMT 2015“

#   Failed test 'Matched Fr Feb 27 03:35:38 2015 to  for America/Cuiaba'
#   at t/zoneinfo_current.t line 51.
date: ungültiges Datum „Fr Feb 27 07:35:38 GMT 2015“

#   Failed test 'Matched Fr Feb 27 03:35:38 2015 to  for America/Curacao'
#   at t/zoneinfo_current.t line 51.
date: ungültiges Datum „Fr Feb 27 07:35:38 GMT 2015“

#   Failed test 'Matched Fr Feb 27 07:35:38 2015 to  for America/Danmarkshavn'
#   at t/zoneinfo_current.t line 51.
date: ungültiges Datum „Fr Feb 27 07:35:38 GMT 2015“

#   Failed test 'Matched Do Feb 26 23:35:38 2015 to  for America/Dawson'
#   at t/zoneinfo_current.t line 51.
date: ungültiges Datum „Fr Feb 27 07:35:38 GMT 2015“

#   Failed test 'Matched Fr Feb 27 00:35:38 2015 to  for America/Dawson_Creek'
#   at t/zoneinfo_current.t line 51.
date: ungültiges Datum „Fr Feb 27 07:35:38 GMT 2015“

#   Failed test 'Matched Fr Feb 27 00:35:38 2015 to  for America/Denver'
#   at t/zoneinfo_current.t line 51.
date: ungültiges Datum „Fr Feb 27 07:35:38 GMT 2015“

#   Failed test 'Matched Fr Feb 27 02:35:38 2015 to  for America/Detroit'
#   at t/zoneinfo_current.t line 51.
date: ungültiges Datum „Fr Feb 27 07:35:38 GMT 2015“

#   Failed test 'Matched Fr Feb 27 03:35:38 2015 to  for America/Dominica'
#   at t/zoneinfo_current.t line 51.
date: ungültiges Datum „Fr Feb 27 07:35:38 GMT 2015“

#   Failed test 'Matched Fr Feb 27 00:35:38 2015 to  for America/Edmonton'
#   at t/zoneinfo_current.t line 51.
date: ungültiges Datum „Fr Feb 27 07:35:38 GMT 2015“

#   Failed test 'Matched Fr Feb 27 02:35:38 2015 to  for America/Eirunepe'
#   at t/zoneinfo_current.t line 51.
date: ungültiges Datum „Fr Feb 27 07:35:38 GMT 2015“

#   Failed test 'Matched Fr Feb 27 01:35:38 2015 to  for America/El_Salvador'
#   at t/zoneinfo_current.t line 51.
date: ungültiges Datum „Fr Feb 27 07:35:38 GMT 2015“

#   Failed test 'Matched Fr Feb 27 04:35:38 2015 to  for America/Fortaleza'
#   at t/zoneinfo_current.t line 51.
date: ungültiges Datum „Fr Feb 27 07:35:38 GMT 2015“

#   Failed test 'Matched Fr Feb 27 03:35:38 2015 to  for America/Glace_Bay'
#   at t/zoneinfo_current.t line 51.
date: ungültiges Datum „Fr Feb 27 07:35:38 GMT 2015“

#   Failed test 'Matched Fr Feb 27 04:35:38 2015 to  for America/Godthab'
#   at t/zoneinfo_current.t line 51.
date: ungültiges Datum „Fr Feb 27 07:35:38 GMT 2015“

#   Failed test 'Matched Fr Feb 27 03:35:38 2015 to  for America/Goose_Bay'
#   at t/zoneinfo_current.t line 51.
date: ungültiges Datum „Fr Feb 27 07:35:38 GMT 2015“

#   Failed test 'Matched Fr Feb 27 02:35:38 2015 to  for America/Grand_Turk'
#   at t/zoneinfo_current.t line 51.
date: ungültiges Datum „Fr Feb 27 07:35:38 GMT 2015“

#   Failed test 'Matched Fr Feb 27 03:35:38 2015 to  for America/Grenada'
#   at t/zoneinfo_current.t line 51.
date: ungültiges Datum „Fr Feb 27 07:35:38 GMT 2015“

#   Failed test 'Matched Fr Feb 27 03:35:38 2015 to  for America/Guadeloupe'
#   at t/zoneinfo_current.t line 51.
date: ungültiges Datum „Fr Feb 27 07:35:38 GMT 2015“

#   Failed test 'Matched Fr Feb 27 01:35:38 2015 to  for America/Guatemala'
#   at t/zoneinfo_current.t line 51.
date: ungültiges Datum „Fr Feb 27 07:35:38 GMT 2015“

#   Failed test 'Matched Fr Feb 27 02:35:38 2015 to  for America/Guayaquil'
#   at t/zoneinfo_current.t line 51.
date: ungültiges Datum „Fr Feb 27 07:35:38 GMT 2015“

#   Failed test 'Matched Fr Feb 27 03:35:38 2015 to  for America/Guyana'
#   at t/zoneinfo_current.t line 51.
date: ungültiges Datum „Fr Feb 27 07:35:38 GMT 2015“

#   Failed test 'Matched Fr Feb 27 03:35:38 2015 to  for America/Halifax'
#   at t/zoneinfo_current.t line 51.
date: ungültiges Datum „Fr Feb 27 07:35:38 GMT 2015“

#   Failed test 'Matched Fr Feb 27 02:35:38 2015 to  for America/Havana'
#   at t/zoneinfo_current.t line 51.
date: ungültiges Datum „Fr Feb 27 07:35:38 GMT 2015“

#   Failed test 'Matched Fr Feb 27 00:35:38 2015 to  for America/Hermosillo'
#   at t/zoneinfo_current.t line 51.
date: ungültiges Datum „Fr Feb 27 07:35:38 GMT 2015“

#   Failed test 'Matched Fr Feb 27 02:35:38 2015 to  for America/Indiana/Indianapolis'
#   at t/zoneinfo_current.t line 51.
date: ungültiges Datum „Fr Feb 27 07:35:38 GMT 2015“

#   Failed test 'Matched Fr Feb 27 01:35:38 2015 to  for America/Indiana/Knox'
#   at t/zoneinfo_current.t line 51.
date: ungültiges Datum „Fr Feb 27 07:35:38 GMT 2015“

#   Failed test 'Matched Fr Feb 27 02:35:38 2015 to  for America/Indiana/Marengo'
#   at t/zoneinfo_current.t line 51.
date: ungültiges Datum „Fr Feb 27 07:35:38 GMT 2015“

#   Failed test 'Matched Fr Feb 27 02:35:38 2015 to  for America/Indiana/Petersburg'
#   at t/zoneinfo_current.t line 51.
date: ungültiges Datum „Fr Feb 27 07:35:38 GMT 2015“

#   Failed test 'Matched Fr Feb 27 01:35:38 2015 to  for America/Indiana/Tell_City'
#   at t/zoneinfo_current.t line 51.
date: ungültiges Datum „Fr Feb 27 07:35:38 GMT 2015“

#   Failed test 'Matched Fr Feb 27 02:35:38 2015 to  for America/Indiana/Vevay'
#   at t/zoneinfo_current.t line 51.
date: ungültiges Datum „Fr Feb 27 07:35:38 GMT 2015“

#   Failed test 'Matched Fr Feb 27 02:35:38 2015 to  for America/Indiana/Vincennes'
#   at t/zoneinfo_current.t line 51.
date: ungültiges Datum „Fr Feb 27 07:35:38 GMT 2015“

#   Failed test 'Matched Fr Feb 27 02:35:38 2015 to  for America/Indiana/Winamac'
#   at t/zoneinfo_current.t line 51.
date: ungültiges Datum „Fr Feb 27 07:35:38 GMT 2015“

#   Failed test 'Matched Fr Feb 27 00:35:38 2015 to  for America/Inuvik'
#   at t/zoneinfo_current.t line 51.
date: ungültiges Datum „Fr Feb 27 07:35:38 GMT 2015“

#   Failed test 'Matched Fr Feb 27 02:35:38 2015 to  for America/Iqaluit'
#   at t/zoneinfo_current.t line 51.
date: ungültiges Datum „Fr Feb 27 07:35:38 GMT 2015“

#   Failed test 'Matched Fr Feb 27 02:35:38 2015 to  for America/Jamaica'
#   at t/zoneinfo_current.t line 51.
date: ungültiges Datum „Fr Feb 27 07:35:38 GMT 2015“

#   Failed test 'Matched Do Feb 26 22:35:38 2015 to  for America/Juneau'
#   at t/zoneinfo_current.t line 51.
date: ungültiges Datum „Fr Feb 27 07:35:38 GMT 2015“

#   Failed test 'Matched Fr Feb 27 02:35:38 2015 to  for America/Kentucky/Louisville'
#   at t/zoneinfo_current.t line 51.
date: ungültiges Datum „Fr Feb 27 07:35:38 GMT 2015“

#   Failed test 'Matched Fr Feb 27 02:35:38 2015 to  for America/Kentucky/Monticello'
#   at t/zoneinfo_current.t line 51.
date: ungültiges Datum „Fr Feb 27 07:35:38 GMT 2015“

#   Failed test 'Matched Fr Feb 27 03:35:38 2015 to  for America/Kralendijk'
#   at t/zoneinfo_current.t line 51.
date: ungültiges Datum „Fr Feb 27 07:35:38 GMT 2015“

#   Failed test 'Matched Fr Feb 27 03:35:38 2015 to  for America/La_Paz'
#   at t/zoneinfo_current.t line 51.
date: ungültiges Datum „Fr Feb 27 07:35:38 GMT 2015“

#   Failed test 'Matched Fr Feb 27 02:35:38 2015 to  for America/Lima'
#   at t/zoneinfo_current.t line 51.
date: ungültiges Datum „Fr Feb 27 07:35:38 GMT 2015“

#   Failed test 'Matched Do Feb 26 23:35:38 2015 to  for America/Los_Angeles'
#   at t/zoneinfo_current.t line 51.
date: ungültiges Datum „Fr Feb 27 07:35:38 GMT 2015“

#   Failed test 'Matched Fr Feb 27 03:35:38 2015 to  for America/Lower_Princes'
#   at t/zoneinfo_current.t line 51.
date: ungültiges Datum „Fr Feb 27 07:35:38 GMT 2015“

#   Failed test 'Matched Fr Feb 27 04:35:38 2015 to  for America/Maceio'
#   at t/zoneinfo_current.t line 51.
date: ungültiges Datum „Fr Feb 27 07:35:38 GMT 2015“

#   Failed test 'Matched Fr Feb 27 01:35:38 2015 to  for America/Managua'
#   at t/zoneinfo_current.t line 51.
date: ungültiges Datum „Fr Feb 27 07:35:38 GMT 2015“

#   Failed test 'Matched Fr Feb 27 03:35:38 2015 to  for America/Manaus'
#   at t/zoneinfo_current.t line 51.
date: ungültiges Datum „Fr Feb 27 07:35:38 GMT 2015“

#   Failed test 'Matched Fr Feb 27 03:35:38 2015 to  for America/Marigot'
#   at t/zoneinfo_current.t line 51.
date: ungültiges Datum „Fr Feb 27 07:35:38 GMT 2015“

#   Failed test 'Matched Fr Feb 27 03:35:38 2015 to  for America/Martinique'
#   at t/zoneinfo_current.t line 51.
date: ungültiges Datum „Fr Feb 27 07:35:38 GMT 2015“

#   Failed test 'Matched Fr Feb 27 01:35:38 2015 to  for America/Matamoros'
#   at t/zoneinfo_current.t line 51.
date: ungültiges Datum „Fr Feb 27 07:35:38 GMT 2015“

#   Failed test 'Matched Fr Feb 27 00:35:38 2015 to  for America/Mazatlan'
#   at t/zoneinfo_current.t line 51.
date: ungültiges Datum „Fr Feb 27 07:35:38 GMT 2015“

#   Failed test 'Matched Fr Feb 27 01:35:38 2015 to  for America/Menominee'
#   at t/zoneinfo_current.t line 51.
date: ungültiges Datum „Fr Feb 27 07:35:38 GMT 2015“

#   Failed test 'Matched Fr Feb 27 01:35:38 2015 to  for America/Merida'
#   at t/zoneinfo_current.t line 51.
date: ungültiges Datum „Fr Feb 27 07:35:38 GMT 2015“

#   Failed test 'Matched Do Feb 26 23:35:38 2015 to  for America/Metlakatla'
#   at t/zoneinfo_current.t line 51.
date: ungültiges Datum „Fr Feb 27 07:35:38 GMT 2015“

#   Failed test 'Matched Fr Feb 27 01:35:38 2015 to  for America/Mexico_City'
#   at t/zoneinfo_current.t line 51.
date: ungültiges Datum „Fr Feb 27 07:35:38 GMT 2015“

#   Failed test 'Matched Fr Feb 27 04:35:38 2015 to  for America/Miquelon'
#   at t/zoneinfo_current.t line 51.
date: ungültiges Datum „Fr Feb 27 07:35:38 GMT 2015“

#   Failed test 'Matched Fr Feb 27 03:35:38 2015 to  for America/Moncton'
#   at t/zoneinfo_current.t line 51.
date: ungültiges Datum „Fr Feb 27 07:35:38 GMT 2015“

#   Failed test 'Matched Fr Feb 27 01:35:38 2015 to  for America/Monterrey'
#   at t/zoneinfo_current.t line 51.
date: ungültiges Datum „Fr Feb 27 07:35:38 GMT 2015“

#   Failed test 'Matched Fr Feb 27 05:35:38 2015 to  for America/Montevideo'
#   at t/zoneinfo_current.t line 51.
date: ungültiges Datum „Fr Feb 27 07:35:38 GMT 2015“

#   Failed test 'Matched Fr Feb 27 03:35:38 2015 to  for America/Montserrat'
#   at t/zoneinfo_current.t line 51.
date: ungültiges Datum „Fr Feb 27 07:35:38 GMT 2015“

#   Failed test 'Matched Fr Feb 27 02:35:38 2015 to  for America/Nassau'
#   at t/zoneinfo_current.t line 51.
date: ungültiges Datum „Fr Feb 27 07:35:38 GMT 2015“

#   Failed test 'Matched Fr Feb 27 02:35:38 2015 to  for America/New_York'
#   at t/zoneinfo_current.t line 51.
date: ungültiges Datum „Fr Feb 27 07:35:38 GMT 2015“

#   Failed test 'Matched Fr Feb 27 02:35:38 2015 to  for America/Nipigon'
#   at t/zoneinfo_current.t line 51.
date: ungültiges Datum „Fr Feb 27 07:35:38 GMT 2015“

#   Failed test 'Matched Do Feb 26 22:35:38 2015 to  for America/Nome'
#   at t/zoneinfo_current.t line 51.
date: ungültiges Datum „Fr Feb 27 07:35:38 GMT 2015“

#   Failed test 'Matched Fr Feb 27 05:35:38 2015 to  for America/Noronha'
#   at t/zoneinfo_current.t line 51.
date: ungültiges Datum „Fr Feb 27 07:35:38 GMT 2015“

#   Failed test 'Matched Fr Feb 27 01:35:38 2015 to  for America/North_Dakota/Beulah'
#   at t/zoneinfo_current.t line 51.
date: ungültiges Datum „Fr Feb 27 07:35:38 GMT 2015“

#   Failed test 'Matched Fr Feb 27 01:35:38 2015 to  for America/North_Dakota/Center'
#   at t/zoneinfo_current.t line 51.
date: ungültiges Datum „Fr Feb 27 07:35:38 GMT 2015“

#   Failed test 'Matched Fr Feb 27 01:35:38 2015 to  for America/North_Dakota/New_Salem'
#   at t/zoneinfo_current.t line 51.
date: ungültiges Datum „Fr Feb 27 07:35:38 GMT 2015“

#   Failed test 'Matched Fr Feb 27 00:35:38 2015 to  for America/Ojinaga'
#   at t/zoneinfo_current.t line 51.
date: ungültiges Datum „Fr Feb 27 07:35:38 GMT 2015“

#   Failed test 'Matched Fr Feb 27 02:35:38 2015 to  for America/Panama'
#   at t/zoneinfo_current.t line 51.
date: ungültiges Datum „Fr Feb 27 07:35:38 GMT 2015“

#   Failed test 'Matched Fr Feb 27 02:35:38 2015 to  for America/Pangnirtung'
#   at t/zoneinfo_current.t line 51.
date: ungültiges Datum „Fr Feb 27 07:35:38 GMT 2015“

#   Failed test 'Matched Fr Feb 27 04:35:38 2015 to  for America/Paramaribo'
#   at t/zoneinfo_current.t line 51.
date: ungültiges Datum „Fr Feb 27 07:35:38 GMT 2015“

#   Failed test 'Matched Fr Feb 27 00:35:38 2015 to  for America/Phoenix'
#   at t/zoneinfo_current.t line 51.
date: ungültiges Datum „Fr Feb 27 07:35:38 GMT 2015“

#   Failed test 'Matched Fr Feb 27 02:35:38 2015 to  for America/Port-au-Prince'
#   at t/zoneinfo_current.t line 51.
date: ungültiges Datum „Fr Feb 27 07:35:38 GMT 2015“

#   Failed test 'Matched Fr Feb 27 03:35:38 2015 to  for America/Port_of_Spain'
#   at t/zoneinfo_current.t line 51.
date: ungültiges Datum „Fr Feb 27 07:35:38 GMT 2015“

#   Failed test 'Matched Fr Feb 27 03:35:38 2015 to  for America/Porto_Velho'
#   at t/zoneinfo_current.t line 51.
date: ungültiges Datum „Fr Feb 27 07:35:38 GMT 2015“

#   Failed test 'Matched Fr Feb 27 03:35:38 2015 to  for America/Puerto_Rico'
#   at t/zoneinfo_current.t line 51.
date: ungültiges Datum „Fr Feb 27 07:35:38 GMT 2015“

#   Failed test 'Matched Fr Feb 27 01:35:38 2015 to  for America/Rainy_River'
#   at t/zoneinfo_current.t line 51.
date: ungültiges Datum „Fr Feb 27 07:35:38 GMT 2015“

#   Failed test 'Matched Fr Feb 27 01:35:38 2015 to  for America/Rankin_Inlet'
#   at t/zoneinfo_current.t line 51.
date: ungültiges Datum „Fr Feb 27 07:35:38 GMT 2015“

#   Failed test 'Matched Fr Feb 27 04:35:38 2015 to  for America/Recife'
#   at t/zoneinfo_current.t line 51.
date: ungültiges Datum „Fr Feb 27 07:35:38 GMT 2015“

#   Failed test 'Matched Fr Feb 27 01:35:38 2015 to  for America/Regina'
#   at t/zoneinfo_current.t line 51.
date: ungültiges Datum „Fr Feb 27 07:35:38 GMT 2015“

#   Failed test 'Matched Fr Feb 27 01:35:38 2015 to  for America/Resolute'
#   at t/zoneinfo_current.t line 51.
date: ungültiges Datum „Fr Feb 27 07:35:38 GMT 2015“

#   Failed test 'Matched Fr Feb 27 02:35:38 2015 to  for America/Rio_Branco'
#   at t/zoneinfo_current.t line 51.
date: ungültiges Datum „Fr Feb 27 07:35:38 GMT 2015“

#   Failed test 'Matched Do Feb 26 23:35:38 2015 to  for America/Santa_Isabel'
#   at t/zoneinfo_current.t line 51.
date: ungültiges Datum „Fr Feb 27 07:35:38 GMT 2015“

#   Failed test 'Matched Fr Feb 27 04:35:38 2015 to  for America/Santarem'
#   at t/zoneinfo_current.t line 51.
date: ungültiges Datum „Fr Feb 27 07:35:38 GMT 2015“

#   Failed test 'Matched Fr Feb 27 04:35:38 2015 to  for America/Santiago'
#   at t/zoneinfo_current.t line 51.
date: ungültiges Datum „Fr Feb 27 07:35:38 GMT 2015“

#   Failed test 'Matched Fr Feb 27 03:35:38 2015 to  for America/Santo_Domingo'
#   at t/zoneinfo_current.t line 51.
date: ungültiges Datum „Fr Feb 27 07:35:38 GMT 2015“

#   Failed test 'Matched Fr Feb 27 04:35:38 2015 to  for America/Sao_Paulo'
#   at t/zoneinfo_current.t line 51.
date: ungültiges Datum „Fr Feb 27 07:35:38 GMT 2015“

#   Failed test 'Matched Fr Feb 27 06:35:38 2015 to  for America/Scoresbysund'
#   at t/zoneinfo_current.t line 51.
date: ungültiges Datum „Fr Feb 27 07:35:38 GMT 2015“

#   Failed test 'Matched Do Feb 26 22:35:38 2015 to  for America/Sitka'
#   at t/zoneinfo_current.t line 51.
date: ungültiges Datum „Fr Feb 27 07:35:38 GMT 2015“

#   Failed test 'Matched Fr Feb 27 03:35:38 2015 to  for America/St_Barthelemy'
#   at t/zoneinfo_current.t line 51.
date: ungültiges Datum „Fr Feb 27 07:35:38 GMT 2015“

#   Failed test 'Matched Fr Feb 27 04:05:38 2015 to  for America/St_Johns'
#   at t/zoneinfo_current.t line 51.
date: ungültiges Datum „Fr Feb 27 07:35:38 GMT 2015“

#   Failed test 'Matched Fr Feb 27 03:35:38 2015 to  for America/St_Kitts'
#   at t/zoneinfo_current.t line 51.
date: ungültiges Datum „Fr Feb 27 07:35:38 GMT 2015“

#   Failed test 'Matched Fr Feb 27 03:35:38 2015 to  for America/St_Lucia'
#   at t/zoneinfo_current.t line 51.
date: ungültiges Datum „Fr Feb 27 07:35:38 GMT 2015“

#   Failed test 'Matched Fr Feb 27 03:35:38 2015 to  for America/St_Thomas'
#   at t/zoneinfo_current.t line 51.
date: ungültiges Datum „Fr Feb 27 07:35:38 GMT 2015“

#   Failed test 'Matched Fr Feb 27 03:35:38 2015 to  for America/St_Vincent'
#   at t/zoneinfo_current.t line 51.
date: ungültiges Datum „Fr Feb 27 07:35:38 GMT 2015“

#   Failed test 'Matched Fr Feb 27 01:35:38 2015 to  for America/Swift_Current'
#   at t/zoneinfo_current.t line 51.
date: ungültiges Datum „Fr Feb 27 07:35:38 GMT 2015“

#   Failed test 'Matched Fr Feb 27 01:35:38 2015 to  for America/Tegucigalpa'
#   at t/zoneinfo_current.t line 51.
date: ungültiges Datum „Fr Feb 27 07:35:38 GMT 2015“

#   Failed test 'Matched Fr Feb 27 03:35:38 2015 to  for America/Thule'
#   at t/zoneinfo_current.t line 51.
date: ungültiges Datum „Fr Feb 27 07:35:38 GMT 2015“

#   Failed test 'Matched Fr Feb 27 02:35:38 2015 to  for America/Thunder_Bay'
#   at t/zoneinfo_current.t line 51.
date: ungültiges Datum „Fr Feb 27 07:35:38 GMT 2015“

#   Failed test 'Matched Do Feb 26 23:35:38 2015 to  for America/Tijuana'
#   at t/zoneinfo_current.t line 51.
date: ungültiges Datum „Fr Feb 27 07:35:38 GMT 2015“

#   Failed test 'Matched Fr Feb 27 02:35:38 2015 to  for America/Toronto'
#   at t/zoneinfo_current.t line 51.
date: ungültiges Datum „Fr Feb 27 07:35:38 GMT 2015“

#   Failed test 'Matched Fr Feb 27 03:35:38 2015 to  for America/Tortola'
#   at t/zoneinfo_current.t line 51.
date: ungültiges Datum „Fr Feb 27 07:35:38 GMT 2015“

#   Failed test 'Matched Do Feb 26 23:35:38 2015 to  for America/Vancouver'
#   at t/zoneinfo_current.t line 51.
date: ungültiges Datum „Fr Feb 27 07:35:38 GMT 2015“

#   Failed test 'Matched Do Feb 26 23:35:38 2015 to  for America/Whitehorse'
#   at t/zoneinfo_current.t line 51.
date: ungültiges Datum „Fr Feb 27 07:35:38 GMT 2015“

#   Failed test 'Matched Fr Feb 27 01:35:38 2015 to  for America/Winnipeg'
#   at t/zoneinfo_current.t line 51.
date: ungültiges Datum „Fr Feb 27 07:35:38 GMT 2015“

#   Failed test 'Matched Do Feb 26 22:35:38 2015 to  for America/Yakutat'
#   at t/zoneinfo_current.t line 51.
date: ungültiges Datum „Fr Feb 27 07:35:38 GMT 2015“

#   Failed test 'Matched Fr Feb 27 00:35:38 2015 to  for America/Yellowknife'
#   at t/zoneinfo_current.t line 51.
date: ungültiges Datum „Fr Feb 27 07:35:38 GMT 2015“

#   Failed test 'Matched Fr Feb 27 15:35:38 2015 to  for Antarctica/Casey'
#   at t/zoneinfo_current.t line 51.
date: ungültiges Datum „Fr Feb 27 07:35:38 GMT 2015“

#   Failed test 'Matched Fr Feb 27 14:35:38 2015 to  for Antarctica/Davis'
#   at t/zoneinfo_current.t line 51.
date: ungültiges Datum „Fr Feb 27 07:35:38 GMT 2015“

#   Failed test 'Matched Fr Feb 27 17:35:38 2015 to  for Antarctica/DumontDUrville'
#   at t/zoneinfo_current.t line 51.
date: ungültiges Datum „Fr Feb 27 07:35:38 GMT 2015“

#   Failed test 'Matched Fr Feb 27 18:35:38 2015 to  for Antarctica/Macquarie'
#   at t/zoneinfo_current.t line 51.
date: ungültiges Datum „Fr Feb 27 07:35:38 GMT 2015“

#   Failed test 'Matched Fr Feb 27 12:35:38 2015 to  for Antarctica/Mawson'
#   at t/zoneinfo_current.t line 51.
date: ungültiges Datum „Fr Feb 27 07:35:38 GMT 2015“

#   Failed test 'Matched Fr Feb 27 20:35:38 2015 to  for Antarctica/McMurdo'
#   at t/zoneinfo_current.t line 51.
date: ungültiges Datum „Fr Feb 27 07:35:38 GMT 2015“

#   Failed test 'Matched Fr Feb 27 04:35:38 2015 to  for Antarctica/Palmer'
#   at t/zoneinfo_current.t line 51.
date: ungültiges Datum „Fr Feb 27 07:35:38 GMT 2015“

#   Failed test 'Matched Fr Feb 27 04:35:38 2015 to  for Antarctica/Rothera'
#   at t/zoneinfo_current.t line 51.
date: ungültiges Datum „Fr Feb 27 07:35:38 GMT 2015“

#   Failed test 'Matched Fr Feb 27 10:35:38 2015 to  for Antarctica/Syowa'
#   at t/zoneinfo_current.t line 51.
date: ungültiges Datum „Fr Feb 27 07:35:38 GMT 2015“

#   Failed test 'Matched Fr Feb 27 07:35:38 2015 to  for Antarctica/Troll'
#   at t/zoneinfo_current.t line 51.
date: ungültiges Datum „Fr Feb 27 07:35:38 GMT 2015“

#   Failed test 'Matched Fr Feb 27 13:35:38 2015 to  for Antarctica/Vostok'
#   at t/zoneinfo_current.t line 51.
date: ungültiges Datum „Fr Feb 27 07:35:38 GMT 2015“

#   Failed test 'Matched Fr Feb 27 08:35:38 2015 to  for Arctic/Longyearbyen'
#   at t/zoneinfo_current.t line 51.
date: ungültiges Datum „Fr Feb 27 07:35:38 GMT 2015“

#   Failed test 'Matched Fr Feb 27 10:35:38 2015 to  for Asia/Aden'
#   at t/zoneinfo_current.t line 51.
date: ungültiges Datum „Fr Feb 27 07:35:38 GMT 2015“

#   Failed test 'Matched Fr Feb 27 13:35:38 2015 to  for Asia/Almaty'
#   at t/zoneinfo_current.t line 51.
date: ungültiges Datum „Fr Feb 27 07:35:38 GMT 2015“

#   Failed test 'Matched Fr Feb 27 09:35:38 2015 to  for Asia/Amman'
#   at t/zoneinfo_current.t line 51.
date: ungültiges Datum „Fr Feb 27 07:35:38 GMT 2015“

#   Failed test 'Matched Fr Feb 27 19:35:38 2015 to  for Asia/Anadyr'
#   at t/zoneinfo_current.t line 51.
date: ungültiges Datum „Fr Feb 27 07:35:38 GMT 2015“

#   Failed test 'Matched Fr Feb 27 12:35:38 2015 to  for Asia/Aqtau'
#   at t/zoneinfo_current.t line 51.
date: ungültiges Datum „Fr Feb 27 07:35:38 GMT 2015“

#   Failed test 'Matched Fr Feb 27 12:35:38 2015 to  for Asia/Aqtobe'
#   at t/zoneinfo_current.t line 51.
date: ungültiges Datum „Fr Feb 27 07:35:38 GMT 2015“

#   Failed test 'Matched Fr Feb 27 12:35:38 2015 to  for Asia/Ashgabat'
#   at t/zoneinfo_current.t line 51.
date: ungültiges Datum „Fr Feb 27 07:35:38 GMT 2015“

#   Failed test 'Matched Fr Feb 27 10:35:38 2015 to  for Asia/Baghdad'
#   at t/zoneinfo_current.t line 51.
date: ungültiges Datum „Fr Feb 27 07:35:38 GMT 2015“

#   Failed test 'Matched Fr Feb 27 10:35:38 2015 to  for Asia/Bahrain'
#   at t/zoneinfo_current.t line 51.
date: ungültiges Datum „Fr Feb 27 07:35:38 GMT 2015“

#   Failed test 'Matched Fr Feb 27 11:35:38 2015 to  for Asia/Baku'
#   at t/zoneinfo_current.t line 51.
date: ungültiges Datum „Fr Feb 27 07:35:38 GMT 2015“

#   Failed test 'Matched Fr Feb 27 14:35:38 2015 to  for Asia/Bangkok'
#   at t/zoneinfo_current.t line 51.
date: ungültiges Datum „Fr Feb 27 07:35:38 GMT 2015“

#   Failed test 'Matched Fr Feb 27 09:35:38 2015 to  for Asia/Beirut'
#   at t/zoneinfo_current.t line 51.
date: ungültiges Datum „Fr Feb 27 07:35:38 GMT 2015“

#   Failed test 'Matched Fr Feb 27 13:35:38 2015 to  for Asia/Bishkek'
#   at t/zoneinfo_current.t line 51.
date: ungültiges Datum „Fr Feb 27 07:35:38 GMT 2015“

#   Failed test 'Matched Fr Feb 27 15:35:38 2015 to  for Asia/Brunei'
#   at t/zoneinfo_current.t line 51.
date: ungültiges Datum „Fr Feb 27 07:35:38 GMT 2015“

#   Failed test 'Matched Fr Feb 27 15:35:38 2015 to  for Asia/Chita'
#   at t/zoneinfo_current.t line 51.
date: ungültiges Datum „Fr Feb 27 07:35:38 GMT 2015“

#   Failed test 'Matched Fr Feb 27 15:35:38 2015 to  for Asia/Choibalsan'
#   at t/zoneinfo_current.t line 51.
date: ungültiges Datum „Fr Feb 27 07:35:38 GMT 2015“

#   Failed test 'Matched Fr Feb 27 13:05:38 2015 to  for Asia/Colombo'
#   at t/zoneinfo_current.t line 51.
date: ungültiges Datum „Fr Feb 27 07:35:38 GMT 2015“

#   Failed test 'Matched Fr Feb 27 09:35:38 2015 to  for Asia/Damascus'
#   at t/zoneinfo_current.t line 51.
date: ungültiges Datum „Fr Feb 27 07:35:38 GMT 2015“

#   Failed test 'Matched Fr Feb 27 13:35:38 2015 to  for Asia/Dhaka'
#   at t/zoneinfo_current.t line 51.
date: ungültiges Datum „Fr Feb 27 07:35:38 GMT 2015“

#   Failed test 'Matched Fr Feb 27 16:35:38 2015 to  for Asia/Dili'
#   at t/zoneinfo_current.t line 51.
date: ungültiges Datum „Fr Feb 27 07:35:38 GMT 2015“

#   Failed test 'Matched Fr Feb 27 11:35:38 2015 to  for Asia/Dubai'
#   at t/zoneinfo_current.t line 51.
date: ungültiges Datum „Fr Feb 27 07:35:38 GMT 2015“

#   Failed test 'Matched Fr Feb 27 12:35:38 2015 to  for Asia/Dushanbe'
#   at t/zoneinfo_current.t line 51.
date: ungültiges Datum „Fr Feb 27 07:35:38 GMT 2015“

#   Failed test 'Matched Fr Feb 27 09:35:38 2015 to  for Asia/Gaza'
#   at t/zoneinfo_current.t line 51.
date: ungültiges Datum „Fr Feb 27 07:35:38 GMT 2015“

#   Failed test 'Matched Fr Feb 27 09:35:38 2015 to  for Asia/Hebron'
#   at t/zoneinfo_current.t line 51.
date: ungültiges Datum „Fr Feb 27 07:35:38 GMT 2015“

#   Failed test 'Matched Fr Feb 27 14:35:38 2015 to  for Asia/Ho_Chi_Minh'
#   at t/zoneinfo_current.t line 51.
date: ungültiges Datum „Fr Feb 27 07:35:38 GMT 2015“

#   Failed test 'Matched Fr Feb 27 15:35:38 2015 to  for Asia/Hong_Kong'
#   at t/zoneinfo_current.t line 51.
date: ungültiges Datum „Fr Feb 27 07:35:38 GMT 2015“

#   Failed test 'Matched Fr Feb 27 14:35:38 2015 to  for Asia/Hovd'
#   at t/zoneinfo_current.t line 51.
date: ungültiges Datum „Fr Feb 27 07:35:38 GMT 2015“

#   Failed test 'Matched Fr Feb 27 15:35:38 2015 to  for Asia/Irkutsk'
#   at t/zoneinfo_current.t line 51.
date: ungültiges Datum „Fr Feb 27 07:35:38 GMT 2015“

#   Failed test 'Matched Fr Feb 27 14:35:38 2015 to  for Asia/Jakarta'
#   at t/zoneinfo_current.t line 51.
date: ungültiges Datum „Fr Feb 27 07:35:38 GMT 2015“

#   Failed test 'Matched Fr Feb 27 16:35:38 2015 to  for Asia/Jayapura'
#   at t/zoneinfo_current.t line 51.
date: ungültiges Datum „Fr Feb 27 07:35:38 GMT 2015“

#   Failed test 'Matched Fr Feb 27 09:35:38 2015 to  for Asia/Jerusalem'
#   at t/zoneinfo_current.t line 51.
date: ungültiges Datum „Fr Feb 27 07:35:38 GMT 2015“

#   Failed test 'Matched Fr Feb 27 12:05:38 2015 to  for Asia/Kabul'
#   at t/zoneinfo_current.t line 51.
date: ungültiges Datum „Fr Feb 27 07:35:38 GMT 2015“

#   Failed test 'Matched Fr Feb 27 19:35:38 2015 to  for Asia/Kamchatka'
#   at t/zoneinfo_current.t line 51.
date: ungültiges Datum „Fr Feb 27 07:35:38 GMT 2015“

#   Failed test 'Matched Fr Feb 27 12:35:38 2015 to  for Asia/Karachi'
#   at t/zoneinfo_current.t line 51.
date: ungültiges Datum „Fr Feb 27 07:35:38 GMT 2015“

#   Failed test 'Matched Fr Feb 27 13:20:38 2015 to  for Asia/Kathmandu'
#   at t/zoneinfo_current.t line 51.
date: ungültiges Datum „Fr Feb 27 07:35:38 GMT 2015“

#   Failed test 'Matched Fr Feb 27 16:35:38 2015 to  for Asia/Khandyga'
#   at t/zoneinfo_current.t line 51.
date: ungültiges Datum „Fr Feb 27 07:35:38 GMT 2015“

#   Failed test 'Matched Fr Feb 27 13:05:38 2015 to  for Asia/Kolkata'
#   at t/zoneinfo_current.t line 51.
date: ungültiges Datum „Fr Feb 27 07:35:38 GMT 2015“

#   Failed test 'Matched Fr Feb 27 14:35:38 2015 to  for Asia/Krasnoyarsk'
#   at t/zoneinfo_current.t line 51.
date: ungültiges Datum „Fr Feb 27 07:35:38 GMT 2015“

#   Failed test 'Matched Fr Feb 27 15:35:38 2015 to  for Asia/Kuala_Lumpur'
#   at t/zoneinfo_current.t line 51.
date: ungültiges Datum „Fr Feb 27 07:35:38 GMT 2015“

#   Failed test 'Matched Fr Feb 27 15:35:38 2015 to  for Asia/Kuching'
#   at t/zoneinfo_current.t line 51.
date: ungültiges Datum „Fr Feb 27 07:35:38 GMT 2015“

#   Failed test 'Matched Fr Feb 27 10:35:38 2015 to  for Asia/Kuwait'
#   at t/zoneinfo_current.t line 51.
date: ungültiges Datum „Fr Feb 27 07:35:38 GMT 2015“

#   Failed test 'Matched Fr Feb 27 15:35:38 2015 to  for Asia/Macau'
#   at t/zoneinfo_current.t line 51.
date: ungültiges Datum „Fr Feb 27 07:35:38 GMT 2015“

#   Failed test 'Matched Fr Feb 27 17:35:38 2015 to  for Asia/Magadan'
#   at t/zoneinfo_current.t line 51.
date: ungültiges Datum „Fr Feb 27 07:35:38 GMT 2015“

#   Failed test 'Matched Fr Feb 27 15:35:38 2015 to  for Asia/Makassar'
#   at t/zoneinfo_current.t line 51.
date: ungültiges Datum „Fr Feb 27 07:35:38 GMT 2015“

#   Failed test 'Matched Fr Feb 27 15:35:38 2015 to  for Asia/Manila'
#   at t/zoneinfo_current.t line 51.
date: ungültiges Datum „Fr Feb 27 07:35:38 GMT 2015“

#   Failed test 'Matched Fr Feb 27 11:35:38 2015 to  for Asia/Muscat'
#   at t/zoneinfo_current.t line 51.
date: ungültiges Datum „Fr Feb 27 07:35:38 GMT 2015“

#   Failed test 'Matched Fr Feb 27 09:35:38 2015 to  for Asia/Nicosia'
#   at t/zoneinfo_current.t line 51.
date: ungültiges Datum „Fr Feb 27 07:35:38 GMT 2015“

#   Failed test 'Matched Fr Feb 27 14:35:38 2015 to  for Asia/Novokuznetsk'
#   at t/zoneinfo_current.t line 51.
date: ungültiges Datum „Fr Feb 27 07:35:38 GMT 2015“

#   Failed test 'Matched Fr Feb 27 13:35:38 2015 to  for Asia/Novosibirsk'
#   at t/zoneinfo_current.t line 51.
date: ungültiges Datum „Fr Feb 27 07:35:38 GMT 2015“

#   Failed test 'Matched Fr Feb 27 13:35:38 2015 to  for Asia/Omsk'
#   at t/zoneinfo_current.t line 51.
date: ungültiges Datum „Fr Feb 27 07:35:38 GMT 2015“

#   Failed test 'Matched Fr Feb 27 12:35:38 2015 to  for Asia/Oral'
#   at t/zoneinfo_current.t line 51.
date: ungültiges Datum „Fr Feb 27 07:35:38 GMT 2015“

#   Failed test 'Matched Fr Feb 27 14:35:38 2015 to  for Asia/Phnom_Penh'
#   at t/zoneinfo_current.t line 51.
date: ungültiges Datum „Fr Feb 27 07:35:38 GMT 2015“

#   Failed test 'Matched Fr Feb 27 14:35:38 2015 to  for Asia/Pontianak'
#   at t/zoneinfo_current.t line 51.
date: ungültiges Datum „Fr Feb 27 07:35:38 GMT 2015“

#   Failed test 'Matched Fr Feb 27 16:35:38 2015 to  for Asia/Pyongyang'
#   at t/zoneinfo_current.t line 51.
date: ungültiges Datum „Fr Feb 27 07:35:38 GMT 2015“

#   Failed test 'Matched Fr Feb 27 10:35:38 2015 to  for Asia/Qatar'
#   at t/zoneinfo_current.t line 51.
date: ungültiges Datum „Fr Feb 27 07:35:38 GMT 2015“

#   Failed test 'Matched Fr Feb 27 13:35:38 2015 to  for Asia/Qyzylorda'
#   at t/zoneinfo_current.t line 51.
date: ungültiges Datum „Fr Feb 27 07:35:38 GMT 2015“

#   Failed test 'Matched Fr Feb 27 14:05:38 2015 to  for Asia/Rangoon'
#   at t/zoneinfo_current.t line 51.
date: ungültiges Datum „Fr Feb 27 07:35:38 GMT 2015“

#   Failed test 'Matched Fr Feb 27 10:35:38 2015 to  for Asia/Riyadh'
#   at t/zoneinfo_current.t line 51.
date: ungültiges Datum „Fr Feb 27 07:35:38 GMT 2015“

#   Failed test 'Matched Fr Feb 27 17:35:38 2015 to  for Asia/Sakhalin'
#   at t/zoneinfo_current.t line 51.
date: ungültiges Datum „Fr Feb 27 07:35:38 GMT 2015“

#   Failed test 'Matched Fr Feb 27 12:35:38 2015 to  for Asia/Samarkand'
#   at t/zoneinfo_current.t line 51.
date: ungültiges Datum „Fr Feb 27 07:35:38 GMT 2015“

#   Failed test 'Matched Fr Feb 27 16:35:38 2015 to  for Asia/Seoul'
#   at t/zoneinfo_current.t line 51.
date: ungültiges Datum „Fr Feb 27 07:35:38 GMT 2015“

#   Failed test 'Matched Fr Feb 27 15:35:38 2015 to  for Asia/Shanghai'
#   at t/zoneinfo_current.t line 51.
date: ungültiges Datum „Fr Feb 27 07:35:38 GMT 2015“

#   Failed test 'Matched Fr Feb 27 15:35:38 2015 to  for Asia/Singapore'
#   at t/zoneinfo_current.t line 51.
date: ungültiges Datum „Fr Feb 27 07:35:38 GMT 2015“

#   Failed test 'Matched Fr Feb 27 18:35:38 2015 to  for Asia/Srednekolymsk'
#   at t/zoneinfo_current.t line 51.
date: ungültiges Datum „Fr Feb 27 07:35:38 GMT 2015“

#   Failed test 'Matched Fr Feb 27 15:35:38 2015 to  for Asia/Taipei'
#   at t/zoneinfo_current.t line 51.
date: ungültiges Datum „Fr Feb 27 07:35:38 GMT 2015“

#   Failed test 'Matched Fr Feb 27 12:35:38 2015 to  for Asia/Tashkent'
#   at t/zoneinfo_current.t line 51.
date: ungültiges Datum „Fr Feb 27 07:35:38 GMT 2015“

#   Failed test 'Matched Fr Feb 27 11:35:38 2015 to  for Asia/Tbilisi'
#   at t/zoneinfo_current.t line 51.
date: ungültiges Datum „Fr Feb 27 07:35:38 GMT 2015“

#   Failed test 'Matched Fr Feb 27 11:05:38 2015 to  for Asia/Tehran'
#   at t/zoneinfo_current.t line 51.
date: ungültiges Datum „Fr Feb 27 07:35:38 GMT 2015“

#   Failed test 'Matched Fr Feb 27 13:35:38 2015 to  for Asia/Thimphu'
#   at t/zoneinfo_current.t line 51.
date: ungültiges Datum „Fr Feb 27 07:35:38 GMT 2015“

#   Failed test 'Matched Fr Feb 27 16:35:38 2015 to  for Asia/Tokyo'
#   at t/zoneinfo_current.t line 51.
date: ungültiges Datum „Fr Feb 27 07:35:38 GMT 2015“

#   Failed test 'Matched Fr Feb 27 15:35:38 2015 to  for Asia/Ulaanbaatar'
#   at t/zoneinfo_current.t line 51.
date: ungültiges Datum „Fr Feb 27 07:35:38 GMT 2015“

#   Failed test 'Matched Fr Feb 27 13:35:38 2015 to  for Asia/Urumqi'
#   at t/zoneinfo_current.t line 51.
date: ungültiges Datum „Fr Feb 27 07:35:38 GMT 2015“

#   Failed test 'Matched Fr Feb 27 17:35:38 2015 to  for Asia/Ust-Nera'
#   at t/zoneinfo_current.t line 51.
date: ungültiges Datum „Fr Feb 27 07:35:38 GMT 2015“

#   Failed test 'Matched Fr Feb 27 14:35:38 2015 to  for Asia/Vientiane'
#   at t/zoneinfo_current.t line 51.
date: ungültiges Datum „Fr Feb 27 07:35:38 GMT 2015“

#   Failed test 'Matched Fr Feb 27 17:35:38 2015 to  for Asia/Vladivostok'
#   at t/zoneinfo_current.t line 51.
date: ungültiges Datum „Fr Feb 27 07:35:38 GMT 2015“

#   Failed test 'Matched Fr Feb 27 16:35:38 2015 to  for Asia/Yakutsk'
#   at t/zoneinfo_current.t line 51.
date: ungültiges Datum „Fr Feb 27 07:35:38 GMT 2015“

#   Failed test 'Matched Fr Feb 27 12:35:38 2015 to  for Asia/Yekaterinburg'
#   at t/zoneinfo_current.t line 51.
date: ungültiges Datum „Fr Feb 27 07:35:38 GMT 2015“

#   Failed test 'Matched Fr Feb 27 11:35:38 2015 to  for Asia/Yerevan'
#   at t/zoneinfo_current.t line 51.
date: ungültiges Datum „Fr Feb 27 07:35:38 GMT 2015“

#   Failed test 'Matched Fr Feb 27 06:35:38 2015 to  for Atlantic/Azores'
#   at t/zoneinfo_current.t line 51.
date: ungültiges Datum „Fr Feb 27 07:35:38 GMT 2015“

#   Failed test 'Matched Fr Feb 27 03:35:38 2015 to  for Atlantic/Bermuda'
#   at t/zoneinfo_current.t line 51.
date: ungültiges Datum „Fr Feb 27 07:35:38 GMT 2015“

#   Failed test 'Matched Fr Feb 27 07:35:38 2015 to  for Atlantic/Canary'
#   at t/zoneinfo_current.t line 51.
date: ungültiges Datum „Fr Feb 27 07:35:38 GMT 2015“

#   Failed test 'Matched Fr Feb 27 06:35:38 2015 to  for Atlantic/Cape_Verde'
#   at t/zoneinfo_current.t line 51.
date: ungültiges Datum „Fr Feb 27 07:35:38 GMT 2015“

#   Failed test 'Matched Fr Feb 27 07:35:38 2015 to  for Atlantic/Faroe'
#   at t/zoneinfo_current.t line 51.
date: ungültiges Datum „Fr Feb 27 07:35:38 GMT 2015“

#   Failed test 'Matched Fr Feb 27 07:35:38 2015 to  for Atlantic/Madeira'
#   at t/zoneinfo_current.t line 51.
date: ungültiges Datum „Fr Feb 27 07:35:38 GMT 2015“

#   Failed test 'Matched Fr Feb 27 07:35:38 2015 to  for Atlantic/Reykjavik'
#   at t/zoneinfo_current.t line 51.
date: ungültiges Datum „Fr Feb 27 07:35:38 GMT 2015“

#   Failed test 'Matched Fr Feb 27 05:35:38 2015 to  for Atlantic/South_Georgia'
#   at t/zoneinfo_current.t line 51.
date: ungültiges Datum „Fr Feb 27 07:35:38 GMT 2015“

#   Failed test 'Matched Fr Feb 27 07:35:38 2015 to  for Atlantic/St_Helena'
#   at t/zoneinfo_current.t line 51.
date: ungültiges Datum „Fr Feb 27 07:35:38 GMT 2015“

#   Failed test 'Matched Fr Feb 27 04:35:38 2015 to  for Atlantic/Stanley'
#   at t/zoneinfo_current.t line 51.
date: ungültiges Datum „Fr Feb 27 07:35:38 GMT 2015“

#   Failed test 'Matched Fr Feb 27 18:05:38 2015 to  for Australia/Adelaide'
#   at t/zoneinfo_current.t line 51.
date: ungültiges Datum „Fr Feb 27 07:35:38 GMT 2015“

#   Failed test 'Matched Fr Feb 27 17:35:38 2015 to  for Australia/Brisbane'
#   at t/zoneinfo_current.t line 51.
date: ungültiges Datum „Fr Feb 27 07:35:38 GMT 2015“

#   Failed test 'Matched Fr Feb 27 18:05:38 2015 to  for Australia/Broken_Hill'
#   at t/zoneinfo_current.t line 51.
date: ungültiges Datum „Fr Feb 27 07:35:38 GMT 2015“

#   Failed test 'Matched Fr Feb 27 18:35:38 2015 to  for Australia/Currie'
#   at t/zoneinfo_current.t line 51.
date: ungültiges Datum „Fr Feb 27 07:35:38 GMT 2015“

#   Failed test 'Matched Fr Feb 27 17:05:38 2015 to  for Australia/Darwin'
#   at t/zoneinfo_current.t line 51.
date: ungültiges Datum „Fr Feb 27 07:35:38 GMT 2015“

#   Failed test 'Matched Fr Feb 27 16:20:38 2015 to  for Australia/Eucla'
#   at t/zoneinfo_current.t line 51.
date: ungültiges Datum „Fr Feb 27 07:35:38 GMT 2015“

#   Failed test 'Matched Fr Feb 27 18:35:38 2015 to  for Australia/Hobart'
#   at t/zoneinfo_current.t line 51.
date: ungültiges Datum „Fr Feb 27 07:35:38 GMT 2015“

#   Failed test 'Matched Fr Feb 27 17:35:38 2015 to  for Australia/Lindeman'
#   at t/zoneinfo_current.t line 51.
date: ungültiges Datum „Fr Feb 27 07:35:38 GMT 2015“

#   Failed test 'Matched Fr Feb 27 18:35:38 2015 to  for Australia/Lord_Howe'
#   at t/zoneinfo_current.t line 51.
date: ungültiges Datum „Fr Feb 27 07:35:38 GMT 2015“

#   Failed test 'Matched Fr Feb 27 18:35:38 2015 to  for Australia/Melbourne'
#   at t/zoneinfo_current.t line 51.
date: ungültiges Datum „Fr Feb 27 07:35:38 GMT 2015“

#   Failed test 'Matched Fr Feb 27 15:35:38 2015 to  for Australia/Perth'
#   at t/zoneinfo_current.t line 51.
date: ungültiges Datum „Fr Feb 27 07:35:38 GMT 2015“

#   Failed test 'Matched Fr Feb 27 18:35:38 2015 to  for Australia/Sydney'
#   at t/zoneinfo_current.t line 51.
date: ungültiges Datum „Fr Feb 27 07:35:38 GMT 2015“

#   Failed test 'Matched Fr Feb 27 08:35:38 2015 to  for Europe/Amsterdam'
#   at t/zoneinfo_current.t line 51.
date: ungültiges Datum „Fr Feb 27 07:35:38 GMT 2015“

#   Failed test 'Matched Fr Feb 27 08:35:38 2015 to  for Europe/Andorra'
#   at t/zoneinfo_current.t line 51.
date: ungültiges Datum „Fr Feb 27 07:35:38 GMT 2015“

#   Failed test 'Matched Fr Feb 27 09:35:38 2015 to  for Europe/Athens'
#   at t/zoneinfo_current.t line 51.
date: ungültiges Datum „Fr Feb 27 07:35:38 GMT 2015“

#   Failed test 'Matched Fr Feb 27 08:35:38 2015 to  for Europe/Belgrade'
#   at t/zoneinfo_current.t line 51.
date: ungültiges Datum „Fr Feb 27 07:35:38 GMT 2015“

#   Failed test 'Matched Fr Feb 27 08:35:38 2015 to  for Europe/Berlin'
#   at t/zoneinfo_current.t line 51.
date: ungültiges Datum „Fr Feb 27 07:35:38 GMT 2015“

#   Failed test 'Matched Fr Feb 27 08:35:38 2015 to  for Europe/Bratislava'
#   at t/zoneinfo_current.t line 51.
date: ungültiges Datum „Fr Feb 27 07:35:38 GMT 2015“

#   Failed test 'Matched Fr Feb 27 08:35:38 2015 to  for Europe/Brussels'
#   at t/zoneinfo_current.t line 51.
date: ungültiges Datum „Fr Feb 27 07:35:38 GMT 2015“

#   Failed test 'Matched Fr Feb 27 09:35:38 2015 to  for Europe/Bucharest'
#   at t/zoneinfo_current.t line 51.
date: ungültiges Datum „Fr Feb 27 07:35:38 GMT 2015“

#   Failed test 'Matched Fr Feb 27 08:35:38 2015 to  for Europe/Budapest'
#   at t/zoneinfo_current.t line 51.
date: ungültiges Datum „Fr Feb 27 07:35:38 GMT 2015“

#   Failed test 'Matched Fr Feb 27 08:35:38 2015 to  for Europe/Busingen'
#   at t/zoneinfo_current.t line 51.
date: ungültiges Datum „Fr Feb 27 07:35:38 GMT 2015“

#   Failed test 'Matched Fr Feb 27 09:35:38 2015 to  for Europe/Chisinau'
#   at t/zoneinfo_current.t line 51.
date: ungültiges Datum „Fr Feb 27 07:35:38 GMT 2015“

#   Failed test 'Matched Fr Feb 27 08:35:38 2015 to  for Europe/Copenhagen'
#   at t/zoneinfo_current.t line 51.
date: ungültiges Datum „Fr Feb 27 07:35:38 GMT 2015“

#   Failed test 'Matched Fr Feb 27 07:35:38 2015 to  for Europe/Dublin'
#   at t/zoneinfo_current.t line 51.
date: ungültiges Datum „Fr Feb 27 07:35:38 GMT 2015“

#   Failed test 'Matched Fr Feb 27 08:35:38 2015 to  for Europe/Gibraltar'
#   at t/zoneinfo_current.t line 51.
date: ungültiges Datum „Fr Feb 27 07:35:38 GMT 2015“

#   Failed test 'Matched Fr Feb 27 07:35:38 2015 to  for Europe/Guernsey'
#   at t/zoneinfo_current.t line 51.
date: ungültiges Datum „Fr Feb 27 07:35:38 GMT 2015“

#   Failed test 'Matched Fr Feb 27 09:35:38 2015 to  for Europe/Helsinki'
#   at t/zoneinfo_current.t line 51.
date: ungültiges Datum „Fr Feb 27 07:35:38 GMT 2015“

#   Failed test 'Matched Fr Feb 27 07:35:38 2015 to  for Europe/Isle_of_Man'
#   at t/zoneinfo_current.t line 51.
date: ungültiges Datum „Fr Feb 27 07:35:38 GMT 2015“

#   Failed test 'Matched Fr Feb 27 09:35:38 2015 to  for Europe/Istanbul'
#   at t/zoneinfo_current.t line 51.
date: ungültiges Datum „Fr Feb 27 07:35:38 GMT 2015“

#   Failed test 'Matched Fr Feb 27 07:35:38 2015 to  for Europe/Jersey'
#   at t/zoneinfo_current.t line 51.
date: ungültiges Datum „Fr Feb 27 07:35:38 GMT 2015“

#   Failed test 'Matched Fr Feb 27 09:35:38 2015 to  for Europe/Kaliningrad'
#   at t/zoneinfo_current.t line 51.
date: ungültiges Datum „Fr Feb 27 07:35:38 GMT 2015“

#   Failed test 'Matched Fr Feb 27 09:35:38 2015 to  for Europe/Kiev'
#   at t/zoneinfo_current.t line 51.
date: ungültiges Datum „Fr Feb 27 07:35:38 GMT 2015“

#   Failed test 'Matched Fr Feb 27 07:35:38 2015 to  for Europe/Lisbon'
#   at t/zoneinfo_current.t line 51.
date: ungültiges Datum „Fr Feb 27 07:35:38 GMT 2015“

#   Failed test 'Matched Fr Feb 27 08:35:38 2015 to  for Europe/Ljubljana'
#   at t/zoneinfo_current.t line 51.
date: ungültiges Datum „Fr Feb 27 07:35:38 GMT 2015“

#   Failed test 'Matched Fr Feb 27 07:35:38 2015 to  for Europe/London'
#   at t/zoneinfo_current.t line 51.
date: ungültiges Datum „Fr Feb 27 07:35:38 GMT 2015“

#   Failed test 'Matched Fr Feb 27 08:35:38 2015 to  for Europe/Luxembourg'
#   at t/zoneinfo_current.t line 51.
date: ungültiges Datum „Fr Feb 27 07:35:38 GMT 2015“

#   Failed test 'Matched Fr Feb 27 08:35:38 2015 to  for Europe/Madrid'
#   at t/zoneinfo_current.t line 51.
date: ungültiges Datum „Fr Feb 27 07:35:38 GMT 2015“

#   Failed test 'Matched Fr Feb 27 08:35:38 2015 to  for Europe/Malta'
#   at t/zoneinfo_current.t line 51.
date: ungültiges Datum „Fr Feb 27 07:35:38 GMT 2015“

#   Failed test 'Matched Fr Feb 27 09:35:38 2015 to  for Europe/Mariehamn'
#   at t/zoneinfo_current.t line 51.
date: ungültiges Datum „Fr Feb 27 07:35:38 GMT 2015“

#   Failed test 'Matched Fr Feb 27 10:35:38 2015 to  for Europe/Minsk'
#   at t/zoneinfo_current.t line 51.
date: ungültiges Datum „Fr Feb 27 07:35:38 GMT 2015“

#   Failed test 'Matched Fr Feb 27 08:35:38 2015 to  for Europe/Monaco'
#   at t/zoneinfo_current.t line 51.
date: ungültiges Datum „Fr Feb 27 07:35:38 GMT 2015“

#   Failed test 'Matched Fr Feb 27 10:35:38 2015 to  for Europe/Moscow'
#   at t/zoneinfo_current.t line 51.
date: ungültiges Datum „Fr Feb 27 07:35:38 GMT 2015“

#   Failed test 'Matched Fr Feb 27 08:35:38 2015 to  for Europe/Oslo'
#   at t/zoneinfo_current.t line 51.
date: ungültiges Datum „Fr Feb 27 07:35:38 GMT 2015“

#   Failed test 'Matched Fr Feb 27 08:35:38 2015 to  for Europe/Paris'
#   at t/zoneinfo_current.t line 51.
date: ungültiges Datum „Fr Feb 27 07:35:38 GMT 2015“

#   Failed test 'Matched Fr Feb 27 08:35:38 2015 to  for Europe/Podgorica'
#   at t/zoneinfo_current.t line 51.
date: ungültiges Datum „Fr Feb 27 07:35:38 GMT 2015“

#   Failed test 'Matched Fr Feb 27 08:35:38 2015 to  for Europe/Prague'
#   at t/zoneinfo_current.t line 51.
date: ungültiges Datum „Fr Feb 27 07:35:38 GMT 2015“

#   Failed test 'Matched Fr Feb 27 09:35:38 2015 to  for Europe/Riga'
#   at t/zoneinfo_current.t line 51.
date: ungültiges Datum „Fr Feb 27 07:35:38 GMT 2015“

#   Failed test 'Matched Fr Feb 27 08:35:38 2015 to  for Europe/Rome'
#   at t/zoneinfo_current.t line 51.
date: ungültiges Datum „Fr Feb 27 07:35:38 GMT 2015“

#   Failed test 'Matched Fr Feb 27 11:35:38 2015 to  for Europe/Samara'
#   at t/zoneinfo_current.t line 51.
date: ungültiges Datum „Fr Feb 27 07:35:38 GMT 2015“

#   Failed test 'Matched Fr Feb 27 08:35:38 2015 to  for Europe/San_Marino'
#   at t/zoneinfo_current.t line 51.
date: ungültiges Datum „Fr Feb 27 07:35:38 GMT 2015“

#   Failed test 'Matched Fr Feb 27 08:35:38 2015 to  for Europe/Sarajevo'
#   at t/zoneinfo_current.t line 51.
date: ungültiges Datum „Fr Feb 27 07:35:38 GMT 2015“

#   Failed test 'Matched Fr Feb 27 10:35:38 2015 to  for Europe/Simferopol'
#   at t/zoneinfo_current.t line 51.
date: ungültiges Datum „Fr Feb 27 07:35:38 GMT 2015“

#   Failed test 'Matched Fr Feb 27 08:35:38 2015 to  for Europe/Skopje'
#   at t/zoneinfo_current.t line 51.
date: ungültiges Datum „Fr Feb 27 07:35:38 GMT 2015“

#   Failed test 'Matched Fr Feb 27 09:35:38 2015 to  for Europe/Sofia'
#   at t/zoneinfo_current.t line 51.
date: ungültiges Datum „Fr Feb 27 07:35:38 GMT 2015“

#   Failed test 'Matched Fr Feb 27 08:35:38 2015 to  for Europe/Stockholm'
#   at t/zoneinfo_current.t line 51.
date: ungültiges Datum „Fr Feb 27 07:35:38 GMT 2015“

#   Failed test 'Matched Fr Feb 27 09:35:38 2015 to  for Europe/Tallinn'
#   at t/zoneinfo_current.t line 51.
date: ungültiges Datum „Fr Feb 27 07:35:38 GMT 2015“

#   Failed test 'Matched Fr Feb 27 08:35:38 2015 to  for Europe/Tirane'
#   at t/zoneinfo_current.t line 51.
date: ungültiges Datum „Fr Feb 27 07:35:38 GMT 2015“

#   Failed test 'Matched Fr Feb 27 09:35:38 2015 to  for Europe/Uzhgorod'
#   at t/zoneinfo_current.t line 51.
date: ungültiges Datum „Fr Feb 27 07:35:38 GMT 2015“

#   Failed test 'Matched Fr Feb 27 08:35:38 2015 to  for Europe/Vaduz'
#   at t/zoneinfo_current.t line 51.
date: ungültiges Datum „Fr Feb 27 07:35:38 GMT 2015“

#   Failed test 'Matched Fr Feb 27 08:35:38 2015 to  for Europe/Vatican'
#   at t/zoneinfo_current.t line 51.
date: ungültiges Datum „Fr Feb 27 07:35:38 GMT 2015“

#   Failed test 'Matched Fr Feb 27 08:35:38 2015 to  for Europe/Vienna'
#   at t/zoneinfo_current.t line 51.
date: ungültiges Datum „Fr Feb 27 07:35:38 GMT 2015“

#   Failed test 'Matched Fr Feb 27 09:35:38 2015 to  for Europe/Vilnius'
#   at t/zoneinfo_current.t line 51.
date: ungültiges Datum „Fr Feb 27 07:35:38 GMT 2015“

#   Failed test 'Matched Fr Feb 27 10:35:38 2015 to  for Europe/Volgograd'
#   at t/zoneinfo_current.t line 51.
date: ungültiges Datum „Fr Feb 27 07:35:38 GMT 2015“

#   Failed test 'Matched Fr Feb 27 08:35:38 2015 to  for Europe/Warsaw'
#   at t/zoneinfo_current.t line 51.
date: ungültiges Datum „Fr Feb 27 07:35:38 GMT 2015“

#   Failed test 'Matched Fr Feb 27 08:35:38 2015 to  for Europe/Zagreb'
#   at t/zoneinfo_current.t line 51.
date: ungültiges Datum „Fr Feb 27 07:35:38 GMT 2015“

#   Failed test 'Matched Fr Feb 27 09:35:38 2015 to  for Europe/Zaporozhye'
#   at t/zoneinfo_current.t line 51.
date: ungültiges Datum „Fr Feb 27 07:35:38 GMT 2015“

#   Failed test 'Matched Fr Feb 27 08:35:38 2015 to  for Europe/Zurich'
#   at t/zoneinfo_current.t line 51.
date: ungültiges Datum „Fr Feb 27 07:35:38 GMT 2015“

#   Failed test 'Matched Fr Feb 27 10:35:38 2015 to  for Indian/Antananarivo'
#   at t/zoneinfo_current.t line 51.
date: ungültiges Datum „Fr Feb 27 07:35:38 GMT 2015“

#   Failed test 'Matched Fr Feb 27 13:35:38 2015 to  for Indian/Chagos'
#   at t/zoneinfo_current.t line 51.
date: ungültiges Datum „Fr Feb 27 07:35:38 GMT 2015“

#   Failed test 'Matched Fr Feb 27 14:35:38 2015 to  for Indian/Christmas'
#   at t/zoneinfo_current.t line 51.
date: ungültiges Datum „Fr Feb 27 07:35:38 GMT 2015“

#   Failed test 'Matched Fr Feb 27 14:05:38 2015 to  for Indian/Cocos'
#   at t/zoneinfo_current.t line 51.
date: ungültiges Datum „Fr Feb 27 07:35:38 GMT 2015“

#   Failed test 'Matched Fr Feb 27 10:35:38 2015 to  for Indian/Comoro'
#   at t/zoneinfo_current.t line 51.
date: ungültiges Datum „Fr Feb 27 07:35:38 GMT 2015“

#   Failed test 'Matched Fr Feb 27 12:35:38 2015 to  for Indian/Kerguelen'
#   at t/zoneinfo_current.t line 51.
date: ungültiges Datum „Fr Feb 27 07:35:38 GMT 2015“

#   Failed test 'Matched Fr Feb 27 11:35:38 2015 to  for Indian/Mahe'
#   at t/zoneinfo_current.t line 51.
date: ungültiges Datum „Fr Feb 27 07:35:38 GMT 2015“

#   Failed test 'Matched Fr Feb 27 12:35:38 2015 to  for Indian/Maldives'
#   at t/zoneinfo_current.t line 51.
date: ungültiges Datum „Fr Feb 27 07:35:38 GMT 2015“

#   Failed test 'Matched Fr Feb 27 11:35:38 2015 to  for Indian/Mauritius'
#   at t/zoneinfo_current.t line 51.
date: ungültiges Datum „Fr Feb 27 07:35:38 GMT 2015“

#   Failed test 'Matched Fr Feb 27 10:35:38 2015 to  for Indian/Mayotte'
#   at t/zoneinfo_current.t line 51.
date: ungültiges Datum „Fr Feb 27 07:35:38 GMT 2015“

#   Failed test 'Matched Fr Feb 27 11:35:38 2015 to  for Indian/Reunion'
#   at t/zoneinfo_current.t line 51.
date: ungültiges Datum „Fr Feb 27 07:35:38 GMT 2015“

#   Failed test 'Matched Fr Feb 27 21:35:38 2015 to  for Pacific/Apia'
#   at t/zoneinfo_current.t line 51.
date: ungültiges Datum „Fr Feb 27 07:35:38 GMT 2015“

#   Failed test 'Matched Fr Feb 27 20:35:38 2015 to  for Pacific/Auckland'
#   at t/zoneinfo_current.t line 51.
date: ungültiges Datum „Fr Feb 27 07:35:38 GMT 2015“

#   Failed test 'Matched Fr Feb 27 18:35:38 2015 to  for Pacific/Bougainville'
#   at t/zoneinfo_current.t line 51.
date: ungültiges Datum „Fr Feb 27 07:35:38 GMT 2015“

#   Failed test 'Matched Fr Feb 27 21:20:38 2015 to  for Pacific/Chatham'
#   at t/zoneinfo_current.t line 51.
date: ungültiges Datum „Fr Feb 27 07:35:38 GMT 2015“

#   Failed test 'Matched Fr Feb 27 17:35:38 2015 to  for Pacific/Chuuk'
#   at t/zoneinfo_current.t line 51.
date: ungültiges Datum „Fr Feb 27 07:35:38 GMT 2015“

#   Failed test 'Matched Fr Feb 27 02:35:38 2015 to  for Pacific/Easter'
#   at t/zoneinfo_current.t line 51.
date: ungültiges Datum „Fr Feb 27 07:35:38 GMT 2015“

#   Failed test 'Matched Fr Feb 27 18:35:38 2015 to  for Pacific/Efate'
#   at t/zoneinfo_current.t line 51.
date: ungültiges Datum „Fr Feb 27 07:35:38 GMT 2015“

#   Failed test 'Matched Fr Feb 27 20:35:38 2015 to  for Pacific/Enderbury'
#   at t/zoneinfo_current.t line 51.
date: ungültiges Datum „Fr Feb 27 07:35:38 GMT 2015“

#   Failed test 'Matched Fr Feb 27 20:35:38 2015 to  for Pacific/Fakaofo'
#   at t/zoneinfo_current.t line 51.
date: ungültiges Datum „Fr Feb 27 07:35:38 GMT 2015“

#   Failed test 'Matched Fr Feb 27 19:35:38 2015 to  for Pacific/Fiji'
#   at t/zoneinfo_current.t line 51.
date: ungültiges Datum „Fr Feb 27 07:35:38 GMT 2015“

#   Failed test 'Matched Fr Feb 27 19:35:38 2015 to  for Pacific/Funafuti'
#   at t/zoneinfo_current.t line 51.
date: ungültiges Datum „Fr Feb 27 07:35:38 GMT 2015“

#   Failed test 'Matched Fr Feb 27 01:35:38 2015 to  for Pacific/Galapagos'
#   at t/zoneinfo_current.t line 51.
date: ungültiges Datum „Fr Feb 27 07:35:38 GMT 2015“

#   Failed test 'Matched Do Feb 26 22:35:38 2015 to  for Pacific/Gambier'
#   at t/zoneinfo_current.t line 51.
date: ungültiges Datum „Fr Feb 27 07:35:38 GMT 2015“

#   Failed test 'Matched Fr Feb 27 18:35:38 2015 to  for Pacific/Guadalcanal'
#   at t/zoneinfo_current.t line 51.
date: ungültiges Datum „Fr Feb 27 07:35:38 GMT 2015“

#   Failed test 'Matched Fr Feb 27 17:35:38 2015 to  for Pacific/Guam'
#   at t/zoneinfo_current.t line 51.
date: ungültiges Datum „Fr Feb 27 07:35:38 GMT 2015“

#   Failed test 'Matched Do Feb 26 21:35:38 2015 to  for Pacific/Honolulu'
#   at t/zoneinfo_current.t line 51.
date: ungültiges Datum „Fr Feb 27 07:35:38 GMT 2015“

#   Failed test 'Matched Do Feb 26 21:35:38 2015 to  for Pacific/Johnston'
#   at t/zoneinfo_current.t line 51.
date: ungültiges Datum „Fr Feb 27 07:35:38 GMT 2015“

#   Failed test 'Matched Fr Feb 27 21:35:38 2015 to  for Pacific/Kiritimati'
#   at t/zoneinfo_current.t line 51.
date: ungültiges Datum „Fr Feb 27 07:35:38 GMT 2015“

#   Failed test 'Matched Fr Feb 27 18:35:38 2015 to  for Pacific/Kosrae'
#   at t/zoneinfo_current.t line 51.
date: ungültiges Datum „Fr Feb 27 07:35:38 GMT 2015“

#   Failed test 'Matched Fr Feb 27 19:35:38 2015 to  for Pacific/Kwajalein'
#   at t/zoneinfo_current.t line 51.
date: ungültiges Datum „Fr Feb 27 07:35:38 GMT 2015“

#   Failed test 'Matched Fr Feb 27 19:35:38 2015 to  for Pacific/Majuro'
#   at t/zoneinfo_current.t line 51.
date: ungültiges Datum „Fr Feb 27 07:35:38 GMT 2015“

#   Failed test 'Matched Do Feb 26 22:05:38 2015 to  for Pacific/Marquesas'
#   at t/zoneinfo_current.t line 51.
date: ungültiges Datum „Fr Feb 27 07:35:38 GMT 2015“

#   Failed test 'Matched Do Feb 26 20:35:38 2015 to  for Pacific/Midway'
#   at t/zoneinfo_current.t line 51.
date: ungültiges Datum „Fr Feb 27 07:35:38 GMT 2015“

#   Failed test 'Matched Fr Feb 27 19:35:38 2015 to  for Pacific/Nauru'
#   at t/zoneinfo_current.t line 51.
date: ungültiges Datum „Fr Feb 27 07:35:38 GMT 2015“

#   Failed test 'Matched Do Feb 26 20:35:38 2015 to  for Pacific/Niue'
#   at t/zoneinfo_current.t line 51.
date: ungültiges Datum „Fr Feb 27 07:35:38 GMT 2015“

#   Failed test 'Matched Fr Feb 27 19:05:38 2015 to  for Pacific/Norfolk'
#   at t/zoneinfo_current.t line 51.
date: ungültiges Datum „Fr Feb 27 07:35:38 GMT 2015“

#   Failed test 'Matched Fr Feb 27 18:35:38 2015 to  for Pacific/Noumea'
#   at t/zoneinfo_current.t line 51.
date: ungültiges Datum „Fr Feb 27 07:35:38 GMT 2015“

#   Failed test 'Matched Do Feb 26 20:35:38 2015 to  for Pacific/Pago_Pago'
#   at t/zoneinfo_current.t line 51.
date: ungültiges Datum „Fr Feb 27 07:35:38 GMT 2015“

#   Failed test 'Matched Fr Feb 27 16:35:38 2015 to  for Pacific/Palau'
#   at t/zoneinfo_current.t line 51.
date: ungültiges Datum „Fr Feb 27 07:35:38 GMT 2015“

#   Failed test 'Matched Do Feb 26 23:35:38 2015 to  for Pacific/Pitcairn'
#   at t/zoneinfo_current.t line 51.
date: ungültiges Datum „Fr Feb 27 07:35:38 GMT 2015“

#   Failed test 'Matched Fr Feb 27 18:35:38 2015 to  for Pacific/Pohnpei'
#   at t/zoneinfo_current.t line 51.
date: ungültiges Datum „Fr Feb 27 07:35:38 GMT 2015“

#   Failed test 'Matched Fr Feb 27 17:35:38 2015 to  for Pacific/Port_Moresby'
#   at t/zoneinfo_current.t line 51.
date: ungültiges Datum „Fr Feb 27 07:35:38 GMT 2015“

#   Failed test 'Matched Do Feb 26 21:35:38 2015 to  for Pacific/Rarotonga'
#   at t/zoneinfo_current.t line 51.
date: ungültiges Datum „Fr Feb 27 07:35:38 GMT 2015“

#   Failed test 'Matched Fr Feb 27 17:35:38 2015 to  for Pacific/Saipan'
#   at t/zoneinfo_current.t line 51.
date: ungültiges Datum „Fr Feb 27 07:35:38 GMT 2015“

#   Failed test 'Matched Do Feb 26 21:35:38 2015 to  for Pacific/Tahiti'
#   at t/zoneinfo_current.t line 51.
date: ungültiges Datum „Fr Feb 27 07:35:38 GMT 2015“

#   Failed test 'Matched Fr Feb 27 19:35:38 2015 to  for Pacific/Tarawa'
#   at t/zoneinfo_current.t line 51.
date: ungültiges Datum „Fr Feb 27 07:35:38 GMT 2015“

#   Failed test 'Matched Fr Feb 27 20:35:38 2015 to  for Pacific/Tongatapu'
#   at t/zoneinfo_current.t line 51.
date: ungültiges Datum „Fr Feb 27 07:35:38 GMT 2015“

#   Failed test 'Matched Fr Feb 27 19:35:38 2015 to  for Pacific/Wake'
#   at t/zoneinfo_current.t line 51.
date: ungültiges Datum „Fr Feb 27 07:35:38 GMT 2015“

#   Failed test 'Matched Fr Feb 27 19:35:38 2015 to  for Pacific/Wallis'
#   at t/zoneinfo_current.t line 51.
# Looks like you failed 416 tests of 839.
t/zoneinfo_current.t .. 
Dubious, test returned 254 (wstat 65024, 0xfe00)
Failed 416/839 subtests 

Test Summary Report
-------------------
t/boilerplate.t     (Wstat: 0 Tests: 3 Failed: 0)
  TODO passed:   1-3
t/zoneinfo_all.t    (Wstat: 65024 Tests: 858 Failed: 426)
  Failed tests:  7, 9, 11, 13, 15, 17, 19, 21, 23, 25, 27
                29, 31, 33, 35, 37, 39, 41, 43, 45, 47
                49, 51, 53, 55, 57, 59, 61, 63, 65, 67
                69, 71, 73, 75, 77, 79, 81, 83, 85, 87
                89, 91, 93, 95, 97, 99, 101, 103, 105, 107
                109, 111, 113, 115, 117, 119, 121, 123
                125, 127, 129, 131, 133, 135, 137, 139
                141, 143, 145, 147, 149, 151, 153, 155
                157, 159, 161, 163, 165, 167, 169, 171
                173, 175, 177, 179, 181, 183, 185, 187
                189, 191, 193, 195, 197, 199, 201, 203
                205, 207, 209, 211, 213, 215, 217, 219
                221, 223, 225, 227, 229, 231, 233, 235
                237, 239, 241, 243, 245, 247, 249, 251
                253, 255, 257, 259, 261, 263, 265, 267
                269, 271, 273, 275, 277, 279, 281, 283
                285, 287, 289, 291, 293, 295, 297, 299
                301, 303, 305, 307, 309, 311, 313, 315
                317, 319, 321, 323, 325, 327, 329, 331
                333, 335, 337, 339, 341, 343, 345, 347
                349, 351, 353, 355, 357, 359, 361, 363
                365, 367, 369, 371, 373, 375, 377, 379
                381, 383, 385, 387, 389, 391, 393, 395
                397, 399, 401, 403, 405, 407, 409, 411
                413, 415, 417, 419, 421, 423, 425, 427
                429, 431, 433, 435, 437, 439, 441, 443
                445, 447, 449, 451, 453, 455, 457, 459
                461, 463, 465, 467, 469, 471, 473, 475
                477, 479, 481, 483, 485, 487, 489, 491
                493, 495, 497, 499, 501, 503, 505, 507
                509, 511, 513, 515, 517, 519, 521, 523
                525, 527, 529, 531, 533, 535, 537, 539
                541, 543, 545, 547, 549, 551, 553, 555
                557, 559, 561, 563, 565, 567, 569, 571
                573, 575, 577, 579, 581, 583, 585, 587
                589, 591, 593, 595, 597, 599, 601, 603
                605, 607, 609, 611, 613, 615, 617, 619
                621, 623, 625, 627, 629, 631, 633, 635
                637, 639, 641, 643, 645, 647, 649, 651
                653, 655, 657, 659, 661, 663, 665, 667
                669, 671, 673, 675, 677, 679, 681, 683
                685, 687, 689, 691, 693, 695, 697, 699
                701, 703, 705, 707, 709, 711, 713, 715
                717, 719, 721, 723, 725, 727, 729, 731
                733, 735, 737, 739, 741, 743, 745, 747
                749, 751, 753, 755, 757, 759, 761, 763
                765, 767, 769, 771, 773, 775, 777, 779
                781, 783, 785, 787, 789, 791, 793, 795
                797, 799, 801, 803, 805, 807, 809, 811
                813, 815, 817, 819, 821, 823, 825, 827
                829, 831, 833, 835, 837, 839, 841, 843
                845, 847, 849, 851, 853, 855, 857
  Non-zero exit status: 254
t/zoneinfo_current.t (Wstat: 65024 Tests: 839 Failed: 416)
  Failed tests:  8, 10, 12, 14, 16, 18, 20, 22, 24, 26, 28
                30, 32, 34, 36, 38, 40, 42, 44, 46, 48
                50, 52, 54, 56, 58, 60, 62, 64, 66, 68
                70, 72, 74, 76, 78, 80, 82, 84, 86, 88
                90, 92, 94, 96, 98, 100, 102, 104, 106
                108, 110, 112, 114, 116, 118, 120, 122
                124, 126, 128, 130, 132, 134, 136, 138
                140, 142, 144, 146, 148, 150, 152, 154
                156, 158, 160, 162, 164, 166, 168, 170
                172, 174, 176, 178, 180, 182, 184, 186
                188, 190, 192, 194, 196, 198, 200, 202
                204, 206, 208, 210, 212, 214, 216, 218
                220, 222, 224, 226, 228, 230, 232, 234
                236, 238, 240, 242, 244, 246, 248, 250
                252, 254, 256, 258, 260, 262, 264, 266
                268, 270, 272, 274, 276, 278, 280, 282
                284, 286, 288, 290, 292, 294, 296, 298
                300, 302, 304, 306, 308, 310, 312, 314
                316, 318, 320, 322, 324, 326, 328, 330
                332, 334, 336, 338, 340, 342, 344, 346
                348, 350, 352, 354, 356, 358, 360, 362
                364, 366, 368, 370, 372, 374, 376, 378
                380, 382, 384, 386, 388, 390, 392, 394
                396, 398, 400, 402, 404, 406, 408, 410
                412, 414, 416, 418, 420, 422, 424, 426
                428, 430, 432, 434, 436, 438, 440, 442
                444, 446, 448, 450, 452, 454, 456, 458
                460, 462, 464, 466, 468, 470, 472, 474
                476, 478, 480, 482, 484, 486, 488, 490
                492, 494, 496, 498, 500, 502, 504, 506
                508, 510, 512, 514, 516, 518, 520, 522
                524, 526, 528, 530, 532, 534, 536, 538
                540, 542, 544, 546, 548, 550, 552, 554
                556, 558, 560, 562, 564, 566, 568, 570
                572, 574, 576, 578, 580, 582, 584, 586
                588, 590, 592, 594, 596, 598, 600, 602
                604, 606, 608, 610, 612, 614, 616, 618
                620, 622, 624, 626, 628, 630, 632, 634
                636, 638, 640, 642, 644, 646, 648, 650
                652, 654, 656, 658, 660, 662, 664, 666
                668, 670, 672, 674, 676, 678, 680, 682
                684, 686, 688, 690, 692, 694, 696, 698
                700, 702, 704, 706, 708, 710, 712, 714
                716, 718, 720, 722, 724, 726, 728, 730
                732, 734, 736, 738, 740, 742, 744, 746
                748, 750, 752, 754, 756, 758, 760, 762
                764, 766, 768, 770, 772, 774, 776, 778
                780, 782, 784, 786, 788, 790, 792, 794
                796, 798, 800, 802, 804, 806, 808, 810
                812, 814, 816, 818, 820, 822, 824, 826
                828, 830, 832, 834, 836, 838
  Non-zero exit status: 254
Files=7, Tests=1703,  9 wallclock secs ( 0.20 usr  0.07 sys +  1.46 cusr  3.32 csys =  5.05 CPU)
Result: FAIL
Failed 2/7 test programs. 842/1703 subtests failed.
make: *** [test_dynamic] Fehler 254

------------------------------
PREREQUISITES
------------------------------

Prerequisite modules loaded:

requires:

    Module              Need Have    
    ------------------- ---- --------
    Carp                0    1.3301  
    Config              0    5.020002
    DirHandle           0    1.04    
    English             0    1.09    
    File::Spec          0    3.48_01 
    FileHandle          0    2.02    
    perl                5.01 5.020002
    strict              0    1.08    
    warnings            0    1.23    

build_requires:

    Module              Need Have    
    ------------------- ---- --------
    Carp                0    1.3301  
    Config              0    5.020002
    DirHandle           0    1.04    
    English             0    1.09    
    File::Spec          0    3.48_01 
    FileHandle          0    2.02    
    strict              0    1.08    
    Test::More          0    1.001014
    warnings            0    1.23    

configure_requires:

    Module              Need Have    
    ------------------- ---- --------
    ExtUtils::MakeMaker 0    7.04    
    strict              0    1.08    
    warnings            0    1.23    


------------------------------
ENVIRONMENT AND OTHER CONTEXT
------------------------------

Environment variables:

    DBIC_NO_WARN_BAD_PERL = 1
    LANG = C
    LC_ALL = de_DE.UTF-8
    PATH = /usr/local/bin:/usr/bin:/bin:/usr/local/sbin:/usr/sbin:/sbin:/home/eserte/bin/linux-gnu:/home/eserte/bin/sh:/home/eserte/bin:/usr/games:/home/eserte/devel:/home/eserte/src/srezic-misc/scripts
    PERL5LIB = 
    PERL5OPT = 
    PERL5_CPANPLUS_IS_RUNNING = 4208
    PERL5_CPAN_IS_RUNNING = 4208
    PERL5_CPAN_IS_RUNNING_IN_RECURSION = 30492,4208
    PERLDOC = -MPod::Perldoc::ToTextOverstrike
    PERL_BATCH = yes
    PERL_CPAN_REPORTER_CONFIG = /var/tmp/cpansmoker-1001/zfOJUMqzdA_config.ini
    PERL_EXTUTILS_AUTOINSTALL = --defaultdeps
    PERL_HTML_DISPLAY_CLASS = HTML::Display::Mozilla
    SHELL = /bin/zsh
    TERM = screen
    TMPDIR = /var/tmp/cpansmoker-1001

Perl special variables (and OS-specific diagnostics, for MSWin32):

    $^X = /bbbike/perl-5.20.2/bin/perl
    $UID/$EUID = 1001 / 1001
    $GID = 1001 109 1001
    $EGID = 1001 109 1001

Perl module toolchain versions installed:

    Module              Have    
    ------------------- --------
    CPAN                2.05    
    CPAN::Meta          2.143240
    Cwd                 3.48_01 
    ExtUtils::CBuilder  0.280217
    ExtUtils::Command   1.18    
    ExtUtils::Install   1.67    
    ExtUtils::MakeMaker 7.04    
    ExtUtils::Manifest  1.70    
    ExtUtils::ParseXS   3.24    
    File::Spec          3.48_01 
    JSON                2.90    
    JSON::PP            2.27203 
    Module::Build       0.4211  
    Module::Signature   0.73    
    Parse::CPAN::Meta   1.4414  
    Test::Harness       3.30    
    Test::More          1.001014
    YAML                1.14    
    YAML::Syck          1.29    
    version             0.9912  


--

Summary of my perl5 (revision 5 version 20 subversion 2) configuration:
   
  Platform:
    osname=linux, osvers=3.2.0-4-amd64, archname=x86_64-linux
    uname='linux eserte 3.2.0-4-amd64 #1 smp debian 3.2.65-1+deb7u1 x86_64 gnulinux '
    config_args='-ds -e -Dprefix=/opt/perl-5.20.2'
    hint=recommended, useposix=true, d_sigaction=define
    useithreads=undef, usemultiplicity=undef
    use64bitint=define, use64bitall=define, uselongdouble=undef
    usemymalloc=n, bincompat5005=undef
  Compiler:
    cc='cc', ccflags ='-fwrapv -fno-strict-aliasing -pipe -fstack-protector -I/usr/local/include -D_LARGEFILE_SOURCE -D_FILE_OFFSET_BITS=64',
    optimize='-O2',
    cppflags='-fwrapv -fno-strict-aliasing -pipe -fstack-protector -I/usr/local/include'
    ccversion='', gccversion='4.7.2', gccosandvers=''
    intsize=4, longsize=8, ptrsize=8, doublesize=8, byteorder=12345678
    d_longlong=define, longlongsize=8, d_longdbl=define, longdblsize=16
    ivtype='long', ivsize=8, nvtype='double', nvsize=8, Off_t='off_t', lseeksize=8
    alignbytes=8, prototype=define
  Linker and Libraries:
    ld='cc', ldflags =' -fstack-protector -L/usr/local/lib'
    libpth=/usr/local/lib /usr/lib/gcc/x86_64-linux-gnu/4.7/include-fixed /usr/include/x86_64-linux-gnu /usr/lib /lib/x86_64-linux-gnu /lib/../lib /usr/lib/x86_64-linux-gnu /usr/lib/../lib /lib
    libs=-lnsl -ldb -ldl -lm -lcrypt -lutil -lc
    perllibs=-lnsl -ldl -lm -lcrypt -lutil -lc
    libc=libc-2.13.so, so=so, useshrplib=false, libperl=libperl.a
    gnulibc_version='2.13'
  Dynamic Linking:
    dlsrc=dl_dlopen.xs, dlext=so, d_dlsymun=undef, ccdlflags='-Wl,-E'
    cccdlflags='-fPIC', lddlflags='-shared -O2 -L/usr/local/lib -fstack-protector'


Characteristics of this binary (from libperl): 
  Compile-time options: HAS_TIMES PERLIO_LAYERS PERL_DONT_CREATE_GVSV
                        PERL_HASH_FUNC_ONE_AT_A_TIME_HARD PERL_MALLOC_WRAP
                        PERL_NEW_COPY_ON_WRITE PERL_PRESERVE_IVUV
                        USE_64_BIT_ALL USE_64_BIT_INT USE_LARGE_FILES
                        USE_LOCALE USE_LOCALE_COLLATE USE_LOCALE_CTYPE
                        USE_LOCALE_NUMERIC USE_PERLIO USE_PERL_ATOF
  Built under linux
  Compiled at Feb 14 2015 18:42:05
  %ENV:
    PERL5LIB=""
    PERL5OPT=""
    PERL5_CPANPLUS_IS_RUNNING="4208"
    PERL5_CPAN_IS_RUNNING="4208"
    PERL5_CPAN_IS_RUNNING_IN_RECURSION="30492,4208"
    PERLDOC="-MPod::Perldoc::ToTextOverstrike"
    PERL_BATCH="yes"
    PERL_CPAN_REPORTER_CONFIG="/var/tmp/cpansmoker-1001/zfOJUMqzdA_config.ini"
    PERL_EXTUTILS_AUTOINSTALL="--defaultdeps"
    PERL_HTML_DISPLAY_CLASS="HTML::Display::Mozilla"
  @INC:
    /opt/perl-5.20.2/lib/site_perl/5.20.2/x86_64-linux
    /opt/perl-5.20.2/lib/site_perl/5.20.2
    /opt/perl-5.20.2/lib/5.20.2/x86_64-linux
    /opt/perl-5.20.2/lib/5.20.2
    .