Back
From: metabase:user:314402c4-2aae-11df-837a-5e0a49663a4f
Subject: FAIL Form-Toolkit-0.001 v5.8.9 FreeBSD
Date: 2013-12-05T17:33:23Z
This distribution has been tested as part of the CPAN Testers
project, supporting the Perl programming language. See
http://wiki.cpantesters.org/ for more information or email
questions to cpan-testers-discuss@perl.org
--
Dear Jerome Eteve,
This is a computer-generated report for Form-Toolkit-0.001
on perl 5.8.9, created by CPAN-Reporter-1.2010.
Thank you for uploading your work to CPAN. However, there was a problem
testing your distribution.
If you think this report is invalid, please consult the CPAN Testers Wiki
for suggestions on how to avoid getting FAIL reports for missing library
or binary dependencies, unsupported operating systems, and so on:
http://wiki.cpantesters.org/wiki/CPANAuthorNotes
Sections of this report:
* Tester comments
* Program output
* Prerequisites
* Environment and other context
------------------------------
TESTER COMMENTS
------------------------------
Additional comments from tester:
none provided
------------------------------
PROGRAM OUTPUT
------------------------------
Output from '/usr/bin/make test':
PERL_DL_NONLAZY=1 /usr/local/bin/perl5.8.9t "-MExtUtils::Command::MM" "-MTest::Harness" "-e" "undef *Test::Harness::Switches; test_harness(0, 'blib/lib', 'blib/arch')" t/*.t
# Testing Form::Toolkit::Form 0.001, Perl 5.008009, /usr/local/bin/perl5.8.9t
t/00-load.t ......... ok
Couldn't load class (Form::Toolkit::Meta::Class::Trait::HasID) because: Search pattern not terminated at /usr/home/eserte/.cpan/build/Form-Toolkit-0.001-ZOyX0i/blib/lib/Form/Toolkit/Meta/Class/Trait/HasID.pm line 17.
Compilation failed in require at /usr/home/eserte/.cpan/build/Form-Toolkit-0.001-ZOyX0i/blib/lib/Form/Toolkit/Form.pm line 5.
BEGIN failed--compilation aborted at /usr/home/eserte/.cpan/build/Form-Toolkit-0.001-ZOyX0i/blib/lib/Form/Toolkit/Form.pm line 5.
Compilation failed in require at t/01-build.t line 4.
BEGIN failed--compilation aborted at t/01-build.t line 4.
t/01-build.t ........
Dubious, test returned 255 (wstat 65280, 0xff00)
No subtests run
Couldn't load class (Form::Toolkit::Meta::Class::Trait::HasID) because: Search pattern not terminated at /usr/home/eserte/.cpan/build/Form-Toolkit-0.001-ZOyX0i/blib/lib/Form/Toolkit/Meta/Class/Trait/HasID.pm line 17.
Compilation failed in require at /usr/home/eserte/.cpan/build/Form-Toolkit-0.001-ZOyX0i/blib/lib/Form/Toolkit/Form.pm line 5.
BEGIN failed--compilation aborted at /usr/home/eserte/.cpan/build/Form-Toolkit-0.001-ZOyX0i/blib/lib/Form/Toolkit/Form.pm line 5.
Compilation failed in require at /usr/perl5.8.9t/lib/site_perl/5.8.9/amd64-freebsd-thread-multi/Moose/Exporter.pm line 409.
Compilation failed in require at t/02-clerk.t line 6.
BEGIN failed--compilation aborted at t/02-clerk.t line 6.
t/02-clerk.t ........
Dubious, test returned 255 (wstat 65280, 0xff00)
No subtests run
Couldn't load class (Form::Toolkit::Meta::Class::Trait::HasID) because: Search pattern not terminated at /usr/home/eserte/.cpan/build/Form-Toolkit-0.001-ZOyX0i/blib/lib/Form/Toolkit/Meta/Class/Trait/HasID.pm line 17.
Compilation failed in require at /usr/home/eserte/.cpan/build/Form-Toolkit-0.001-ZOyX0i/blib/lib/Form/Toolkit/Form.pm line 5.
BEGIN failed--compilation aborted at /usr/home/eserte/.cpan/build/Form-Toolkit-0.001-ZOyX0i/blib/lib/Form/Toolkit/Form.pm line 5.
Compilation failed in require at t/03-sets.t line 6.
BEGIN failed--compilation aborted at t/03-sets.t line 6.
t/03-sets.t .........
Dubious, test returned 255 (wstat 65280, 0xff00)
No subtests run
Couldn't load class (Form::Toolkit::Meta::Class::Trait::HasID) because: Search pattern not terminated at /usr/home/eserte/.cpan/build/Form-Toolkit-0.001-ZOyX0i/blib/lib/Form/Toolkit/Meta/Class/Trait/HasID.pm line 17.
Compilation failed in require at /usr/home/eserte/.cpan/build/Form-Toolkit-0.001-ZOyX0i/blib/lib/Form/Toolkit/Form.pm line 5.
BEGIN failed--compilation aborted at /usr/home/eserte/.cpan/build/Form-Toolkit-0.001-ZOyX0i/blib/lib/Form/Toolkit/Form.pm line 5.
Compilation failed in require at t/04-integer.t line 6.
BEGIN failed--compilation aborted at t/04-integer.t line 6.
t/04-integer.t ......
Dubious, test returned 255 (wstat 65280, 0xff00)
No subtests run
Couldn't load class (Form::Toolkit::Meta::Class::Trait::HasID) because: Search pattern not terminated at /usr/home/eserte/.cpan/build/Form-Toolkit-0.001-ZOyX0i/blib/lib/Form/Toolkit/Meta/Class/Trait/HasID.pm line 17.
Compilation failed in require at /usr/home/eserte/.cpan/build/Form-Toolkit-0.001-ZOyX0i/blib/lib/Form/Toolkit/Form.pm line 5.
BEGIN failed--compilation aborted at /usr/home/eserte/.cpan/build/Form-Toolkit-0.001-ZOyX0i/blib/lib/Form/Toolkit/Form.pm line 5.
Compilation failed in require at t/05-regexp.t line 6.
BEGIN failed--compilation aborted at t/05-regexp.t line 6.
t/05-regexp.t .......
Dubious, test returned 255 (wstat 65280, 0xff00)
No subtests run
Couldn't load class (Form::Toolkit::Meta::Class::Trait::HasID) because: Search pattern not terminated at /usr/home/eserte/.cpan/build/Form-Toolkit-0.001-ZOyX0i/blib/lib/Form/Toolkit/Meta/Class/Trait/HasID.pm line 17.
Compilation failed in require at /usr/home/eserte/.cpan/build/Form-Toolkit-0.001-ZOyX0i/blib/lib/Form/Toolkit/Form.pm line 5.
BEGIN failed--compilation aborted at /usr/home/eserte/.cpan/build/Form-Toolkit-0.001-ZOyX0i/blib/lib/Form/Toolkit/Form.pm line 5.
Compilation failed in require at t/06-maxlength.t line 6.
BEGIN failed--compilation aborted at t/06-maxlength.t line 6.
t/06-maxlength.t ....
Dubious, test returned 255 (wstat 65280, 0xff00)
No subtests run
Couldn't load class (Form::Toolkit::Meta::Class::Trait::HasID) because: Search pattern not terminated at /usr/home/eserte/.cpan/build/Form-Toolkit-0.001-ZOyX0i/blib/lib/Form/Toolkit/Meta/Class/Trait/HasID.pm line 17.
Compilation failed in require at /usr/home/eserte/.cpan/build/Form-Toolkit-0.001-ZOyX0i/blib/lib/Form/Toolkit/Form.pm line 5.
BEGIN failed--compilation aborted at /usr/home/eserte/.cpan/build/Form-Toolkit-0.001-ZOyX0i/blib/lib/Form/Toolkit/Form.pm line 5.
Compilation failed in require at t/07-values-hash.t line 7.
BEGIN failed--compilation aborted at t/07-values-hash.t line 7.
t/07-values-hash.t ..
Dubious, test returned 255 (wstat 65280, 0xff00)
No subtests run
Couldn't load class (Form::Toolkit::Meta::Class::Trait::HasID) because: Search pattern not terminated at /usr/home/eserte/.cpan/build/Form-Toolkit-0.001-ZOyX0i/blib/lib/Form/Toolkit/Meta/Class/Trait/HasID.pm line 17.
Compilation failed in require at /usr/home/eserte/.cpan/build/Form-Toolkit-0.001-ZOyX0i/blib/lib/Form/Toolkit/Form.pm line 5.
BEGIN failed--compilation aborted at /usr/home/eserte/.cpan/build/Form-Toolkit-0.001-ZOyX0i/blib/lib/Form/Toolkit/Form.pm line 5.
Compilation failed in require at t/08-clone.t line 7.
BEGIN failed--compilation aborted at t/08-clone.t line 7.
t/08-clone.t ........
Dubious, test returned 255 (wstat 65280, 0xff00)
No subtests run
Couldn't load class (Form::Toolkit::Meta::Class::Trait::HasID) because: Search pattern not terminated at /usr/home/eserte/.cpan/build/Form-Toolkit-0.001-ZOyX0i/blib/lib/Form/Toolkit/Meta/Class/Trait/HasID.pm line 17.
Compilation failed in require at /usr/home/eserte/.cpan/build/Form-Toolkit-0.001-ZOyX0i/blib/lib/Form/Toolkit/Form.pm line 5.
BEGIN failed--compilation aborted at /usr/home/eserte/.cpan/build/Form-Toolkit-0.001-ZOyX0i/blib/lib/Form/Toolkit/Form.pm line 5.
Compilation failed in require at t/09-dates.t line 6.
BEGIN failed--compilation aborted at t/09-dates.t line 6.
t/09-dates.t ........
Dubious, test returned 255 (wstat 65280, 0xff00)
No subtests run
t/10-kvpairs.t ...... ok
t/manifest.t ........ skipped: Author tests not required for installation
# Failed test 'Pod coverage on Form::Toolkit::Test'
# at /usr/perl5.8.9t/lib/site_perl/5.8.9/Test/Pod/Coverage.pm line 126.
# Form::Toolkit::Test: requiring 'Form::Toolkit::Test' failed
# Failed test 'Pod coverage on Form::Toolkit::Form'
# at /usr/perl5.8.9t/lib/site_perl/5.8.9/Test/Pod/Coverage.pm line 126.
# Form::Toolkit::Form: requiring 'Form::Toolkit::Form' failed
# Failed test 'Pod coverage on Form::Toolkit::Field::Set'
# at /usr/perl5.8.9t/lib/site_perl/5.8.9/Test/Pod/Coverage.pm line 126.
# Form::Toolkit::Field::Set: requiring 'Form::Toolkit::Field::Set' failed
# Failed test 'Pod coverage on Form::Toolkit::Field::String'
# at /usr/perl5.8.9t/lib/site_perl/5.8.9/Test/Pod/Coverage.pm line 126.
# Form::Toolkit::Field::String: requiring 'Form::Toolkit::Field::String' failed
# Failed test 'Pod coverage on Form::Toolkit::Field::Date'
# at /usr/perl5.8.9t/lib/site_perl/5.8.9/Test/Pod/Coverage.pm line 126.
# Form::Toolkit::Field::Date: requiring 'Form::Toolkit::Field::Date' failed
# Failed test 'Pod coverage on Form::Toolkit::Field::Boolean'
# at /usr/perl5.8.9t/lib/site_perl/5.8.9/Test/Pod/Coverage.pm line 126.
# Form::Toolkit::Field::Boolean: requiring 'Form::Toolkit::Field::Boolean' failed
# Failed test 'Pod coverage on Form::Toolkit::Field::Integer'
# at /usr/perl5.8.9t/lib/site_perl/5.8.9/Test/Pod/Coverage.pm line 126.
# Form::Toolkit::Field::Integer: requiring 'Form::Toolkit::Field::Integer' failed
# Failed test 'Pod coverage on Form::Toolkit::Meta::Class::Trait::HasID'
# at /usr/perl5.8.9t/lib/site_perl/5.8.9/Test/Pod/Coverage.pm line 126.
# Form::Toolkit::Meta::Class::Trait::HasID: requiring 'Form::Toolkit::Meta::Class::Trait::HasID' failed
# Looks like you failed 8 tests of 29.
t/pod-coverage.t ....
Dubious, test returned 8 (wstat 2048, 0x800)
Failed 8/29 subtests
t/pod.t ............. ok
Test Summary Report
-------------------
t/01-build.t (Wstat: 65280 Tests: 0 Failed: 0)
Non-zero exit status: 255
Parse errors: No plan found in TAP output
t/02-clerk.t (Wstat: 65280 Tests: 0 Failed: 0)
Non-zero exit status: 255
Parse errors: No plan found in TAP output
t/03-sets.t (Wstat: 65280 Tests: 0 Failed: 0)
Non-zero exit status: 255
Parse errors: No plan found in TAP output
t/04-integer.t (Wstat: 65280 Tests: 0 Failed: 0)
Non-zero exit status: 255
Parse errors: No plan found in TAP output
t/05-regexp.t (Wstat: 65280 Tests: 0 Failed: 0)
Non-zero exit status: 255
Parse errors: No plan found in TAP output
t/06-maxlength.t (Wstat: 65280 Tests: 0 Failed: 0)
Non-zero exit status: 255
Parse errors: No plan found in TAP output
t/07-values-hash.t (Wstat: 65280 Tests: 0 Failed: 0)
Non-zero exit status: 255
Parse errors: No plan found in TAP output
t/08-clone.t (Wstat: 65280 Tests: 0 Failed: 0)
Non-zero exit status: 255
Parse errors: No plan found in TAP output
t/09-dates.t (Wstat: 65280 Tests: 0 Failed: 0)
Non-zero exit status: 255
Parse errors: No plan found in TAP output
t/pod-coverage.t (Wstat: 2048 Tests: 29 Failed: 8)
Failed tests: 5-6, 10-14, 29
Non-zero exit status: 8
Files=14, Tests=75, 10 wallclock secs ( 0.06 usr 0.08 sys + 8.55 cusr 1.10 csys = 9.79 CPU)
Result: FAIL
Failed 10/14 test programs. 8/75 subtests failed.
*** [test_dynamic] Error code 255
Stop in /usr/home/eserte/.cpan/build/Form-Toolkit-0.001-ZOyX0i.
------------------------------
PREREQUISITES
------------------------------
Prerequisite modules loaded:
requires:
Module Need Have
--------------------------- ---- --------
Class::MOP 0 2.1005
DateTime 0 1.03
DateTime::Format::ISO8601 0 0.08
Mail::RFC822::Address 0 0.3
Module::Pluggable::Object 0 4.8
Moose 0 2.1005
Moose::Role 0 2.1005
Moose::Util 0 2.1005
MooseX::Clone 0 0.05
Scalar::Util 0 1.35
strict 0 1.03
warnings 0 1.05_01
build_requires:
Module Need Have
--------------------------- ---- --------
base 0 2.18
Data::Dumper 0 2.145
DBD::SQLite 0 1.40
DBI 0 1.630
DBIx::Class::Schema::Loader 0 0.07038
Test::Exception 0 0.32
Test::More 0 1.001002
configure_requires:
Module Need Have
--------------------------- ---- --------
ExtUtils::MakeMaker 6.30 6.82
------------------------------
ENVIRONMENT AND OTHER CONTEXT
------------------------------
Environment variables:
DBIC_NO_WARN_BAD_PERL = 1
PATH = /usr/local/bin:/usr/bin:/bin:/usr/local/sbin:/usr/sbin:/sbin:/home/cpansand/bin/freebsd9.1:/home/cpansand/bin/sh:/home/cpansand/bin:/usr/games:/home/cpansand/devel:/usr/home/eserte/work/srezic-misc/scripts
PERL5LIB = /home/eserte/.cpan/build/DBIx-Class-Schema-Loader-0.07038-ob8a11/blib/arch:/home/eserte/.cpan/build/DBIx-Class-Schema-Loader-0.07038-ob8a11/blib/lib:/home/eserte/.cpan/build/DBIx-Class-IntrospectableM2M-0.001001-zVdxDG/blib/arch:/home/eserte/.cpan/build/DBIx-Class-IntrospectableM2M-0.001001-zVdxDG/blib/lib:/home/eserte/.cpan/build/Mail-RFC822-Address-0.3-a89f8w/blib/arch:/home/eserte/.cpan/build/Mail-RFC822-Address-0.3-a89f8w/blib/lib
PERL5OPT =
PERL5_CPANPLUS_IS_RUNNING = 95876
PERL5_CPAN_IS_RUNNING = 95876
PERL5_CPAN_IS_RUNNING_IN_RECURSION = 95856,95876
PERLDOC = -MPod::Perldoc::ToTextOverstrike
PERL_BATCH = yes
PERL_CPAN_REPORTER_CONFIG = /var/tmp/cpansmoker-1023/PrFnI6oCET_config.ini
PERL_EXTUTILS_AUTOINSTALL = --defaultdeps
PERL_HTML_DISPLAY_CLASS = HTML::Display::Mozilla
SHELL = /usr/local/bin/zsh
TERM = screen
TMPDIR = /var/tmp/cpansmoker-1023
Perl special variables (and OS-specific diagnostics, for MSWin32):
$^X = /usr/local/bin/perl5.8.9t
$UID/$EUID = 1023 / 1023
$GID = 1023 1023
$EGID = 1023 1023
Perl module toolchain versions installed:
Module Have
------------------- --------
CPAN 2.00
CPAN::Meta 2.132830
Cwd 3.40
ExtUtils::CBuilder 0.280212
ExtUtils::Command 1.16
ExtUtils::Install 1.54
ExtUtils::MakeMaker 6.82
ExtUtils::Manifest 1.60
ExtUtils::ParseXS 3.22
File::Spec 3.40
JSON 2.90
JSON::PP 2.27203
Module::Build 0.4203
Module::Signature 0.73
Parse::CPAN::Meta 1.4409
Test::Harness 3.30
Test::More 1.001002
YAML 0.84
YAML::Syck 1.27
version 0.88
--
Summary of my perl5 (revision 5 version 8 subversion 9) configuration:
Platform:
osname=freebsd, osvers=9.2-release, archname=amd64-freebsd-thread-multi
uname='freebsd cvrsnica-freebsd-92 9.2-release freebsd 9.2-release #0 r255898: thu sep 26 22:50:31 utc 2013 root@bake.isc.freebsd.org:usrobjusrsrcsysgeneric amd64 '
config_args='-ds -e -Dprefix=/usr/perl5.8.9t -Dusethreads'
hint=recommended, useposix=true, d_sigaction=define
usethreads=define use5005threads=undef useithreads=define usemultiplicity=define
useperlio=define d_sfio=undef uselargefiles=define usesocks=undef
use64bitint=define use64bitall=define uselongdouble=undef
usemymalloc=n, bincompat5005=undef
Compiler:
cc='cc', ccflags ='-DHAS_FPSETMASK -DHAS_FLOATINGPOINT_H -fno-strict-aliasing -pipe -I/usr/local/include',
optimize='-O',
cppflags='-DHAS_FPSETMASK -DHAS_FLOATINGPOINT_H -fno-strict-aliasing -pipe -I/usr/local/include'
ccversion='', gccversion='4.2.1 20070831 patched [FreeBSD]', gccosandvers=''
intsize=4, longsize=8, ptrsize=8, doublesize=8, byteorder=12345678
d_longlong=define, longlongsize=8, d_longdbl=define, longdblsize=16
ivtype='long', ivsize=8, nvtype='double', nvsize=8, Off_t='off_t', lseeksize=8
alignbytes=8, prototype=define
Linker and Libraries:
ld='cc', ldflags ='-pthread -Wl,-E -L/usr/local/lib'
libpth=/usr/lib /usr/local/lib
libs=-lm -lcrypt
perllibs=-lm -lcrypt
libc=, so=so, useshrplib=false, libperl=libperl.a
gnulibc_version=''
Dynamic Linking:
dlsrc=dl_dlopen.xs, dlext=so, d_dlsymun=undef, ccdlflags=' '
cccdlflags='-DPIC -fPIC', lddlflags='-shared -L/usr/local/lib'
Characteristics of this binary (from libperl):
Compile-time options: MULTIPLICITY PERL_IMPLICIT_CONTEXT PERL_MALLOC_WRAP
USE_64_BIT_ALL USE_64_BIT_INT USE_FAST_STDIO
USE_ITHREADS USE_LARGE_FILES USE_PERLIO
USE_REENTRANT_API
Built under freebsd
Compiled at Nov 17 2013 16:12:53
%ENV:
PERL5LIB="/home/eserte/.cpan/build/DBIx-Class-Schema-Loader-0.07038-ob8a11/blib/arch:/home/eserte/.cpan/build/DBIx-Class-Schema-Loader-0.07038-ob8a11/blib/lib:/home/eserte/.cpan/build/DBIx-Class-IntrospectableM2M-0.001001-zVdxDG/blib/arch:/home/eserte/.cpan/build/DBIx-Class-IntrospectableM2M-0.001001-zVdxDG/blib/lib:/home/eserte/.cpan/build/Mail-RFC822-Address-0.3-a89f8w/blib/arch:/home/eserte/.cpan/build/Mail-RFC822-Address-0.3-a89f8w/blib/lib"
PERL5OPT=""
PERL5_CPANPLUS_IS_RUNNING="95876"
PERL5_CPAN_IS_RUNNING="95876"
PERL5_CPAN_IS_RUNNING_IN_RECURSION="95856,95876"
PERLDOC="-MPod::Perldoc::ToTextOverstrike"
PERL_BATCH="yes"
PERL_CPAN_REPORTER_CONFIG="/var/tmp/cpansmoker-1023/PrFnI6oCET_config.ini"
PERL_EXTUTILS_AUTOINSTALL="--defaultdeps"
PERL_HTML_DISPLAY_CLASS="HTML::Display::Mozilla"
@INC:
/home/eserte/.cpan/build/DBIx-Class-Schema-Loader-0.07038-ob8a11/blib/arch
/home/eserte/.cpan/build/DBIx-Class-Schema-Loader-0.07038-ob8a11/blib/lib
/home/eserte/.cpan/build/DBIx-Class-IntrospectableM2M-0.001001-zVdxDG/blib/arch
/home/eserte/.cpan/build/DBIx-Class-IntrospectableM2M-0.001001-zVdxDG/blib/lib
/home/eserte/.cpan/build/Mail-RFC822-Address-0.3-a89f8w/blib/arch
/home/eserte/.cpan/build/Mail-RFC822-Address-0.3-a89f8w/blib/lib
/usr/perl5.8.9t/lib/5.8.9/amd64-freebsd-thread-multi
/usr/perl5.8.9t/lib/5.8.9
/usr/perl5.8.9t/lib/site_perl/5.8.9/amd64-freebsd-thread-multi
/usr/perl5.8.9t/lib/site_perl/5.8.9
.