Report for Bio-VertRes-Config-1.133090

Back
From: metabase:user:320bfe00-2aae-11df-837a-5e0a49663a4f
Subject: FAIL Bio-VertRes-Config-1.133090 5.30.1 RC1 GNU/Linux
Date: 2019-11-03T08:31:32Z

This distribution has been tested as part of the CPAN Testers
project, supporting the Perl programming language.  See
http://wiki.cpantesters.org/ for more information or email
questions to cpan-testers-discuss@perl.org


--
Dear Andrew Page,

This is a computer-generated report for Bio-VertRes-Config-1.133090
on perl 5.30.1, created by CPAN-Reporter-1.2018.

Thank you for uploading your work to CPAN.  However, there was a problem
testing your distribution.

If you think this report is invalid, please consult the CPAN Testers Wiki
for suggestions on how to avoid getting FAIL reports for missing library
or binary dependencies, unsupported operating systems, and so on:

http://wiki.cpantesters.org/wiki/CPANAuthorNotes

Sections of this report:

    * Tester comments
    * Program output
    * Prerequisites
    * Environment and other context

------------------------------
TESTER COMMENTS
------------------------------

Additional comments from tester:

this report is from an automated smoke testing program
and was not reviewed by a human for accuracy

------------------------------
PROGRAM OUTPUT
------------------------------

Output from '/usr/bin/make test':

PERL_DL_NONLAZY=1 "/tmp/basesmoker-reloperl-YdN8/bin/perl" "-MExtUtils::Command::MM" "-MTest::Harness" "-e" "undef *Test::Harness::Switches; test_harness(0, 'blib/lib', 'blib/arch')" t/Bio/VertRes/Config/*.t t/Bio/VertRes/Config/CommandLine/*.t t/Bio/VertRes/Config/Pipelines/*.t t/Bio/VertRes/Config/Recipes/*.t t/bin/*.t
t/bin/bacteria_assembly_and_annotation.t ........................... ok
t/bin/bacteria_assembly_single_cell.t .............................. ok
t/bin/bacteria_mapping.t ........................................... ok
t/bin/bacteria_register_and_qc_study.t ............................. ok
t/bin/bacteria_rna_seq_expression.t ................................ ok
t/bin/bacteria_snp_calling.t ....................................... ok
t/bin/eukaryote_assembly.t ......................................... ok
t/bin/eukaryote_mapping.t .......................................... ok
t/bin/eukaryote_register_and_qc_study.t ............................ ok
t/bin/eukaryote_rna_seq_expression.t ............................... ok
t/bin/eukaryote_snp_calling.t ...................................... ok
t/bin/helminth_mapping.t ........................................... ok
t/bin/helminth_register_and_qc_study.t ............................. ok
t/bin/helminth_rna_seq_expression.t ................................ ok
t/bin/helminth_snp_calling.t ....................................... ok

#   Failed test 'log file has been created for helminth_mapping'
#   at t/bin/log_parameters.t line 23.
readline() on closed filehandle $fh at t/bin/log_parameters.t line 25.
Use of uninitialized value in pattern match (m//) at t/bin/log_parameters.t line 25.

#   Failed test 'correct format of log file'
#   at t/bin/log_parameters.t line 25.

#   Failed test 'log file has been created for eukaryote_snp_calling'
#   at t/bin/log_parameters.t line 23.
readline() on closed filehandle $fh at t/bin/log_parameters.t line 25.
Use of uninitialized value in pattern match (m//) at t/bin/log_parameters.t line 25.

#   Failed test 'correct format of log file'
#   at t/bin/log_parameters.t line 25.

#   Failed test 'log file has been created for virus_assembly_and_annotation'
#   at t/bin/log_parameters.t line 23.
readline() on closed filehandle $fh at t/bin/log_parameters.t line 25.
Use of uninitialized value in pattern match (m//) at t/bin/log_parameters.t line 25.

#   Failed test 'correct format of log file'
#   at t/bin/log_parameters.t line 25.

#   Failed test 'log file has been created for eukaryote_rna_seq_expression'
#   at t/bin/log_parameters.t line 23.
readline() on closed filehandle $fh at t/bin/log_parameters.t line 25.
Use of uninitialized value in pattern match (m//) at t/bin/log_parameters.t line 25.

#   Failed test 'correct format of log file'
#   at t/bin/log_parameters.t line 25.

#   Failed test 'log file has been created for virus_register_and_qc_study'
#   at t/bin/log_parameters.t line 23.
readline() on closed filehandle $fh at t/bin/log_parameters.t line 25.
Use of uninitialized value in pattern match (m//) at t/bin/log_parameters.t line 25.

#   Failed test 'correct format of log file'
#   at t/bin/log_parameters.t line 25.

#   Failed test 'log file has been created for virus_snp_calling'
#   at t/bin/log_parameters.t line 23.
readline() on closed filehandle $fh at t/bin/log_parameters.t line 25.
Use of uninitialized value in pattern match (m//) at t/bin/log_parameters.t line 25.

#   Failed test 'correct format of log file'
#   at t/bin/log_parameters.t line 25.

#   Failed test 'log file has been created for helminth_register_and_qc_study'
#   at t/bin/log_parameters.t line 23.
readline() on closed filehandle $fh at t/bin/log_parameters.t line 25.
Use of uninitialized value in pattern match (m//) at t/bin/log_parameters.t line 25.

#   Failed test 'correct format of log file'
#   at t/bin/log_parameters.t line 25.

#   Failed test 'log file has been created for eukaryote_mapping'
#   at t/bin/log_parameters.t line 23.
readline() on closed filehandle $fh at t/bin/log_parameters.t line 25.
Use of uninitialized value in pattern match (m//) at t/bin/log_parameters.t line 25.

#   Failed test 'correct format of log file'
#   at t/bin/log_parameters.t line 25.

#   Failed test 'log file has been created for helminth_snp_calling'
#   at t/bin/log_parameters.t line 23.
readline() on closed filehandle $fh at t/bin/log_parameters.t line 25.
Use of uninitialized value in pattern match (m//) at t/bin/log_parameters.t line 25.

#   Failed test 'correct format of log file'
#   at t/bin/log_parameters.t line 25.

#   Failed test 'log file has been created for helminth_rna_seq_expression'
#   at t/bin/log_parameters.t line 23.
readline() on closed filehandle $fh at t/bin/log_parameters.t line 25.
Use of uninitialized value in pattern match (m//) at t/bin/log_parameters.t line 25.

#   Failed test 'correct format of log file'
#   at t/bin/log_parameters.t line 25.

#   Failed test 'log file has been created for bacteria_snp_calling'
#   at t/bin/log_parameters.t line 23.
readline() on closed filehandle $fh at t/bin/log_parameters.t line 25.
Use of uninitialized value in pattern match (m//) at t/bin/log_parameters.t line 25.

#   Failed test 'correct format of log file'
#   at t/bin/log_parameters.t line 25.

#   Failed test 'log file has been created for bacteria_register_and_qc_study'
#   at t/bin/log_parameters.t line 23.
readline() on closed filehandle $fh at t/bin/log_parameters.t line 25.
Use of uninitialized value in pattern match (m//) at t/bin/log_parameters.t line 25.

#   Failed test 'correct format of log file'
#   at t/bin/log_parameters.t line 25.

#   Failed test 'log file has been created for virus_mapping'
#   at t/bin/log_parameters.t line 23.
readline() on closed filehandle $fh at t/bin/log_parameters.t line 25.
Use of uninitialized value in pattern match (m//) at t/bin/log_parameters.t line 25.

#   Failed test 'correct format of log file'
#   at t/bin/log_parameters.t line 25.

#   Failed test 'log file has been created for bacteria_assembly_single_cell'
#   at t/bin/log_parameters.t line 23.
readline() on closed filehandle $fh at t/bin/log_parameters.t line 25.
Use of uninitialized value in pattern match (m//) at t/bin/log_parameters.t line 25.

#   Failed test 'correct format of log file'
#   at t/bin/log_parameters.t line 25.

#   Failed test 'log file has been created for bacteria_rna_seq_expression'
#   at t/bin/log_parameters.t line 23.
readline() on closed filehandle $fh at t/bin/log_parameters.t line 25.
Use of uninitialized value in pattern match (m//) at t/bin/log_parameters.t line 25.

#   Failed test 'correct format of log file'
#   at t/bin/log_parameters.t line 25.

#   Failed test 'log file has been created for virus_rna_seq_expression'
#   at t/bin/log_parameters.t line 23.
readline() on closed filehandle $fh at t/bin/log_parameters.t line 25.
Use of uninitialized value in pattern match (m//) at t/bin/log_parameters.t line 25.

#   Failed test 'correct format of log file'
#   at t/bin/log_parameters.t line 25.

#   Failed test 'log file has been created for bacteria_assembly_and_annotation'
#   at t/bin/log_parameters.t line 23.
readline() on closed filehandle $fh at t/bin/log_parameters.t line 25.
Use of uninitialized value in pattern match (m//) at t/bin/log_parameters.t line 25.

#   Failed test 'correct format of log file'
#   at t/bin/log_parameters.t line 25.

#   Failed test 'log file has been created for setup_global_configs'
#   at t/bin/log_parameters.t line 23.
readline() on closed filehandle $fh at t/bin/log_parameters.t line 25.
Use of uninitialized value in pattern match (m//) at t/bin/log_parameters.t line 25.

#   Failed test 'correct format of log file'
#   at t/bin/log_parameters.t line 25.

#   Failed test 'log file has been created for eukaryote_register_and_qc_study'
#   at t/bin/log_parameters.t line 23.
readline() on closed filehandle $fh at t/bin/log_parameters.t line 25.
Use of uninitialized value in pattern match (m//) at t/bin/log_parameters.t line 25.

#   Failed test 'correct format of log file'
#   at t/bin/log_parameters.t line 25.

#   Failed test 'log file has been created for bacteria_mapping'
#   at t/bin/log_parameters.t line 23.
readline() on closed filehandle $fh at t/bin/log_parameters.t line 25.
Use of uninitialized value in pattern match (m//) at t/bin/log_parameters.t line 25.

#   Failed test 'correct format of log file'
#   at t/bin/log_parameters.t line 25.

#   Failed test 'log file has been created for eukaryote_assembly'
#   at t/bin/log_parameters.t line 23.
readline() on closed filehandle $fh at t/bin/log_parameters.t line 25.
Use of uninitialized value in pattern match (m//) at t/bin/log_parameters.t line 25.

#   Failed test 'correct format of log file'
#   at t/bin/log_parameters.t line 25.
# Looks like you failed 42 tests of 42.
t/bin/log_parameters.t ............................................. 
Dubious, test returned 42 (wstat 10752, 0x2a00)
Failed 42/42 subtests 

#   Failed test 'files created as expected for ./bin/setup_global_configs -d pathogen_euk_track -c /tmp/TOx465c3Eu -l t/data/refs.index'
#   at t/lib/TestHelper.pm line 25.
#     Structures begin differing at:
#          $got->[0] = Does not exist
#     $expected->[0] = 'command_line.log'

#   Failed test 'files created as expected for ./bin/setup_global_configs -d some_other_db_name -c /tmp/5phZrDncPq -l t/data/refs.index'
#   at t/lib/TestHelper.pm line 25.
#     Structures begin differing at:
#          $got->[0] = Does not exist
#     $expected->[0] = 'command_line.log'
# Looks like you failed 2 tests of 2.
t/bin/setup_global_configs.t ....................................... 
Dubious, test returned 2 (wstat 512, 0x200)
Failed 2/2 subtests 
t/bin/virus_assembly_and_annotation.t .............................. ok
t/bin/virus_mapping.t .............................................. ok
t/bin/virus_register_and_qc_study.t ................................ ok
t/bin/virus_rna_seq_expression.t ................................... ok
t/bin/virus_snp_calling.t .......................................... ok
t/Bio/VertRes/Config/CommandLine/Common.t .......................... ok
t/Bio/VertRes/Config/CommandLine/ConstructLimits.t ................. ok
t/Bio/VertRes/Config/CommandLine/LogParameters.t ................... ok
t/Bio/VertRes/Config/CommandLine/StudyNameSearch.t ................. ok
t/Bio/VertRes/Config/MultipleTopLevelFiles.t ....................... ok
t/Bio/VertRes/Config/Pipelines/AnnotateAssembly.t .................. ok
t/Bio/VertRes/Config/Pipelines/Assembly.t .......................... ok
t/Bio/VertRes/Config/Pipelines/BamImprovement.t .................... ok
t/Bio/VertRes/Config/Pipelines/Bowtie2Mapping.t .................... ok
t/Bio/VertRes/Config/Pipelines/BwaMapping.t ........................ ok
t/Bio/VertRes/Config/Pipelines/Common.t ............................ ok
t/Bio/VertRes/Config/Pipelines/Import.t ............................ ok
t/Bio/VertRes/Config/Pipelines/Mapping.t ........................... ok
t/Bio/VertRes/Config/Pipelines/QC.t ................................ ok
t/Bio/VertRes/Config/Pipelines/RnaSeqExpression.t .................. ok
t/Bio/VertRes/Config/Pipelines/SmaltMapping.t ...................... ok
t/Bio/VertRes/Config/Pipelines/SnpCalling.t ........................ ok
t/Bio/VertRes/Config/Pipelines/SpadesAssembly.t .................... ok
t/Bio/VertRes/Config/Pipelines/Ssaha2Mapping.t ..................... ok
t/Bio/VertRes/Config/Pipelines/StampyMapping.t ..................... ok
t/Bio/VertRes/Config/Pipelines/Store.t ............................. ok
t/Bio/VertRes/Config/Pipelines/Tradis.t ............................ ok
t/Bio/VertRes/Config/Pipelines/VelvetAssembly.t .................... ok
t/Bio/VertRes/Config/Recipes/BacteriaAssemblyAndAnnotation.t ....... ok
t/Bio/VertRes/Config/Recipes/BacteriaAssemblySingleCell.t .......... ok
t/Bio/VertRes/Config/Recipes/BacteriaRegisterAndQCStudy.t .......... ok
t/Bio/VertRes/Config/Recipes/BacteriaRnaSeqExpressionUsingBwa.t .... ok
t/Bio/VertRes/Config/Recipes/BacteriaRnaSeqExpressionUsingSmalt.t .. ok
t/Bio/VertRes/Config/Recipes/BacteriaSnpCallingUsingBwa.t .......... ok
t/Bio/VertRes/Config/Recipes/BacteriaSnpCallingUsingSmalt.t ........ ok
t/Bio/VertRes/Config/Recipes/EukaryotesAssembly.t .................. ok
t/Bio/VertRes/Config/Recipes/EukaryotesMappingUsingBwa.t ........... ok
t/Bio/VertRes/Config/Recipes/EukaryotesMappingUsingSmalt.t ......... ok
t/Bio/VertRes/Config/Recipes/EukaryotesMappingUsingSsaha2.t ........ ok
t/Bio/VertRes/Config/Recipes/EukaryotesMappingUsingStampy.t ........ ok
t/Bio/VertRes/Config/Recipes/EukaryotesRegisterAndQCStudy.t ........ ok
t/Bio/VertRes/Config/Recipes/EukaryotesRnaSeqExpression.t .......... ok
t/Bio/VertRes/Config/Recipes/EukaryotesSnpCallingUsingBwa.t ........ ok
t/Bio/VertRes/Config/Recipes/EukaryotesSnpCallingUsingSmalt.t ...... ok
t/Bio/VertRes/Config/Recipes/EukaryotesSnpCallingUsingSsaha2.t ..... ok
t/Bio/VertRes/Config/Recipes/EukaryotesSnpCallingUsingStampy.t ..... ok
t/Bio/VertRes/Config/Recipes/Global.t .............................. ok
t/Bio/VertRes/Config/Recipes/HelminthRegisterAndQCStudy.t .......... ok
t/Bio/VertRes/Config/Recipes/VirusAssemblyAndAnnotation.t .......... ok
t/Bio/VertRes/Config/Recipes/VirusRegisterAndQCStudy.t ............. ok
t/Bio/VertRes/Config/References.t .................................. ok
t/Bio/VertRes/Config/RegisterStudy.t ............................... ok
t/Bio/VertRes/Config/TopLevel.t .................................... ok

Test Summary Report
-------------------
t/bin/log_parameters.t                                           (Wstat: 10752 Tests: 42 Failed: 42)
  Failed tests:  1-42
  Non-zero exit status: 42
t/bin/setup_global_configs.t                                     (Wstat: 512 Tests: 2 Failed: 2)
  Failed tests:  1-2
  Non-zero exit status: 2
Files=70, Tests=802, 36 wallclock secs ( 0.24 usr  0.37 sys + 28.82 cusr  6.31 csys = 35.74 CPU)
Result: FAIL
Failed 2/70 test programs. 44/802 subtests failed.
Makefile:1603: recipe for target 'test_dynamic' failed
make: *** [test_dynamic] Error 255

------------------------------
PREREQUISITES
------------------------------

Prerequisite modules loaded:

requires:

    Module                       Need Have   
    ---------------------------- ---- -------
    Data::Dumper                 0    2.174  
    DBI                          0    1.642  
    Exception::Class             0    1.44   
    File::Basename               0    2.85   
    File::Path                   0    2.16   
    File::Slurp                  0    9999.28
    Getopt::Long                 0    2.51   
    Moose                        0    2.2011 
    Moose::Role                  0    2.2011 
    Moose::Util::TypeConstraints 0    2.2011 

build_requires:

    Module                       Need Have   
    ---------------------------- ---- -------
    File::Find                   0    1.36   
    File::Temp                   0    0.2309 
    strict                       0    1.11   
    Test::Most                   0    0.35   
    warnings                     0    1.44   

configure_requires:

    Module                       Need Have   
    ---------------------------- ---- -------
    ExtUtils::MakeMaker          6.30 7.38   


------------------------------
ENVIRONMENT AND OTHER CONTEXT
------------------------------

Environment variables:

    AUTOMATED_TESTING = 1
    LANG = en_US.UTF-8
    PATH = /home/sand/bin:/usr/local/bin:/usr/local/sbin:/usr/sbin:/usr/bin:/sbin:/bin:/usr/games:/usr/local/games:/usr/local/perl/bin:/usr/X11/bin
    PERL = /tmp/basesmoker-reloperl-YdN8/bin/perl
    PERL5LIB = /tmp/loop_over_bdir-14205-toEwk8/downsexta-0/blib/arch:/tmp/loop_over_bdir-14205-toEwk8/downsexta-0/blib/lib:/tmp/loop_over_bdir-14205-toEwk8/ppt-0.14-0/blib/arch:/tmp/loop_over_bdir-14205-toEwk8/ppt-0.14-0/blib/lib:/tmp/loop_over_bdir-14205-toEwk8/Lingua-BioYaTeA-0.11-0/blib/arch:/tmp/loop_over_bdir-14205-toEwk8/Lingua-BioYaTeA-0.11-0/blib/lib:/tmp/loop_over_bdir-14205-toEwk8/Lingua-YaTeA-0.626-0/blib/arch:/tmp/loop_over_bdir-14205-toEwk8/Lingua-YaTeA-0.626-0/blib/lib:/tmp/loop_over_bdir-14205-toEwk8/CORBA-XS-0.63-0/blib/arch:/tmp/loop_over_bdir-14205-toEwk8/CORBA-XS-0.63-0/blib/lib:/tmp/loop_over_bdir-14205-toEwk8/Lemonldap-NG-Cli-0.2-0/blib/arch:/tmp/loop_over_bdir-14205-toEwk8/Lemonldap-NG-Cli-0.2-0/blib/lib:/tmp/loop_over_bdir-14205-toEwk8/Prima-prigraph-win32-1.06-0/blib/arch:/tmp/loop_over_bdir-14205-toEwk8/Prima-prigraph-win32-1.06-0/blib/lib:/tmp/loop_over_bdir-14205-toEwk8/Linux-InitFS-0.2-0/blib/arch:/tmp/loop_over_bdir-14205-toEwk8/Linux-InitFS-0.2-0/blib/lib:/tmp/loop_over_bdir-14205-toEwk8/mmds-1.902-0/blib/arch:/tmp/loop_over_bdir-14205-toEwk8/mmds-1.902-0/blib/lib:/tmp/loop_over_bdir-14205-toEwk8/Simulation-Automate-1.0.1-0/blib/arch:/tmp/loop_over_bdir-14205-toEwk8/Simulation-Automate-1.0.1-0/blib/lib:/tmp/loop_over_bdir-14205-toEwk8/Sysync-0.35-0/blib/arch:/tmp/loop_over_bdir-14205-toEwk8/Sysync-0.35-0/blib/lib:/tmp/loop_over_bdir-14205-toEwk8/HTML-Menu-TreeView-1.22-0/blib/arch:/tmp/loop_over_bdir-14205-toEwk8/HTML-Menu-TreeView-1.22-0/blib/lib:/tmp/loop_over_bdir-14205-toEwk8/dta-tokwrap-0.90-0/blib/arch:/tmp/loop_over_bdir-14205-toEwk8/dta-tokwrap-0.90-0/blib/lib:/tmp/loop_over_bdir-14205-toEwk8/Dpkg-1.19.7-0/blib/arch:/tmp/loop_over_bdir-14205-toEwk8/Dpkg-1.19.7-0/blib/lib:/tmp/loop_over_bdir-14205-toEwk8/RDF-NLP-SPARQLQuery-0.1-0/blib/arch:/tmp/loop_over_bdir-14205-toEwk8/RDF-NLP-SPARQLQuery-0.1-0/blib/lib:/tmp/loop_over_bdir-14205-toEwk8/CORBA-Python-2.66-0/blib/arch:/tmp/loop_over_bdir-14205-toEwk8/CORBA-Python-2.66-0/blib/lib:/tmp/loop_over_bdir-14205-toEwk8/Debian-Packages-0.03-0/blib/arch:/tmp/loop_over_bdir-14205-toEwk8/Debian-Packages-0.03-0/blib/lib
    PERL5OPT = 
    PERL5_CPANPLUS_IS_RUNNING = 14213
    PERL5_CPAN_IS_RUNNING = 14213
    PERL_CANARY_STABILITY_NOPROMPT = 1
    PERL_MM_USE_DEFAULT = 1
    PERL_USE_UNSAFE_INC = 1
    SHELL = /usr/bin/zsh
    TERM = screen

Perl special variables (and OS-specific diagnostics, for MSWin32):

    $^X = /tmp/basesmoker-reloperl-YdN8/bin/perl
    $UID/$EUID = 1005 / 1005
    $GID = 1005 1005
    $EGID = 1005 1005

Perl module toolchain versions installed:

    Module              Have    
    ------------------- --------
    CPAN                2.27    
    CPAN::Meta          2.150010
    Cwd                 3.78    
    ExtUtils::CBuilder  0.280231
    ExtUtils::Command   7.38    
    ExtUtils::Install   2.14    
    ExtUtils::MakeMaker 7.38    
    ExtUtils::Manifest  1.72    
    ExtUtils::ParseXS   3.40    
    File::Spec          3.78    
    JSON                4.02    
    JSON::PP            4.02    
    Module::Build       0.4229  
    Module::Signature   0.83    
    Parse::CPAN::Meta   2.150010
    Test::Harness       3.42    
    Test::More          1.302168
    YAML                1.29    
    YAML::Syck          1.31    
    version             0.9924  


--

Summary of my perl5 (revision 5 version 30 subversion 1) configuration:
  Commit id: c7b0f4381d9ba7446b031fd197f0817ead76cc96
  Platform:
    osname=linux
    osvers=4.15.0-65-generic
    archname=x86_64-linux-thread-multi
    uname='linux k93bionic 4.15.0-65-generic #74-ubuntu smp tue sep 17 17:06:04 utc 2019 x86_64 x86_64 x86_64 gnulinux '
    config_args='-Dprefix=/home/sand/src/perl/repoperls/installed-perls/host/k93bionic/v5.30.1-RC1/7ee9 -Dmyhostname=k93bionic -Dinstallusrbinperl=n -Uversiononly -Dusedevel -des -Ui_db -Dlibswanted=cl pthread socket inet nsl gdbm dbm malloc dl ld sun m crypt sec util c cposix posix ucb BSD gdbm_compat -Duseithreads -Uuselongdouble -DEBUGGING=-g'
    hint=recommended
    useposix=true
    d_sigaction=define
    useithreads=define
    usemultiplicity=define
    use64bitint=define
    use64bitall=define
    uselongdouble=undef
    usemymalloc=n
    default_inc_excludes_dot=define
    bincompat5005=undef
  Compiler:
    cc='cc'
    ccflags ='-D_REENTRANT -D_GNU_SOURCE -fwrapv -fno-strict-aliasing -pipe -fstack-protector-strong -I/usr/local/include -D_LARGEFILE_SOURCE -D_FILE_OFFSET_BITS=64'
    optimize='-O2 -g'
    cppflags='-D_REENTRANT -D_GNU_SOURCE -fwrapv -fno-strict-aliasing -pipe -fstack-protector-strong -I/usr/local/include'
    ccversion=''
    gccversion='7.4.0'
    gccosandvers=''
    intsize=4
    longsize=8
    ptrsize=8
    doublesize=8
    byteorder=12345678
    doublekind=3
    d_longlong=define
    longlongsize=8
    d_longdbl=define
    longdblsize=16
    longdblkind=3
    ivtype='long'
    ivsize=8
    nvtype='double'
    nvsize=8
    Off_t='off_t'
    lseeksize=8
    alignbytes=8
    prototype=define
  Linker and Libraries:
    ld='cc'
    ldflags =' -fstack-protector-strong -L/usr/local/lib'
    libpth=/usr/local/lib /usr/lib/gcc/x86_64-linux-gnu/7/include-fixed /usr/include/x86_64-linux-gnu /usr/lib /lib/x86_64-linux-gnu /lib/../lib /usr/lib/x86_64-linux-gnu /usr/lib/../lib /lib
    libs=-lpthread -lnsl -ldl -lm -lcrypt -lutil -lc
    perllibs=-lpthread -lnsl -ldl -lm -lcrypt -lutil -lc
    libc=libc-2.27.so
    so=so
    useshrplib=false
    libperl=libperl.a
    gnulibc_version='2.27'
  Dynamic Linking:
    dlsrc=dl_dlopen.xs
    dlext=so
    d_dlsymun=undef
    ccdlflags='-Wl,-E'
    cccdlflags='-fPIC'
    lddlflags='-shared -O2 -g -L/usr/local/lib -fstack-protector-strong'


Characteristics of this binary (from libperl): 
  Compile-time options:
    HAS_TIMES
    MULTIPLICITY
    PERLIO_LAYERS
    PERL_COPY_ON_WRITE
    PERL_DONT_CREATE_GVSV
    PERL_IMPLICIT_CONTEXT
    PERL_MALLOC_WRAP
    PERL_OP_PARENT
    PERL_PRESERVE_IVUV
    PERL_USE_DEVEL
    USE_64_BIT_ALL
    USE_64_BIT_INT
    USE_ITHREADS
    USE_LARGE_FILES
    USE_LOCALE
    USE_LOCALE_COLLATE
    USE_LOCALE_CTYPE
    USE_LOCALE_NUMERIC
    USE_LOCALE_TIME
    USE_PERLIO
    USE_PERL_ATOF
    USE_REENTRANT_API
    USE_THREAD_SAFE_LOCALE
  Locally applied patches:
    RC1
  Built under linux
  Compiled at Oct 30 2019 19:21:34
  %ENV:
    PERL="/tmp/basesmoker-reloperl-YdN8/bin/perl"
    PERL5LIB="/tmp/loop_over_bdir-14205-toEwk8/downsexta-0/blib/arch:/tmp/loop_over_bdir-14205-toEwk8/downsexta-0/blib/lib:/tmp/loop_over_bdir-14205-toEwk8/ppt-0.14-0/blib/arch:/tmp/loop_over_bdir-14205-toEwk8/ppt-0.14-0/blib/lib:/tmp/loop_over_bdir-14205-toEwk8/Lingua-BioYaTeA-0.11-0/blib/arch:/tmp/loop_over_bdir-14205-toEwk8/Lingua-BioYaTeA-0.11-0/blib/lib:/tmp/loop_over_bdir-14205-toEwk8/Lingua-YaTeA-0.626-0/blib/arch:/tmp/loop_over_bdir-14205-toEwk8/Lingua-YaTeA-0.626-0/blib/lib:/tmp/loop_over_bdir-14205-toEwk8/CORBA-XS-0.63-0/blib/arch:/tmp/loop_over_bdir-14205-toEwk8/CORBA-XS-0.63-0/blib/lib:/tmp/loop_over_bdir-14205-toEwk8/Lemonldap-NG-Cli-0.2-0/blib/arch:/tmp/loop_over_bdir-14205-toEwk8/Lemonldap-NG-Cli-0.2-0/blib/lib:/tmp/loop_over_bdir-14205-toEwk8/Prima-prigraph-win32-1.06-0/blib/arch:/tmp/loop_over_bdir-14205-toEwk8/Prima-prigraph-win32-1.06-0/blib/lib:/tmp/loop_over_bdir-14205-toEwk8/Linux-InitFS-0.2-0/blib/arch:/tmp/loop_over_bdir-14205-toEwk8/Linux-InitFS-0.2-0/blib/lib:/tmp/loop_over_bdir-14205-toEwk8/mmds-1.902-0/blib/arch:/tmp/loop_over_bdir-14205-toEwk8/mmds-1.902-0/blib/lib:/tmp/loop_over_bdir-14205-toEwk8/Simulation-Automate-1.0.1-0/blib/arch:/tmp/loop_over_bdir-14205-toEwk8/Simulation-Automate-1.0.1-0/blib/lib:/tmp/loop_over_bdir-14205-toEwk8/Sysync-0.35-0/blib/arch:/tmp/loop_over_bdir-14205-toEwk8/Sysync-0.35-0/blib/lib:/tmp/loop_over_bdir-14205-toEwk8/HTML-Menu-TreeView-1.22-0/blib/arch:/tmp/loop_over_bdir-14205-toEwk8/HTML-Menu-TreeView-1.22-0/blib/lib:/tmp/loop_over_bdir-14205-toEwk8/dta-tokwrap-0.90-0/blib/arch:/tmp/loop_over_bdir-14205-toEwk8/dta-tokwrap-0.90-0/blib/lib:/tmp/loop_over_bdir-14205-toEwk8/Dpkg-1.19.7-0/blib/arch:/tmp/loop_over_bdir-14205-toEwk8/Dpkg-1.19.7-0/blib/lib:/tmp/loop_over_bdir-14205-toEwk8/RDF-NLP-SPARQLQuery-0.1-0/blib/arch:/tmp/loop_over_bdir-14205-toEwk8/RDF-NLP-SPARQLQuery-0.1-0/blib/lib:/tmp/loop_over_bdir-14205-toEwk8/CORBA-Python-2.66-0/blib/arch:/tmp/loop_over_bdir-14205-toEwk8/CORBA-Python-2.66-0/blib/lib:/tmp/loop_over_bdir-14205-toEwk8/Debian-Packages-0.03-0/blib/arch:/tmp/loop_over_bdir-14205-toEwk8/Debian-Packages-0.03-0/blib/lib"
    PERL5OPT=""
    PERL5_CPANPLUS_IS_RUNNING="14213"
    PERL5_CPAN_IS_RUNNING="14213"
    PERL_CANARY_STABILITY_NOPROMPT="1"
    PERL_MM_USE_DEFAULT="1"
    PERL_USE_UNSAFE_INC="1"
  @INC:
    /tmp/loop_over_bdir-14205-toEwk8/downsexta-0/blib/arch
    /tmp/loop_over_bdir-14205-toEwk8/downsexta-0/blib/lib
    /tmp/loop_over_bdir-14205-toEwk8/ppt-0.14-0/blib/arch
    /tmp/loop_over_bdir-14205-toEwk8/ppt-0.14-0/blib/lib
    /tmp/loop_over_bdir-14205-toEwk8/Lingua-BioYaTeA-0.11-0/blib/arch
    /tmp/loop_over_bdir-14205-toEwk8/Lingua-BioYaTeA-0.11-0/blib/lib
    /tmp/loop_over_bdir-14205-toEwk8/Lingua-YaTeA-0.626-0/blib/arch
    /tmp/loop_over_bdir-14205-toEwk8/Lingua-YaTeA-0.626-0/blib/lib
    /tmp/loop_over_bdir-14205-toEwk8/CORBA-XS-0.63-0/blib/arch
    /tmp/loop_over_bdir-14205-toEwk8/CORBA-XS-0.63-0/blib/lib
    /tmp/loop_over_bdir-14205-toEwk8/Lemonldap-NG-Cli-0.2-0/blib/arch
    /tmp/loop_over_bdir-14205-toEwk8/Lemonldap-NG-Cli-0.2-0/blib/lib
    /tmp/loop_over_bdir-14205-toEwk8/Prima-prigraph-win32-1.06-0/blib/arch
    /tmp/loop_over_bdir-14205-toEwk8/Prima-prigraph-win32-1.06-0/blib/lib
    /tmp/loop_over_bdir-14205-toEwk8/Linux-InitFS-0.2-0/blib/arch
    /tmp/loop_over_bdir-14205-toEwk8/Linux-InitFS-0.2-0/blib/lib
    /tmp/loop_over_bdir-14205-toEwk8/mmds-1.902-0/blib/arch
    /tmp/loop_over_bdir-14205-toEwk8/mmds-1.902-0/blib/lib
    /tmp/loop_over_bdir-14205-toEwk8/Simulation-Automate-1.0.1-0/blib/arch
    /tmp/loop_over_bdir-14205-toEwk8/Simulation-Automate-1.0.1-0/blib/lib
    /tmp/loop_over_bdir-14205-toEwk8/Sysync-0.35-0/blib/arch
    /tmp/loop_over_bdir-14205-toEwk8/Sysync-0.35-0/blib/lib
    /tmp/loop_over_bdir-14205-toEwk8/HTML-Menu-TreeView-1.22-0/blib/arch
    /tmp/loop_over_bdir-14205-toEwk8/HTML-Menu-TreeView-1.22-0/blib/lib
    /tmp/loop_over_bdir-14205-toEwk8/dta-tokwrap-0.90-0/blib/arch
    /tmp/loop_over_bdir-14205-toEwk8/dta-tokwrap-0.90-0/blib/lib
    /tmp/loop_over_bdir-14205-toEwk8/Dpkg-1.19.7-0/blib/arch
    /tmp/loop_over_bdir-14205-toEwk8/Dpkg-1.19.7-0/blib/lib
    /tmp/loop_over_bdir-14205-toEwk8/RDF-NLP-SPARQLQuery-0.1-0/blib/arch
    /tmp/loop_over_bdir-14205-toEwk8/RDF-NLP-SPARQLQuery-0.1-0/blib/lib
    /tmp/loop_over_bdir-14205-toEwk8/CORBA-Python-2.66-0/blib/arch
    /tmp/loop_over_bdir-14205-toEwk8/CORBA-Python-2.66-0/blib/lib
    /tmp/loop_over_bdir-14205-toEwk8/Debian-Packages-0.03-0/blib/arch
    /tmp/loop_over_bdir-14205-toEwk8/Debian-Packages-0.03-0/blib/lib
    /home/sand/src/perl/repoperls/installed-perls/host/k93bionic/v5.30.1-RC1/7ee9/lib/site_perl/5.30.1/x86_64-linux-thread-multi
    /home/sand/src/perl/repoperls/installed-perls/host/k93bionic/v5.30.1-RC1/7ee9/lib/site_perl/5.30.1
    /home/sand/src/perl/repoperls/installed-perls/host/k93bionic/v5.30.1-RC1/7ee9/lib/5.30.1/x86_64-linux-thread-multi
    /home/sand/src/perl/repoperls/installed-perls/host/k93bionic/v5.30.1-RC1/7ee9/lib/5.30.1
    .