Back
From: metabase:user:b8a9e342-69cf-11e7-adca-3fbd147838bf
Subject: FAIL File-Replace-0.14 5.37.4 GNU/Linux
Date: 2022-09-01T08:23:19Z
This distribution has been tested as part of the CPAN Testers
project, supporting the Perl programming language. See
http://wiki.cpantesters.org/ for more information or email
questions to cpan-testers-discuss@perl.org
--
Dear Hauke Daempfling,
This is a computer-generated report for File-Replace-0.14
on perl 5.37.4, created by CPAN-Reporter-1.2018.
Thank you for uploading your work to CPAN. However, there was a problem
testing your distribution.
If you think this report is invalid, please consult the CPAN Testers Wiki
for suggestions on how to avoid getting FAIL reports for missing library
or binary dependencies, unsupported operating systems, and so on:
http://wiki.cpantesters.org/wiki/CPANAuthorNotes
Sections of this report:
* Tester comments
* Program output
* Prerequisites
* Environment and other context
------------------------------
TESTER COMMENTS
------------------------------
Additional comments from tester:
this report is from an automated smoke testing program
and was not reviewed by a human for accuracy
------------------------------
PROGRAM OUTPUT
------------------------------
Output from '/usr/bin/make test':
PERL_DL_NONLAZY=1 "/home/cpan/bin/perl-blead/bin/perl5.37.4" "-MExtUtils::Command::MM" "-MTest::Harness" "-e" "undef *Test::Harness::Switches; test_harness(0, 'blib/lib', 'blib/arch')" t/*.t
# This is Perl 5.037004 at /home/cpan/bin/perl-blead/bin/perl5.37.4 on linux
t/00_smoke.t ............ ok
t/10_replace.t .......... ok
t/11_chmod.t ............ ok
t/12_create.t ........... ok
t/13_copy.t ............. ok
t/20_tie_handle_base.t .. ok
# Failed test 'eof() is false'
# at t/25_tie_handle_argv.t line 272.
# Failed test 'states'
# at t/25_tie_handle_argv.t line 277.
# Structures begin differing at:
# $got->[6][2] = ''
# $expected->[6][2] = '1'
# [
# [
# [
# '/home/cpan/tmp/FileReplaceTests_pUz6Jn2_7t/VkVXI9UzmM',
# '/home/cpan/tmp/FileReplaceTests_pUz6Jn2_7t/TGNJdqjjz_'
# ],
# undef,
# !!0,
# undef,
# !!1
# ],
# [
# [
# '/home/cpan/tmp/FileReplaceTests_pUz6Jn2_7t/TGNJdqjjz_'
# ],
# '/home/cpan/tmp/FileReplaceTests_pUz6Jn2_7t/VkVXI9UzmM',
# !!1,
# 1,
# !!0,
# 'Fo
# '
# ],
# [
# [
# '/home/cpan/tmp/FileReplaceTests_pUz6Jn2_7t/TGNJdqjjz_'
# ],
# '/home/cpan/tmp/FileReplaceTests_pUz6Jn2_7t/VkVXI9UzmM',
# !!1,
# 2,
# !!1,
# 'Br'
# ],
# [
# [],
# '/home/cpan/tmp/FileReplaceTests_pUz6Jn2_7t/TGNJdqjjz_',
# !!1,
# 3,
# !!0,
# 'Qz
# '
# ],
# [
# [],
# '/home/cpan/tmp/FileReplaceTests_pUz6Jn2_7t/TGNJdqjjz_',
# !!1,
# 4,
# !!1,
# 'Bz
# '
# ],
# [
# [],
# '/home/cpan/tmp/FileReplaceTests_pUz6Jn2_7t/TGNJdqjjz_',
# !!0,
# 4,
# !!1
# ],
# [
# [],
# '-',
# !!0,
# 0,
# !!1
# ],
# [
# [],
# '-',
# !!0,
# 0,
# !!1
# ]
# ]
# Looks like you failed 2 tests of 2.
# Failed test 'restart with emptied @ARGV (STDIN) - tied'
# at t/25_tie_handle_argv.t line 74.
# Looks like you failed 1 test of 21.
t/25_tie_handle_argv.t ..
Dubious, test returned 1 (wstat 256, 0x100)
Failed 1/21 subtests
t/30_singlehandle.t ..... ok
t/40_dualhandle.t ....... ok
# Failed test 'eof() is false'
# at t/50_inplace.t line 374.
# Failed test 'stdin/out looks ok'
# at t/50_inplace.t line 389.
# Structures begin differing at:
# $got->[0] = Does not exist
# $expected->[0] = '2/-:1: HELLO
# '
# Failed test 'states'
# at t/50_inplace.t line 392.
# Structures begin differing at:
# $got->[6][2] = ''
# $expected->[6][2] = '1'
# [
# [
# [
# '/home/cpan/tmp/FileReplaceTests_rjJsxEyasT/Db_OeVxTLC',
# '/home/cpan/tmp/FileReplaceTests_rjJsxEyasT/ivCn5QBgJU'
# ],
# undef,
# !!0,
# !!0,
# undef,
# !!1
# ],
# [
# [
# '/home/cpan/tmp/FileReplaceTests_rjJsxEyasT/ivCn5QBgJU'
# ],
# '/home/cpan/tmp/FileReplaceTests_rjJsxEyasT/Db_OeVxTLC',
# !!1,
# !!1,
# 1,
# !!0,
# 'Fo
# '
# ],
# [
# [
# '/home/cpan/tmp/FileReplaceTests_rjJsxEyasT/ivCn5QBgJU'
# ],
# '/home/cpan/tmp/FileReplaceTests_rjJsxEyasT/Db_OeVxTLC',
# !!1,
# !!1,
# 2,
# !!1,
# 'Br'
# ],
# [
# [],
# '/home/cpan/tmp/FileReplaceTests_rjJsxEyasT/ivCn5QBgJU',
# !!1,
# !!1,
# 3,
# !!0,
# 'Qz
# '
# ],
# [
# [],
# '/home/cpan/tmp/FileReplaceTests_rjJsxEyasT/ivCn5QBgJU',
# !!1,
# !!1,
# 4,
# !!1,
# 'Bz
# '
# ],
# [
# [],
# '/home/cpan/tmp/FileReplaceTests_rjJsxEyasT/ivCn5QBgJU',
# !!0,
# !!0,
# 4,
# !!1
# ],
# [
# [],
# '-',
# !!0,
# !!0,
# 0
# ],
# [
# [],
# '-',
# !!0,
# !!0,
# 0
# ]
# ]
# Looks like you planned 15 tests but ran 13.
# Looks like you failed 3 tests of 13 run.
# Failed test 'restart with emptied @ARGV (STDIN) - ::Inplace'
# at t/50_inplace.t line 92.
# Looks like you failed 1 test of 33.
t/50_inplace.t ..........
Dubious, test returned 1 (wstat 256, 0x100)
Failed 1/33 subtests
t/90_author_critic.t .... skipped: author Perl::Critic tests (set $ENV{FILE_REPLACE_AUTHOR_TESTS} to enable)
t/91_author_pod.t ....... skipped: author POD tests
Test Summary Report
-------------------
t/25_tie_handle_argv.t (Wstat: 256 (exited 1) Tests: 21 Failed: 1)
Failed test: 14
Non-zero exit status: 1
t/50_inplace.t (Wstat: 256 (exited 1) Tests: 33 Failed: 1)
Failed test: 18
Non-zero exit status: 1
Files=12, Tests=185, 2 wallclock secs ( 0.11 usr 0.06 sys + 1.77 cusr 0.55 csys = 2.49 CPU)
Result: FAIL
Failed 2/12 test programs. 2/185 subtests failed.
make: *** [Makefile:956: test_dynamic] Error 255
------------------------------
PREREQUISITES
------------------------------
Prerequisite modules loaded:
requires:
Module Need Have
--------------------- -------- --------
Carp 0 1.53
Exporter 0 5.77
Fcntl 0 1.15
File::Basename 0 2.86
File::Copy 0 2.40
File::Spec::Functions 0 3.86
File::Temp 0 0.2311
Hash::Util 0 0.29
IO::Handle 0 1.50
perl 5.008001 5.037004
Scalar::Util 0 1.63
warnings::register 0 1.04
build_requires:
Module Need Have
--------------------- -------- --------
Encode 0 3.19
ExtUtils::MakeMaker 0 7.64
File::stat 0 1.13
FindBin 0 1.53
IPC::Run3::Shell 0.56 0.58
Test::More 1.302096 1.302191
configure_requires:
Module Need Have
--------------------- -------- --------
ExtUtils::MakeMaker 6.64 7.64
------------------------------
ENVIRONMENT AND OTHER CONTEXT
------------------------------
Environment variables:
AUTOMATED_TESTING = 1
DATE_MANIP_TEST_DM5 = 1
LANG = en_US.UTF-8
LC_ALL = C
NONINTERACTIVE_TESTING = 1
PATH = /home/cpan/bin/perl-blead/bin:/home/cpan/bin:/home/cpan/bin:/usr/local/bin:/usr/bin:/usr/local/sbin:/usr/sbin
PERL5LIB =
PERL5OPT =
PERL5_CPANPLUS_IS_RUNNING = 144253
PERL5_CPAN_IS_RUNNING = 144253
PERL_MM_USE_DEFAULT = 1
PERL_USE_UNSAFE_INC = 1
PERL_VERSION = blead
SHELL = /bin/bash
TERM = screen
TMPDIR = /home/cpan/tmp
Perl special variables (and OS-specific diagnostics, for MSWin32):
$^X = /home/cpan/bin/perl-blead/bin/perl5.37.4
$UID/$EUID = 1001 / 1001
$GID = 1001 1001
$EGID = 1001 1001
Perl module toolchain versions installed:
Module Have
------------------- --------
CPAN 2.34
CPAN::Meta 2.150010
Cwd 3.86
ExtUtils::CBuilder 0.280237
ExtUtils::Command 7.64
ExtUtils::Install 2.20
ExtUtils::MakeMaker 7.64
ExtUtils::Manifest 1.73
ExtUtils::ParseXS 3.46
File::Spec 3.87
JSON 4.09
JSON::PP 4.11
Module::Build 0.4231
Module::Signature n/a
Parse::CPAN::Meta 2.150010
Test::Harness 3.44
Test::More 1.302191
YAML 1.30
YAML::Syck 1.34
version 0.9929
--
Summary of my perl5 (revision 5 version 37 subversion 4) configuration:
Commit id: 0c33882a943825845dde164b60900bf224b131cc
Platform:
osname=linux
osvers=5.19.4-100.fc35.x86_64
archname=x86_64-linux
uname='linux cjg-fedora35 5.19.4-100.fc35.x86_64 #1 smp preempt_dynamic thu aug 25 17:41:09 utc 2022 x86_64 x86_64 x86_64 gnulinux '
config_args='-des -Dprefix=~/bin/perl-blead -Dscriptdir=~/bin/perl-blead/bin -Dusedevel -Duse64bitall'
hint=recommended
useposix=true
d_sigaction=define
useithreads=undef
usemultiplicity=undef
use64bitint=define
use64bitall=define
uselongdouble=undef
usemymalloc=n
default_inc_excludes_dot=define
Compiler:
cc='cc'
ccflags ='-fwrapv -fno-strict-aliasing -pipe -fstack-protector-strong -I/usr/local/include -D_LARGEFILE_SOURCE -D_FILE_OFFSET_BITS=64 -D_FORTIFY_SOURCE=2'
optimize='-O2'
cppflags='-fwrapv -fno-strict-aliasing -pipe -fstack-protector-strong -I/usr/local/include'
ccversion=''
gccversion='11.3.1 20220421 (Red Hat 11.3.1-2)'
gccosandvers=''
intsize=4
longsize=8
ptrsize=8
doublesize=8
byteorder=12345678
doublekind=3
d_longlong=define
longlongsize=8
d_longdbl=define
longdblsize=16
longdblkind=3
ivtype='long'
ivsize=8
nvtype='double'
nvsize=8
Off_t='off_t'
lseeksize=8
alignbytes=8
prototype=define
Linker and Libraries:
ld='cc'
ldflags =' -fstack-protector-strong -L/usr/local/lib'
libpth=/usr/local/lib /usr/lib /usr/lib64 /usr/local/lib64
libs=-lpthread -ldb -ldl -lm -lcrypt -lutil -lc
perllibs=-lpthread -ldl -lm -lcrypt -lutil -lc
libc=/lib/../lib64/libc.so.6
so=so
useshrplib=false
libperl=libperl.a
gnulibc_version='2.34'
Dynamic Linking:
dlsrc=dl_dlopen.xs
dlext=so
d_dlsymun=undef
ccdlflags='-Wl,-E'
cccdlflags='-fPIC'
lddlflags='-shared -O2 -L/usr/local/lib -fstack-protector-strong'
Characteristics of this binary (from libperl):
Compile-time options:
HAS_TIMES
PERLIO_LAYERS
PERL_COPY_ON_WRITE
PERL_DONT_CREATE_GVSV
PERL_HASH_FUNC_SIPHASH13
PERL_HASH_USE_SBOX32
PERL_MALLOC_WRAP
PERL_OP_PARENT
PERL_PRESERVE_IVUV
PERL_USE_DEVEL
PERL_USE_SAFE_PUTENV
USE_64_BIT_ALL
USE_64_BIT_INT
USE_LARGE_FILES
USE_LOCALE
USE_LOCALE_COLLATE
USE_LOCALE_CTYPE
USE_LOCALE_NUMERIC
USE_LOCALE_TIME
USE_PERLIO
USE_PERL_ATOF
Built under linux
Compiled at Sep 1 2022 00:57:55
%ENV:
PERL5LIB=""
PERL5OPT=""
PERL5_CPANPLUS_IS_RUNNING="144253"
PERL5_CPAN_IS_RUNNING="144253"
PERL_MM_USE_DEFAULT="1"
PERL_USE_UNSAFE_INC="1"
PERL_VERSION="blead"
@INC:
/home/cpan/bin/perl-blead/lib/site_perl/5.37.4/x86_64-linux
/home/cpan/bin/perl-blead/lib/site_perl/5.37.4
/home/cpan/bin/perl-blead/lib/5.37.4/x86_64-linux
/home/cpan/bin/perl-blead/lib/5.37.4
.