Back
From: metabase:user:30f4dfbe-2aae-11df-837a-5e0a49663a4f
Subject: FAIL Future-AsyncAwait-0.26 5.18.2 GNU/Linux
Date: 2019-04-27T12:52:33Z
This distribution has been tested as part of the CPAN Testers
project, supporting the Perl programming language. See
http://wiki.cpantesters.org/ for more information or email
questions to cpan-testers-discuss@perl.org
--
Dear Paul Evans,
This is a computer-generated report for Future-AsyncAwait-0.26
on perl 5.18.2, created by CPAN-Reporter-1.2018.
Thank you for uploading your work to CPAN. However, there was a problem
testing your distribution.
If you think this report is invalid, please consult the CPAN Testers Wiki
for suggestions on how to avoid getting FAIL reports for missing library
or binary dependencies, unsupported operating systems, and so on:
http://wiki.cpantesters.org/wiki/CPANAuthorNotes
Sections of this report:
* Tester comments
* Program output
* Prerequisites
* Environment and other context
------------------------------
TESTER COMMENTS
------------------------------
Additional comments from tester:
this report is from an automated smoke testing program
and was not reviewed by a human for accuracy
------------------------------
PROGRAM OUTPUT
------------------------------
Output from './Build test':
t/00use.t .............. ok
t/01async-immediate.t .. ok
Future::AsyncAwait panic: TODO: Unsure how to handle savestack entry of 34
t/03await.t ............
No subtests run
t/02await-immediate.t .. ok
Future::AsyncAwait panic: TODO: Unsure how to handle savestack entry of 34
t/04await-twice.t ......
No subtests run
Future::AsyncAwait panic: TODO: Unsure how to handle savestack entry of 34
t/05await-expr.t .......
No subtests run
Future::AsyncAwait panic: TODO: Unsure how to handle savestack entry of 34
t/06await-nested.t .....
No subtests run
Future::AsyncAwait panic: TODO: Unsure how to handle savestack entry of 34
t/07await-label.t ......
No subtests run
t/08await-cancel.t ..... ok
Future::AsyncAwait panic: TODO: Unsure how to handle savestack entry of 34
t/10pad.t ..............
No subtests run
Future::AsyncAwait panic: TODO: Unsure how to handle savestack entry of 34
t/11contexts.t .........
No subtests run
Future::AsyncAwait panic: TODO: Unsure how to handle savestack entry of 34
t/12closure.t ..........
No subtests run
Future::AsyncAwait panic: TODO: Unsure how to handle savestack entry of 34
t/20context-block.t ....
No subtests run
t/13regexp.t ........... ok
Future::AsyncAwait panic: TODO: Unsure how to handle savestack entry of 34
t/21context-while.t ....
No subtests run
Future::AsyncAwait panic: TODO: Unsure how to handle savestack entry of 34
t/22context-foreach.t ..
No subtests run
t/30stringeval.t ....... ok
Future::AsyncAwait panic: TODO: Unsure how to handle savestack entry of 34
t/31destroy.t ..........
No subtests run
Future::AsyncAwait panic: TODO: Unsure how to handle savestack entry of 34
t/40croak.t ............
No subtests run
Future::AsyncAwait panic: TODO: Unsure how to handle savestack entry of 34
t/41end.t ..............
No subtests run
Future::AsyncAwait panic: TODO: Unsure how to handle savestack entry of 34
t/42unresolved.t .......
No subtests run
t/80await+try.t ........ skipped: Syntax::Keyword::Try >= 0.07 is not available
t/81memory-growth.t .... skipped: No Test::MemoryGrowth
Future::AsyncAwait panic: TODO: Unsure how to handle savestack entry of 34
t/90rt128176.t .........
No subtests run
t/99pod.t .............. ok
Test Summary Report
-------------------
t/03await.t (Wstat: 6 Tests: 0 Failed: 0)
Non-zero wait status: 6
Parse errors: No plan found in TAP output
t/04await-twice.t (Wstat: 6 Tests: 0 Failed: 0)
Non-zero wait status: 6
Parse errors: No plan found in TAP output
t/05await-expr.t (Wstat: 6 Tests: 0 Failed: 0)
Non-zero wait status: 6
Parse errors: No plan found in TAP output
t/06await-nested.t (Wstat: 6 Tests: 0 Failed: 0)
Non-zero wait status: 6
Parse errors: No plan found in TAP output
t/07await-label.t (Wstat: 6 Tests: 0 Failed: 0)
Non-zero wait status: 6
Parse errors: No plan found in TAP output
t/10pad.t (Wstat: 6 Tests: 0 Failed: 0)
Non-zero wait status: 6
Parse errors: No plan found in TAP output
t/11contexts.t (Wstat: 6 Tests: 0 Failed: 0)
Non-zero wait status: 6
Parse errors: No plan found in TAP output
t/12closure.t (Wstat: 6 Tests: 0 Failed: 0)
Non-zero wait status: 6
Parse errors: No plan found in TAP output
t/20context-block.t (Wstat: 6 Tests: 0 Failed: 0)
Non-zero wait status: 6
Parse errors: No plan found in TAP output
t/21context-while.t (Wstat: 6 Tests: 0 Failed: 0)
Non-zero wait status: 6
Parse errors: No plan found in TAP output
t/22context-foreach.t (Wstat: 6 Tests: 0 Failed: 0)
Non-zero wait status: 6
Parse errors: No plan found in TAP output
t/31destroy.t (Wstat: 6 Tests: 0 Failed: 0)
Non-zero wait status: 6
Parse errors: No plan found in TAP output
t/40croak.t (Wstat: 6 Tests: 0 Failed: 0)
Non-zero wait status: 6
Parse errors: No plan found in TAP output
t/41end.t (Wstat: 6 Tests: 0 Failed: 0)
Non-zero wait status: 6
Parse errors: No plan found in TAP output
t/42unresolved.t (Wstat: 6 Tests: 0 Failed: 0)
Non-zero wait status: 6
Parse errors: No plan found in TAP output
t/90rt128176.t (Wstat: 6 Tests: 0 Failed: 0)
Non-zero wait status: 6
Parse errors: No plan found in TAP output
Files=25, Tests=32, 2 wallclock secs ( 0.09 usr 0.03 sys + 2.87 cusr 0.35 csys = 3.34 CPU)
Result: FAIL
Failed 16/25 test programs. 0/32 subtests failed.
------------------------------
PREREQUISITES
------------------------------
Prerequisite modules loaded:
requires:
Module Need Have
------------------ ------ --------
Future 0 0.39
perl 5.016 5.018002
build_requires:
Module Need Have
------------------ ------ --------
ExtUtils::CBuilder 0 0.280231
Test::More 0.88 1.302162
configure_requires:
Module Need Have
------------------ ------ --------
Module::Build 0.4004 0.4224
------------------------------
ENVIRONMENT AND OTHER CONTEXT
------------------------------
Environment variables:
AUTOMATED_TESTING = 1
HARNESS_OPTIONS = j2
LANG = en_US.UTF-8
PATH = /home/njh/perl5/perlbrew/bin:/home/njh/perl5/perlbrew/perls/perl-5.18.2/bin:/home/njh/src/njh/smoker/bin:/usr/bin:/bin
PERL5LIB = /home/njh/.cpan/build/Future-0.39-7/blib/arch:/home/njh/.cpan/build/Future-0.39-7/blib/lib:/home/njh/.cpan/build/Test-Refcount-0.08-7/blib/arch:/home/njh/.cpan/build/Test-Refcount-0.08-7/blib/lib:/home/njh/.cpan/build/Test-Identity-0.01-7/blib/arch:/home/njh/.cpan/build/Test-Identity-0.01-7/blib/lib:/home/njh/.cpan/build/Lingua-EN-Inflect-1.904-10/blib/arch:/home/njh/.cpan/build/Lingua-EN-Inflect-1.904-10/blib/lib
PERL5OPT =
PERL5_CPANPLUS_IS_RUNNING = 23103
PERL5_CPAN_IS_RUNNING = 23103
PERLBREW_HOME = /home/njh/.perlbrew
PERLBREW_MANPATH = /home/njh/perl5/perlbrew/perls/perl-5.18.2/man
PERLBREW_PATH = /home/njh/perl5/perlbrew/bin:/home/njh/perl5/perlbrew/perls/perl-5.18.2/bin
PERLBREW_PERL = perl-5.18.2
PERLBREW_ROOT = /home/njh/perl5/perlbrew
PERLBREW_SHELLRC_VERSION = 0.84
PERLBREW_VERSION = 0.84
PERL_USE_UNSAFE_INC = 1
SHELL = /bin/sh
TEMP = /tmp/user/1000
TMPDIR = /tmp/user/1000/testwrapper.23090
Perl special variables (and OS-specific diagnostics, for MSWin32):
$^X = /home/njh/perl5/perlbrew/perls/perl-5.18.2/bin/perl
$UID/$EUID = 1000 / 1000
$GID = 1000 4 24 25 29 30 44 46 108 1000
$EGID = 1000 4 24 25 29 30 44 46 108 1000
Perl module toolchain versions installed:
Module Have
------------------- --------
CPAN 2.26
CPAN::Meta 2.150010
Cwd 3.75
ExtUtils::CBuilder 0.280231
ExtUtils::Command 7.34
ExtUtils::Install 2.06
ExtUtils::MakeMaker 7.34
ExtUtils::Manifest 1.70
ExtUtils::ParseXS 3.18
File::Spec 3.75
JSON 2.97001
JSON::PP 2.97001
Module::Build 0.4224
Module::Signature n/a
Parse::CPAN::Meta 2.150010
Test::Harness 3.42
Test::More 1.302162
YAML 1.27
YAML::Syck 1.31
version 0.9902
--
Summary of my perl5 (revision 5 version 18 subversion 2) configuration:
Platform:
osname=linux, osvers=4.3.0-1-686-pae, archname=i686-linux
uname='linux zack 4.3.0-1-686-pae #1 smp debian 4.3.5-1 (2016-02-06) i686 gnulinux '
config_args='-de -Dprefix=/home/njh/perl5/perlbrew/perls/perl-5.18.2 -Aeval:scriptdir=/home/njh/perl5/perlbrew/perls/perl-5.18.2/bin'
hint=recommended, useposix=true, d_sigaction=define
useithreads=undef, usemultiplicity=undef
useperlio=define, d_sfio=undef, uselargefiles=define, usesocks=undef
use64bitint=undef, use64bitall=undef, uselongdouble=undef
usemymalloc=n, bincompat5005=undef
Compiler:
cc='cc', ccflags ='-fno-strict-aliasing -pipe -fstack-protector -I/usr/local/include -D_LARGEFILE_SOURCE -D_FILE_OFFSET_BITS=64',
optimize='-O2',
cppflags='-fno-strict-aliasing -pipe -fstack-protector -I/usr/local/include'
ccversion='', gccversion='7.2.0', gccosandvers=''
intsize=4, longsize=4, ptrsize=4, doublesize=8, byteorder=1234
d_longlong=define, longlongsize=8, d_longdbl=define, longdblsize=12
ivtype='long', ivsize=4, nvtype='double', nvsize=8, Off_t='off_t', lseeksize=8
alignbytes=4, prototype=define
Linker and Libraries:
ld='cc', ldflags =' -fstack-protector -L/usr/local/lib'
libpth=/usr/local/lib /lib/i386-linux-gnu /lib/../lib /usr/lib/i386-linux-gnu /usr/lib/../lib /lib /usr/lib /lib64 /usr/lib64
libs=-lnsl -lgdbm -ldb -ldl -lm -lcrypt -lutil -lc -lgdbm_compat
perllibs=-lnsl -ldl -lm -lcrypt -lutil -lc
libc=libc-2.26.so, so=so, useshrplib=false, libperl=libperl.a
gnulibc_version='2.26'
Dynamic Linking:
dlsrc=dl_dlopen.xs, dlext=so, d_dlsymun=undef, ccdlflags='-Wl,-E'
cccdlflags='-fPIC', lddlflags='-shared -O2 -L/usr/local/lib -fstack-protector'
Characteristics of this binary (from libperl):
Compile-time options: HAS_TIMES PERLIO_LAYERS PERL_DONT_CREATE_GVSV
PERL_HASH_FUNC_ONE_AT_A_TIME_HARD PERL_MALLOC_WRAP
PERL_PRESERVE_IVUV PERL_SAWAMPERSAND USE_LARGE_FILES
USE_LOCALE USE_LOCALE_COLLATE USE_LOCALE_CTYPE
USE_LOCALE_NUMERIC USE_PERLIO USE_PERL_ATOF
Locally applied patches:
Devel::PatchPerl 1.38
Built under linux
Compiled at Jan 26 2018 00:33:20
%ENV:
PERL5LIB="/home/njh/.cpan/build/Future-0.39-7/blib/arch:/home/njh/.cpan/build/Future-0.39-7/blib/lib:/home/njh/.cpan/build/Test-Refcount-0.08-7/blib/arch:/home/njh/.cpan/build/Test-Refcount-0.08-7/blib/lib:/home/njh/.cpan/build/Test-Identity-0.01-7/blib/arch:/home/njh/.cpan/build/Test-Identity-0.01-7/blib/lib:/home/njh/.cpan/build/Lingua-EN-Inflect-1.904-10/blib/arch:/home/njh/.cpan/build/Lingua-EN-Inflect-1.904-10/blib/lib"
PERL5OPT=""
PERL5_CPANPLUS_IS_RUNNING="23103"
PERL5_CPAN_IS_RUNNING="23103"
PERLBREW_HOME="/home/njh/.perlbrew"
PERLBREW_MANPATH="/home/njh/perl5/perlbrew/perls/perl-5.18.2/man"
PERLBREW_PATH="/home/njh/perl5/perlbrew/bin:/home/njh/perl5/perlbrew/perls/perl-5.18.2/bin"
PERLBREW_PERL="perl-5.18.2"
PERLBREW_ROOT="/home/njh/perl5/perlbrew"
PERLBREW_SHELLRC_VERSION="0.84"
PERLBREW_VERSION="0.84"
PERL_USE_UNSAFE_INC="1"
@INC:
/home/njh/.cpan/build/Future-0.39-7/blib/arch
/home/njh/.cpan/build/Future-0.39-7/blib/lib
/home/njh/.cpan/build/Test-Refcount-0.08-7/blib/arch
/home/njh/.cpan/build/Test-Refcount-0.08-7/blib/lib
/home/njh/.cpan/build/Test-Identity-0.01-7/blib/arch
/home/njh/.cpan/build/Test-Identity-0.01-7/blib/lib
/home/njh/.cpan/build/Lingua-EN-Inflect-1.904-10/blib/arch
/home/njh/.cpan/build/Lingua-EN-Inflect-1.904-10/blib/lib
/home/njh/perl5/perlbrew/perls/perl-5.18.2/lib/site_perl/5.18.2/i686-linux
/home/njh/perl5/perlbrew/perls/perl-5.18.2/lib/site_perl/5.18.2
/home/njh/perl5/perlbrew/perls/perl-5.18.2/lib/5.18.2/i686-linux
/home/njh/perl5/perlbrew/perls/perl-5.18.2/lib/5.18.2
.