Back
From: metabase:user:314402c4-2aae-11df-837a-5e0a49663a4f
Subject: FAIL WebService-Pushover-v1.0.0 v5.21.10 GNU/Linux
Date: 2015-03-22T20:27:48Z
This distribution has been tested as part of the CPAN Testers
project, supporting the Perl programming language. See
http://wiki.cpantesters.org/ for more information or email
questions to cpan-testers-discuss@perl.org
--
Dear Steve Huff,
This is a computer-generated report for WebService-Pushover-v1.0.0
on perl 5.21.10, created by CPAN-Reporter-1.2011.
Thank you for uploading your work to CPAN. However, there was a problem
testing your distribution.
If you think this report is invalid, please consult the CPAN Testers Wiki
for suggestions on how to avoid getting FAIL reports for missing library
or binary dependencies, unsupported operating systems, and so on:
http://wiki.cpantesters.org/wiki/CPANAuthorNotes
Sections of this report:
* Tester comments
* Program output
* Prerequisites
* Environment and other context
------------------------------
TESTER COMMENTS
------------------------------
Additional comments from tester:
none provided
------------------------------
PROGRAM OUTPUT
------------------------------
Output from './Build test':
Writing README.mkdn
t/00-sanity.t ....... ok
t/01-messages.t ..... ok
t/02-receipts.t ..... ok
t/03-sounds.t ....... ok
t/04-users.t ........ ok
t/99-integration.t .. skipped: Integration tests disabled unless both PUSHOVER_API_TOKEN and PUSHOVER_USER_TOKEN environment variables are set
# Failed test 'Test::Perl::Critic for "lib/WebService/Pushover.pm"'
# at /opt/perl-5.21.10/lib/site_perl/5.21.10/Test/Perl/Critic.pm line 104.
#
# Variable, subroutine, and package names have to be in CamelCase at line 23, column 13. (no explanation). (Severity: 5)
# Variable, subroutine, and package names have to be in CamelCase at line 24, column 13. (no explanation). (Severity: 5)
# Variable, subroutine, and package names have to be in CamelCase at line 25, column 13. (no explanation). (Severity: 5)
# Variable, subroutine, and package names have to be in CamelCase at line 26, column 13. (no explanation). (Severity: 5)
# Variable, subroutine, and package names have to be in CamelCase at line 27, column 13. (no explanation). (Severity: 5)
# Variable, subroutine, and package names have to be in CamelCase at line 29, column 13. (no explanation). (Severity: 5)
# Variable, subroutine, and package names have to be in CamelCase at line 30, column 13. (no explanation). (Severity: 5)
# Variable, subroutine, and package names have to be in CamelCase at line 31, column 13. (no explanation). (Severity: 5)
# Variable, subroutine, and package names have to be in CamelCase at line 32, column 13. (no explanation). (Severity: 5)
# Variable, subroutine, and package names have to be in CamelCase at line 33, column 13. (no explanation). (Severity: 5)
# Use of low precedence operators is not allowed at line 45, column 47. Replace low precedence operators with the high precedence substitutes. (Severity: 5)
# Use of low precedence operators is not allowed at line 51, column 47. Replace low precedence operators with the high precedence substitutes. (Severity: 5)
# Variable, subroutine, and package names have to be in CamelCase at line 75, column 1. (no explanation). (Severity: 5)
# Variable, subroutine, and package names have to be in CamelCase at line 76, column 9. (no explanation). (Severity: 5)
# Method invocation should use "()" at line 78, column 60. Use "->MethodName()" instead of "->MethodName". (Severity: 5)
# Variable, subroutine, and package names have to be in CamelCase at line 79, column 28. (no explanation). (Severity: 5)
# Method invocation should use "()" at line 79, column 33. Use "->MethodName()" instead of "->MethodName". (Severity: 5)
# Variable, subroutine, and package names have to be in CamelCase at line 80, column 28. (no explanation). (Severity: 5)
# Method invocation should use "()" at line 80, column 33. Use "->MethodName()" instead of "->MethodName". (Severity: 5)
# Variable, subroutine, and package names have to be in CamelCase at line 88, column 1. (no explanation). (Severity: 5)
# Variable, subroutine, and package names have to be in CamelCase at line 89, column 8. (no explanation). (Severity: 5)
# Variable, subroutine, and package names have to be in CamelCase at line 113, column 24. (no explanation). (Severity: 5)
# Variable, subroutine, and package names have to be in CamelCase at line 114, column 24. (no explanation). (Severity: 5)
# Variable, subroutine, and package names have to be in CamelCase at line 114, column 41. (no explanation). (Severity: 5)
# Variable, subroutine, and package names have to be in CamelCase at line 115, column 30. (no explanation). (Severity: 5)
# Variable, subroutine, and package names have to be in CamelCase at line 123, column 81. (no explanation). (Severity: 5)
# Variable, subroutine, and package names have to be in CamelCase at line 129, column 83. (no explanation). (Severity: 5)
# Variable, subroutine, and package names have to be in CamelCase at line 137, column 24. (no explanation). (Severity: 5)
# Variable, subroutine, and package names have to be in CamelCase at line 138, column 24. (no explanation). (Severity: 5)
# Variable, subroutine, and package names have to be in CamelCase at line 143, column 30. (no explanation). (Severity: 5)
# Variable, subroutine, and package names have to be in CamelCase at line 143, column 53. (no explanation). (Severity: 5)
# Variable, subroutine, and package names have to be in CamelCase at line 152, column 24. (no explanation). (Severity: 5)
# Variable, subroutine, and package names have to be in CamelCase at line 153, column 25. (no explanation). (Severity: 5)
# Variable, subroutine, and package names have to be in CamelCase at line 159, column 34. (no explanation). (Severity: 5)
# Use of low precedence operators is not allowed at line 160, column 25. Replace low precedence operators with the high precedence substitutes. (Severity: 5)
# Variable, subroutine, and package names have to be in CamelCase at line 160, column 35. (no explanation). (Severity: 5)
# Variable, subroutine, and package names have to be in CamelCase at line 160, column 47. (no explanation). (Severity: 5)
# Variable, subroutine, and package names have to be in CamelCase at line 169, column 24. (no explanation). (Severity: 5)
# Variable, subroutine, and package names have to be in CamelCase at line 170, column 24. (no explanation). (Severity: 5)
# Variable, subroutine, and package names have to be in CamelCase at line 170, column 41. (no explanation). (Severity: 5)
# Variable, subroutine, and package names have to be in CamelCase at line 171, column 30. (no explanation). (Severity: 5)
# Variable, subroutine, and package names have to be in CamelCase at line 179, column 81. (no explanation). (Severity: 5)
# Variable, subroutine, and package names have to be in CamelCase at line 192, column 67. (no explanation). (Severity: 5)
# Variable, subroutine, and package names have to be in CamelCase at line 200, column 69. (no explanation). (Severity: 5)
# Variable, subroutine, and package names have to be in CamelCase at line 205, column 8. (no explanation). (Severity: 5)
# Private Member Data shouldn't be accessed directly at line 206, column 22. Accessing an objects data directly breaks encapsulation and should be avoided. Example: $object->{ some_key }. (Severity: 5)
# Private Member Data shouldn't be accessed directly at line 207, column 22. Accessing an objects data directly breaks encapsulation and should be avoided. Example: $object->{ some_key }. (Severity: 5)
# Private Member Data shouldn't be accessed directly at line 208, column 22. Accessing an objects data directly breaks encapsulation and should be avoided. Example: $object->{ some_key }. (Severity: 5)
# Private Member Data shouldn't be accessed directly at line 209, column 22. Accessing an objects data directly breaks encapsulation and should be avoided. Example: $object->{ some_key }. (Severity: 5)
# Private Member Data shouldn't be accessed directly at line 210, column 22. Accessing an objects data directly breaks encapsulation and should be avoided. Example: $object->{ some_key }. (Severity: 5)
# Private Member Data shouldn't be accessed directly at line 211, column 22. Accessing an objects data directly breaks encapsulation and should be avoided. Example: $object->{ some_key }. (Severity: 5)
# Private Member Data shouldn't be accessed directly at line 212, column 22. Accessing an objects data directly breaks encapsulation and should be avoided. Example: $object->{ some_key }. (Severity: 5)
# Private Member Data shouldn't be accessed directly at line 213, column 22. Accessing an objects data directly breaks encapsulation and should be avoided. Example: $object->{ some_key }. (Severity: 5)
# Private Member Data shouldn't be accessed directly at line 214, column 22. Accessing an objects data directly breaks encapsulation and should be avoided. Example: $object->{ some_key }. (Severity: 5)
# Private Member Data shouldn't be accessed directly at line 215, column 22. Accessing an objects data directly breaks encapsulation and should be avoided. Example: $object->{ some_key }. (Severity: 5)
# Private Member Data shouldn't be accessed directly at line 216, column 22. Accessing an objects data directly breaks encapsulation and should be avoided. Example: $object->{ some_key }. (Severity: 5)
# Private Member Data shouldn't be accessed directly at line 217, column 22. Accessing an objects data directly breaks encapsulation and should be avoided. Example: $object->{ some_key }. (Severity: 5)
# Private Member Data shouldn't be accessed directly at line 218, column 22. Accessing an objects data directly breaks encapsulation and should be avoided. Example: $object->{ some_key }. (Severity: 5)
# Variable, subroutine, and package names have to be in CamelCase at line 221, column 8. (no explanation). (Severity: 5)
# Private Member Data shouldn't be accessed directly at line 222, column 19. Accessing an objects data directly breaks encapsulation and should be avoided. Example: $object->{ some_key }. (Severity: 5)
# Private Member Data shouldn't be accessed directly at line 223, column 19. Accessing an objects data directly breaks encapsulation and should be avoided. Example: $object->{ some_key }. (Severity: 5)
# Private Member Data shouldn't be accessed directly at line 224, column 19. Accessing an objects data directly breaks encapsulation and should be avoided. Example: $object->{ some_key }. (Severity: 5)
# Variable, subroutine, and package names have to be in CamelCase at line 227, column 8. (no explanation). (Severity: 5)
# Private Member Data shouldn't be accessed directly at line 228, column 20. Accessing an objects data directly breaks encapsulation and should be avoided. Example: $object->{ some_key }. (Severity: 5)
# Private Member Data shouldn't be accessed directly at line 229, column 20. Accessing an objects data directly breaks encapsulation and should be avoided. Example: $object->{ some_key }. (Severity: 5)
# Variable, subroutine, and package names have to be in CamelCase at line 232, column 8. (no explanation). (Severity: 5)
# Private Member Data shouldn't be accessed directly at line 233, column 19. Accessing an objects data directly breaks encapsulation and should be avoided. Example: $object->{ some_key }. (Severity: 5)
# Variable, subroutine, and package names have to be in CamelCase at line 237, column 22. (no explanation). (Severity: 5)
# Variable, subroutine, and package names have to be in CamelCase at line 238, column 22. (no explanation). (Severity: 5)
# Variable, subroutine, and package names have to be in CamelCase at line 239, column 22. (no explanation). (Severity: 5)
# Variable, subroutine, and package names have to be in CamelCase at line 240, column 22. (no explanation). (Severity: 5)
# Variable, subroutine, and package names have to be in CamelCase at line 244, column 1. (no explanation). (Severity: 5)
# Variable, subroutine, and package names have to be in CamelCase at line 245, column 9. (no explanation). (Severity: 5)
# Variable, subroutine, and package names have to be in CamelCase at line 245, column 16. (no explanation). (Severity: 5)
# Variable, subroutine, and package names have to be in CamelCase at line 245, column 25. (no explanation). (Severity: 5)
# Variable, subroutine, and package names have to be in CamelCase at line 245, column 32. (no explanation). (Severity: 5)
# Variable, subroutine, and package names have to be in CamelCase at line 247, column 8. (no explanation). (Severity: 5)
# Variable, subroutine, and package names have to be in CamelCase at line 247, column 16. (no explanation). (Severity: 5)
# Method invocation should use "()" at line 247, column 21. Use "->MethodName()" instead of "->MethodName". (Severity: 5)
# Variable, subroutine, and package names have to be in CamelCase at line 247, column 31. (no explanation). (Severity: 5)
# Use of low precedence operators is not allowed at line 248, column 9. Replace low precedence operators with the high precedence substitutes. (Severity: 5)
# Variable, subroutine, and package names have to be in CamelCase at line 249, column 8. (no explanation). (Severity: 5)
# Variable, subroutine, and package names have to be in CamelCase at line 249, column 18. (no explanation). (Severity: 5)
# Method invocation should use "()" at line 249, column 23. Use "->MethodName()" instead of "->MethodName". (Severity: 5)
# Variable, subroutine, and package names have to be in CamelCase at line 249, column 33. (no explanation). (Severity: 5)
# Use of low precedence operators is not allowed at line 250, column 10. Replace low precedence operators with the high precedence substitutes. (Severity: 5)
# Variable, subroutine, and package names have to be in CamelCase at line 251, column 8. (no explanation). (Severity: 5)
# Variable, subroutine, and package names have to be in CamelCase at line 251, column 28. (no explanation). (Severity: 5)
# Variable, subroutine, and package names have to be in CamelCase at line 251, column 35. (no explanation). (Severity: 5)
# Variable, subroutine, and package names have to be in CamelCase at line 253, column 12. (no explanation). (Severity: 5)
# Variable, subroutine, and package names have to be in CamelCase at line 254, column 12. (no explanation). (Severity: 5)
# Variable, subroutine, and package names have to be in CamelCase at line 255, column 12. (no explanation). (Severity: 5)
# Variable, subroutine, and package names have to be in CamelCase at line 255, column 26. (no explanation). (Severity: 5)
# Private Member Data shouldn't be accessed directly at line 255, column 26. Accessing an objects data directly breaks encapsulation and should be avoided. Example: $object->{ some_key }. (Severity: 5)
# Variable, subroutine, and package names have to be in CamelCase at line 255, column 36. (no explanation). (Severity: 5)
# Variable, subroutine, and package names have to be in CamelCase at line 256, column 9. (no explanation). (Severity: 5)
# Variable, subroutine, and package names have to be in CamelCase at line 259, column 12. (no explanation). (Severity: 5)
# Method invocation should use "()" at line 259, column 17. Use "->MethodName()" instead of "->MethodName". (Severity: 5)
# Variable, subroutine, and package names have to be in CamelCase at line 259, column 24. (no explanation). (Severity: 5)
# Variable, subroutine, and package names have to be in CamelCase at line 259, column 32. (no explanation). (Severity: 5)
# Variable, subroutine, and package names have to be in CamelCase at line 259, column 38. (no explanation). (Severity: 5)
# Method invocation should use "()" at line 259, column 46. Use "->MethodName()" instead of "->MethodName". (Severity: 5)
# Variable, subroutine, and package names have to be in CamelCase at line 262, column 1. (no explanation). (Severity: 5)
# Variable, subroutine, and package names have to be in CamelCase at line 263, column 9. (no explanation). (Severity: 5)
# Variable, subroutine, and package names have to be in CamelCase at line 263, column 16. (no explanation). (Severity: 5)
# Variable, subroutine, and package names have to be in CamelCase at line 265, column 12. (no explanation). (Severity: 5)
# Variable, subroutine, and package names have to be in CamelCase at line 266, column 18. (no explanation). (Severity: 5)
# Method invocation should use "()" at line 266, column 23. Use "->MethodName()" instead of "->MethodName". (Severity: 5)
# Variable, subroutine, and package names have to be in CamelCase at line 267, column 18. (no explanation). (Severity: 5)
# Method invocation should use "()" at line 267, column 23. Use "->MethodName()" instead of "->MethodName". (Severity: 5)
# Variable, subroutine, and package names have to be in CamelCase at line 268, column 9. (no explanation). (Severity: 5)
# Variable, subroutine, and package names have to be in CamelCase at line 272, column 1. (no explanation). (Severity: 5)
# Variable, subroutine, and package names have to be in CamelCase at line 273, column 9. (no explanation). (Severity: 5)
# Variable, subroutine, and package names have to be in CamelCase at line 273, column 16. (no explanation). (Severity: 5)
# Variable, subroutine, and package names have to be in CamelCase at line 275, column 12. (no explanation). (Severity: 5)
# Variable, subroutine, and package names have to be in CamelCase at line 276, column 18. (no explanation). (Severity: 5)
# Method invocation should use "()" at line 276, column 23. Use "->MethodName()" instead of "->MethodName". (Severity: 5)
# Variable, subroutine, and package names have to be in CamelCase at line 277, column 18. (no explanation). (Severity: 5)
# Method invocation should use "()" at line 277, column 23. Use "->MethodName()" instead of "->MethodName". (Severity: 5)
# Variable, subroutine, and package names have to be in CamelCase at line 278, column 9. (no explanation). (Severity: 5)
# Variable, subroutine, and package names have to be in CamelCase at line 282, column 1. (no explanation). (Severity: 5)
# Variable, subroutine, and package names have to be in CamelCase at line 283, column 9. (no explanation). (Severity: 5)
# Variable, subroutine, and package names have to be in CamelCase at line 283, column 16. (no explanation). (Severity: 5)
# Variable, subroutine, and package names have to be in CamelCase at line 285, column 12. (no explanation). (Severity: 5)
# Variable, subroutine, and package names have to be in CamelCase at line 286, column 18. (no explanation). (Severity: 5)
# Method invocation should use "()" at line 286, column 23. Use "->MethodName()" instead of "->MethodName". (Severity: 5)
# Variable, subroutine, and package names have to be in CamelCase at line 287, column 9. (no explanation). (Severity: 5)
# Variable, subroutine, and package names have to be in CamelCase at line 291, column 1. (no explanation). (Severity: 5)
# Variable, subroutine, and package names have to be in CamelCase at line 292, column 9. (no explanation). (Severity: 5)
# Variable, subroutine, and package names have to be in CamelCase at line 292, column 16. (no explanation). (Severity: 5)
# Variable, subroutine, and package names have to be in CamelCase at line 294, column 12. (no explanation). (Severity: 5)
# Variable, subroutine, and package names have to be in CamelCase at line 295, column 18. (no explanation). (Severity: 5)
# Method invocation should use "()" at line 295, column 23. Use "->MethodName()" instead of "->MethodName". (Severity: 5)
# Variable, subroutine, and package names have to be in CamelCase at line 296, column 9. (no explanation). (Severity: 5)
# Variable, subroutine, and package names have to be in CamelCase at line 305, column 1. (no explanation). (Severity: 5)
# Variable, subroutine, and package names have to be in CamelCase at line 306, column 8. (no explanation). (Severity: 5)
# Variable, subroutine, and package names have to be in CamelCase at line 307, column 5. (no explanation). (Severity: 5)
# Variable, subroutine, and package names have to be in CamelCase at line 314, column 1. (no explanation). (Severity: 5)
# Variable, subroutine, and package names have to be in CamelCase at line 315, column 8. (no explanation). (Severity: 5)
# Variable, subroutine, and package names have to be in CamelCase at line 316, column 5. (no explanation). (Severity: 5)
t/critic.t ..........
Dubious, test returned 1 (wstat 256, 0x100)
Failed 1/1 subtests
t/pod-coverage.t .... ok
t/pod.t ............. ok
Test Summary Report
-------------------
t/critic.t (Wstat: 256 Tests: 1 Failed: 1)
Failed test: 1
Non-zero exit status: 1
Files=9, Tests=22, 3 wallclock secs ( 0.06 usr 0.06 sys + 2.42 cusr 0.76 csys = 3.30 CPU)
Result: FAIL
Failed 1/9 test programs. 1/22 subtests failed.
------------------------------
PREREQUISITES
------------------------------
Prerequisite modules loaded:
requires:
Module Need Have
----------------------------------------------- ----- --------
DateTime 0 1.18
DateTime::Format::Strptime 0 1.56
File::Spec 0 3.55
Moo 0 2.000001
Params::Validate 0 1.18
perl 5.008 5.021010
Readonly 0 2.00
URI 0 1.67
version 0 0.9912
WebService::Simple 0 0.24
WebService::Simple::Parser::JSON 0 0
build_requires:
Module Need Have
----------------------------------------------- ----- --------
JSON 0 2.90
Module::Build::Pluggable::ReadmeMarkdownFromPod 0.04 0.04
Module::Build::Pluggable::Repository 0.10 0.10
Pod::Markdown 0 2.002
Test::Deep 0 0.115
Test::Fake::HTTPD 0 0.07
Test::More 0 1.001014
configure_requires:
Module Need Have
----------------------------------------------- ----- --------
Module::Build 0.38 0.4211
Module::Build::Pluggable::ReadmeMarkdownFromPod 0.04 0.04
Module::Build::Pluggable::Repository 0.10 0.10
------------------------------
ENVIRONMENT AND OTHER CONTEXT
------------------------------
Environment variables:
DBIC_NO_WARN_BAD_PERL = 1
LANG = C
LC_ALL = de_DE.UTF-8
PATH = /usr/local/bin:/usr/bin:/bin:/usr/local/sbin:/usr/sbin:/sbin:/home/eserte/bin/linux-gnu:/home/eserte/bin/sh:/home/eserte/bin:/usr/games:/home/eserte/devel:/home/eserte/src/srezic-misc/scripts
PERL5LIB =
PERL5OPT =
PERL5_CPANPLUS_IS_RUNNING = 21934
PERL5_CPAN_IS_RUNNING = 21934
PERL5_CPAN_IS_RUNNING_IN_RECURSION = 2888,21934
PERLDOC = -MPod::Perldoc::ToTextOverstrike
PERL_BATCH = yes
PERL_CPAN_REPORTER_CONFIG = /var/tmp/cpansmoker-1001/11Ua8V8Qhp_config.ini
PERL_EXTUTILS_AUTOINSTALL = --defaultdeps
PERL_HTML_DISPLAY_CLASS = HTML::Display::Mozilla
PERL_PARALLEL_SMOKER = yes
SHELL = /bin/zsh
TERM = screen
TMPDIR = /var/tmp/cpansmoker-1001
Perl special variables (and OS-specific diagnostics, for MSWin32):
$^X = /bbbike/perl-5.21.10/bin/perl5.21.10
$UID/$EUID = 1001 / 1001
$GID = 1001 109 1001
$EGID = 1001 109 1001
Perl module toolchain versions installed:
Module Have
------------------- --------
CPAN 2.10
CPAN::Meta 2.150001
Cwd 3.55
ExtUtils::CBuilder 0.280220
ExtUtils::Command 1.20
ExtUtils::Install 2.04
ExtUtils::MakeMaker 7.04
ExtUtils::Manifest 1.70
ExtUtils::ParseXS 3.27
File::Spec 3.55
JSON 2.90
JSON::PP 2.27300
Module::Build 0.4211
Module::Signature 0.73
Parse::CPAN::Meta 1.4414
Test::Harness 3.35
Test::More 1.001014
YAML 1.14
YAML::Syck 1.29
version 0.9912
--
Summary of my perl5 (revision 5 version 21 subversion 10) configuration:
Platform:
osname=linux, osvers=3.2.0-4-amd64, archname=x86_64-linux
uname='linux eserte 3.2.0-4-amd64 #1 smp debian 3.2.65-1+deb7u2 x86_64 gnulinux '
config_args='-ds -e -Dprefix=/opt/perl-5.21.10 -Dusedevel -Dusemallocwrap=no'
hint=recommended, useposix=true, d_sigaction=define
useithreads=undef, usemultiplicity=undef
use64bitint=define, use64bitall=define, uselongdouble=undef
usemymalloc=n, bincompat5005=undef
Compiler:
cc='cc', ccflags ='-fwrapv -fno-strict-aliasing -pipe -fstack-protector -I/usr/local/include -D_LARGEFILE_SOURCE -D_FILE_OFFSET_BITS=64 -D_FORTIFY_SOURCE=2',
optimize='-O2',
cppflags='-fwrapv -fno-strict-aliasing -pipe -fstack-protector -I/usr/local/include'
ccversion='', gccversion='4.7.2', gccosandvers=''
intsize=4, longsize=8, ptrsize=8, doublesize=8, byteorder=12345678, doublekind=3
d_longlong=define, longlongsize=8, d_longdbl=define, longdblsize=16, longdblkind=3
ivtype='long', ivsize=8, nvtype='double', nvsize=8, Off_t='off_t', lseeksize=8
alignbytes=8, prototype=define
Linker and Libraries:
ld='cc', ldflags =' -fstack-protector -L/usr/local/lib'
libpth=/usr/local/lib /usr/lib/gcc/x86_64-linux-gnu/4.7/include-fixed /usr/include/x86_64-linux-gnu /usr/lib /lib/x86_64-linux-gnu /lib/../lib /usr/lib/x86_64-linux-gnu /usr/lib/../lib /lib
libs=-lpthread -lnsl -ldb -ldl -lm -lcrypt -lutil -lc
perllibs=-lpthread -lnsl -ldl -lm -lcrypt -lutil -lc
libc=libc-2.13.so, so=so, useshrplib=false, libperl=libperl.a
gnulibc_version='2.13'
Dynamic Linking:
dlsrc=dl_dlopen.xs, dlext=so, d_dlsymun=undef, ccdlflags='-Wl,-E'
cccdlflags='-fPIC', lddlflags='-shared -O2 -L/usr/local/lib -fstack-protector'
Characteristics of this binary (from libperl):
Compile-time options: HAS_TIMES PERLIO_LAYERS PERL_DONT_CREATE_GVSV
PERL_HASH_FUNC_ONE_AT_A_TIME_HARD
PERL_NEW_COPY_ON_WRITE PERL_PRESERVE_IVUV
PERL_USE_DEVEL USE_64_BIT_ALL USE_64_BIT_INT
USE_LARGE_FILES USE_LOCALE USE_LOCALE_COLLATE
USE_LOCALE_CTYPE USE_LOCALE_NUMERIC USE_LOCALE_TIME
USE_PERLIO USE_PERL_ATOF
Built under linux
Compiled at Mar 20 2015 18:59:18
%ENV:
PERL5LIB=""
PERL5OPT=""
PERL5_CPANPLUS_IS_RUNNING="21934"
PERL5_CPAN_IS_RUNNING="21934"
PERL5_CPAN_IS_RUNNING_IN_RECURSION="2888,21934"
PERLDOC="-MPod::Perldoc::ToTextOverstrike"
PERL_BATCH="yes"
PERL_CPAN_REPORTER_CONFIG="/var/tmp/cpansmoker-1001/11Ua8V8Qhp_config.ini"
PERL_EXTUTILS_AUTOINSTALL="--defaultdeps"
PERL_HTML_DISPLAY_CLASS="HTML::Display::Mozilla"
PERL_PARALLEL_SMOKER="yes"
@INC:
/opt/perl-5.21.10/lib/site_perl/5.21.10/x86_64-linux
/opt/perl-5.21.10/lib/site_perl/5.21.10
/opt/perl-5.21.10/lib/5.21.10/x86_64-linux
/opt/perl-5.21.10/lib/5.21.10
.