Report for Net-Journyx-0.12

Back
From: metabase:user:320bfe00-2aae-11df-837a-5e0a49663a4f
Subject: FAIL Net-Journyx-0.12 v5.14.2 GNU/Linux
Date: 2012-09-04T15:58:09Z

This distribution has been tested as part of the CPAN Testers
project, supporting the Perl programming language.  See
http://wiki.cpantesters.org/ for more information or email
questions to cpan-testers-discuss@perl.org


--
Dear Shawn M Moore,

This is a computer-generated report for Net-Journyx-0.12
on perl 5.14.2, created by CPAN-Reporter-1.2006.

Thank you for uploading your work to CPAN.  However, there was a problem
testing your distribution.

If you think this report is invalid, please consult the CPAN Testers Wiki
for suggestions on how to avoid getting FAIL reports for missing library
or binary dependencies, unsupported operating systems, and so on:

http://wiki.cpantesters.org/wiki/CPANAuthorNotes

Sections of this report:

    * Tester comments
    * Program output
    * Prerequisites
    * Environment and other context

------------------------------
TESTER COMMENTS
------------------------------

Additional comments from tester:

this report is from an automated smoke testing program
and was not reviewed by a human for accuracy

------------------------------
PROGRAM OUTPUT
------------------------------

Output from '/usr/bin/make test':

PERL_DL_NONLAZY=1 /mnt/k75/homesand/src/perl/repoperls/installed-perls/perl/v5.14.2/a2da/bin/perl "-MExtUtils::Command::MM" "-e" "test_harness(0, 'inc', 'blib/lib', 'blib/arch')" t/*.t
t/000-load.t .................. ok
Attribute (password) does not pass the type constraint because: Validation failed for 'Str' with value undef at constructor Net::Journyx::new (defined at /tmp/loop_over_bdir-FSjYf4/Net-Journyx-0.12-UcdlvQ/blib/lib/Net/Journyx.pm line 184) line 59.
	Net::Journyx::new('Net::Journyx', 'site', 'https://services.journyx.com/jxadmin23/jtcgi/jxapi.pyc', 'wsdl', 'file:../jxapi.wsdl', 'username', undef, 'password', undef) called at t/001-login.t line 10
# Looks like your test exited with 255 before it could output anything.
t/001-login.t ................. 
Dubious, test returned 255 (wstat 65280, 0xff00)
Failed 1/1 subtests 
Attribute (password) does not pass the type constraint because: Validation failed for 'Str' with value undef at constructor Net::Journyx::new (defined at /tmp/loop_over_bdir-FSjYf4/Net-Journyx-0.12-UcdlvQ/blib/lib/Net/Journyx.pm line 184) line 59.
	Net::Journyx::new('Net::Journyx', 'site', 'https://services.journyx.com/jxadmin23/jtcgi/jxapi.pyc', 'wsdl', 'file:../jxapi.wsdl', 'username', undef, 'password', undef) called at t/002-addtimerecord.t line 11
# Looks like your test exited with 255 before it could output anything.
t/002-addtimerecord.t ......... 
Dubious, test returned 255 (wstat 65280, 0xff00)
Failed 2/2 subtests 
Attribute (password) does not pass the type constraint because: Validation failed for 'Str' with value undef at constructor Net::Journyx::new (defined at /tmp/loop_over_bdir-FSjYf4/Net-Journyx-0.12-UcdlvQ/blib/lib/Net/Journyx.pm line 184) line 59.
	Net::Journyx::new('Net::Journyx', 'site', 'https://services.journyx.com/jxadmin23/jtcgi/jxapi.pyc', 'wsdl', 'file:../jxapi.wsdl', 'username', undef, 'password', undef) called at t/002-basics.t line 10
# Looks like your test exited with 255 before it could output anything.
t/002-basics.t ................ 
Dubious, test returned 255 (wstat 65280, 0xff00)
Failed 9/9 subtests 
Attribute (password) does not pass the type constraint because: Validation failed for 'Str' with value undef at constructor Net::Journyx::new (defined at /tmp/loop_over_bdir-FSjYf4/Net-Journyx-0.12-UcdlvQ/blib/lib/Net/Journyx.pm line 184) line 59.
	Net::Journyx::new('Net::Journyx', 'site', 'https://services.journyx.com/jxadmin23/jtcgi/jxapi.pyc', 'wsdl', 'file:../jxapi.wsdl', 'username', undef, 'password', undef) called at t/003-attribute-batch.t line 10
# Looks like your test exited with 255 before it could output anything.
t/003-attribute-batch.t ....... 
Dubious, test returned 255 (wstat 65280, 0xff00)
Failed 12/12 subtests 
Attribute (password) does not pass the type constraint because: Validation failed for 'Str' with value undef at constructor Net::Journyx::new (defined at /tmp/loop_over_bdir-FSjYf4/Net-Journyx-0.12-UcdlvQ/blib/lib/Net/Journyx.pm line 184) line 59.
	Net::Journyx::new('Net::Journyx', 'site', 'https://services.journyx.com/jxadmin23/jtcgi/jxapi.pyc', 'wsdl', 'file:../jxapi.wsdl', 'username', undef, 'password', undef) called at t/003-attribute.t line 10
# Looks like your test exited with 255 before it could output anything.
t/003-attribute.t ............. 
Dubious, test returned 255 (wstat 65280, 0xff00)
Failed 17/17 subtests 
Attribute (password) does not pass the type constraint because: Validation failed for 'Str' with value undef at constructor Net::Journyx::new (defined at /tmp/loop_over_bdir-FSjYf4/Net-Journyx-0.12-UcdlvQ/blib/lib/Net/Journyx.pm line 184) line 59.
	Net::Journyx::new('Net::Journyx', 'site', 'https://services.journyx.com/jxadmin23/jtcgi/jxapi.pyc', 'wsdl', 'file:../jxapi.wsdl', 'username', undef, 'password', undef) called at t/003-code.t line 10
# Looks like your test exited with 255 before it could output anything.
t/003-code.t .................. 
Dubious, test returned 255 (wstat 65280, 0xff00)
Failed 8/8 subtests 
Attribute (password) does not pass the type constraint because: Validation failed for 'Str' with value undef at constructor Net::Journyx::new (defined at /tmp/loop_over_bdir-FSjYf4/Net-Journyx-0.12-UcdlvQ/blib/lib/Net/Journyx.pm line 184) line 59.
	Net::Journyx::new('Net::Journyx', 'site', 'https://services.journyx.com/jxadmin23/jtcgi/jxapi.pyc', 'wsdl', 'file:../jxapi.wsdl', 'username', undef, 'password', undef) called at t/003-project.t line 10
# Looks like your test exited with 255 before it could output anything.
t/003-project.t ............... 
Dubious, test returned 255 (wstat 65280, 0xff00)
Failed 4/4 subtests 
Attribute (password) does not pass the type constraint because: Validation failed for 'Str' with value undef at constructor Net::Journyx::new (defined at /tmp/loop_over_bdir-FSjYf4/Net-Journyx-0.12-UcdlvQ/blib/lib/Net/Journyx.pm line 184) line 59.
	Net::Journyx::new('Net::Journyx', 'site', 'https://services.journyx.com/jxadmin23/jtcgi/jxapi.pyc', 'wsdl', 'file:../jxapi.wsdl', 'username', undef, 'password', undef) called at t/004-project-dependencies.t line 10
# Looks like your test exited with 255 before it could output anything.
t/004-project-dependencies.t .. 
Dubious, test returned 255 (wstat 65280, 0xff00)
Failed 13/13 subtests 
Attribute (password) does not pass the type constraint because: Validation failed for 'Str' with value undef at constructor Net::Journyx::new (defined at /tmp/loop_over_bdir-FSjYf4/Net-Journyx-0.12-UcdlvQ/blib/lib/Net/Journyx.pm line 184) line 59.
	Net::Journyx::new('Net::Journyx', 'site', 'https://services.journyx.com/jxadmin23/jtcgi/jxapi.pyc', 'wsdl', 'file:../jxapi.wsdl', 'username', undef, 'password', undef) called at t/005-group-members.t line 10
# Looks like your test exited with 255 before it could output anything.
t/005-group-members.t ......... 
Dubious, test returned 255 (wstat 65280, 0xff00)
Failed 4/4 subtests 

Test Summary Report
-------------------
t/001-login.t               (Wstat: 65280 Tests: 0 Failed: 0)
  Non-zero exit status: 255
  Parse errors: Bad plan.  You planned 1 tests but ran 0.
t/002-addtimerecord.t       (Wstat: 65280 Tests: 0 Failed: 0)
  Non-zero exit status: 255
  Parse errors: Bad plan.  You planned 2 tests but ran 0.
t/002-basics.t              (Wstat: 65280 Tests: 0 Failed: 0)
  Non-zero exit status: 255
  Parse errors: Bad plan.  You planned 9 tests but ran 0.
t/003-attribute-batch.t     (Wstat: 65280 Tests: 0 Failed: 0)
  Non-zero exit status: 255
  Parse errors: Bad plan.  You planned 12 tests but ran 0.
t/003-attribute.t           (Wstat: 65280 Tests: 0 Failed: 0)
  Non-zero exit status: 255
  Parse errors: Bad plan.  You planned 17 tests but ran 0.
t/003-code.t                (Wstat: 65280 Tests: 0 Failed: 0)
  Non-zero exit status: 255
  Parse errors: Bad plan.  You planned 8 tests but ran 0.
t/003-project.t             (Wstat: 65280 Tests: 0 Failed: 0)
  Non-zero exit status: 255
  Parse errors: Bad plan.  You planned 4 tests but ran 0.
t/004-project-dependencies.t (Wstat: 65280 Tests: 0 Failed: 0)
  Non-zero exit status: 255
  Parse errors: Bad plan.  You planned 13 tests but ran 0.
t/005-group-members.t       (Wstat: 65280 Tests: 0 Failed: 0)
  Non-zero exit status: 255
  Parse errors: Bad plan.  You planned 4 tests but ran 0.
Files=10, Tests=3,  4 wallclock secs ( 0.04 usr  0.01 sys +  2.90 cusr  0.32 csys =  3.27 CPU)
Result: FAIL
Failed 9/10 test programs. 0/3 subtests failed.
make: *** [test_dynamic] Error 255

------------------------------
PREREQUISITES
------------------------------

Prerequisite modules loaded:

requires:

    Module                      Need Have      
    --------------------------- ---- ----------
    ExtUtils::MakeMaker         6.42 6.62      
    LWP::UserAgent              0    6.04      
    Moose                       0.50 2.0603    
    MooseX::Role::Parameterized 0.03 1.00      
    Test::MockObject            0    1.20120301
    Test::More                  0    0.98_03   
    URI                         0    1.60      
    XML::Compile                0    1.27      
    XML::Compile::SOAP          0    2.29      

build_requires:

    Module                      Need Have      
    --------------------------- ---- ----------
    ExtUtils::MakeMaker         0    6.62      

configure_requires:

    Module                      Need Have      
    --------------------------- ---- ----------
    ExtUtils::MakeMaker         6.42 6.62      


------------------------------
ENVIRONMENT AND OTHER CONTEXT
------------------------------

Environment variables:

    AUTOMATED_TESTING = 1
    LANG = en_US.UTF-8
    LANGUAGE = en_US:en
    PATH = /home/sand/bin:/usr/local/bin:/usr/bin:/bin:/usr/bin/X11:/usr/games:/usr/local/perl/bin:/usr/X11/bin:/sbin:/usr/sbin
    PERL5LIB = 
    PERL5OPT = 
    PERL5_CPANPLUS_IS_RUNNING = 24762
    PERL5_CPAN_IS_RUNNING = 24762
    PERL_MM_USE_DEFAULT = 1
    SHELL = /usr/bin/zsh
    TERM = screen

Perl special variables (and OS-specific diagnostics, for MSWin32):

    $^X = /mnt/k75/homesand/src/perl/repoperls/installed-perls/perl/v5.14.2/a2da/bin/perl
    $UID/$EUID = 1005 / 1005
    $GID = 1005 1005
    $EGID = 1005 1005

Perl module toolchain versions installed:

    Module              Have    
    ------------------- --------
    CPAN                1.9800  
    CPAN::Meta          2.120921
    Cwd                 3.36    
    ExtUtils::CBuilder  0.280205
    ExtUtils::Command   1.17    
    ExtUtils::Install   1.56    
    ExtUtils::MakeMaker 6.62    
    ExtUtils::Manifest  1.58    
    ExtUtils::ParseXS   3.15    
    File::Spec          3.33    
    JSON                2.53    
    JSON::PP            2.27200 
    Module::Build       0.4002  
    Module::Signature   0.68    
    Parse::CPAN::Meta   1.4404  
    Test::Harness       3.25    
    Test::More          0.98_03 
    YAML                0.84    
    YAML::Syck          1.21_01 
    version             0.99    


--

Summary of my perl5 (revision 5 version 14 subversion 2) configuration:
  Commit id: dc281e6088d189558b79a5121119b7196c8b3db0
  Platform:
    osname=linux, osvers=3.2.0-3-amd64, archname=x86_64-linux-thread-multi-ld
    uname='linux k83 3.2.0-3-amd64 #1 smp mon jul 23 02:45:17 utc 2012 x86_64 gnulinux '
    config_args='-Dprefix=/home/src/perl/repoperls/installed-perls/perl/v5.14.2/a2da -Dmyhostname=k83 -Dinstallusrbinperl=n -Uversiononly -Dusedevel -des -Ui_db -Duseithreads -Duselongdouble -DDEBUGGING=-g'
    hint=recommended, useposix=true, d_sigaction=define
    useithreads=define, usemultiplicity=define
    useperlio=define, d_sfio=undef, uselargefiles=define, usesocks=undef
    use64bitint=define, use64bitall=define, uselongdouble=define
    usemymalloc=n, bincompat5005=undef
  Compiler:
    cc='cc', ccflags ='-D_REENTRANT -D_GNU_SOURCE -fno-strict-aliasing -pipe -fstack-protector -I/usr/local/include -D_LARGEFILE_SOURCE -D_FILE_OFFSET_BITS=64',
    optimize='-O2 -g',
    cppflags='-D_REENTRANT -D_GNU_SOURCE -fno-strict-aliasing -pipe -fstack-protector -I/usr/local/include'
    ccversion='', gccversion='4.7.1', gccosandvers=''
    intsize=4, longsize=8, ptrsize=8, doublesize=8, byteorder=12345678
    d_longlong=define, longlongsize=8, d_longdbl=define, longdblsize=16
    ivtype='long', ivsize=8, nvtype='long double', nvsize=16, Off_t='off_t', lseeksize=8
    alignbytes=16, prototype=define
  Linker and Libraries:
    ld='cc', ldflags =' -fstack-protector -L/usr/local/lib'
    libpth=/usr/local/lib /lib/x86_64-linux-gnu /lib/../lib /usr/lib/x86_64-linux-gnu /usr/lib/../lib /lib /usr/lib
    libs=-lnsl -ldb -ldl -lm -lcrypt -lutil -lpthread -lc
    perllibs=-lnsl -ldl -lm -lcrypt -lutil -lpthread -lc
    libc=, so=so, useshrplib=false, libperl=libperl.a
    gnulibc_version='2.13'
  Dynamic Linking:
    dlsrc=dl_dlopen.xs, dlext=so, d_dlsymun=undef, ccdlflags='-Wl,-E'
    cccdlflags='-fPIC', lddlflags='-shared -O2 -g -L/usr/local/lib -fstack-protector'


Characteristics of this binary (from libperl): 
  Compile-time options: MULTIPLICITY PERL_DONT_CREATE_GVSV
                        PERL_IMPLICIT_CONTEXT PERL_MALLOC_WRAP
                        PERL_PRESERVE_IVUV PERL_USE_DEVEL USE_64_BIT_ALL
                        USE_64_BIT_INT USE_ITHREADS USE_LARGE_FILES
                        USE_LONG_DOUBLE USE_PERLIO USE_PERL_ATOF
                        USE_REENTRANT_API
  Built under linux
  Compiled at Aug  5 2012 07:07:49
  %ENV:
    PERL5LIB=""
    PERL5OPT=""
    PERL5_CPANPLUS_IS_RUNNING="24762"
    PERL5_CPAN_IS_RUNNING="24762"
    PERL_MM_USE_DEFAULT="1"
  @INC:
    /home/src/perl/repoperls/installed-perls/perl/v5.14.2/a2da/lib/site_perl/5.14.2/x86_64-linux-thread-multi-ld
    /home/src/perl/repoperls/installed-perls/perl/v5.14.2/a2da/lib/site_perl/5.14.2
    /home/src/perl/repoperls/installed-perls/perl/v5.14.2/a2da/lib/5.14.2/x86_64-linux-thread-multi-ld
    /home/src/perl/repoperls/installed-perls/perl/v5.14.2/a2da/lib/5.14.2
    .