Report for Archive-Zip-1.43

Back
From: metabase:user:44f2c5a5-6e3a-1014-94c2-1572a694d5e7
Subject: FAIL Archive-Zip-1.43 v5.18.2 
Date: 2015-01-16T05:08:35Z

This distribution has been tested as part of the CPAN Testers
project, supporting the Perl programming language.  See
http://wiki.cpantesters.org/ for more information or email
questions to cpan-testers-discuss@perl.org


--
Dear PHRED,

This is a computer-generated report for Archive-Zip-1.43
on perl 5.18.2, created by App::cpanminus::reporter 0.12 (1.7001).

Thank you for uploading your work to CPAN.  However, there was a problem
testing your distribution.

If you think this report is invalid, please consult the CPAN Testers Wiki
for suggestions on how to avoid getting FAIL reports for missing library
or binary dependencies, unsupported operating systems, and so on:

http://wiki.cpantesters.org/wiki/CPANAuthorNotes

Sections of this report:

    * Tester comments
    * Program output
    * Prerequisites
    * Environment and other context

------------------------------
TESTER COMMENTS
------------------------------

Additional comments from tester:

none provided

------------------------------
PROGRAM OUTPUT
------------------------------

Output from '':

Building and testing Archive-Zip-1.43
cp lib/Archive/Zip/MemberRead.pm blib\lib\Archive\Zip\MemberRead.pm
cp lib/Archive/Zip/NewFileMember.pm blib\lib\Archive\Zip\NewFileMember.pm
cp lib/Archive/Zip.pm blib\lib\Archive\Zip.pm
cp lib/Archive/Zip/MockFileHandle.pm blib\lib\Archive\Zip\MockFileHandle.pm
cp lib/Archive/Zip/ZipFileMember.pm blib\lib\Archive\Zip\ZipFileMember.pm
cp lib/Archive/Zip/FileMember.pm blib\lib\Archive\Zip\FileMember.pm
cp lib/Archive/Zip/Archive.pm blib\lib\Archive\Zip\Archive.pm
cp lib/Archive/Zip/FAQ.pod blib\lib\Archive\Zip\FAQ.pod
cp lib/Archive/Zip/DirectoryMember.pm blib\lib\Archive\Zip\DirectoryMember.pm
cp lib/Archive/Zip/Tree.pm blib\lib\Archive\Zip\Tree.pm
cp lib/Archive/Zip/BufferedFileHandle.pm blib\lib\Archive\Zip\BufferedFileHandle.pm
cp lib/Archive/Zip/StringMember.pm blib\lib\Archive\Zip\StringMember.pm
cp lib/Archive/Zip/Member.pm blib\lib\Archive\Zip\Member.pm
"C:\strawberry\perl\bin\perl.exe" -MExtUtils::Command -e cp -- script/crc32 blib\script\crc32
pl2bat.bat blib\script\crc32
"C:\strawberry\perl\bin\perl.exe" "-MExtUtils::Command::MM" "-MTest::Harness" "-e" "undef *Test::Harness::Switches; test_harness(0, 'blib\lib', 'blib\arch')" t/*.t
t/01_compile.t ................ ok
The process cannot access the file because it is being used by another process.
warning: C:\strawberry\perl\bin\perl.exe -pe "BEGIN{binmode(STDIN);binmode(STDOUT)}" doesn't seem to work, may skip some tests at t/common.pm line 188.
warning: unzip -t  doesn't seem to work, may skip some tests at t/common.pm line 219.

# You might see an expected 'zipfile is empty' warning now.

#   Failed test at t/02_main.t line 95.
#          got: 'testdir/YXtdDx7dEB/'
#     expected: 'testdir\YXtdDx7dEB/'
error: member not found 
 at C:\Users\dhorner\.cpanm\work\1421382021.186728\Archive-Zip-1.43\blib\lib/Archive/Zip/Archive.pm line 185.
	Archive::Zip::Archive::extractMember(Archive::Zip::Archive=HASH(0x2bbf4a0), "testdir\\YXtdDx7dEB/") called at t/02_main.t line 128

#   Failed test at t/02_main.t line 129.
#          got: '2'
#     expected: '0'

#   Failed test at t/02_main.t line 130.

#   Failed test at t/02_main.t line 133.

#   Failed test at t/02_main.t line 146.
#          got: 'testdir/YXtdDx7dEB/string.txt'
#     expected: 'testdir\YXtdDx7dEB/string.txt'
error: member not found 
 at C:\Users\dhorner\.cpanm\work\1421382021.186728\Archive-Zip-1.43\blib\lib/Archive/Zip/Archive.pm line 185.
	Archive::Zip::Archive::extractMember(Archive::Zip::Archive=HASH(0x2bbf4a0), "testdir\\YXtdDx7dEB/string.txt") called at t/02_main.t line 175

#   Failed test at t/02_main.t line 176.
#          got: '2'
#     expected: '0'

#   Failed test at t/02_main.t line 177.
Can't use an undefined value as a symbol reference at t/common.pm line 162.
# Looks like you planned 141 tests but ran 47.
# Looks like you failed 7 tests of 47 run.
# Looks like your test exited with 2 just after 47.
t/02_main.t ................... 
Dubious, test returned 2 (wstat 512, 0x200)
Failed 101/141 subtests 
	(less 3 skipped subtests: 37 okay)
The process cannot access the file because it is being used by another process.
warning: C:\strawberry\perl\bin\perl.exe -pe "BEGIN{binmode(STDIN);binmode(STDOUT)}" doesn't seem to work, may skip some tests at t/common.pm line 188.
warning: unzip -t  doesn't seem to work, may skip some tests at t/common.pm line 219.
error: member not found 
 at C:\Users\dhorner\.cpanm\work\1421382021.186728\Archive-Zip-1.43\blib\lib/Archive/Zip/Archive.pm line 185.
	Archive::Zip::Archive::extractMember(Archive::Zip::Archive=HASH(0x1d61098), "testdir\\mwMSSk1Ko1/testing.txt") called at examples/extract.pl line 34
Extracting testdir\mwMSSk1Ko1/testing.txt from C:\Users\dhorner\AppData\Local\Temp\testout-bVXr0.zip failed

#   Failed test at t/03_ex.t line 37.
#          got: '65280'
#     expected: '0'
Can't call method "desiredCompressionLevel" on an undefined value at C:\Users\dhorner\.cpanm\work\1421382021.186728\Archive-Zip-1.43\blib\lib/Archive/Zip/Archive.pm line 257.

#   Failed test at t/03_ex.t line 41.
#          got: '512'
#     expected: '0'

#   Failed test at t/03_ex.t line 55.
#          got: 'testdir/mwMSSk1Ko1/testing.txt:100
# '
#     expected: 'testdir\mwMSSk1Ko1/testing.txt:100
# '
error: testdir\mwMSSk1Ko1\testing.txt is neither a file nor a directory 
 at C:\Users\dhorner\.cpanm\work\1421382021.186728\Archive-Zip-1.43\blib\lib/Archive/Zip/Archive.pm line 355.
	Archive::Zip::Archive::addFileOrDirectory(Archive::Zip::Archive=HASH(0x4211b8), "testdir\\mwMSSk1Ko1\\testing.txt") called at examples/selfex.pl line 28

#   Failed test 'extracted\testdir\mwMSSk1Ko1\testing.txt exists'
#   at t/03_ex.t line 69.
#          got: undef
#     expected: '1'
error: Can't rename C:\Users\dhorner\AppData\Local\Temp\testout-bVXr0.zip as C:\Users\dhorner\AppData\Local\Temp\testout-bVXr0.zbk Permission denied 
 at C:\Users\dhorner\.cpanm\work\1421382021.186728\Archive-Zip-1.43\blib\lib/Archive/Zip/Archive.pm line 472.
	Archive::Zip::Archive::overwriteAs(Archive::Zip::Archive=HASH(0x1d571b8), "C:\\Users\\dhorner\\AppData\\Local\\Temp\\testout-bVXr0.zip") called at C:\Users\dhorner\.cpanm\work\1421382021.186728\Archive-Zip-1.43\blib\lib/Archive/Zip/Archive.pm line 440
	Archive::Zip::Archive::overwrite(Archive::Zip::Archive=HASH(0x1d571b8)) called at examples/updateTree.pl line 28

#   Failed test 'updateTree.pl create'
#   at t/03_ex.t line 78.
#          got: '512'
#     expected: '0'
error: Can't rename C:\Users\dhorner\AppData\Local\Temp\testout-bVXr0.zip as C:\Users\dhorner\AppData\Local\Temp\testout-bVXr0.zbk Permission denied 
 at C:\Users\dhorner\.cpanm\work\1421382021.186728\Archive-Zip-1.43\blib\lib/Archive/Zip/Archive.pm line 472.
	Archive::Zip::Archive::overwriteAs(Archive::Zip::Archive=HASH(0x20571b8), "C:\\Users\\dhorner\\AppData\\Local\\Temp\\testout-bVXr0.zip") called at C:\Users\dhorner\.cpanm\work\1421382021.186728\Archive-Zip-1.43\blib\lib/Archive/Zip/Archive.pm line 440
	Archive::Zip::Archive::overwrite(Archive::Zip::Archive=HASH(0x20571b8)) called at examples/updateTree.pl line 28

#   Failed test 'updateTree.pl update'
#   at t/03_ex.t line 81.
#          got: '512'
#     expected: '0'
# Looks like you failed 6 tests of 17.
t/03_ex.t ..................... 
Dubious, test returned 6 (wstat 1536, 0x600)
Failed 6/17 subtests 
The process cannot access the file because it is being used by another process.
warning: C:\strawberry\perl\bin\perl.exe -pe "BEGIN{binmode(STDIN);binmode(STDOUT)}" doesn't seem to work, may skip some tests at t/common.pm line 188.
warning: unzip -t  doesn't seem to work, may skip some tests at t/common.pm line 219.
t/04_readmember.t ............. ok
The process cannot access the file because it is being used by another process.
warning: C:\strawberry\perl\bin\perl.exe -pe "BEGIN{binmode(STDIN);binmode(STDOUT)}" doesn't seem to work, may skip some tests at t/common.pm line 188.
warning: unzip -t  doesn't seem to work, may skip some tests at t/common.pm line 219.
t/05_tree.t ................... ok
The process cannot access the file because it is being used by another process.
warning: C:\strawberry\perl\bin\perl.exe -pe "BEGIN{binmode(STDIN);binmode(STDOUT)}" doesn't seem to work, may skip some tests at t/common.pm line 188.
warning: unzip -t  doesn't seem to work, may skip some tests at t/common.pm line 219.
t/06_update.t ................. ok
The process cannot access the file because it is being used by another process.
warning: C:\strawberry\perl\bin\perl.exe -pe "BEGIN{binmode(STDIN);binmode(STDOUT)}" doesn't seem to work, may skip some tests at t/common.pm line 188.
warning: unzip -t  doesn't seem to work, may skip some tests at t/common.pm line 219.
t/07_filenames_of_0.t ......... ok
t/08_readmember_record_sep.t .. skipped: Ignoring failing tests on Win32
t/09_output_record_sep.t ...... ok
The process cannot access the file because it is being used by another process.
warning: C:\strawberry\perl\bin\perl.exe -pe "BEGIN{binmode(STDIN);binmode(STDOUT)}" doesn't seem to work, may skip some tests at t/common.pm line 188.
warning: unzip -t  doesn't seem to work, may skip some tests at t/common.pm line 219.
t/10_chmod.t .................. ok
t/11_explorer.t ............... ok
t/12_bug_47223.t .............. ok
t/13_bug_46303.t .............. ok
The process cannot access the file because it is being used by another process.
warning: C:\strawberry\perl\bin\perl.exe -pe "BEGIN{binmode(STDIN);binmode(STDOUT)}" doesn't seem to work, may skip some tests at t/common.pm line 188.
warning: unzip -t  doesn't seem to work, may skip some tests at t/common.pm line 219.
t/14_leading_separator.t ...... ok
t/15_decrypt.t ................ ok
t/16_decrypt.t ................ ok
The process cannot access the file because it is being used by another process.
warning: C:\strawberry\perl\bin\perl.exe -pe "BEGIN{binmode(STDIN);binmode(STDOUT)}" doesn't seem to work, may skip some tests at t/common.pm line 188.
warning: unzip -t  doesn't seem to work, may skip some tests at t/common.pm line 219.
t/17_101092.t ................. ok
The process cannot access the file because it is being used by another process.
warning: C:\strawberry\perl\bin\perl.exe -pe "BEGIN{binmode(STDIN);binmode(STDOUT)}" doesn't seem to work, may skip some tests at t/common.pm line 188.
warning: unzip -t  doesn't seem to work, may skip some tests at t/common.pm line 219.
t/18_bug_92205.t .............. ok
The process cannot access the file because it is being used by another process.
warning: C:\strawberry\perl\bin\perl.exe -pe "BEGIN{binmode(STDIN);binmode(STDOUT)}" doesn't seem to work, may skip some tests at t/common.pm line 188.
warning: unzip -t  doesn't seem to work, may skip some tests at t/common.pm line 219.
t/19_bug_101240.t ............. ok

Test Summary Report
-------------------
t/02_main.t                 (Wstat: 512 Tests: 47 Failed: 7)
  Failed tests:  25, 32-34, 38, 46-47
  Non-zero exit status: 2
  Parse errors: Bad plan.  You planned 141 tests but ran 47.
t/03_ex.t                   (Wstat: 1536 Tests: 17 Failed: 6)
  Failed tests:  4, 6, 10, 13-14, 16
  Non-zero exit status: 6
Files=19, Tests=178, 13 wallclock secs ( 0.14 usr +  0.03 sys =  0.17 CPU)
Result: FAIL

------------------------------
PREREQUISITES
------------------------------

Prerequisite modules loaded:

    No requirements found

------------------------------
ENVIRONMENT AND OTHER CONTEXT
------------------------------

Environment variables:

    COMSPEC = C:\WINDOWS\system32\cmd.exe
    NUMBER_OF_PROCESSORS = 4
    PATH = C:\Program Files\ConEmu;C:\Program Files\ConEmu\ConEmu;C:\strawberry\c\bin;C:\strawberry\perl\site\bin;C:\strawberry\perl\bin;C:\Ruby193\bin;C:\Program Files (x86)\NVIDIA Corporation\PhysX\Common;C:\Tools\ruby200\bin;C:\Program Files (x86)\Windows Resource Kits\Tools\;C:\ruby200\bin;C:\Program Files\Common Files\Microsoft Shared\Windows Live;C:\Program Files (x86)\Common Files\Microsoft Shared\Windows Live;C:\Windows\system32;C:\Windows;C:\Windows\System32\Wbem;C:\Windows\System32\WindowsPowerShell\v1.0\;C:\Program Files (x86)\Microsoft SQL Server\100\Tools\Binn\;C:\Program Files\Microsoft SQL Server\100\Tools\Binn\;C:\Program Files\Microsoft SQL Server\100\DTS\Binn\;C:\Program Files\Microsoft\Web Platform Installer\;C:\Program Files (x86)\Microsoft ASP.NET\ASP.NET Web Pages\v1.0\;C:\Program Files\Microsoft SQL Server\110\Tools\Binn\;C:\Program Files\jEdit;C:\Program Files (x86)\CMake 2.8\bin;C:\Program Files (x86)\WinMerge;C:\Program Files\Java\jre7\bin;C:\Program Files (x86)\Windows Live\Shared;C:\Program Files (x86)\vim\bin;C:\Program Files (x86)\Windows Kits\8.1\Windows Performance Toolkit\;C:\Program Files\OpenNI\Bin64;C:\Program Files\Mercurial\;C:\Program Files\nodejs\;C:\HashiCorp\Vagrant\bin;C:\Program Files (x86)\Subversion\bin;C:\Program Files (x86)\Git\cmd;C:\Program Files (x86)\Git\bin;C:\WINDOWS\System32\WindowsPowerShell\v1.0\;C:\Program Files (x86)\QuickTime\QTSystem\;C:\dart\dart-sdk\bin;C:\WINDOWS\system32;C:\WINDOWS;C:\WINDOWS\System32\Wbem;C:\WINDOWS\System32\WindowsPowerShell\v1.0\;C:\Program Files (x86)\Microsoft SDKs\TypeScript\1.0\;D:\strawberry\c\bin;D:\strawberry\perl\site\bin;D:\strawberry\perl\bin;C:\strawberry\c\bin;C:\strawberry\perl\site\bin;C:\strawberry\perl\bin;C:\Program Files (x86)\HP webOS\PDK\bin;C:\Program Files (x86)\HP webOS\SDK\bin;C:\Program Files (x86)\HP webOS\SDK\bin\novacom;C:\Chocolatey\bin;C:\Python27;C:\Python27\Scripts;C:\CasperJS\batchbin;C:\Users\dhorner\AppData\Roaming\npm;C:\C:\Tools\OptiPNG;C:\Chocolatey\lib\gradle.1.8.0\tools\gradle-1.6\bin\;C:\apache-maven-3.1.1\bin;C:\apache-ant-1.9.2\bin;D:\adt-bundle-windows-x86_64-20131030\sdk\tools;D:\adt-bundle-windows-x86_64-20131030\sdk\platform-tools;C:\Tools\Cygwin;D:\android-ndk-r9b;D:\adt-bundle-windows-x86_64-20131030\sdk\build-tools\android-4.4;C:\Program Files\Java\jdk1.7.0_45\bin;C:\tools\ffmpeg\bin;C:\Chocolatey\lib\gradle.1.11\tools\gradle-1.11\bin\;c:\dart;C:\C:\Tools\ChocolateyPackageUpdater;
    PERL_JSON_BACKEND = JSON::XS
    PERL_YAML_BACKEND = YAML
    PROCESSOR_IDENTIFIER = Intel64 Family 6 Model 42 Stepping 7, GenuineIntel
    TEMP = C:\Users\dhorner\AppData\Local\Temp
    TERM = msys

Perl special variables (and OS-specific diagnostics, for MSWin32):

    EGID = 0
    EUID = 0
    EXECUTABLE_NAME = C:\strawberry\perl\bin\perl.exe
    GID = 0
    UID = 0
    Win32::FsType = NTFS
    Win32::GetOSName = Win8
    Win32::GetOSVersion = , 6, 2, 9200, 2, 0, 0, 256, 1
    Win32::IsAdminUser = 0

Perl module toolchain versions installed:

    Module              Have    
    ------------------- --------
    CPAN                2.05    
    CPAN::Meta          2.143240
    Cwd                 3.47    
    ExtUtils::CBuilder  0.280220
    ExtUtils::Command   1.20    
    ExtUtils::Install   2.04    
    ExtUtils::MakeMaker 7.04    
    ExtUtils::Manifest  1.70    
    ExtUtils::ParseXS   3.24    
    File::Spec          3.47    
    JSON                2.90    
    JSON::PP            2.27300 
    Module::Build       0.4210  
    Module::Signature   n/a     
    Parse::CPAN::Meta   1.4414  
    Test::Harness       3.35    
    Test::More          1.001014
    YAML                1.13    
    YAML::Syck          1.29    
    version             0.9909  


--

Summary of my perl5 (revision 5 version 18 subversion 2) configuration:
   
  Platform:
    osname=MSWin32, osvers=6.2, archname=MSWin32-x64-multi-thread
    uname='Win32 strawberry-perl 5.18.2.2 #1 Tue Apr 15 14:36:23 2014 x64'
    config_args='undef'
    hint=recommended, useposix=true, d_sigaction=undef
    useithreads=define, usemultiplicity=define
    useperlio=define, d_sfio=undef, uselargefiles=define, usesocks=undef
    use64bitint=define, use64bitall=undef, uselongdouble=undef
    usemymalloc=n, bincompat5005=undef
  Compiler:
    cc='gcc', ccflags =' -s -O2 -DWIN32 -DWIN64 -DCONSERVATIVE  -DPERL_TEXTMODE_SCRIPTS -DPERL_IMPLICIT_CONTEXT -DPERL_IMPLICIT_SYS -DUSE_PERLIO -fno-strict-aliasing -mms-bitfields',
    optimize='-s -O2',
    cppflags='-DWIN32'
    ccversion='', gccversion='4.7.3', gccosandvers=''
    intsize=4, longsize=4, ptrsize=8, doublesize=8, byteorder=12345678
    d_longlong=define, longlongsize=8, d_longdbl=define, longdblsize=12
    ivtype='long long', ivsize=8, nvtype='double', nvsize=8, Off_t='long long', lseeksize=8
    alignbytes=8, prototype=define
  Linker and Libraries:
    ld='g++', ldflags ='-s -L"C:\strawberry\perl\lib\CORE" -L"C:\strawberry\c\lib"'
    libpth=C:\strawberry\c\lib C:\strawberry\c\x86_64-w64-mingw32\lib C:\strawberry\c\lib\gcc\x86_64-w64-mingw32\4.7.3
    libs=-lmoldname -lkernel32 -luser32 -lgdi32 -lwinspool -lcomdlg32 -ladvapi32 -lshell32 -lole32 -loleaut32 -lnetapi32 -luuid -lws2_32 -lmpr -lwinmm -lversion -lodbc32 -lodbccp32 -lcomctl32
    perllibs=-lmoldname -lkernel32 -luser32 -lgdi32 -lwinspool -lcomdlg32 -ladvapi32 -lshell32 -lole32 -loleaut32 -lnetapi32 -luuid -lws2_32 -lmpr -lwinmm -lversion -lodbc32 -lodbccp32 -lcomctl32
    libc=, so=dll, useshrplib=true, libperl=libperl518.a
    gnulibc_version=''
  Dynamic Linking:
    dlsrc=dl_win32.xs, dlext=dll, d_dlsymun=undef, ccdlflags=' '
    cccdlflags=' ', lddlflags='-mdll -s -L"C:\strawberry\perl\lib\CORE" -L"C:\strawberry\c\lib"'


Characteristics of this binary (from libperl): 
  Compile-time options: HAS_TIMES HAVE_INTERP_INTERN MULTIPLICITY
                        PERLIO_LAYERS PERL_DONT_CREATE_GVSV
                        PERL_HASH_FUNC_ONE_AT_A_TIME_HARD
                        PERL_IMPLICIT_CONTEXT PERL_IMPLICIT_SYS
                        PERL_MALLOC_WRAP PERL_PRESERVE_IVUV PERL_SAWAMPERSAND
                        USE_64_BIT_INT USE_ITHREADS USE_LARGE_FILES
                        USE_LOCALE USE_LOCALE_COLLATE USE_LOCALE_CTYPE
                        USE_LOCALE_NUMERIC USE_PERLIO USE_PERL_ATOF
  Built under MSWin32
  Compiled at Apr 15 2014 14:45:10
  %ENV:
    PERL_JSON_BACKEND="JSON::XS"
    PERL_YAML_BACKEND="YAML"
  @INC:
    C:/strawberry/perl/site/lib/MSWin32-x64-multi-thread
    C:/strawberry/perl/site/lib
    C:/strawberry/perl/vendor/lib
    C:/strawberry/perl/lib
    .