Back
From: metabase:user:d4d7c3de-2458-11e2-906a-e1860846da88
Subject: FAIL Marpa-R2-2.065_003 v5.14.2 GNU/Linux
Date: 2013-07-29T14:36:56Z
This distribution has been tested as part of the CPAN Testers
project, supporting the Perl programming language. See
http://wiki.cpantesters.org/ for more information or email
questions to cpan-testers-discuss@perl.org
--
Dear JKEGL,
This is a computer-generated error report created automatically by
CPANPLUS, version 0.9103. Testers personal comments may appear
at the end of this report.
Thank you for uploading your work to CPAN. However, it appears that
there were some problems testing your distribution.
TEST RESULTS:
Below is the error stack from stage 'make test':
[MSG] [Mon Jul 29 16:29:26 2013] Trying to get 'ftp://ftp.cpan.org/pub/CPAN/authors/id/J/JK/JKEGL/Marpa-R2-2.065_003.tar.gz'
[MSG] [Mon Jul 29 16:29:30 2013] Trying to get 'ftp://ftp.cpan.org/pub/CPAN/authors/id/J/JK/JKEGL/CHECKSUMS'
[MSG] [Mon Jul 29 16:29:31 2013] Checksum matches for 'Marpa-R2-2.065_003.tar.gz'
[MSG] [Mon Jul 29 16:29:43 2013] Extracted 'Marpa-R2-2.065_003'
[MSG] [Mon Jul 29 16:29:43 2013] Extracted 'Marpa-R2-2.065_003/.gdbinit'
[MSG] [Mon Jul 29 16:29:43 2013] Extracted 'Marpa-R2-2.065_003/.gitattributes'
[MSG] [Mon Jul 29 16:29:44 2013] Extracted 'Marpa-R2-2.065_003/.gitignore'
[MSG] [Mon Jul 29 16:29:44 2013] Extracted 'Marpa-R2-2.065_003/Build.PL'
[MSG] [Mon Jul 29 16:29:44 2013] Extracted 'Marpa-R2-2.065_003/c_to_dist.sh'
[MSG] [Mon Jul 29 16:29:44 2013] Extracted 'Marpa-R2-2.065_003/Changes'
[MSG] [Mon Jul 29 16:29:44 2013] Extracted 'Marpa-R2-2.065_003/COPYING.LESSER'
[MSG] [Mon Jul 29 16:29:44 2013] Extracted 'Marpa-R2-2.065_003/dovg.sh'
[MSG] [Mon Jul 29 16:29:44 2013] Extracted 'Marpa-R2-2.065_003/LICENSE'
[MSG] [Mon Jul 29 16:29:44 2013] Extracted 'Marpa-R2-2.065_003/MANIFEST'
[MSG] [Mon Jul 29 16:29:44 2013] Extracted 'Marpa-R2-2.065_003/MANIFEST.SKIP'
[MSG] [Mon Jul 29 16:29:44 2013] Extracted 'Marpa-R2-2.065_003/META.json'
[MSG] [Mon Jul 29 16:29:44 2013] Extracted 'Marpa-R2-2.065_003/META.yml'
[MSG] [Mon Jul 29 16:29:44 2013] Extracted 'Marpa-R2-2.065_003/my_suppressions'
[MSG] [Mon Jul 29 16:29:44 2013] Extracted 'Marpa-R2-2.065_003/README'
[MSG] [Mon Jul 29 16:29:44 2013] Extracted 'Marpa-R2-2.065_003/typemap'
[MSG] [Mon Jul 29 16:29:44 2013] Extracted 'Marpa-R2-2.065_003/author.t'
[MSG] [Mon Jul 29 16:29:44 2013] Extracted 'Marpa-R2-2.065_003/author.t/.gitignore'
[MSG] [Mon Jul 29 16:29:44 2013] Extracted 'Marpa-R2-2.065_003/author.t/accept_tidy'
[MSG] [Mon Jul 29 16:29:44 2013] Extracted 'Marpa-R2-2.065_003/author.t/ampersand.t'
[MSG] [Mon Jul 29 16:29:44 2013] Extracted 'Marpa-R2-2.065_003/author.t/create_critic_list.pl'
[MSG] [Mon Jul 29 16:29:44 2013] Extracted 'Marpa-R2-2.065_003/author.t/critic.t'
[MSG] [Mon Jul 29 16:29:44 2013] Extracted 'Marpa-R2-2.065_003/author.t/critic1'
[MSG] [Mon Jul 29 16:29:44 2013] Extracted 'Marpa-R2-2.065_003/author.t/display.t'
[MSG] [Mon Jul 29 16:29:44 2013] Extracted 'Marpa-R2-2.065_003/author.t/Makefile'
[MSG] [Mon Jul 29 16:29:44 2013] Extracted 'Marpa-R2-2.065_003/author.t/meta_yaml.t'
[MSG] [Mon Jul 29 16:29:44 2013] Extracted 'Marpa-R2-2.065_003/author.t/perlcriticrc'
[MSG] [Mon Jul 29 16:29:44 2013] Extracted 'Marpa-R2-2.065_003/author.t/perltidyrc'
[MSG] [Mon Jul 29 16:29:44 2013] Extracted 'Marpa-R2-2.065_003/author.t/pod.t'
[MSG] [Mon Jul 29 16:29:44 2013] Extracted 'Marpa-R2-2.065_003/author.t/spelling_exceptions.list'
[MSG] [Mon Jul 29 16:29:44 2013] Extracted 'Marpa-R2-2.065_003/author.t/tidy.t'
[MSG] [Mon Jul 29 16:29:44 2013] Extracted 'Marpa-R2-2.065_003/author.t/tidy1'
[MSG] [Mon Jul 29 16:29:44 2013] Extracted 'Marpa-R2-2.065_003/etc'
[MSG] [Mon Jul 29 16:29:44 2013] Extracted 'Marpa-R2-2.065_003/etc/.gitignore'
[MSG] [Mon Jul 29 16:29:44 2013] Extracted 'Marpa-R2-2.065_003/etc/check_license.pl'
[MSG] [Mon Jul 29 16:29:44 2013] Extracted 'Marpa-R2-2.065_003/etc/check_links.pl'
[MSG] [Mon Jul 29 16:29:44 2013] Extracted 'Marpa-R2-2.065_003/etc/Makefile'
[MSG] [Mon Jul 29 16:29:44 2013] Extracted 'Marpa-R2-2.065_003/g'
[MSG] [Mon Jul 29 16:29:44 2013] Extracted 'Marpa-R2-2.065_003/g/config'
[MSG] [Mon Jul 29 16:29:44 2013] Extracted 'Marpa-R2-2.065_003/g/config/default.txt'
[MSG] [Mon Jul 29 16:29:44 2013] Extracted 'Marpa-R2-2.065_003/html'
[MSG] [Mon Jul 29 16:29:44 2013] Extracted 'Marpa-R2-2.065_003/html/.gitignore'
[MSG] [Mon Jul 29 16:29:44 2013] Extracted 'Marpa-R2-2.065_003/html/lib'
[MSG] [Mon Jul 29 16:29:44 2013] Extracted 'Marpa-R2-2.065_003/html/lib/Marpa'
[MSG] [Mon Jul 29 16:29:44 2013] Extracted 'Marpa-R2-2.065_003/html/lib/Marpa/R2'
[MSG] [Mon Jul 29 16:29:44 2013] Extracted 'Marpa-R2-2.065_003/html/lib/Marpa/R2/HTML.pm'
[MSG] [Mon Jul 29 16:29:44 2013] Extracted 'Marpa-R2-2.065_003/html/lib/Marpa/R2/HTML'
[MSG] [Mon Jul 29 16:29:44 2013] Extracted 'Marpa-R2-2.065_003/html/lib/Marpa/R2/HTML/.gitignore'
[MSG] [Mon Jul 29 16:29:44 2013] Extracted 'Marpa-R2-2.065_003/html/lib/Marpa/R2/HTML/Callback.pm'
[MSG] [Mon Jul 29 16:29:44 2013] Extracted 'Marpa-R2-2.065_003/html/lib/Marpa/R2/HTML/Config.pm'
[MSG] [Mon Jul 29 16:29:44 2013] Extracted 'Marpa-R2-2.065_003/html/lib/Marpa/R2/HTML/Config'
[MSG] [Mon Jul 29 16:29:44 2013] Extracted 'Marpa-R2-2.065_003/html/lib/Marpa/R2/HTML/Config/Compile.pm'
[MSG] [Mon Jul 29 16:29:44 2013] Extracted 'Marpa-R2-2.065_003/html/lib/Marpa/R2/HTML/Config/Core.pm'
[MSG] [Mon Jul 29 16:29:44 2013] Extracted 'Marpa-R2-2.065_003/html/lib/Marpa/R2/HTML/Config/Default.pm'
[MSG] [Mon Jul 29 16:29:44 2013] Extracted 'Marpa-R2-2.065_003/html/pod'
[MSG] [Mon Jul 29 16:29:44 2013] Extracted 'Marpa-R2-2.065_003/html/pod/HTML.pod'
[MSG] [Mon Jul 29 16:29:44 2013] Extracted 'Marpa-R2-2.065_003/html/pod/html_fmt.pod'
[MSG] [Mon Jul 29 16:29:44 2013] Extracted 'Marpa-R2-2.065_003/html/pod/html_score.pod'
[MSG] [Mon Jul 29 16:29:44 2013] Extracted 'Marpa-R2-2.065_003/html/script'
[MSG] [Mon Jul 29 16:29:44 2013] Extracted 'Marpa-R2-2.065_003/html/script/marpa_r2_html_fmt'
[MSG] [Mon Jul 29 16:29:44 2013] Extracted 'Marpa-R2-2.065_003/html/script/marpa_r2_html_score'
[MSG] [Mon Jul 29 16:29:44 2013] Extracted 'Marpa-R2-2.065_003/html/t'
[MSG] [Mon Jul 29 16:29:44 2013] Extracted 'Marpa-R2-2.065_003/html/t/00-load.t'
[MSG] [Mon Jul 29 16:29:44 2013] Extracted 'Marpa-R2-2.065_003/html/t/cfg_fmt.t'
[MSG] [Mon Jul 29 16:29:44 2013] Extracted 'Marpa-R2-2.065_003/html/t/config.t'
[MSG] [Mon Jul 29 16:29:44 2013] Extracted 'Marpa-R2-2.065_003/html/t/copy.t'
[MSG] [Mon Jul 29 16:29:44 2013] Extracted 'Marpa-R2-2.065_003/html/t/examples.t'
[MSG] [Mon Jul 29 16:29:44 2013] Extracted 'Marpa-R2-2.065_003/html/t/fmt.t'
[MSG] [Mon Jul 29 16:29:44 2013] Extracted 'Marpa-R2-2.065_003/html/t/missing.t'
[MSG] [Mon Jul 29 16:29:44 2013] Extracted 'Marpa-R2-2.065_003/html/t/no_tang.html'
[MSG] [Mon Jul 29 16:29:44 2013] Extracted 'Marpa-R2-2.065_003/html/t/parse.t'
[MSG] [Mon Jul 29 16:29:44 2013] Extracted 'Marpa-R2-2.065_003/html/t/score.t'
[MSG] [Mon Jul 29 16:29:44 2013] Extracted 'Marpa-R2-2.065_003/html/t/synopsis.t'
[MSG] [Mon Jul 29 16:29:44 2013] Extracted 'Marpa-R2-2.065_003/html/t/tang.t'
[MSG] [Mon Jul 29 16:29:44 2013] Extracted 'Marpa-R2-2.065_003/html/t/test.html'
[MSG] [Mon Jul 29 16:29:44 2013] Extracted 'Marpa-R2-2.065_003/html/t/fmt_t_data'
[MSG] [Mon Jul 29 16:29:44 2013] Extracted 'Marpa-R2-2.065_003/html/t/fmt_t_data/expected1.html'
[MSG] [Mon Jul 29 16:29:44 2013] Extracted 'Marpa-R2-2.065_003/html/t/fmt_t_data/expected2.html'
[MSG] [Mon Jul 29 16:29:44 2013] Extracted 'Marpa-R2-2.065_003/html/t/fmt_t_data/input1.html'
[MSG] [Mon Jul 29 16:29:44 2013] Extracted 'Marpa-R2-2.065_003/html/t/fmt_t_data/input2.html'
[MSG] [Mon Jul 29 16:29:44 2013] Extracted 'Marpa-R2-2.065_003/html/t/fmt_t_data/score_expected1.html'
[MSG] [Mon Jul 29 16:29:44 2013] Extracted 'Marpa-R2-2.065_003/html/t/fmt_t_data/score_expected2.html'
[MSG] [Mon Jul 29 16:29:44 2013] Extracted 'Marpa-R2-2.065_003/html/tool'
[MSG] [Mon Jul 29 16:29:44 2013] Extracted 'Marpa-R2-2.065_003/html/tool/lib'
[MSG] [Mon Jul 29 16:29:44 2013] Extracted 'Marpa-R2-2.065_003/html/tool/lib/Marpa'
[MSG] [Mon Jul 29 16:29:44 2013] Extracted 'Marpa-R2-2.065_003/html/tool/lib/Marpa/R2'
[MSG] [Mon Jul 29 16:29:44 2013] Extracted 'Marpa-R2-2.065_003/html/tool/lib/Marpa/R2/HTML'
[MSG] [Mon Jul 29 16:29:44 2013] Extracted 'Marpa-R2-2.065_003/html/tool/lib/Marpa/R2/HTML/Test'
[MSG] [Mon Jul 29 16:29:44 2013] Extracted 'Marpa-R2-2.065_003/html/tool/lib/Marpa/R2/HTML/Test/Util.pm'
[MSG] [Mon Jul 29 16:29:44 2013] Extracted 'Marpa-R2-2.065_003/inc'
[MSG] [Mon Jul 29 16:29:44 2013] Extracted 'Marpa-R2-2.065_003/inc/drafts'
[MSG] [Mon Jul 29 16:29:44 2013] Extracted 'Marpa-R2-2.065_003/inc/drafts/undocumented.list'
[MSG] [Mon Jul 29 16:29:44 2013] Extracted 'Marpa-R2-2.065_003/inc/Marpa'
[MSG] [Mon Jul 29 16:29:44 2013] Extracted 'Marpa-R2-2.065_003/inc/Marpa/R2'
[MSG] [Mon Jul 29 16:29:44 2013] Extracted 'Marpa-R2-2.065_003/inc/Marpa/R2/Build_Me.pm'
[MSG] [Mon Jul 29 16:29:44 2013] Extracted 'Marpa-R2-2.065_003/inc/Marpa/R2/Config.pm'
[MSG] [Mon Jul 29 16:29:44 2013] Extracted 'Marpa-R2-2.065_003/inc/Marpa/R2/Display.pm'
[MSG] [Mon Jul 29 16:29:44 2013] Extracted 'Marpa-R2-2.065_003/inc/Marpa/R2/legal.pl'
[MSG] [Mon Jul 29 16:29:44 2013] Extracted 'Marpa-R2-2.065_003/inc/Marpa/R2/License.pm'
[MSG] [Mon Jul 29 16:29:44 2013] Extracted 'Marpa-R2-2.065_003/inc/Marpa/R2/Test.pm'
[MSG] [Mon Jul 29 16:29:44 2013] Extracted 'Marpa-R2-2.065_003/lib'
[MSG] [Mon Jul 29 16:29:44 2013] Extracted 'Marpa-R2-2.065_003/lib/Marpa'
[MSG] [Mon Jul 29 16:29:44 2013] Extracted 'Marpa-R2-2.065_003/lib/Marpa/.gitignore'
[MSG] [Mon Jul 29 16:29:44 2013] Extracted 'Marpa-R2-2.065_003/lib/Marpa/R2.pm'
[MSG] [Mon Jul 29 16:29:44 2013] Extracted 'Marpa-R2-2.065_003/lib/Marpa/R2'
[MSG] [Mon Jul 29 16:29:44 2013] Extracted 'Marpa-R2-2.065_003/lib/Marpa/R2/.gitignore'
[MSG] [Mon Jul 29 16:29:44 2013] Extracted 'Marpa-R2-2.065_003/lib/Marpa/R2/ASF.pm'
[MSG] [Mon Jul 29 16:29:44 2013] Extracted 'Marpa-R2-2.065_003/lib/Marpa/R2/Grammar.pm'
[MSG] [Mon Jul 29 16:29:44 2013] Extracted 'Marpa-R2-2.065_003/lib/Marpa/R2/Internal.pm'
[MSG] [Mon Jul 29 16:29:44 2013] Extracted 'Marpa-R2-2.065_003/lib/Marpa/R2/MetaAST.pm'
[MSG] [Mon Jul 29 16:29:44 2013] Extracted 'Marpa-R2-2.065_003/lib/Marpa/R2/MetaG.pm'
[MSG] [Mon Jul 29 16:29:44 2013] Extracted 'Marpa-R2-2.065_003/lib/Marpa/R2/Recognizer.pm'
[MSG] [Mon Jul 29 16:29:44 2013] Extracted 'Marpa-R2-2.065_003/lib/Marpa/R2/Scanless.pm'
[MSG] [Mon Jul 29 16:29:44 2013] Extracted 'Marpa-R2-2.065_003/lib/Marpa/R2/Stuifzand.pm'
[MSG] [Mon Jul 29 16:29:44 2013] Extracted 'Marpa-R2-2.065_003/lib/Marpa/R2/Value.pm'
[MSG] [Mon Jul 29 16:29:44 2013] Extracted 'Marpa-R2-2.065_003/lib/Marpa/R2/meta'
[MSG] [Mon Jul 29 16:29:44 2013] Extracted 'Marpa-R2-2.065_003/lib/Marpa/R2/meta/Makefile'
[MSG] [Mon Jul 29 16:29:44 2013] Extracted 'Marpa-R2-2.065_003/lib/Marpa/R2/meta/metag.bnf'
[MSG] [Mon Jul 29 16:29:44 2013] Extracted 'Marpa-R2-2.065_003/lib/Marpa/R2/meta/sl_to_hash.pl'
[MSG] [Mon Jul 29 16:29:44 2013] Extracted 'Marpa-R2-2.065_003/lib/Marpa/R2/Thin'
[MSG] [Mon Jul 29 16:29:44 2013] Extracted 'Marpa-R2-2.065_003/lib/Marpa/R2/Thin/Trace.pm'
[MSG] [Mon Jul 29 16:29:44 2013] Extracted 'Marpa-R2-2.065_003/libmarpa'
[MSG] [Mon Jul 29 16:29:44 2013] Extracted 'Marpa-R2-2.065_003/libmarpa/.gitignore'
[MSG] [Mon Jul 29 16:29:44 2013] Extracted 'Marpa-R2-2.065_003/libmarpa/dev'
[MSG] [Mon Jul 29 16:29:44 2013] Extracted 'Marpa-R2-2.065_003/libmarpa/dev/.gitignore'
[MSG] [Mon Jul 29 16:29:44 2013] Extracted 'Marpa-R2-2.065_003/libmarpa/dev/api.texi'
[MSG] [Mon Jul 29 16:29:44 2013] Extracted 'Marpa-R2-2.065_003/libmarpa/dev/copyright_page_license.w'
[MSG] [Mon Jul 29 16:29:44 2013] Extracted 'Marpa-R2-2.065_003/libmarpa/dev/cwebmac.tex'
[MSG] [Mon Jul 29 16:29:44 2013] Extracted 'Marpa-R2-2.065_003/libmarpa/dev/internal.texi'
[MSG] [Mon Jul 29 16:29:44 2013] Extracted 'Marpa-R2-2.065_003/libmarpa/dev/Makefile'
[MSG] [Mon Jul 29 16:29:44 2013] Extracted 'Marpa-R2-2.065_003/libmarpa/dev/marpa.w'
[MSG] [Mon Jul 29 16:29:44 2013] Extracted 'Marpa-R2-2.065_003/libmarpa/dev/marpa_obs.c'
[MSG] [Mon Jul 29 16:29:44 2013] Extracted 'Marpa-R2-2.065_003/libmarpa/dev/marpa_obs.h'
[MSG] [Mon Jul 29 16:29:44 2013] Extracted 'Marpa-R2-2.065_003/libmarpa/dev/README'
[MSG] [Mon Jul 29 16:29:44 2013] Extracted 'Marpa-R2-2.065_003/libmarpa/dev/texi2code.pl'
[MSG] [Mon Jul 29 16:29:44 2013] Extracted 'Marpa-R2-2.065_003/libmarpa/dev/w2private_h.pl'
[MSG] [Mon Jul 29 16:29:44 2013] Extracted 'Marpa-R2-2.065_003/libmarpa/dev/avl'
[MSG] [Mon Jul 29 16:29:44 2013] Extracted 'Marpa-R2-2.065_003/libmarpa/dev/avl/avl.c'
[MSG] [Mon Jul 29 16:29:44 2013] Extracted 'Marpa-R2-2.065_003/libmarpa/dev/avl/avl.h'
[MSG] [Mon Jul 29 16:29:44 2013] Extracted 'Marpa-R2-2.065_003/libmarpa/dev/dist'
[MSG] [Mon Jul 29 16:29:44 2013] Extracted 'Marpa-R2-2.065_003/libmarpa/dev/dist/AUTHORS'
[MSG] [Mon Jul 29 16:29:44 2013] Extracted 'Marpa-R2-2.065_003/libmarpa/dev/dist/ChangeLog'
[MSG] [Mon Jul 29 16:29:44 2013] Extracted 'Marpa-R2-2.065_003/libmarpa/dev/dist/configure.ac'
[MSG] [Mon Jul 29 16:29:44 2013] Extracted 'Marpa-R2-2.065_003/libmarpa/dev/dist/COPYING.LESSER'
[MSG] [Mon Jul 29 16:29:44 2013] Extracted 'Marpa-R2-2.065_003/libmarpa/dev/dist/Makefile.am'
[MSG] [Mon Jul 29 16:29:44 2013] Extracted 'Marpa-R2-2.065_003/libmarpa/dev/dist/NEWS'
[MSG] [Mon Jul 29 16:29:44 2013] Extracted 'Marpa-R2-2.065_003/libmarpa/dev/dist/README'
[MSG] [Mon Jul 29 16:29:44 2013] Extracted 'Marpa-R2-2.065_003/libmarpa/dev/dist/VERSION.in'
[MSG] [Mon Jul 29 16:29:44 2013] Extracted 'Marpa-R2-2.065_003/libmarpa/dev/doc_dist'
[MSG] [Mon Jul 29 16:29:44 2013] Extracted 'Marpa-R2-2.065_003/libmarpa/dev/doc_dist/AUTHORS'
[MSG] [Mon Jul 29 16:29:44 2013] Extracted 'Marpa-R2-2.065_003/libmarpa/dev/doc_dist/ChangeLog'
[MSG] [Mon Jul 29 16:29:44 2013] Extracted 'Marpa-R2-2.065_003/libmarpa/dev/doc_dist/configure.ac'
[MSG] [Mon Jul 29 16:29:44 2013] Extracted 'Marpa-R2-2.065_003/libmarpa/dev/doc_dist/COPYING.LESSER'
[MSG] [Mon Jul 29 16:29:44 2013] Extracted 'Marpa-R2-2.065_003/libmarpa/dev/doc_dist/fdl-1.3.texi'
[MSG] [Mon Jul 29 16:29:44 2013] Extracted 'Marpa-R2-2.065_003/libmarpa/dev/doc_dist/lgpl-3.0.texi'
[MSG] [Mon Jul 29 16:29:44 2013] Extracted 'Marpa-R2-2.065_003/libmarpa/dev/doc_dist/Makefile.am'
[MSG] [Mon Jul 29 16:29:44 2013] Extracted 'Marpa-R2-2.065_003/libmarpa/dev/doc_dist/NEWS'
[MSG] [Mon Jul 29 16:29:44 2013] Extracted 'Marpa-R2-2.065_003/libmarpa/dev/doc_dist/README'
[MSG] [Mon Jul 29 16:29:44 2013] Extracted 'Marpa-R2-2.065_003/libmarpa/test'
[MSG] [Mon Jul 29 16:29:44 2013] Extracted 'Marpa-R2-2.065_003/libmarpa/test/.gitignore'
[MSG] [Mon Jul 29 16:29:44 2013] Extracted 'Marpa-R2-2.065_003/libmarpa/test/Makefile'
[MSG] [Mon Jul 29 16:29:44 2013] Extracted 'Marpa-R2-2.065_003/libmarpa/test/README'
[MSG] [Mon Jul 29 16:29:44 2013] Extracted 'Marpa-R2-2.065_003/libmarpa/test/dev'
[MSG] [Mon Jul 29 16:29:44 2013] Extracted 'Marpa-R2-2.065_003/libmarpa/test/dev/.gitignore'
[MSG] [Mon Jul 29 16:29:44 2013] Extracted 'Marpa-R2-2.065_003/libmarpa/test/dev/balanced.c'
[MSG] [Mon Jul 29 16:29:44 2013] Extracted 'Marpa-R2-2.065_003/libmarpa/test/dev/configure.ac'
[MSG] [Mon Jul 29 16:29:44 2013] Extracted 'Marpa-R2-2.065_003/libmarpa/test/dev/Makefile.am'
[MSG] [Mon Jul 29 16:29:44 2013] Extracted 'Marpa-R2-2.065_003/libmarpa/test/dev/testleak.c'
[MSG] [Mon Jul 29 16:29:44 2013] Extracted 'Marpa-R2-2.065_003/libmarpa_dist'
[MSG] [Mon Jul 29 16:29:44 2013] Extracted 'Marpa-R2-2.065_003/libmarpa_dist/aclocal.m4'
[MSG] [Mon Jul 29 16:29:44 2013] Extracted 'Marpa-R2-2.065_003/libmarpa_dist/AUTHORS'
[MSG] [Mon Jul 29 16:29:44 2013] Extracted 'Marpa-R2-2.065_003/libmarpa_dist/avl.c'
[MSG] [Mon Jul 29 16:29:44 2013] Extracted 'Marpa-R2-2.065_003/libmarpa_dist/avl.h'
[MSG] [Mon Jul 29 16:29:44 2013] Extracted 'Marpa-R2-2.065_003/libmarpa_dist/ChangeLog'
[MSG] [Mon Jul 29 16:29:44 2013] Extracted 'Marpa-R2-2.065_003/libmarpa_dist/codes.c'
[MSG] [Mon Jul 29 16:29:44 2013] Extracted 'Marpa-R2-2.065_003/libmarpa_dist/codes.h'
[MSG] [Mon Jul 29 16:29:44 2013] Extracted 'Marpa-R2-2.065_003/libmarpa_dist/config.guess'
[MSG] [Mon Jul 29 16:29:44 2013] Extracted 'Marpa-R2-2.065_003/libmarpa_dist/config.h.in'
[MSG] [Mon Jul 29 16:29:44 2013] Extracted 'Marpa-R2-2.065_003/libmarpa_dist/config.sub'
[MSG] [Mon Jul 29 16:29:44 2013] Extracted 'Marpa-R2-2.065_003/libmarpa_dist/configure'
[MSG] [Mon Jul 29 16:29:44 2013] Extracted 'Marpa-R2-2.065_003/libmarpa_dist/configure.ac'
[MSG] [Mon Jul 29 16:29:44 2013] Extracted 'Marpa-R2-2.065_003/libmarpa_dist/COPYING.LESSER'
[MSG] [Mon Jul 29 16:29:44 2013] Extracted 'Marpa-R2-2.065_003/libmarpa_dist/depcomp'
[MSG] [Mon Jul 29 16:29:44 2013] Extracted 'Marpa-R2-2.065_003/libmarpa_dist/INSTALL'
[MSG] [Mon Jul 29 16:29:44 2013] Extracted 'Marpa-R2-2.065_003/libmarpa_dist/install-sh'
[MSG] [Mon Jul 29 16:29:44 2013] Extracted 'Marpa-R2-2.065_003/libmarpa_dist/ltmain.sh'
[MSG] [Mon Jul 29 16:29:44 2013] Extracted 'Marpa-R2-2.065_003/libmarpa_dist/Makefile.am'
[MSG] [Mon Jul 29 16:29:44 2013] Extracted 'Marpa-R2-2.065_003/libmarpa_dist/Makefile.in'
[MSG] [Mon Jul 29 16:29:44 2013] Extracted 'Marpa-R2-2.065_003/libmarpa_dist/marpa.c'
[MSG] [Mon Jul 29 16:29:44 2013] Extracted 'Marpa-R2-2.065_003/libmarpa_dist/marpa.h'
[MSG] [Mon Jul 29 16:29:44 2013] Extracted 'Marpa-R2-2.065_003/libmarpa_dist/marpa_api.h'
[MSG] [Mon Jul 29 16:29:44 2013] Extracted 'Marpa-R2-2.065_003/libmarpa_dist/marpa_obs.c'
[MSG] [Mon Jul 29 16:29:44 2013] Extracted 'Marpa-R2-2.065_003/libmarpa_dist/marpa_obs.h'
[MSG] [Mon Jul 29 16:29:44 2013] Extracted 'Marpa-R2-2.065_003/libmarpa_dist/marpa_util.h'
[MSG] [Mon Jul 29 16:29:44 2013] Extracted 'Marpa-R2-2.065_003/libmarpa_dist/missing'
[MSG] [Mon Jul 29 16:29:44 2013] Extracted 'Marpa-R2-2.065_003/libmarpa_dist/NEWS'
[MSG] [Mon Jul 29 16:29:44 2013] Extracted 'Marpa-R2-2.065_003/libmarpa_dist/private.h'
[MSG] [Mon Jul 29 16:29:44 2013] Extracted 'Marpa-R2-2.065_003/libmarpa_dist/README'
[MSG] [Mon Jul 29 16:29:44 2013] Extracted 'Marpa-R2-2.065_003/libmarpa_dist/stamp-h1'
[MSG] [Mon Jul 29 16:29:44 2013] Extracted 'Marpa-R2-2.065_003/libmarpa_dist/VERSION'
[MSG] [Mon Jul 29 16:29:44 2013] Extracted 'Marpa-R2-2.065_003/libmarpa_dist/VERSION.in'
[MSG] [Mon Jul 29 16:29:44 2013] Extracted 'Marpa-R2-2.065_003/libmarpa_dist/m4'
[MSG] [Mon Jul 29 16:29:44 2013] Extracted 'Marpa-R2-2.065_003/libmarpa_dist/m4/libtool.m4'
[MSG] [Mon Jul 29 16:29:44 2013] Extracted 'Marpa-R2-2.065_003/libmarpa_dist/m4/ltoptions.m4'
[MSG] [Mon Jul 29 16:29:44 2013] Extracted 'Marpa-R2-2.065_003/libmarpa_dist/m4/ltsugar.m4'
[MSG] [Mon Jul 29 16:29:44 2013] Extracted 'Marpa-R2-2.065_003/libmarpa_dist/m4/ltversion.m4'
[MSG] [Mon Jul 29 16:29:44 2013] Extracted 'Marpa-R2-2.065_003/libmarpa_dist/m4/lt~obsolete.m4'
[MSG] [Mon Jul 29 16:29:44 2013] Extracted 'Marpa-R2-2.065_003/libmarpa_doc_dist'
[MSG] [Mon Jul 29 16:29:44 2013] Extracted 'Marpa-R2-2.065_003/libmarpa_doc_dist/aclocal.m4'
[MSG] [Mon Jul 29 16:29:44 2013] Extracted 'Marpa-R2-2.065_003/libmarpa_doc_dist/api.info'
[MSG] [Mon Jul 29 16:29:44 2013] Extracted 'Marpa-R2-2.065_003/libmarpa_doc_dist/api.texi'
[MSG] [Mon Jul 29 16:29:44 2013] Extracted 'Marpa-R2-2.065_003/libmarpa_doc_dist/AUTHORS'
[MSG] [Mon Jul 29 16:29:44 2013] Extracted 'Marpa-R2-2.065_003/libmarpa_doc_dist/ChangeLog'
[MSG] [Mon Jul 29 16:29:44 2013] Extracted 'Marpa-R2-2.065_003/libmarpa_doc_dist/config.h.in'
[MSG] [Mon Jul 29 16:29:44 2013] Extracted 'Marpa-R2-2.065_003/libmarpa_doc_dist/configure'
[MSG] [Mon Jul 29 16:29:44 2013] Extracted 'Marpa-R2-2.065_003/libmarpa_doc_dist/configure.ac'
[MSG] [Mon Jul 29 16:29:44 2013] Extracted 'Marpa-R2-2.065_003/libmarpa_doc_dist/COPYING.LESSER'
[MSG] [Mon Jul 29 16:29:44 2013] Extracted 'Marpa-R2-2.065_003/libmarpa_doc_dist/fdl-1.3.texi'
[MSG] [Mon Jul 29 16:29:44 2013] Extracted 'Marpa-R2-2.065_003/libmarpa_doc_dist/INSTALL'
[MSG] [Mon Jul 29 16:29:44 2013] Extracted 'Marpa-R2-2.065_003/libmarpa_doc_dist/install-sh'
[MSG] [Mon Jul 29 16:29:44 2013] Extracted 'Marpa-R2-2.065_003/libmarpa_doc_dist/internal.info'
[MSG] [Mon Jul 29 16:29:44 2013] Extracted 'Marpa-R2-2.065_003/libmarpa_doc_dist/internal.texi'
[MSG] [Mon Jul 29 16:29:44 2013] Extracted 'Marpa-R2-2.065_003/libmarpa_doc_dist/lgpl-3.0.texi'
[MSG] [Mon Jul 29 16:29:44 2013] Extracted 'Marpa-R2-2.065_003/libmarpa_doc_dist/Makefile.am'
[MSG] [Mon Jul 29 16:29:44 2013] Extracted 'Marpa-R2-2.065_003/libmarpa_doc_dist/Makefile.in'
[MSG] [Mon Jul 29 16:29:44 2013] Extracted 'Marpa-R2-2.065_003/libmarpa_doc_dist/mdate-sh'
[MSG] [Mon Jul 29 16:29:44 2013] Extracted 'Marpa-R2-2.065_003/libmarpa_doc_dist/missing'
[MSG] [Mon Jul 29 16:29:44 2013] Extracted 'Marpa-R2-2.065_003/libmarpa_doc_dist/NEWS'
[MSG] [Mon Jul 29 16:29:44 2013] Extracted 'Marpa-R2-2.065_003/libmarpa_doc_dist/README'
[MSG] [Mon Jul 29 16:29:44 2013] Extracted 'Marpa-R2-2.065_003/libmarpa_doc_dist/stamp-1'
[MSG] [Mon Jul 29 16:29:44 2013] Extracted 'Marpa-R2-2.065_003/libmarpa_doc_dist/stamp-h1'
[MSG] [Mon Jul 29 16:29:44 2013] Extracted 'Marpa-R2-2.065_003/libmarpa_doc_dist/stamp-vti'
[MSG] [Mon Jul 29 16:29:44 2013] Extracted 'Marpa-R2-2.065_003/libmarpa_doc_dist/texinfo.tex'
[MSG] [Mon Jul 29 16:29:44 2013] Extracted 'Marpa-R2-2.065_003/libmarpa_doc_dist/version.texi'
[MSG] [Mon Jul 29 16:29:44 2013] Extracted 'Marpa-R2-2.065_003/libmarpa_doc_dist/version_i.texi'
[MSG] [Mon Jul 29 16:29:44 2013] Extracted 'Marpa-R2-2.065_003/pod'
[MSG] [Mon Jul 29 16:29:44 2013] Extracted 'Marpa-R2-2.065_003/pod/Acknowledgements.pod'
[MSG] [Mon Jul 29 16:29:44 2013] Extracted 'Marpa-R2-2.065_003/pod/BNF.pod'
[MSG] [Mon Jul 29 16:29:44 2013] Extracted 'Marpa-R2-2.065_003/pod/Changes.pod'
[MSG] [Mon Jul 29 16:29:44 2013] Extracted 'Marpa-R2-2.065_003/pod/Grammar.pod'
[MSG] [Mon Jul 29 16:29:44 2013] Extracted 'Marpa-R2-2.065_003/pod/Marpa_R2.pod'
[MSG] [Mon Jul 29 16:29:44 2013] Extracted 'Marpa-R2-2.065_003/pod/NAIF.pod'
[MSG] [Mon Jul 29 16:29:44 2013] Extracted 'Marpa-R2-2.065_003/pod/Progress.pod'
[MSG] [Mon Jul 29 16:29:44 2013] Extracted 'Marpa-R2-2.065_003/pod/Recognizer.pod'
[MSG] [Mon Jul 29 16:29:44 2013] Extracted 'Marpa-R2-2.065_003/pod/Scanless.pod'
[MSG] [Mon Jul 29 16:29:44 2013] Extracted 'Marpa-R2-2.065_003/pod/Semantics.pod'
[MSG] [Mon Jul 29 16:29:44 2013] Extracted 'Marpa-R2-2.065_003/pod/Support.pod'
[MSG] [Mon Jul 29 16:29:44 2013] Extracted 'Marpa-R2-2.065_003/pod/Tracing.pod'
[MSG] [Mon Jul 29 16:29:44 2013] Extracted 'Marpa-R2-2.065_003/pod/Vocabulary.pod'
[MSG] [Mon Jul 29 16:29:44 2013] Extracted 'Marpa-R2-2.065_003/pod/Advanced'
[MSG] [Mon Jul 29 16:29:44 2013] Extracted 'Marpa-R2-2.065_003/pod/Advanced/Bibliography.pod'
[MSG] [Mon Jul 29 16:29:44 2013] Extracted 'Marpa-R2-2.065_003/pod/Advanced/Models.pod'
[MSG] [Mon Jul 29 16:29:44 2013] Extracted 'Marpa-R2-2.065_003/pod/Advanced/Thin.pod'
[MSG] [Mon Jul 29 16:29:44 2013] Extracted 'Marpa-R2-2.065_003/pod/Scanless'
[MSG] [Mon Jul 29 16:29:44 2013] Extracted 'Marpa-R2-2.065_003/pod/Scanless/DSL.pod'
[MSG] [Mon Jul 29 16:29:44 2013] Extracted 'Marpa-R2-2.065_003/pod/Scanless/G.pod'
[MSG] [Mon Jul 29 16:29:44 2013] Extracted 'Marpa-R2-2.065_003/pod/Scanless/R.pod'
[MSG] [Mon Jul 29 16:29:44 2013] Extracted 'Marpa-R2-2.065_003/pod/Semantics'
[MSG] [Mon Jul 29 16:29:44 2013] Extracted 'Marpa-R2-2.065_003/pod/Semantics/Infinite.pod'
[MSG] [Mon Jul 29 16:29:44 2013] Extracted 'Marpa-R2-2.065_003/pod/Semantics/Null.pod'
[MSG] [Mon Jul 29 16:29:44 2013] Extracted 'Marpa-R2-2.065_003/pod/Semantics/Order.pod'
[MSG] [Mon Jul 29 16:29:44 2013] Extracted 'Marpa-R2-2.065_003/pod/Semantics/Phases.pod'
[MSG] [Mon Jul 29 16:29:44 2013] Extracted 'Marpa-R2-2.065_003/pperl'
[MSG] [Mon Jul 29 16:29:44 2013] Extracted 'Marpa-R2-2.065_003/pperl/Marpa'
[MSG] [Mon Jul 29 16:29:44 2013] Extracted 'Marpa-R2-2.065_003/pperl/Marpa/R2'
[MSG] [Mon Jul 29 16:29:44 2013] Extracted 'Marpa-R2-2.065_003/pperl/Marpa/R2/Perl.pm'
[MSG] [Mon Jul 29 16:29:44 2013] Extracted 'Marpa-R2-2.065_003/pperl/Marpa/R2/Perl'
[MSG] [Mon Jul 29 16:29:44 2013] Extracted 'Marpa-R2-2.065_003/pperl/Marpa/R2/Perl/.gitignore'
[MSG] [Mon Jul 29 16:29:44 2013] Extracted 'Marpa-R2-2.065_003/t'
[MSG] [Mon Jul 29 16:29:44 2013] Extracted 'Marpa-R2-2.065_003/t/.gitignore'
[MSG] [Mon Jul 29 16:29:44 2013] Extracted 'Marpa-R2-2.065_003/t/00-load.t'
[MSG] [Mon Jul 29 16:29:44 2013] Extracted 'Marpa-R2-2.065_003/t/ah2.t'
[MSG] [Mon Jul 29 16:29:44 2013] Extracted 'Marpa-R2-2.065_003/t/ah_numeric.t'
[MSG] [Mon Jul 29 16:29:44 2013] Extracted 'Marpa-R2-2.065_003/t/balanced.t'
[MSG] [Mon Jul 29 16:29:44 2013] Extracted 'Marpa-R2-2.065_003/t/bocage.t'
[MSG] [Mon Jul 29 16:29:44 2013] Extracted 'Marpa-R2-2.065_003/t/catalan.t'
[MSG] [Mon Jul 29 16:29:44 2013] Extracted 'Marpa-R2-2.065_003/t/chaf.t'
[MSG] [Mon Jul 29 16:29:44 2013] Extracted 'Marpa-R2-2.065_003/t/code_diag.t'
[MSG] [Mon Jul 29 16:29:45 2013] Extracted 'Marpa-R2-2.065_003/t/context.t'
[MSG] [Mon Jul 29 16:29:45 2013] Extracted 'Marpa-R2-2.065_003/t/counter.t'
[MSG] [Mon Jul 29 16:29:45 2013] Extracted 'Marpa-R2-2.065_003/t/curly.t'
[MSG] [Mon Jul 29 16:29:45 2013] Extracted 'Marpa-R2-2.065_003/t/curly2.t'
[MSG] [Mon Jul 29 16:29:45 2013] Extracted 'Marpa-R2-2.065_003/t/debug.t'
[MSG] [Mon Jul 29 16:29:45 2013] Extracted 'Marpa-R2-2.065_003/t/debug_leo.t'
[MSG] [Mon Jul 29 16:29:45 2013] Extracted 'Marpa-R2-2.065_003/t/debug_seq.t'
[MSG] [Mon Jul 29 16:29:45 2013] Extracted 'Marpa-R2-2.065_003/t/deprecated1.t'
[MSG] [Mon Jul 29 16:29:45 2013] Extracted 'Marpa-R2-2.065_003/t/dsl.t'
[MSG] [Mon Jul 29 16:29:45 2013] Extracted 'Marpa-R2-2.065_003/t/duplicate_parse.t'
[MSG] [Mon Jul 29 16:29:45 2013] Extracted 'Marpa-R2-2.065_003/t/equation.t'
[MSG] [Mon Jul 29 16:29:45 2013] Extracted 'Marpa-R2-2.065_003/t/final_nonnullable.t'
[MSG] [Mon Jul 29 16:29:45 2013] Extracted 'Marpa-R2-2.065_003/t/gabend.t'
[MSG] [Mon Jul 29 16:29:45 2013] Extracted 'Marpa-R2-2.065_003/t/implementation.t'
[MSG] [Mon Jul 29 16:29:45 2013] Extracted 'Marpa-R2-2.065_003/t/infinite.t'
[MSG] [Mon Jul 29 16:29:45 2013] Extracted 'Marpa-R2-2.065_003/t/infinite2.t'
[MSG] [Mon Jul 29 16:29:45 2013] Extracted 'Marpa-R2-2.065_003/t/infinite_plex.t'
[MSG] [Mon Jul 29 16:29:45 2013] Extracted 'Marpa-R2-2.065_003/t/initial_nulls.t'
[MSG] [Mon Jul 29 16:29:45 2013] Extracted 'Marpa-R2-2.065_003/t/jirotka.t'
[MSG] [Mon Jul 29 16:29:45 2013] Extracted 'Marpa-R2-2.065_003/t/leo.t'
[MSG] [Mon Jul 29 16:29:45 2013] Extracted 'Marpa-R2-2.065_003/t/leo2.t'
[MSG] [Mon Jul 29 16:29:45 2013] Extracted 'Marpa-R2-2.065_003/t/leo3.t'
[MSG] [Mon Jul 29 16:29:45 2013] Extracted 'Marpa-R2-2.065_003/t/leo_cycle.t'
[MSG] [Mon Jul 29 16:29:45 2013] Extracted 'Marpa-R2-2.065_003/t/leo_example.t'
[MSG] [Mon Jul 29 16:29:45 2013] Extracted 'Marpa-R2-2.065_003/t/limits.t'
[MSG] [Mon Jul 29 16:29:45 2013] Extracted 'Marpa-R2-2.065_003/t/minus.t'
[MSG] [Mon Jul 29 16:29:45 2013] Extracted 'Marpa-R2-2.065_003/t/null_example.t'
[MSG] [Mon Jul 29 16:29:45 2013] Extracted 'Marpa-R2-2.065_003/t/null_infinite1.t'
[MSG] [Mon Jul 29 16:29:45 2013] Extracted 'Marpa-R2-2.065_003/t/null_infinite4.t'
[MSG] [Mon Jul 29 16:29:45 2013] Extracted 'Marpa-R2-2.065_003/t/null_value.t'
[MSG] [Mon Jul 29 16:29:45 2013] Extracted 'Marpa-R2-2.065_003/t/pascal.t'
[MSG] [Mon Jul 29 16:29:45 2013] Extracted 'Marpa-R2-2.065_003/t/perl.t'
[MSG] [Mon Jul 29 16:29:45 2013] Extracted 'Marpa-R2-2.065_003/t/rabend.t'
[MSG] [Mon Jul 29 16:29:45 2013] Extracted 'Marpa-R2-2.065_003/t/randal.t'
[MSG] [Mon Jul 29 16:29:45 2013] Extracted 'Marpa-R2-2.065_003/t/rewrite.t'
[MSG] [Mon Jul 29 16:29:45 2013] Extracted 'Marpa-R2-2.065_003/t/sequence.t'
[MSG] [Mon Jul 29 16:29:45 2013] Extracted 'Marpa-R2-2.065_003/t/sequence2.t'
[MSG] [Mon Jul 29 16:29:45 2013] Extracted 'Marpa-R2-2.065_003/t/sl_asf.t'
[MSG] [Mon Jul 29 16:29:45 2013] Extracted 'Marpa-R2-2.065_003/t/sl_ast.t'
[MSG] [Mon Jul 29 16:29:45 2013] Extracted 'Marpa-R2-2.065_003/t/sl_astsyn.t'
[MSG] [Mon Jul 29 16:29:45 2013] Extracted 'Marpa-R2-2.065_003/t/sl_calc.t'
[MSG] [Mon Jul 29 16:29:45 2013] Extracted 'Marpa-R2-2.065_003/t/sl_completed.t'
[MSG] [Mon Jul 29 16:29:45 2013] Extracted 'Marpa-R2-2.065_003/t/sl_diag.t'
[MSG] [Mon Jul 29 16:29:45 2013] Extracted 'Marpa-R2-2.065_003/t/sl_dsl.t'
[MSG] [Mon Jul 29 16:29:45 2013] Extracted 'Marpa-R2-2.065_003/t/sl_durand.t'
[MSG] [Mon Jul 29 16:29:45 2013] Extracted 'Marpa-R2-2.065_003/t/sl_dyck.t'
[MSG] [Mon Jul 29 16:29:45 2013] Extracted 'Marpa-R2-2.065_003/t/sl_event.t'
[MSG] [Mon Jul 29 16:29:45 2013] Extracted 'Marpa-R2-2.065_003/t/sl_exhaust.t'
[MSG] [Mon Jul 29 16:29:45 2013] Extracted 'Marpa-R2-2.065_003/t/sl_external1.t'
[MSG] [Mon Jul 29 16:29:45 2013] Extracted 'Marpa-R2-2.065_003/t/sl_fullsyn.t'
[MSG] [Mon Jul 29 16:29:45 2013] Extracted 'Marpa-R2-2.065_003/t/sl_gia.t'
[MSG] [Mon Jul 29 16:29:45 2013] Extracted 'Marpa-R2-2.065_003/t/sl_gsyn.t'
[MSG] [Mon Jul 29 16:29:45 2013] Extracted 'Marpa-R2-2.065_003/t/sl_json.t'
[MSG] [Mon Jul 29 16:29:45 2013] Extracted 'Marpa-R2-2.065_003/t/sl_leo.t'
[MSG] [Mon Jul 29 16:29:45 2013] Extracted 'Marpa-R2-2.065_003/t/sl_leo2.t'
[MSG] [Mon Jul 29 16:29:45 2013] Extracted 'Marpa-R2-2.065_003/t/sl_lexevent.t'
[MSG] [Mon Jul 29 16:29:45 2013] Extracted 'Marpa-R2-2.065_003/t/sl_prefix.t'
[MSG] [Mon Jul 29 16:29:45 2013] Extracted 'Marpa-R2-2.065_003/t/sl_rank.t'
[MSG] [Mon Jul 29 16:29:45 2013] Extracted 'Marpa-R2-2.065_003/t/sl_syn.t'
[MSG] [Mon Jul 29 16:29:45 2013] Extracted 'Marpa-R2-2.065_003/t/sl_topsyn.t'
[MSG] [Mon Jul 29 16:29:45 2013] Extracted 'Marpa-R2-2.065_003/t/sl_wall.t'
[MSG] [Mon Jul 29 16:29:45 2013] Extracted 'Marpa-R2-2.065_003/t/stuifzand.t'
[MSG] [Mon Jul 29 16:29:45 2013] Extracted 'Marpa-R2-2.065_003/t/syn_engine.t'
[MSG] [Mon Jul 29 16:29:45 2013] Extracted 'Marpa-R2-2.065_003/t/syn_stuifzand.t'
[MSG] [Mon Jul 29 16:29:45 2013] Extracted 'Marpa-R2-2.065_003/t/thin_eq.t'
[MSG] [Mon Jul 29 16:29:45 2013] Extracted 'Marpa-R2-2.065_003/t/timeflies.t'
[MSG] [Mon Jul 29 16:29:45 2013] Extracted 'Marpa-R2-2.065_003/t/use.t'
[MSG] [Mon Jul 29 16:29:45 2013] Extracted 'Marpa-R2-2.065_003/t/etc'
[MSG] [Mon Jul 29 16:29:45 2013] Extracted 'Marpa-R2-2.065_003/t/etc/wall_proof.txt'
[MSG] [Mon Jul 29 16:29:45 2013] Extracted 'Marpa-R2-2.065_003/xs'
[MSG] [Mon Jul 29 16:29:45 2013] Extracted 'Marpa-R2-2.065_003/xs/.gitignore'
[MSG] [Mon Jul 29 16:29:45 2013] Extracted 'Marpa-R2-2.065_003/xs/general_pattern.xsh'
[MSG] [Mon Jul 29 16:29:45 2013] Extracted 'Marpa-R2-2.065_003/xs/gp_generate.pl'
[MSG] [Mon Jul 29 16:29:45 2013] Extracted 'Marpa-R2-2.065_003/xs/Makefile'
[MSG] [Mon Jul 29 16:29:45 2013] Extracted 'Marpa-R2-2.065_003/xs/ppport.h'
[MSG] [Mon Jul 29 16:29:45 2013] Extracted 'Marpa-R2-2.065_003/xs/R2.xs'
[MSG] [Mon Jul 29 16:29:45 2013] Extracted 'Marpa::R2' to '/home/cpanbuilder/.cpanplus/5.14.2/build/Marpa-R2-2.065_003'
[MSG] [Mon Jul 29 16:29:45 2013] Module 'Marpa::R2' requires 'CPAN::Meta::Converter' version '2.120921' to be installed
[MSG] [Mon Jul 29 16:29:45 2013] Module 'Marpa::R2' requires 'Config::AutoConf' version '0.22' to be installed
[MSG] [Mon Jul 29 16:29:45 2013] Module 'Marpa::R2' requires 'Module::Build' version '0.4003' to be installed
[MSG] [Mon Jul 29 16:29:48 2013] Trying to get 'ftp://ftp.cpan.org/pub/CPAN/authors/id/D/DA/DAGOLDEN/CHECKSUMS'
[MSG] [Mon Jul 29 16:29:50 2013] Checksum matches for 'CPAN-Meta-2.131560.tar.gz'
[MSG] [Mon Jul 29 16:29:53 2013] Extracted 'CPAN-Meta-2.131560/'
[MSG] [Mon Jul 29 16:29:53 2013] Extracted 'CPAN-Meta-2.131560/Changes'
[MSG] [Mon Jul 29 16:29:53 2013] Extracted 'CPAN-Meta-2.131560/CONTRIBUTING'
[MSG] [Mon Jul 29 16:29:53 2013] Extracted 'CPAN-Meta-2.131560/dist.ini'
[MSG] [Mon Jul 29 16:29:53 2013] Extracted 'CPAN-Meta-2.131560/history/'
[MSG] [Mon Jul 29 16:29:53 2013] Extracted 'CPAN-Meta-2.131560/lib/'
[MSG] [Mon Jul 29 16:29:53 2013] Extracted 'CPAN-Meta-2.131560/LICENSE'
[MSG] [Mon Jul 29 16:29:53 2013] Extracted 'CPAN-Meta-2.131560/Makefile.PL'
[MSG] [Mon Jul 29 16:29:53 2013] Extracted 'CPAN-Meta-2.131560/MANIFEST'
[MSG] [Mon Jul 29 16:29:53 2013] Extracted 'CPAN-Meta-2.131560/META.json'
[MSG] [Mon Jul 29 16:29:53 2013] Extracted 'CPAN-Meta-2.131560/META.yml'
[MSG] [Mon Jul 29 16:29:53 2013] Extracted 'CPAN-Meta-2.131560/perlcritic.rc'
[MSG] [Mon Jul 29 16:29:53 2013] Extracted 'CPAN-Meta-2.131560/README'
[MSG] [Mon Jul 29 16:29:53 2013] Extracted 'CPAN-Meta-2.131560/t/'
[MSG] [Mon Jul 29 16:29:53 2013] Extracted 'CPAN-Meta-2.131560/Todo'
[MSG] [Mon Jul 29 16:29:53 2013] Extracted 'CPAN-Meta-2.131560/xt/'
[MSG] [Mon Jul 29 16:29:53 2013] Extracted 'CPAN-Meta-2.131560/xt/author/'
[MSG] [Mon Jul 29 16:29:53 2013] Extracted 'CPAN-Meta-2.131560/xt/release/'
[MSG] [Mon Jul 29 16:29:53 2013] Extracted 'CPAN-Meta-2.131560/xt/release/distmeta.t'
[MSG] [Mon Jul 29 16:29:53 2013] Extracted 'CPAN-Meta-2.131560/xt/release/minimum-version.t'
[MSG] [Mon Jul 29 16:29:53 2013] Extracted 'CPAN-Meta-2.131560/xt/release/pod-coverage.t'
[MSG] [Mon Jul 29 16:29:53 2013] Extracted 'CPAN-Meta-2.131560/xt/release/pod-syntax.t'
[MSG] [Mon Jul 29 16:29:53 2013] Extracted 'CPAN-Meta-2.131560/xt/release/portability.t'
[MSG] [Mon Jul 29 16:29:53 2013] Extracted 'CPAN-Meta-2.131560/xt/release/test-version.t'
[MSG] [Mon Jul 29 16:29:53 2013] Extracted 'CPAN-Meta-2.131560/xt/author/critic.t'
[MSG] [Mon Jul 29 16:29:53 2013] Extracted 'CPAN-Meta-2.131560/xt/author/pod-spell.t'
[MSG] [Mon Jul 29 16:29:53 2013] Extracted 'CPAN-Meta-2.131560/t/00-compile.t'
[MSG] [Mon Jul 29 16:29:53 2013] Extracted 'CPAN-Meta-2.131560/t/00-report-prereqs.t'
[MSG] [Mon Jul 29 16:29:53 2013] Extracted 'CPAN-Meta-2.131560/t/converter-bad.t'
[MSG] [Mon Jul 29 16:29:53 2013] Extracted 'CPAN-Meta-2.131560/t/converter-fail.t'
[MSG] [Mon Jul 29 16:29:53 2013] Extracted 'CPAN-Meta-2.131560/t/converter.t'
[MSG] [Mon Jul 29 16:29:53 2013] Extracted 'CPAN-Meta-2.131560/t/data/'
[MSG] [Mon Jul 29 16:29:54 2013] Extracted 'CPAN-Meta-2.131560/t/data-bad/'
[MSG] [Mon Jul 29 16:29:54 2013] Extracted 'CPAN-Meta-2.131560/t/data-fail/'
[MSG] [Mon Jul 29 16:29:54 2013] Extracted 'CPAN-Meta-2.131560/t/load-bad.t'
[MSG] [Mon Jul 29 16:29:54 2013] Extracted 'CPAN-Meta-2.131560/t/meta-obj.t'
[MSG] [Mon Jul 29 16:29:54 2013] Extracted 'CPAN-Meta-2.131560/t/no-index.t'
[MSG] [Mon Jul 29 16:29:54 2013] Extracted 'CPAN-Meta-2.131560/t/prereqs-finalize.t'
[MSG] [Mon Jul 29 16:29:54 2013] Extracted 'CPAN-Meta-2.131560/t/prereqs-merge.t'
[MSG] [Mon Jul 29 16:29:54 2013] Extracted 'CPAN-Meta-2.131560/t/prereqs.t'
[MSG] [Mon Jul 29 16:29:54 2013] Extracted 'CPAN-Meta-2.131560/t/repository.t'
[MSG] [Mon Jul 29 16:29:54 2013] Extracted 'CPAN-Meta-2.131560/t/save-load.t'
[MSG] [Mon Jul 29 16:29:54 2013] Extracted 'CPAN-Meta-2.131560/t/strings.t'
[MSG] [Mon Jul 29 16:29:54 2013] Extracted 'CPAN-Meta-2.131560/t/validator.t'
[MSG] [Mon Jul 29 16:29:54 2013] Extracted 'CPAN-Meta-2.131560/t/data-fail/META-1_0.yml'
[MSG] [Mon Jul 29 16:29:54 2013] Extracted 'CPAN-Meta-2.131560/t/data-fail/META-1_1.yml'
[MSG] [Mon Jul 29 16:29:54 2013] Extracted 'CPAN-Meta-2.131560/t/data-fail/META-1_2.yml'
[MSG] [Mon Jul 29 16:29:54 2013] Extracted 'CPAN-Meta-2.131560/t/data-fail/META-1_3.yml'
[MSG] [Mon Jul 29 16:29:54 2013] Extracted 'CPAN-Meta-2.131560/t/data-fail/META-1_4.yml'
[MSG] [Mon Jul 29 16:29:54 2013] Extracted 'CPAN-Meta-2.131560/t/data-fail/META-2.json'
[MSG] [Mon Jul 29 16:29:54 2013] Extracted 'CPAN-Meta-2.131560/t/data-bad/107650337-META.yml'
[MSG] [Mon Jul 29 16:29:54 2013] Extracted 'CPAN-Meta-2.131560/t/data-bad/1122575719-META.yml'
[MSG] [Mon Jul 29 16:29:54 2013] Extracted 'CPAN-Meta-2.131560/t/data-bad/1206545041-META.yml'
[MSG] [Mon Jul 29 16:29:54 2013] Extracted 'CPAN-Meta-2.131560/t/data-bad/1598804075-META.yml'
[MSG] [Mon Jul 29 16:29:54 2013] Extracted 'CPAN-Meta-2.131560/t/data-bad/1927486199-META.yml'
[MSG] [Mon Jul 29 16:29:54 2013] Extracted 'CPAN-Meta-2.131560/t/data-bad/1985684504-META.yml'
[MSG] [Mon Jul 29 16:29:54 2013] Extracted 'CPAN-Meta-2.131560/t/data-bad/1985980974-META.yml'
[MSG] [Mon Jul 29 16:29:54 2013] Extracted 'CPAN-Meta-2.131560/t/data-bad/2031017050-META.yml'
[MSG] [Mon Jul 29 16:29:54 2013] Extracted 'CPAN-Meta-2.131560/t/data-bad/284247103-META.yml'
[MSG] [Mon Jul 29 16:29:54 2013] Extracted 'CPAN-Meta-2.131560/t/data-bad/344981821-META.yml'
[MSG] [Mon Jul 29 16:29:54 2013] Extracted 'CPAN-Meta-2.131560/t/data-bad/35478989-META.yml'
[MSG] [Mon Jul 29 16:29:54 2013] Extracted 'CPAN-Meta-2.131560/t/data-bad/476602558-META.yml'
[MSG] [Mon Jul 29 16:29:54 2013] Extracted 'CPAN-Meta-2.131560/t/data-bad/98042513-META.yml'
[MSG] [Mon Jul 29 16:29:54 2013] Extracted 'CPAN-Meta-2.131560/t/data-bad/META-1_0.yml'
[MSG] [Mon Jul 29 16:29:54 2013] Extracted 'CPAN-Meta-2.131560/t/data-bad/META-1_1.yml'
[MSG] [Mon Jul 29 16:29:54 2013] Extracted 'CPAN-Meta-2.131560/t/data-bad/META-1_2.yml'
[MSG] [Mon Jul 29 16:29:54 2013] Extracted 'CPAN-Meta-2.131560/t/data-bad/META-1_3.yml'
[MSG] [Mon Jul 29 16:29:54 2013] Extracted 'CPAN-Meta-2.131560/t/data-bad/META-1_4.yml'
[MSG] [Mon Jul 29 16:29:54 2013] Extracted 'CPAN-Meta-2.131560/t/data-bad/META-2.json'
[MSG] [Mon Jul 29 16:29:54 2013] Extracted 'CPAN-Meta-2.131560/t/data-bad/restrictive-2.json'
[MSG] [Mon Jul 29 16:29:54 2013] Extracted 'CPAN-Meta-2.131560/t/data-bad/version-ranges-2.json'
[MSG] [Mon Jul 29 16:29:54 2013] Extracted 'CPAN-Meta-2.131560/t/data/gpl-1_4.yml'
[MSG] [Mon Jul 29 16:29:54 2013] Extracted 'CPAN-Meta-2.131560/t/data/META-1_0.yml'
[MSG] [Mon Jul 29 16:29:54 2013] Extracted 'CPAN-Meta-2.131560/t/data/META-1_1.yml'
[MSG] [Mon Jul 29 16:29:54 2013] Extracted 'CPAN-Meta-2.131560/t/data/META-1_2.yml'
[MSG] [Mon Jul 29 16:29:54 2013] Extracted 'CPAN-Meta-2.131560/t/data/META-1_3.yml'
[MSG] [Mon Jul 29 16:29:54 2013] Extracted 'CPAN-Meta-2.131560/t/data/META-1_4.yml'
[MSG] [Mon Jul 29 16:29:54 2013] Extracted 'CPAN-Meta-2.131560/t/data/META-2.json'
[MSG] [Mon Jul 29 16:29:54 2013] Extracted 'CPAN-Meta-2.131560/t/data/provides-version-missing.json'
[MSG] [Mon Jul 29 16:29:54 2013] Extracted 'CPAN-Meta-2.131560/t/data/resources.yml'
[MSG] [Mon Jul 29 16:29:54 2013] Extracted 'CPAN-Meta-2.131560/t/data/restricted-2.json'
[MSG] [Mon Jul 29 16:29:54 2013] Extracted 'CPAN-Meta-2.131560/t/data/restrictive-1_4.yml'
[MSG] [Mon Jul 29 16:29:54 2013] Extracted 'CPAN-Meta-2.131560/t/data/unicode.yml'
[MSG] [Mon Jul 29 16:29:54 2013] Extracted 'CPAN-Meta-2.131560/t/data/version-not-normal.json'
[MSG] [Mon Jul 29 16:29:54 2013] Extracted 'CPAN-Meta-2.131560/t/data/version-ranges-1_4.yml'
[MSG] [Mon Jul 29 16:29:54 2013] Extracted 'CPAN-Meta-2.131560/t/data/version-ranges-2.json'
[MSG] [Mon Jul 29 16:29:54 2013] Extracted 'CPAN-Meta-2.131560/lib/CPAN/'
[MSG] [Mon Jul 29 16:29:54 2013] Extracted 'CPAN-Meta-2.131560/lib/CPAN/Meta/'
[MSG] [Mon Jul 29 16:29:54 2013] Extracted 'CPAN-Meta-2.131560/lib/CPAN/Meta.pm'
[MSG] [Mon Jul 29 16:29:54 2013] Extracted 'CPAN-Meta-2.131560/lib/CPAN/Meta/Converter.pm'
[MSG] [Mon Jul 29 16:29:54 2013] Extracted 'CPAN-Meta-2.131560/lib/CPAN/Meta/Feature.pm'
[MSG] [Mon Jul 29 16:29:54 2013] Extracted 'CPAN-Meta-2.131560/lib/CPAN/Meta/History.pm'
[MSG] [Mon Jul 29 16:29:54 2013] Extracted 'CPAN-Meta-2.131560/lib/CPAN/Meta/Prereqs.pm'
[MSG] [Mon Jul 29 16:29:54 2013] Extracted 'CPAN-Meta-2.131560/lib/CPAN/Meta/Spec.pm'
[MSG] [Mon Jul 29 16:29:54 2013] Extracted 'CPAN-Meta-2.131560/lib/CPAN/Meta/Validator.pm'
[MSG] [Mon Jul 29 16:29:54 2013] Extracted 'CPAN-Meta-2.131560/history/META-spec-1_0.html'
[MSG] [Mon Jul 29 16:29:54 2013] Extracted 'CPAN-Meta-2.131560/history/META-spec-1_1.html'
[MSG] [Mon Jul 29 16:29:54 2013] Extracted 'CPAN-Meta-2.131560/history/META-spec-1_2.pod'
[MSG] [Mon Jul 29 16:29:54 2013] Extracted 'CPAN-Meta-2.131560/history/META-spec-1_3.pod'
[MSG] [Mon Jul 29 16:29:54 2013] Extracted 'CPAN-Meta-2.131560/history/META-spec-1_4.pod'
[MSG] [Mon Jul 29 16:29:54 2013] Extracted 'CPAN::Meta::Converter' to '/home/cpanbuilder/.cpanplus/5.14.2/build/CPAN-Meta-2.131560'
[MSG] [Mon Jul 29 16:29:55 2013] Warning: prerequisite CPAN::Meta::Requirements 2.121 not found.
Warning: prerequisite CPAN::Meta::YAML 0.008 not found. We have 0.003.
Warning: prerequisite JSON::PP 2.27200 not found. We have 2.27105.
Warning: prerequisite Parse::CPAN::Meta 1.4403 not found. We have 1.4401.
Writing Makefile for CPAN::Meta
Writing MYMETA.yml and MYMETA.json
[MSG] [Mon Jul 29 16:29:55 2013] DEFAULT 'filter_prereqs' HANDLER RETURNING 'sub return value'
[MSG] [Mon Jul 29 16:29:55 2013] Module 'CPAN::Meta::Converter' requires 'CPAN::Meta::Requirements' version '2.121' to be installed
[MSG] [Mon Jul 29 16:29:55 2013] Module 'CPAN::Meta::Converter' requires 'CPAN::Meta::YAML' version '0.008' to be installed
[MSG] [Mon Jul 29 16:29:55 2013] Module 'CPAN::Meta::Converter' requires 'JSON::PP' version '2.27200' to be installed
[MSG] [Mon Jul 29 16:29:55 2013] Module 'CPAN::Meta::Converter' requires 'Parse::CPAN::Meta' version '1.4403' to be installed
[MSG] [Mon Jul 29 16:29:58 2013] Using cached file '/home/cpanbuilder/.cpanplus/authors/id/D/DA/DAGOLDEN/CHECKSUMS' on disk; ttl (3600s) is not exceeded
[MSG] [Mon Jul 29 16:29:58 2013] Checksum matches for 'CPAN-Meta-Requirements-2.122.tar.gz'
[MSG] [Mon Jul 29 16:29:59 2013] Extracted 'CPAN-Meta-Requirements-2.122/'
[MSG] [Mon Jul 29 16:29:59 2013] Extracted 'CPAN-Meta-Requirements-2.122/lib/'
[MSG] [Mon Jul 29 16:29:59 2013] Extracted 'CPAN-Meta-Requirements-2.122/lib/CPAN/'
[MSG] [Mon Jul 29 16:29:59 2013] Extracted 'CPAN-Meta-Requirements-2.122/lib/CPAN/Meta/'
[MSG] [Mon Jul 29 16:29:59 2013] Extracted 'CPAN-Meta-Requirements-2.122/lib/CPAN/Meta/Requirements.pm'
[MSG] [Mon Jul 29 16:29:59 2013] Extracted 'CPAN-Meta-Requirements-2.122/xt/'
[MSG] [Mon Jul 29 16:29:59 2013] Extracted 'CPAN-Meta-Requirements-2.122/xt/release/'
[MSG] [Mon Jul 29 16:29:59 2013] Extracted 'CPAN-Meta-Requirements-2.122/xt/release/test-version.t'
[MSG] [Mon Jul 29 16:29:59 2013] Extracted 'CPAN-Meta-Requirements-2.122/xt/release/pod-coverage.t'
[MSG] [Mon Jul 29 16:29:59 2013] Extracted 'CPAN-Meta-Requirements-2.122/xt/release/portability.t'
[MSG] [Mon Jul 29 16:29:59 2013] Extracted 'CPAN-Meta-Requirements-2.122/xt/release/pod-syntax.t'
[MSG] [Mon Jul 29 16:29:59 2013] Extracted 'CPAN-Meta-Requirements-2.122/xt/release/distmeta.t'
[MSG] [Mon Jul 29 16:29:59 2013] Extracted 'CPAN-Meta-Requirements-2.122/xt/author/'
[MSG] [Mon Jul 29 16:29:59 2013] Extracted 'CPAN-Meta-Requirements-2.122/xt/author/pod-spell.t'
[MSG] [Mon Jul 29 16:29:59 2013] Extracted 'CPAN-Meta-Requirements-2.122/xt/author/critic.t'
[MSG] [Mon Jul 29 16:29:59 2013] Extracted 'CPAN-Meta-Requirements-2.122/README.PATCHING'
[MSG] [Mon Jul 29 16:29:59 2013] Extracted 'CPAN-Meta-Requirements-2.122/perlcritic.rc'
[MSG] [Mon Jul 29 16:29:59 2013] Extracted 'CPAN-Meta-Requirements-2.122/Makefile.PL'
[MSG] [Mon Jul 29 16:29:59 2013] Extracted 'CPAN-Meta-Requirements-2.122/META.json'
[MSG] [Mon Jul 29 16:29:59 2013] Extracted 'CPAN-Meta-Requirements-2.122/t/'
[MSG] [Mon Jul 29 16:29:59 2013] Extracted 'CPAN-Meta-Requirements-2.122/t/bad_version_hook.t'
[MSG] [Mon Jul 29 16:29:59 2013] Extracted 'CPAN-Meta-Requirements-2.122/t/00-compile.t'
[MSG] [Mon Jul 29 16:29:59 2013] Extracted 'CPAN-Meta-Requirements-2.122/t/from-hash.t'
[MSG] [Mon Jul 29 16:29:59 2013] Extracted 'CPAN-Meta-Requirements-2.122/t/finalize.t'
[MSG] [Mon Jul 29 16:29:59 2013] Extracted 'CPAN-Meta-Requirements-2.122/t/accepts.t'
[MSG] [Mon Jul 29 16:30:00 2013] Extracted 'CPAN-Meta-Requirements-2.122/t/basic.t'
[MSG] [Mon Jul 29 16:30:00 2013] Extracted 'CPAN-Meta-Requirements-2.122/t/merge.t'
[MSG] [Mon Jul 29 16:30:00 2013] Extracted 'CPAN-Meta-Requirements-2.122/MANIFEST'
[MSG] [Mon Jul 29 16:30:00 2013] Extracted 'CPAN-Meta-Requirements-2.122/META.yml'
[MSG] [Mon Jul 29 16:30:00 2013] Extracted 'CPAN-Meta-Requirements-2.122/dist.ini'
[MSG] [Mon Jul 29 16:30:00 2013] Extracted 'CPAN-Meta-Requirements-2.122/LICENSE'
[MSG] [Mon Jul 29 16:30:00 2013] Extracted 'CPAN-Meta-Requirements-2.122/Changes'
[MSG] [Mon Jul 29 16:30:00 2013] Extracted 'CPAN-Meta-Requirements-2.122/README'
[MSG] [Mon Jul 29 16:30:00 2013] Extracted 'CPAN::Meta::Requirements' to '/home/cpanbuilder/.cpanplus/5.14.2/build/CPAN-Meta-Requirements-2.122'
[MSG] [Mon Jul 29 16:30:00 2013] Writing Makefile for CPAN::Meta::Requirements
Writing MYMETA.yml and MYMETA.json
[MSG] [Mon Jul 29 16:30:00 2013] DEFAULT 'filter_prereqs' HANDLER RETURNING 'sub return value'
[MSG] [Mon Jul 29 16:30:01 2013] Skip blib/lib/CPAN/Meta/Requirements.pm (unchanged)
Manifying blib/man3/CPAN::Meta::Requirements.3pm
[MSG] [Mon Jul 29 16:30:02 2013] MAKE TEST passed: PERL_DL_NONLAZY=1 /usr/bin/perl "-MExtUtils::Command::MM" "-e" "test_harness(0, 'blib/lib', 'blib/arch')" t/*.t
t/00-compile.t ........ ok
t/accepts.t ........... ok
t/bad_version_hook.t .. ok
t/basic.t ............. ok
t/finalize.t .......... ok
t/from-hash.t ......... ok
t/merge.t ............. ok
All tests successful.
Files=7, Tests=53, 1 wallclock secs ( 0.14 usr 0.03 sys + 0.81 cusr 0.10 csys = 1.08 CPU)
Result: PASS
[MSG] [Mon Jul 29 16:30:02 2013] Sending test report for 'CPAN-Meta-Requirements-2.122'
[MSG] [Mon Jul 29 16:30:03 2013] Ok, not sending test report
[MSG] [Mon Jul 29 16:30:06 2013] Using cached file '/home/cpanbuilder/.cpanplus/authors/id/D/DA/DAGOLDEN/CHECKSUMS' on disk; ttl (3600s) is not exceeded
[MSG] [Mon Jul 29 16:30:06 2013] Checksum matches for 'CPAN-Meta-YAML-0.008.tar.gz'
[MSG] [Mon Jul 29 16:30:09 2013] Extracted 'CPAN-Meta-YAML-0.008/'
[MSG] [Mon Jul 29 16:30:09 2013] Extracted 'CPAN-Meta-YAML-0.008/xt/'
[MSG] [Mon Jul 29 16:30:09 2013] Extracted 'CPAN-Meta-YAML-0.008/xt/release/'
[MSG] [Mon Jul 29 16:30:09 2013] Extracted 'CPAN-Meta-YAML-0.008/xt/release/test-version.t'
[MSG] [Mon Jul 29 16:30:09 2013] Extracted 'CPAN-Meta-YAML-0.008/xt/release/pod-syntax.t'
[MSG] [Mon Jul 29 16:30:09 2013] Extracted 'CPAN-Meta-YAML-0.008/xt/release/distmeta.t'
[MSG] [Mon Jul 29 16:30:09 2013] Extracted 'CPAN-Meta-YAML-0.008/xt/author/'
[MSG] [Mon Jul 29 16:30:09 2013] Extracted 'CPAN-Meta-YAML-0.008/xt/author/pod-spell.t'
[MSG] [Mon Jul 29 16:30:09 2013] Extracted 'CPAN-Meta-YAML-0.008/lib/'
[MSG] [Mon Jul 29 16:30:09 2013] Extracted 'CPAN-Meta-YAML-0.008/lib/CPAN/'
[MSG] [Mon Jul 29 16:30:09 2013] Extracted 'CPAN-Meta-YAML-0.008/lib/CPAN/Meta/'
[MSG] [Mon Jul 29 16:30:09 2013] Extracted 'CPAN-Meta-YAML-0.008/lib/CPAN/Meta/YAML.pm'
[MSG] [Mon Jul 29 16:30:09 2013] Extracted 'CPAN-Meta-YAML-0.008/MANIFEST.SKIP'
[MSG] [Mon Jul 29 16:30:09 2013] Extracted 'CPAN-Meta-YAML-0.008/Makefile.PL'
[MSG] [Mon Jul 29 16:30:09 2013] Extracted 'CPAN-Meta-YAML-0.008/t/'
[MSG] [Mon Jul 29 16:30:09 2013] Extracted 'CPAN-Meta-YAML-0.008/t/03_regression.t'
[MSG] [Mon Jul 29 16:30:09 2013] Extracted 'CPAN-Meta-YAML-0.008/t/13_perl_smith.t'
[MSG] [Mon Jul 29 16:30:09 2013] Extracted 'CPAN-Meta-YAML-0.008/t/15_multibyte.t'
[MSG] [Mon Jul 29 16:30:09 2013] Extracted 'CPAN-Meta-YAML-0.008/t/11_meta_yml.t'
[MSG] [Mon Jul 29 16:30:09 2013] Extracted 'CPAN-Meta-YAML-0.008/t/20_subclass.t'
[MSG] [Mon Jul 29 16:30:09 2013] Extracted 'CPAN-Meta-YAML-0.008/t/22_comments.t'
[MSG] [Mon Jul 29 16:30:09 2013] Extracted 'CPAN-Meta-YAML-0.008/t/14_yaml_org.t'
[MSG] [Mon Jul 29 16:30:09 2013] Extracted 'CPAN-Meta-YAML-0.008/t/16_nullrefs.t'
[MSG] [Mon Jul 29 16:30:09 2013] Extracted 'CPAN-Meta-YAML-0.008/t/00-compile.t'
[MSG] [Mon Jul 29 16:30:09 2013] Extracted 'CPAN-Meta-YAML-0.008/t/data/'
[MSG] [Mon Jul 29 16:30:09 2013] Extracted 'CPAN-Meta-YAML-0.008/t/data/Template-Provider-Unicode-Japanese.yml'
[MSG] [Mon Jul 29 16:30:09 2013] Extracted 'CPAN-Meta-YAML-0.008/t/data/Spreadsheet-Read.yml'
[MSG] [Mon Jul 29 16:30:09 2013] Extracted 'CPAN-Meta-YAML-0.008/t/data/utf_16_le_bom.yml'
[MSG] [Mon Jul 29 16:30:09 2013] Extracted 'CPAN-Meta-YAML-0.008/t/data/HTML-WebDAO.yml'
[MSG] [Mon Jul 29 16:30:09 2013] Extracted 'CPAN-Meta-YAML-0.008/t/data/multibyte.yml'
[MSG] [Mon Jul 29 16:30:09 2013] Extracted 'CPAN-Meta-YAML-0.008/t/data/toolbar.yml'
[MSG] [Mon Jul 29 16:30:09 2013] Extracted 'CPAN-Meta-YAML-0.008/t/data/vanilla.yml'
[MSG] [Mon Jul 29 16:30:09 2013] Extracted 'CPAN-Meta-YAML-0.008/t/data/sample.yml'
[MSG] [Mon Jul 29 16:30:09 2013] Extracted 'CPAN-Meta-YAML-0.008/t/data/two.yml'
[MSG] [Mon Jul 29 16:30:09 2013] Extracted 'CPAN-Meta-YAML-0.008/t/data/one.yml'
[MSG] [Mon Jul 29 16:30:09 2013] Extracted 'CPAN-Meta-YAML-0.008/t/01_compile.t'
[MSG] [Mon Jul 29 16:30:09 2013] Extracted 'CPAN-Meta-YAML-0.008/t/17_toolbar.t'
[MSG] [Mon Jul 29 16:30:09 2013] Extracted 'CPAN-Meta-YAML-0.008/t/12_plagger.t'
[MSG] [Mon Jul 29 16:30:09 2013] Extracted 'CPAN-Meta-YAML-0.008/t/lib/'
[MSG] [Mon Jul 29 16:30:09 2013] Extracted 'CPAN-Meta-YAML-0.008/t/lib/Test.pm'
[MSG] [Mon Jul 29 16:30:09 2013] Extracted 'CPAN-Meta-YAML-0.008/t/19_errors.t'
[MSG] [Mon Jul 29 16:30:09 2013] Extracted 'CPAN-Meta-YAML-0.008/t/04_scalar.t'
[MSG] [Mon Jul 29 16:30:09 2013] Extracted 'CPAN-Meta-YAML-0.008/t/05_export.t'
[MSG] [Mon Jul 29 16:30:09 2013] Extracted 'CPAN-Meta-YAML-0.008/t/02_basic.t'
[MSG] [Mon Jul 29 16:30:09 2013] Extracted 'CPAN-Meta-YAML-0.008/t/21_bom.t'
[MSG] [Mon Jul 29 16:30:09 2013] Extracted 'CPAN-Meta-YAML-0.008/t/18_tap.t'
[MSG] [Mon Jul 29 16:30:09 2013] Extracted 'CPAN-Meta-YAML-0.008/META.json'
[MSG] [Mon Jul 29 16:30:09 2013] Extracted 'CPAN-Meta-YAML-0.008/MANIFEST'
[MSG] [Mon Jul 29 16:30:09 2013] Extracted 'CPAN-Meta-YAML-0.008/META.yml'
[MSG] [Mon Jul 29 16:30:09 2013] Extracted 'CPAN-Meta-YAML-0.008/LICENSE'
[MSG] [Mon Jul 29 16:30:09 2013] Extracted 'CPAN-Meta-YAML-0.008/Changes'
[MSG] [Mon Jul 29 16:30:09 2013] Extracted 'CPAN-Meta-YAML-0.008/README'
[MSG] [Mon Jul 29 16:30:09 2013] Extracted 'CPAN::Meta::YAML' to '/home/cpanbuilder/.cpanplus/5.14.2/build/CPAN-Meta-YAML-0.008'
[MSG] [Mon Jul 29 16:30:10 2013] Writing Makefile for CPAN::Meta::YAML
Writing MYMETA.yml and MYMETA.json
[MSG] [Mon Jul 29 16:30:10 2013] DEFAULT 'filter_prereqs' HANDLER RETURNING 'sub return value'
[MSG] [Mon Jul 29 16:30:10 2013] Skip blib/lib/CPAN/Meta/YAML.pm (unchanged)
Manifying blib/man3/CPAN::Meta::YAML.3pm
[MSG] [Mon Jul 29 16:30:19 2013] MAKE TEST passed: PERL_DL_NONLAZY=1 /usr/bin/perl "-MExtUtils::Command::MM" "-e" "test_harness(0, 'blib/lib', 'blib/arch')" t/*.t
t/00-compile.t ..... ok
t/01_compile.t ..... ok
t/02_basic.t ....... ok
t/03_regression.t .. ok
t/04_scalar.t ...... ok
t/05_export.t ...... ok
t/11_meta_yml.t .... ok
t/12_plagger.t ..... ok
t/13_perl_smith.t .. ok
t/14_yaml_org.t .... ok
t/15_multibyte.t ... ok
t/16_nullrefs.t .... ok
t/17_toolbar.t ..... ok
t/18_tap.t ......... ok
t/19_errors.t ...... ok
t/20_subclass.t .... ok
t/21_bom.t ......... ok
t/22_comments.t .... ok
All tests successful.
Files=18, Tests=3448, 8 wallclock secs ( 1.92 usr 0.08 sys + 6.28 cusr 0.54 csys = 8.82 CPU)
Result: PASS
[MSG] [Mon Jul 29 16:30:19 2013] Sending test report for 'CPAN-Meta-YAML-0.008'
[MSG] [Mon Jul 29 16:30:19 2013] Ok, not sending test report
[MSG] [Mon Jul 29 16:30:22 2013] Trying to get 'ftp://ftp.cpan.org/pub/CPAN/authors/id/M/MA/MAKAMAKA/CHECKSUMS'
[MSG] [Mon Jul 29 16:30:23 2013] Checksum matches for 'JSON-PP-2.27202.tar.gz'
[MSG] [Mon Jul 29 16:30:25 2013] Extracted 'JSON-PP-2.27202/'
[MSG] [Mon Jul 29 16:30:25 2013] Extracted 'JSON-PP-2.27202/META.yml'
[MSG] [Mon Jul 29 16:30:25 2013] Extracted 'JSON-PP-2.27202/MANIFEST'
[MSG] [Mon Jul 29 16:30:25 2013] Extracted 'JSON-PP-2.27202/t/'
[MSG] [Mon Jul 29 16:30:25 2013] Extracted 'JSON-PP-2.27202/t/007_pc_esc.t'
[MSG] [Mon Jul 29 16:30:25 2013] Extracted 'JSON-PP-2.27202/t/003_types.t'
[MSG] [Mon Jul 29 16:30:25 2013] Extracted 'JSON-PP-2.27202/t/018_json_checker.t'
[MSG] [Mon Jul 29 16:30:25 2013] Extracted 'JSON-PP-2.27202/t/112_upgrade.t'
[MSG] [Mon Jul 29 16:30:25 2013] Extracted 'JSON-PP-2.27202/t/017_relaxed.t'
[MSG] [Mon Jul 29 16:30:25 2013] Extracted 'JSON-PP-2.27202/t/019_incr.t'
[MSG] [Mon Jul 29 16:30:25 2013] Extracted 'JSON-PP-2.27202/t/010_pc_keysort.t'
[MSG] [Mon Jul 29 16:30:25 2013] Extracted 'JSON-PP-2.27202/t/015_prefix.t'
[MSG] [Mon Jul 29 16:30:25 2013] Extracted 'JSON-PP-2.27202/t/109_encode.t'
[MSG] [Mon Jul 29 16:30:25 2013] Extracted 'JSON-PP-2.27202/t/110_bignum.t'
[MSG] [Mon Jul 29 16:30:25 2013] Extracted 'JSON-PP-2.27202/t/115_tie_ixhash.t'
[MSG] [Mon Jul 29 16:30:25 2013] Extracted 'JSON-PP-2.27202/t/008_pc_base.t'
[MSG] [Mon Jul 29 16:30:25 2013] Extracted 'JSON-PP-2.27202/t/016_tied.t'
[MSG] [Mon Jul 29 16:30:25 2013] Extracted 'JSON-PP-2.27202/t/113_overloaded_eq.t'
[MSG] [Mon Jul 29 16:30:25 2013] Extracted 'JSON-PP-2.27202/t/106_allow_barekey.t'
[MSG] [Mon Jul 29 16:30:25 2013] Extracted 'JSON-PP-2.27202/t/014_latin1.t'
[MSG] [Mon Jul 29 16:30:25 2013] Extracted 'JSON-PP-2.27202/t/020_unknown.t'
[MSG] [Mon Jul 29 16:30:25 2013] Extracted 'JSON-PP-2.27202/t/012_blessed.t'
[MSG] [Mon Jul 29 16:30:25 2013] Extracted 'JSON-PP-2.27202/t/099_binary.t'
[MSG] [Mon Jul 29 16:30:25 2013] Extracted 'JSON-PP-2.27202/t/107_allow_singlequote.t'
[MSG] [Mon Jul 29 16:30:25 2013] Extracted 'JSON-PP-2.27202/t/116_incr_parse_fixed.t'
[MSG] [Mon Jul 29 16:30:25 2013] Extracted 'JSON-PP-2.27202/t/022_comment_at_eof.t'
[MSG] [Mon Jul 29 16:30:25 2013] Extracted 'JSON-PP-2.27202/t/104_sortby.t'
[MSG] [Mon Jul 29 16:30:25 2013] Extracted 'JSON-PP-2.27202/t/_unicode_handling.pm'
[MSG] [Mon Jul 29 16:30:25 2013] Extracted 'JSON-PP-2.27202/t/002_error.t'
[MSG] [Mon Jul 29 16:30:25 2013] Extracted 'JSON-PP-2.27202/t/000_load.t'
[MSG] [Mon Jul 29 16:30:25 2013] Extracted 'JSON-PP-2.27202/t/009_pc_extra_number.t'
[MSG] [Mon Jul 29 16:30:25 2013] Extracted 'JSON-PP-2.27202/t/114_decode_prefix.t'
[MSG] [Mon Jul 29 16:30:25 2013] Extracted 'JSON-PP-2.27202/t/108_decode.t'
[MSG] [Mon Jul 29 16:30:25 2013] Extracted 'JSON-PP-2.27202/t/006_pc_pretty.t'
[MSG] [Mon Jul 29 16:30:25 2013] Extracted 'JSON-PP-2.27202/t/011_pc_expo.t'
[MSG] [Mon Jul 29 16:30:25 2013] Extracted 'JSON-PP-2.27202/t/021_evans_bugrep.t'
[MSG] [Mon Jul 29 16:30:25 2013] Extracted 'JSON-PP-2.27202/t/013_limit.t'
[MSG] [Mon Jul 29 16:30:25 2013] Extracted 'JSON-PP-2.27202/t/001_utf8.t'
[MSG] [Mon Jul 29 16:30:25 2013] Extracted 'JSON-PP-2.27202/t/105_esc_slash.t'
[MSG] [Mon Jul 29 16:30:25 2013] Extracted 'JSON-PP-2.27202/Changes'
[MSG] [Mon Jul 29 16:30:25 2013] Extracted 'JSON-PP-2.27202/lib/'
[MSG] [Mon Jul 29 16:30:25 2013] Extracted 'JSON-PP-2.27202/lib/JSON/'
[MSG] [Mon Jul 29 16:30:25 2013] Extracted 'JSON-PP-2.27202/lib/JSON/PP.pm'
[MSG] [Mon Jul 29 16:30:25 2013] Extracted 'JSON-PP-2.27202/lib/JSON/PP/'
[MSG] [Mon Jul 29 16:30:25 2013] Extracted 'JSON-PP-2.27202/lib/JSON/PP/Boolean.pm'
[MSG] [Mon Jul 29 16:30:25 2013] Extracted 'JSON-PP-2.27202/bin/'
[MSG] [Mon Jul 29 16:30:25 2013] Extracted 'JSON-PP-2.27202/bin/json_pp'
[MSG] [Mon Jul 29 16:30:25 2013] Extracted 'JSON-PP-2.27202/Makefile.PL'
[MSG] [Mon Jul 29 16:30:25 2013] Extracted 'JSON-PP-2.27202/META.json'
[MSG] [Mon Jul 29 16:30:25 2013] Extracted 'JSON-PP-2.27202/README'
[MSG] [Mon Jul 29 16:30:25 2013] Extracted 'JSON::PP' to '/home/cpanbuilder/.cpanplus/5.14.2/build/JSON-PP-2.27202'
[MSG] [Mon Jul 29 16:30:26 2013] Writing Makefile for JSON::PP
Writing MYMETA.yml and MYMETA.json
[MSG] [Mon Jul 29 16:30:26 2013] DEFAULT 'filter_prereqs' HANDLER RETURNING 'sub return value'
[MSG] [Mon Jul 29 16:30:27 2013] Skip blib/lib/JSON/PP.pm (unchanged)
Skip blib/lib/JSON/PP/Boolean.pm (unchanged)
cp bin/json_pp blib/script/json_pp
/usr/bin/perl -MExtUtils::MY -e 'MY->fixin(shift)' -- blib/script/json_pp
Manifying blib/man1/json_pp.1p
Manifying blib/man3/JSON::PP.3pm
Manifying blib/man3/JSON::PP::Boolean.3pm
[MSG] [Mon Jul 29 16:30:43 2013] MAKE TEST passed: PERL_DL_NONLAZY=1 /usr/bin/perl "-MExtUtils::Command::MM" "-e" "test_harness(0, 'blib/lib', 'blib/arch')" t/*.t
t/000_load.t ............... ok
t/001_utf8.t ............... ok
t/002_error.t .............. ok
t/003_types.t .............. ok
t/006_pc_pretty.t .......... ok
t/007_pc_esc.t ............. ok
t/008_pc_base.t ............ ok
t/009_pc_extra_number.t .... ok
t/010_pc_keysort.t ......... ok
t/011_pc_expo.t ............ ok
t/012_blessed.t ............ ok
t/013_limit.t .............. ok
t/014_latin1.t ............. ok
t/015_prefix.t ............. ok
t/016_tied.t ............... ok
t/017_relaxed.t ............ ok
t/018_json_checker.t ....... ok
t/019_incr.t ............... ok
t/020_unknown.t ............ ok
t/021_evans_bugrep.t ....... ok
t/022_comment_at_eof.t ..... ok
t/099_binary.t ............. ok
t/104_sortby.t ............. ok
t/105_esc_slash.t .......... ok
t/106_allow_barekey.t ...... ok
t/107_allow_singlequote.t .. ok
t/108_decode.t ............. ok
t/109_encode.t ............. ok
t/110_bignum.t ............. ok
t/112_upgrade.t ............ ok
t/113_overloaded_eq.t ...... ok
t/114_decode_prefix.t ...... ok
t/115_tie_ixhash.t ......... ok
t/116_incr_parse_fixed.t ... ok
All tests successful.
Files=34, Tests=3471, 16 wallclock secs ( 2.38 usr 0.16 sys + 14.34 cusr 0.71 csys = 17.59 CPU)
Result: PASS
[MSG] [Mon Jul 29 16:30:43 2013] Sending test report for 'JSON-PP-2.27202'
[MSG] [Mon Jul 29 16:30:43 2013] Ok, not sending test report
[MSG] [Mon Jul 29 16:30:46 2013] Using cached file '/home/cpanbuilder/.cpanplus/authors/id/D/DA/DAGOLDEN/CHECKSUMS' on disk; ttl (3600s) is not exceeded
[MSG] [Mon Jul 29 16:30:46 2013] Checksum matches for 'Parse-CPAN-Meta-1.4405.tar.gz'
[MSG] [Mon Jul 29 16:30:48 2013] Extracted 'Parse-CPAN-Meta-1.4405/'
[MSG] [Mon Jul 29 16:30:48 2013] Extracted 'Parse-CPAN-Meta-1.4405/Changes'
[MSG] [Mon Jul 29 16:30:48 2013] Extracted 'Parse-CPAN-Meta-1.4405/CONTRIBUTING'
[MSG] [Mon Jul 29 16:30:48 2013] Extracted 'Parse-CPAN-Meta-1.4405/dist.ini'
[MSG] [Mon Jul 29 16:30:48 2013] Extracted 'Parse-CPAN-Meta-1.4405/lib/'
[MSG] [Mon Jul 29 16:30:48 2013] Extracted 'Parse-CPAN-Meta-1.4405/LICENSE'
[MSG] [Mon Jul 29 16:30:48 2013] Extracted 'Parse-CPAN-Meta-1.4405/Makefile.PL'
[MSG] [Mon Jul 29 16:30:48 2013] Extracted 'Parse-CPAN-Meta-1.4405/MANIFEST'
[MSG] [Mon Jul 29 16:30:48 2013] Extracted 'Parse-CPAN-Meta-1.4405/META.json'
[MSG] [Mon Jul 29 16:30:48 2013] Extracted 'Parse-CPAN-Meta-1.4405/META.yml'
[MSG] [Mon Jul 29 16:30:48 2013] Extracted 'Parse-CPAN-Meta-1.4405/perlcritic.rc'
[MSG] [Mon Jul 29 16:30:48 2013] Extracted 'Parse-CPAN-Meta-1.4405/README'
[MSG] [Mon Jul 29 16:30:48 2013] Extracted 'Parse-CPAN-Meta-1.4405/t/'
[MSG] [Mon Jul 29 16:30:48 2013] Extracted 'Parse-CPAN-Meta-1.4405/xt/'
[MSG] [Mon Jul 29 16:30:48 2013] Extracted 'Parse-CPAN-Meta-1.4405/xt/author/'
[MSG] [Mon Jul 29 16:30:48 2013] Extracted 'Parse-CPAN-Meta-1.4405/xt/release/'
[MSG] [Mon Jul 29 16:30:48 2013] Extracted 'Parse-CPAN-Meta-1.4405/xt/release/distmeta.t'
[MSG] [Mon Jul 29 16:30:48 2013] Extracted 'Parse-CPAN-Meta-1.4405/xt/release/minimum-version.t'
[MSG] [Mon Jul 29 16:30:48 2013] Extracted 'Parse-CPAN-Meta-1.4405/xt/release/pod-coverage.t'
[MSG] [Mon Jul 29 16:30:48 2013] Extracted 'Parse-CPAN-Meta-1.4405/xt/release/pod-syntax.t'
[MSG] [Mon Jul 29 16:30:48 2013] Extracted 'Parse-CPAN-Meta-1.4405/xt/release/portability.t'
[MSG] [Mon Jul 29 16:30:48 2013] Extracted 'Parse-CPAN-Meta-1.4405/xt/release/test-version.t'
[MSG] [Mon Jul 29 16:30:48 2013] Extracted 'Parse-CPAN-Meta-1.4405/xt/author/critic.t'
[MSG] [Mon Jul 29 16:30:48 2013] Extracted 'Parse-CPAN-Meta-1.4405/xt/author/pod-spell.t'
[MSG] [Mon Jul 29 16:30:48 2013] Extracted 'Parse-CPAN-Meta-1.4405/t/00-compile.t'
[MSG] [Mon Jul 29 16:30:48 2013] Extracted 'Parse-CPAN-Meta-1.4405/t/00-report-prereqs.t'
[MSG] [Mon Jul 29 16:30:48 2013] Extracted 'Parse-CPAN-Meta-1.4405/t/02_api.t'
[MSG] [Mon Jul 29 16:30:48 2013] Extracted 'Parse-CPAN-Meta-1.4405/t/03_functions.t'
[MSG] [Mon Jul 29 16:30:48 2013] Extracted 'Parse-CPAN-Meta-1.4405/t/04_export.t'
[MSG] [Mon Jul 29 16:30:48 2013] Extracted 'Parse-CPAN-Meta-1.4405/t/05_errors.t'
[MSG] [Mon Jul 29 16:30:48 2013] Extracted 'Parse-CPAN-Meta-1.4405/t/data/'
[MSG] [Mon Jul 29 16:30:48 2013] Extracted 'Parse-CPAN-Meta-1.4405/t/lib/'
[MSG] [Mon Jul 29 16:30:48 2013] Extracted 'Parse-CPAN-Meta-1.4405/t/lib/Parse/'
[MSG] [Mon Jul 29 16:30:48 2013] Extracted 'Parse-CPAN-Meta-1.4405/t/lib/Parse/CPAN/'
[MSG] [Mon Jul 29 16:30:48 2013] Extracted 'Parse-CPAN-Meta-1.4405/t/lib/Parse/CPAN/Meta/'
[MSG] [Mon Jul 29 16:30:48 2013] Extracted 'Parse-CPAN-Meta-1.4405/t/lib/Parse/CPAN/Meta/Test.pm'
[MSG] [Mon Jul 29 16:30:48 2013] Extracted 'Parse-CPAN-Meta-1.4405/t/data/META-VR.json'
[MSG] [Mon Jul 29 16:30:48 2013] Extracted 'Parse-CPAN-Meta-1.4405/t/data/META-VR.yml'
[MSG] [Mon Jul 29 16:30:48 2013] Extracted 'Parse-CPAN-Meta-1.4405/lib/Parse/'
[MSG] [Mon Jul 29 16:30:48 2013] Extracted 'Parse-CPAN-Meta-1.4405/lib/Parse/CPAN/'
[MSG] [Mon Jul 29 16:30:48 2013] Extracted 'Parse-CPAN-Meta-1.4405/lib/Parse/CPAN/Meta.pm'
[MSG] [Mon Jul 29 16:30:48 2013] Extracted 'Parse::CPAN::Meta' to '/home/cpanbuilder/.cpanplus/5.14.2/build/Parse-CPAN-Meta-1.4405'
[MSG] [Mon Jul 29 16:30:49 2013] Writing Makefile for Parse::CPAN::Meta
Writing MYMETA.yml and MYMETA.json
[MSG] [Mon Jul 29 16:30:49 2013] DEFAULT 'filter_prereqs' HANDLER RETURNING 'sub return value'
[MSG] [Mon Jul 29 16:30:49 2013] Module 'Parse::CPAN::Meta' requires 'CPAN::Meta::YAML' version '0.008' to be installed
[MSG] [Mon Jul 29 16:30:49 2013] Module 'Parse::CPAN::Meta' requires 'JSON::PP' version '2.27200' to be installed
[MSG] [Mon Jul 29 16:30:50 2013] Skip blib/lib/Parse/CPAN/Meta.pm (unchanged)
Manifying blib/man3/Parse::CPAN::Meta.3pm
[MSG] [Mon Jul 29 16:30:52 2013] MAKE TEST passed: PERL_DL_NONLAZY=1 /usr/bin/perl "-MExtUtils::Command::MM" "-e" "test_harness(0, 'blib/lib', 'blib/arch')" t/*.t
t/00-compile.t ......... ok
# Prerequisite Report:
# Version Module
# ------- ---------------------
# 0.008 CPAN::Meta::YAML
# 1.26 Carp
# 5.64_03 Exporter
# 6.62 ExtUtils::MakeMaker
# 1.19 File::Find
# 3.33 File::Spec
# 3.33 File::Spec::Functions
# 0.22 File::Temp
# 2.27202 JSON::PP
# 1.23 List::Util
# 0.98 Test::More
# 1.04 strict
# 1.02 vars
# 1.12 warnings
t/00-report-prereqs.t .. ok
t/02_api.t ............. ok
t/03_functions.t ....... ok
t/04_export.t .......... ok
t/05_errors.t .......... ok
All tests successful.
Files=6, Tests=45, 2 wallclock secs ( 0.13 usr 0.03 sys + 1.40 cusr 0.16 csys = 1.72 CPU)
Result: PASS
[MSG] [Mon Jul 29 16:30:52 2013] Sending test report for 'Parse-CPAN-Meta-1.4405'
[MSG] [Mon Jul 29 16:30:52 2013] Ok, not sending test report
[MSG] [Mon Jul 29 16:30:53 2013] Skip blib/lib/CPAN/Meta.pm (unchanged)
Skip blib/lib/CPAN/Meta/Prereqs.pm (unchanged)
Skip blib/lib/CPAN/Meta/History.pm (unchanged)
Skip blib/lib/CPAN/Meta/Validator.pm (unchanged)
Skip blib/lib/CPAN/Meta/Converter.pm (unchanged)
Skip blib/lib/CPAN/Meta/Feature.pm (unchanged)
Skip blib/lib/CPAN/Meta/Spec.pm (unchanged)
Manifying blib/man3/CPAN::Meta::Prereqs.3pm
Manifying blib/man3/CPAN::Meta.3pm
Manifying blib/man3/CPAN::Meta::History.3pm
Manifying blib/man3/CPAN::Meta::Converter.3pm
Manifying blib/man3/CPAN::Meta::Validator.3pm
Manifying blib/man3/CPAN::Meta::Feature.3pm
Manifying blib/man3/CPAN::Meta::Spec.3pm
[MSG] [Mon Jul 29 16:31:02 2013] MAKE TEST passed: PERL_DL_NONLAZY=1 /usr/bin/perl "-MExtUtils::Command::MM" "-e" "test_harness(0, 'blib/lib', 'blib/arch')" t/*.t
t/00-compile.t ......... ok
# Prerequisite Report:
# Version Module
# -------- ------------------------
# 2.122 CPAN::Meta::Requirements
# 0.008 CPAN::Meta::YAML
# 1.26 Carp
# 2.130_02 Data::Dumper
# 6.62 ExtUtils::MakeMaker
# 2.82 File::Basename
# 1.19 File::Find
# 3.33 File::Spec
# 3.33 File::Spec::Functions
# 0.22 File::Temp
# 1.08 IO::Dir
# 2.27202 JSON::PP
# 1.23 List::Util
# 1.4405 Parse::CPAN::Meta
# 1.23 Scalar::Util
# 0.98 Test::More
# 1.13 overload
# 1.04 strict
# 1.09 utf8
# 0.88 version
# 1.12 warnings
t/00-report-prereqs.t .. ok
t/converter-bad.t ...... ok
t/converter-fail.t ..... ok
t/converter.t .......... ok
t/load-bad.t ........... ok
t/meta-obj.t ........... ok
t/no-index.t ........... ok
t/prereqs-finalize.t ... ok
t/prereqs-merge.t ...... ok
t/prereqs.t ............ ok
t/repository.t ......... ok
t/save-load.t .......... ok
t/strings.t ............ ok
t/validator.t .......... ok
All tests successful.
Files=15, Tests=501, 8 wallclock secs ( 0.48 usr 0.05 sys + 7.28 cusr 0.58 csys = 8.39 CPU)
Result: PASS
[MSG] [Mon Jul 29 16:31:02 2013] Sending test report for 'CPAN-Meta-2.131560'
[MSG] [Mon Jul 29 16:31:02 2013] Ok, not sending test report
[MSG] [Mon Jul 29 16:31:05 2013] Trying to get 'ftp://ftp.cpan.org/pub/CPAN/authors/id/A/AM/AMBS/Config/CHECKSUMS'
[MSG] [Mon Jul 29 16:31:06 2013] Checksum matches for 'Config-AutoConf-0.22.tar.gz'
[MSG] [Mon Jul 29 16:31:07 2013] Extracted 'Config-AutoConf-0.22/'
[MSG] [Mon Jul 29 16:31:07 2013] Extracted 'Config-AutoConf-0.22/Changes'
[MSG] [Mon Jul 29 16:31:07 2013] Extracted 'Config-AutoConf-0.22/lib/'
[MSG] [Mon Jul 29 16:31:07 2013] Extracted 'Config-AutoConf-0.22/Makefile.PL'
[MSG] [Mon Jul 29 16:31:07 2013] Extracted 'Config-AutoConf-0.22/MANIFEST'
[MSG] [Mon Jul 29 16:31:07 2013] Extracted 'Config-AutoConf-0.22/META.json'
[MSG] [Mon Jul 29 16:31:07 2013] Extracted 'Config-AutoConf-0.22/META.yml'
[MSG] [Mon Jul 29 16:31:07 2013] Extracted 'Config-AutoConf-0.22/README'
[MSG] [Mon Jul 29 16:31:07 2013] Extracted 'Config-AutoConf-0.22/t/'
[MSG] [Mon Jul 29 16:31:07 2013] Extracted 'Config-AutoConf-0.22/t/00.load.t'
[MSG] [Mon Jul 29 16:31:07 2013] Extracted 'Config-AutoConf-0.22/t/01.checkprog.t'
[MSG] [Mon Jul 29 16:31:07 2013] Extracted 'Config-AutoConf-0.22/t/02.compile.t'
[MSG] [Mon Jul 29 16:31:07 2013] Extracted 'Config-AutoConf-0.22/t/03.link.t'
[MSG] [Mon Jul 29 16:31:07 2013] Extracted 'Config-AutoConf-0.22/t/pod-coverage.t'
[MSG] [Mon Jul 29 16:31:07 2013] Extracted 'Config-AutoConf-0.22/t/pod.t'
[MSG] [Mon Jul 29 16:31:07 2013] Extracted 'Config-AutoConf-0.22/lib/Config/'
[MSG] [Mon Jul 29 16:31:07 2013] Extracted 'Config-AutoConf-0.22/lib/Config/AutoConf.pm'
[MSG] [Mon Jul 29 16:31:07 2013] Extracted 'Config::AutoConf' to '/home/cpanbuilder/.cpanplus/5.14.2/build/Config-AutoConf-0.22'
[MSG] [Mon Jul 29 16:31:07 2013] Writing Makefile for Config::AutoConf
Writing MYMETA.yml and MYMETA.json
[MSG] [Mon Jul 29 16:31:07 2013] DEFAULT 'filter_prereqs' HANDLER RETURNING 'sub return value'
[MSG] [Mon Jul 29 16:31:08 2013] Skip blib/lib/Config/AutoConf.pm (unchanged)
Manifying blib/man3/Config::AutoConf.3pm
[MSG] [Mon Jul 29 16:32:01 2013] MAKE TEST passed: PERL_DL_NONLAZY=1 /usr/bin/perl "-MExtUtils::Command::MM" "-e" "test_harness(0, 'blib/lib', 'blib/arch')" t/*.t
t/00.load.t ....... ok
# Found AWK as /usr/bin/mawk
# Found EGREP as /bin/grep -E
t/01.checkprog.t .. ok
#
#
# Ignore junk bellow.
#
t/02.compile.t .... ok
#
#
# Ignore junk bellow.
#
t/03.link.t ....... ok
t/pod-coverage.t .. skipped: Test::Pod::Coverage 1.04 required for testing POD coverage
t/pod.t ........... skipped: Test::Pod 1.14 required for testing POD
All tests successful.
Test Summary Report
-------------------
t/03.link.t (Wstat: 0 Tests: 6 Failed: 0)
TODO passed: 3-6
Files=6, Tests=37, 53 wallclock secs ( 0.15 usr 0.04 sys + 46.97 cusr 6.47 csys = 53.63 CPU)
Result: PASS
[MSG] [Mon Jul 29 16:32:01 2013] Sending test report for 'Config-AutoConf-0.22'
[MSG] [Mon Jul 29 16:32:01 2013] Ok, not sending test report
[MSG] [Mon Jul 29 16:32:01 2013] Trying to get 'ftp://ftp.cpan.org/pub/CPAN/authors/id/L/LE/LEONT/CHECKSUMS'
[MSG] [Mon Jul 29 16:32:03 2013] Checksum matches for 'Module-Build-0.4007.tar.gz'
[MSG] [Mon Jul 29 16:32:07 2013] Extracted 'Module-Build-0.4007'
[MSG] [Mon Jul 29 16:32:07 2013] Extracted 'Module-Build-0.4007/Changes'
[MSG] [Mon Jul 29 16:32:07 2013] Extracted 'Module-Build-0.4007/META.json'
[MSG] [Mon Jul 29 16:32:07 2013] Extracted 'Module-Build-0.4007/META.yml'
[MSG] [Mon Jul 29 16:32:07 2013] Extracted 'Module-Build-0.4007/MANIFEST'
[MSG] [Mon Jul 29 16:32:07 2013] Extracted 'Module-Build-0.4007/LICENSE'
[MSG] [Mon Jul 29 16:32:07 2013] Extracted 'Module-Build-0.4007/README'
[MSG] [Mon Jul 29 16:32:07 2013] Extracted 'Module-Build-0.4007/Makefile.PL'
[MSG] [Mon Jul 29 16:32:07 2013] Extracted 'Module-Build-0.4007/INSTALL'
[MSG] [Mon Jul 29 16:32:07 2013] Extracted 'Module-Build-0.4007/Build.PL'
[MSG] [Mon Jul 29 16:32:07 2013] Extracted 'Module-Build-0.4007/t'
[MSG] [Mon Jul 29 16:32:07 2013] Extracted 'Module-Build-0.4007/t/new_from_context.t'
[MSG] [Mon Jul 29 16:32:07 2013] Extracted 'Module-Build-0.4007/t/install_extra_target.t'
[MSG] [Mon Jul 29 16:32:07 2013] Extracted 'Module-Build-0.4007/t/test_file_exts.t'
[MSG] [Mon Jul 29 16:32:07 2013] Extracted 'Module-Build-0.4007/t/runthrough.t'
[MSG] [Mon Jul 29 16:32:07 2013] Extracted 'Module-Build-0.4007/t/ppm.t'
[MSG] [Mon Jul 29 16:32:07 2013] Extracted 'Module-Build-0.4007/t/use_tap_harness.t'
[MSG] [Mon Jul 29 16:32:07 2013] Extracted 'Module-Build-0.4007/t/add_property_hash.t'
[MSG] [Mon Jul 29 16:32:07 2013] Extracted 'Module-Build-0.4007/t/debug.t'
[MSG] [Mon Jul 29 16:32:07 2013] Extracted 'Module-Build-0.4007/t/extend.t'
[MSG] [Mon Jul 29 16:32:07 2013] Extracted 'Module-Build-0.4007/t/write_default_maniskip.t'
[MSG] [Mon Jul 29 16:32:07 2013] Extracted 'Module-Build-0.4007/t/resume.t'
[MSG] [Mon Jul 29 16:32:07 2013] Extracted 'Module-Build-0.4007/t/destinations.t'
[MSG] [Mon Jul 29 16:32:07 2013] Extracted 'Module-Build-0.4007/t/bundle_inc.t'
[MSG] [Mon Jul 29 16:32:07 2013] Extracted 'Module-Build-0.4007/t/manifypods.t'
[MSG] [Mon Jul 29 16:32:07 2013] Extracted 'Module-Build-0.4007/t/metadata.t'
[MSG] [Mon Jul 29 16:32:07 2013] Extracted 'Module-Build-0.4007/t/signature.t'
[MSG] [Mon Jul 29 16:32:07 2013] Extracted 'Module-Build-0.4007/t/tilde.t'
[MSG] [Mon Jul 29 16:32:07 2013] Extracted 'Module-Build-0.4007/t/xs.t'
[MSG] [Mon Jul 29 16:32:07 2013] Extracted 'Module-Build-0.4007/t/perl_mb_opt.t'
[MSG] [Mon Jul 29 16:32:07 2013] Extracted 'Module-Build-0.4007/t/ext.t'
[MSG] [Mon Jul 29 16:32:07 2013] Extracted 'Module-Build-0.4007/t/compat.t'
[MSG] [Mon Jul 29 16:32:07 2013] Extracted 'Module-Build-0.4007/t/manifypods_with_utf8.t'
[MSG] [Mon Jul 29 16:32:07 2013] Extracted 'Module-Build-0.4007/t/00-compile.t'
[MSG] [Mon Jul 29 16:32:07 2013] Extracted 'Module-Build-0.4007/t/test_type.t'
[MSG] [Mon Jul 29 16:32:07 2013] Extracted 'Module-Build-0.4007/t/par.t'
[MSG] [Mon Jul 29 16:32:07 2013] Extracted 'Module-Build-0.4007/t/help.t'
[MSG] [Mon Jul 29 16:32:07 2013] Extracted 'Module-Build-0.4007/t/versions.t'
[MSG] [Mon Jul 29 16:32:07 2013] Extracted 'Module-Build-0.4007/t/basic.t'
[MSG] [Mon Jul 29 16:32:07 2013] Extracted 'Module-Build-0.4007/t/add_property.t'
[MSG] [Mon Jul 29 16:32:07 2013] Extracted 'Module-Build-0.4007/t/pod_parser.t'
[MSG] [Mon Jul 29 16:32:07 2013] Extracted 'Module-Build-0.4007/t/test_types.t'
[MSG] [Mon Jul 29 16:32:07 2013] Extracted 'Module-Build-0.4007/t/files.t'
[MSG] [Mon Jul 29 16:32:07 2013] Extracted 'Module-Build-0.4007/t/install.t'
[MSG] [Mon Jul 29 16:32:07 2013] Extracted 'Module-Build-0.4007/t/metadata2.t'
[MSG] [Mon Jul 29 16:32:07 2013] Extracted 'Module-Build-0.4007/t/sample.t'
[MSG] [Mon Jul 29 16:32:07 2013] Extracted 'Module-Build-0.4007/t/mymeta.t'
[MSG] [Mon Jul 29 16:32:07 2013] Extracted 'Module-Build-0.4007/t/script_dist.t'
[MSG] [Mon Jul 29 16:32:07 2013] Extracted 'Module-Build-0.4007/t/PL_files.t'
[MSG] [Mon Jul 29 16:32:07 2013] Extracted 'Module-Build-0.4007/t/notes.t'
[MSG] [Mon Jul 29 16:32:07 2013] Extracted 'Module-Build-0.4007/t/unit_run_test_harness.t'
[MSG] [Mon Jul 29 16:32:07 2013] Extracted 'Module-Build-0.4007/t/add_property_array.t'
[MSG] [Mon Jul 29 16:32:07 2013] Extracted 'Module-Build-0.4007/t/parents.t'
[MSG] [Mon Jul 29 16:32:07 2013] Extracted 'Module-Build-0.4007/t/README.pod'
[MSG] [Mon Jul 29 16:32:07 2013] Extracted 'Module-Build-0.4007/t/properties'
[MSG] [Mon Jul 29 16:32:07 2013] Extracted 'Module-Build-0.4007/t/properties/requires.t'
[MSG] [Mon Jul 29 16:32:07 2013] Extracted 'Module-Build-0.4007/t/properties/license.t'
[MSG] [Mon Jul 29 16:32:07 2013] Extracted 'Module-Build-0.4007/t/properties/needs_compiler.t'
[MSG] [Mon Jul 29 16:32:07 2013] Extracted 'Module-Build-0.4007/t/properties/release_status.t'
[MSG] [Mon Jul 29 16:32:07 2013] Extracted 'Module-Build-0.4007/t/properties/dist_suffix.t'
[MSG] [Mon Jul 29 16:32:07 2013] Extracted 'Module-Build-0.4007/t/properties/share_dir.t'
[MSG] [Mon Jul 29 16:32:07 2013] Extracted 'Module-Build-0.4007/t/properties/module_name.t'
[MSG] [Mon Jul 29 16:32:07 2013] Extracted 'Module-Build-0.4007/t/lib'
[MSG] [Mon Jul 29 16:32:07 2013] Extracted 'Module-Build-0.4007/t/lib/DistGen.pm'
[MSG] [Mon Jul 29 16:32:07 2013] Extracted 'Module-Build-0.4007/t/lib/MBTest.pm'
[MSG] [Mon Jul 29 16:32:07 2013] Extracted 'Module-Build-0.4007/t/lib/Module'
[MSG] [Mon Jul 29 16:32:07 2013] Extracted 'Module-Build-0.4007/t/lib/Module/Signature.pm'
[MSG] [Mon Jul 29 16:32:07 2013] Extracted 'Module-Build-0.4007/t/lib/Software'
[MSG] [Mon Jul 29 16:32:07 2013] Extracted 'Module-Build-0.4007/t/lib/Software/License'
[MSG] [Mon Jul 29 16:32:07 2013] Extracted 'Module-Build-0.4007/t/lib/Software/License/VaporWare.pm'
[MSG] [Mon Jul 29 16:32:07 2013] Extracted 'Module-Build-0.4007/t/actions'
[MSG] [Mon Jul 29 16:32:07 2013] Extracted 'Module-Build-0.4007/t/actions/installdeps.t'
[MSG] [Mon Jul 29 16:32:07 2013] Extracted 'Module-Build-0.4007/t/actions/manifest_skip.t'
[MSG] [Mon Jul 29 16:32:08 2013] Extracted 'Module-Build-0.4007/t/bundled'
[MSG] [Mon Jul 29 16:32:08 2013] Extracted 'Module-Build-0.4007/t/bundled/Software'
[MSG] [Mon Jul 29 16:32:08 2013] Extracted 'Module-Build-0.4007/t/bundled/Software/License.pm'
[MSG] [Mon Jul 29 16:32:08 2013] Extracted 'Module-Build-0.4007/t/bundled/Tie'
[MSG] [Mon Jul 29 16:32:08 2013] Extracted 'Module-Build-0.4007/t/bundled/Tie/CPHash.pm'
[MSG] [Mon Jul 29 16:32:08 2013] Extracted 'Module-Build-0.4007/t/compat'
[MSG] [Mon Jul 29 16:32:08 2013] Extracted 'Module-Build-0.4007/t/compat/exit.t'
[MSG] [Mon Jul 29 16:32:08 2013] Extracted 'Module-Build-0.4007/lib'
[MSG] [Mon Jul 29 16:32:08 2013] Extracted 'Module-Build-0.4007/lib/inc'
[MSG] [Mon Jul 29 16:32:08 2013] Extracted 'Module-Build-0.4007/lib/inc/latest.pm'
[MSG] [Mon Jul 29 16:32:08 2013] Extracted 'Module-Build-0.4007/lib/inc/latest'
[MSG] [Mon Jul 29 16:32:08 2013] Extracted 'Module-Build-0.4007/lib/inc/latest/private.pm'
[MSG] [Mon Jul 29 16:32:08 2013] Extracted 'Module-Build-0.4007/lib/Module'
[MSG] [Mon Jul 29 16:32:08 2013] Extracted 'Module-Build-0.4007/lib/Module/Build.pm'
[MSG] [Mon Jul 29 16:32:08 2013] Extracted 'Module-Build-0.4007/lib/Module/Build'
[MSG] [Mon Jul 29 16:32:08 2013] Extracted 'Module-Build-0.4007/lib/Module/Build/PodParser.pm'
[MSG] [Mon Jul 29 16:32:08 2013] Extracted 'Module-Build-0.4007/lib/Module/Build/Base.pm'
[MSG] [Mon Jul 29 16:32:08 2013] Extracted 'Module-Build-0.4007/lib/Module/Build/Authoring.pod'
[MSG] [Mon Jul 29 16:32:08 2013] Extracted 'Module-Build-0.4007/lib/Module/Build/Config.pm'
[MSG] [Mon Jul 29 16:32:08 2013] Extracted 'Module-Build-0.4007/lib/Module/Build/YAML.pm'
[MSG] [Mon Jul 29 16:32:08 2013] Extracted 'Module-Build-0.4007/lib/Module/Build/Dumper.pm'
[MSG] [Mon Jul 29 16:32:08 2013] Extracted 'Module-Build-0.4007/lib/Module/Build/Cookbook.pm'
[MSG] [Mon Jul 29 16:32:08 2013] Extracted 'Module-Build-0.4007/lib/Module/Build/Bundling.pod'
[MSG] [Mon Jul 29 16:32:08 2013] Extracted 'Module-Build-0.4007/lib/Module/Build/ModuleInfo.pm'
[MSG] [Mon Jul 29 16:32:08 2013] Extracted 'Module-Build-0.4007/lib/Module/Build/Notes.pm'
[MSG] [Mon Jul 29 16:32:08 2013] Extracted 'Module-Build-0.4007/lib/Module/Build/API.pod'
[MSG] [Mon Jul 29 16:32:08 2013] Extracted 'Module-Build-0.4007/lib/Module/Build/PPMMaker.pm'
[MSG] [Mon Jul 29 16:32:08 2013] Extracted 'Module-Build-0.4007/lib/Module/Build/Compat.pm'
[MSG] [Mon Jul 29 16:32:08 2013] Extracted 'Module-Build-0.4007/lib/Module/Build/Version.pm'
[MSG] [Mon Jul 29 16:32:08 2013] Extracted 'Module-Build-0.4007/lib/Module/Build/Platform'
[MSG] [Mon Jul 29 16:32:08 2013] Extracted 'Module-Build-0.4007/lib/Module/Build/Platform/os2.pm'
[MSG] [Mon Jul 29 16:32:08 2013] Extracted 'Module-Build-0.4007/lib/Module/Build/Platform/Windows.pm'
[MSG] [Mon Jul 29 16:32:08 2013] Extracted 'Module-Build-0.4007/lib/Module/Build/Platform/cygwin.pm'
[MSG] [Mon Jul 29 16:32:08 2013] Extracted 'Module-Build-0.4007/lib/Module/Build/Platform/VMS.pm'
[MSG] [Mon Jul 29 16:32:08 2013] Extracted 'Module-Build-0.4007/lib/Module/Build/Platform/aix.pm'
[MSG] [Mon Jul 29 16:32:08 2013] Extracted 'Module-Build-0.4007/lib/Module/Build/Platform/Unix.pm'
[MSG] [Mon Jul 29 16:32:08 2013] Extracted 'Module-Build-0.4007/lib/Module/Build/Platform/VOS.pm'
[MSG] [Mon Jul 29 16:32:08 2013] Extracted 'Module-Build-0.4007/lib/Module/Build/Platform/MacOS.pm'
[MSG] [Mon Jul 29 16:32:08 2013] Extracted 'Module-Build-0.4007/lib/Module/Build/Platform/Default.pm'
[MSG] [Mon Jul 29 16:32:08 2013] Extracted 'Module-Build-0.4007/lib/Module/Build/Platform/darwin.pm'
[MSG] [Mon Jul 29 16:32:08 2013] Extracted 'Module-Build-0.4007/inc'
[MSG] [Mon Jul 29 16:32:08 2013] Extracted 'Module-Build-0.4007/inc/bootstrap.pl'
[MSG] [Mon Jul 29 16:32:08 2013] Extracted 'Module-Build-0.4007/inc/MBVersion.pm'
[MSG] [Mon Jul 29 16:32:08 2013] Extracted 'Module-Build-0.4007/inc/Module'
[MSG] [Mon Jul 29 16:32:08 2013] Extracted 'Module-Build-0.4007/inc/Module/Metadata.pm'
[MSG] [Mon Jul 29 16:32:08 2013] Extracted 'Module-Build-0.4007/inc/Perl'
[MSG] [Mon Jul 29 16:32:08 2013] Extracted 'Module-Build-0.4007/inc/Perl/OSType.pm'
[MSG] [Mon Jul 29 16:32:08 2013] Extracted 'Module-Build-0.4007/bin'
[MSG] [Mon Jul 29 16:32:08 2013] Extracted 'Module-Build-0.4007/bin/config_data'
[MSG] [Mon Jul 29 16:32:08 2013] Extracted 'Module-Build-0.4007/contrib'
[MSG] [Mon Jul 29 16:32:08 2013] Extracted 'Module-Build-0.4007/contrib/bash_completion.module-build'
[MSG] [Mon Jul 29 16:32:08 2013] Extracted 'Module::Build' to '/home/cpanbuilder/.cpanplus/5.14.2/build/Module-Build-0.4007'
[MSG] [Mon Jul 29 16:32:09 2013] # running Build.PL --installdirs site
Created MYMETA.yml and MYMETA.json
Creating new 'Build' script for 'Module-Build' version '0.4007'
[MSG] [Mon Jul 29 16:32:10 2013] DEFAULT 'filter_prereqs' HANDLER RETURNING 'sub return value'
[MSG] [Mon Jul 29 16:32:10 2013] /usr/bin/perl Build --makefile_env_macros 1
Building Module-Build
[MSG] [Mon Jul 29 16:34:56 2013] MAKE TEST passed: /usr/bin/perl Build --makefile_env_macros 1 test
t/00-compile.t ................. ok
t/PL_files.t ................... ok
t/actions/installdeps.t ........ ok
t/actions/manifest_skip.t ...... ok
t/add_property.t ............... ok
t/add_property_array.t ......... ok
t/add_property_hash.t .......... ok
t/basic.t ...................... ok
t/bundle_inc.t ................. skipped: $ENV{MB_TEST_EXPERIMENTAL} is not set
t/compat.t ..................... ok
t/compat/exit.t ................ ok
t/debug.t ...................... ok
t/destinations.t ............... ok
t/ext.t ........................ ok
t/extend.t ..................... ok
t/files.t ...................... ok
t/help.t ....................... ok
t/install.t .................... ok
t/install_extra_target.t ....... ok
t/manifypods.t ................. ok
t/manifypods_with_utf8.t ....... ok
t/metadata.t ................... ok
t/metadata2.t .................. ok
t/mymeta.t ..................... ok
t/new_from_context.t ........... ok
t/notes.t ...................... ok
t/par.t ........................ skipped: PAR::Dist 0.17 or up not installed to check .par's.
t/parents.t .................... ok
t/perl_mb_opt.t ................ ok
t/pod_parser.t ................. ok
t/ppm.t ........................ ok
t/properties/dist_suffix.t ..... ok
t/properties/license.t ......... ok
t/properties/module_name.t ..... ok
t/properties/needs_compiler.t .. ok
t/properties/release_status.t .. ok
t/properties/requires.t ........ ok
t/properties/share_dir.t ....... ok
t/resume.t ..................... ok
t/runthrough.t ................. ok
t/sample.t ..................... ok
t/script_dist.t ................ ok
t/signature.t .................. ok
t/test_file_exts.t ............. ok
t/test_type.t .................. ok
t/test_types.t ................. ok
t/tilde.t ...................... ok
t/unit_run_test_harness.t ...... ok
t/use_tap_harness.t ............ ok
t/versions.t ................... ok
t/write_default_maniskip.t ..... ok
t/xs.t ......................... ok
All tests successful.
Files=52, Tests=1129, 165 wallclock secs ( 1.24 usr 0.23 sys + 136.17 cusr 25.12 csys = 162.76 CPU)
Result: PASS
[MSG] [Mon Jul 29 16:34:56 2013] Sending test report for 'Module-Build-0.4007'
[MSG] [Mon Jul 29 16:34:56 2013] Ok, not sending test report
[MSG] [Mon Jul 29 16:34:57 2013] Checking prerequisites...
recommends:
* PPI is not installed
ERRORS/WARNINGS FOUND IN PREREQUISITES. You may wish to install the versions
of the modules indicated above before proceeding with this installation
Created MYMETA.yml and MYMETA.json
Creating new 'Build' script for 'Marpa-R2' version '2.065_003'
[MSG] [Mon Jul 29 16:34:58 2013] DEFAULT 'filter_prereqs' HANDLER RETURNING 'sub return value'
[MSG] [Mon Jul 29 16:36:07 2013] Building Marpa-R2
Writing version files
Running [/bin/sh configure --disable-static]...
checking for a BSD-compatible install... /usr/bin/install -c
checking whether build environment is sane... yes
checking for a thread-safe mkdir -p... /bin/mkdir -p
checking for gawk... no
checking for mawk... mawk
checking whether make sets $(MAKE)... yes
checking build system type... x86_64-unknown-linux-gnu
checking host system type... x86_64-unknown-linux-gnu
checking how to print strings... printf
checking for style of include used by make... GNU
checking for gcc... gcc
checking whether the C compiler works... yes
checking for C compiler default output file name... a.out
checking for suffix of executables...
checking whether we are cross compiling... no
checking for suffix of object files... o
checking whether we are using the GNU C compiler... yes
checking whether gcc accepts -g... yes
checking for gcc option to accept ISO C89... none needed
checking dependency style of gcc... gcc3
checking for a sed that does not truncate output... /bin/sed
checking for grep that handles long lines and -e... /bin/grep
checking for egrep... /bin/grep -E
checking for fgrep... /bin/grep -F
checking for ld used by gcc... /usr/bin/ld
checking if the linker (/usr/bin/ld) is GNU ld... yes
checking for BSD- or MS-compatible name lister (nm)... /usr/bin/nm -B
checking the name lister (/usr/bin/nm -B) interface... BSD nm
checking whether ln -s works... yes
checking the maximum length of command line arguments... 1572864
checking whether the shell understands some XSI constructs... yes
checking whether the shell understands "+="... yes
checking how to convert x86_64-unknown-linux-gnu file names to x86_64-unknown-linux-gnu format... func_convert_file_noop
checking how to convert x86_64-unknown-linux-gnu file names to toolchain format... func_convert_file_noop
checking for /usr/bin/ld option to reload object files... -r
checking for objdump... objdump
checking how to recognize dependent libraries... pass_all
checking for dlltool... no
checking how to associate runtime and link libraries... printf %s\n
checking for ar... ar
checking for archiver @FILE support... @
checking for strip... strip
checking for ranlib... ranlib
checking command to parse /usr/bin/nm -B output from gcc object... ok
checking for sysroot... no
checking for mt... mt
checking if mt is a manifest tool... no
checking how to run the C preprocessor... gcc -E
checking for ANSI C header files... yes
checking for sys/types.h... yes
checking for sys/stat.h... yes
checking for stdlib.h... yes
checking for string.h... yes
checking for memory.h... yes
checking for strings.h... yes
checking for inttypes.h... yes
checking for stdint.h... yes
checking for unistd.h... yes
checking for dlfcn.h... yes
checking for objdir... .libs
checking if gcc supports -fno-rtti -fno-exceptions... no
checking for gcc option to produce PIC... -fPIC -DPIC
checking if gcc PIC flag -fPIC -DPIC works... yes
checking if gcc static flag -static works... yes
checking if gcc supports -c -o file.o... yes
checking if gcc supports -c -o file.o... (cached) yes
checking whether the gcc linker (/usr/bin/ld -m elf_x86_64) supports shared libraries... yes
checking whether -lc should be explicitly linked in... no
checking dynamic linker characteristics... GNU/Linux ld.so
checking how to hardcode library paths into programs... immediate
checking whether stripping libraries is possible... yes
checking if libtool supports shared libraries... yes
checking whether to build shared libraries... yes
checking whether to build static libraries... no
checking for gcc... (cached) gcc
checking whether we are using the GNU C compiler... (cached) yes
checking whether gcc accepts -g... (cached) yes
checking for gcc option to accept ISO C89... (cached) none needed
checking dependency style of gcc... (cached) gcc3
checking how to run the C preprocessor... gcc -E
checking whether ln -s works... yes
checking for inttypes.h... (cached) yes
checking stddef.h usability... yes
checking stddef.h presence... yes
checking for stddef.h... yes
checking for stdint.h... (cached) yes
checking for stdlib.h... (cached) yes
checking for string.h... (cached) yes
checking limits.h usability... yes
checking limits.h presence... yes
checking for limits.h... yes
checking for memset... yes
checking for size_t... yes
checking whether GCC handles -Wextra... -Wextra
checking whether GCC handles -Wdeclaration-after-statement... -Wdeclaration-after-statement
checking for unsigned long long int... yes
checking for uintmax_t... yes
checking for long long int... yes
checking for intmax_t... yes
checking for inline... inline
configure: creating ./config.status
config.status: creating Makefile
config.status: creating VERSION
config.status: creating config.h
config.status: executing depfiles commands
config.status: executing libtool commands
config.status: executing marpa_config.h commands
Running [make]...
make all-am
make[1]: Entering directory `/home/cpanbuilder/.cpanplus/5.14.2/build/Marpa-R2-2.065_003/libmarpa_build'
/bin/sh ./libtool --tag=CC --mode=compile gcc -DHAVE_CONFIG_H -I. -Wundef -Wendif-labels -Wall -Wextra -Wdeclaration-after-statement -Wpointer-arith -Wstrict-prototypes -Wwrite-strings -Wshadow -Winline -Wmissing-declarations -ansi -pedantic -g -O2 -MT marpa_obs.lo -MD -MP -MF .deps/marpa_obs.Tpo -c -o marpa_obs.lo marpa_obs.c
libtool: compile: gcc -DHAVE_CONFIG_H -I. -Wundef -Wendif-labels -Wall -Wextra -Wdeclaration-after-statement -Wpointer-arith -Wstrict-prototypes -Wwrite-strings -Wshadow -Winline -Wmissing-declarations -ansi -pedantic -g -O2 -MT marpa_obs.lo -MD -MP -MF .deps/marpa_obs.Tpo -c marpa_obs.c -fPIC -DPIC -o .libs/marpa_obs.o
mv -f .deps/marpa_obs.Tpo .deps/marpa_obs.Plo
/bin/sh ./libtool --tag=CC --mode=compile gcc -DHAVE_CONFIG_H -I. -Wundef -Wendif-labels -Wall -Wextra -Wdeclaration-after-statement -Wpointer-arith -Wstrict-prototypes -Wwrite-strings -Wshadow -Winline -Wmissing-declarations -ansi -pedantic -g -O2 -MT marpa.lo -MD -MP -MF .deps/marpa.Tpo -c -o marpa.lo marpa.c
libtool: compile: gcc -DHAVE_CONFIG_H -I. -Wundef -Wendif-labels -Wall -Wextra -Wdeclaration-after-statement -Wpointer-arith -Wstrict-prototypes -Wwrite-strings -Wshadow -Winline -Wmissing-declarations -ansi -pedantic -g -O2 -MT marpa.lo -MD -MP -MF .deps/marpa.Tpo -c marpa.c -fPIC -DPIC -o .libs/marpa.o
./marpa.w: In function 'marpa_r_start_input':
./marpa.w:9368:43: warning: value computed is not used [-Wunused-value]
./marpa.w:9379:45: warning: value computed is not used [-Wunused-value]
In file included from ./marpa.w:16219:0:
./marpa.w: In function 'my_malloc':
./marpa.w:15693:6: warning: inlining failed in call to 'my_malloc.part.32': call is unlikely and code size would grow [-Winline]
./marpa.w:15693:6: warning: called from here [-Winline]
./marpa.w: In function 'psl_new.isra.33':
./marpa.w:15693:6: warning: inlining failed in call to 'my_malloc.part.32': call is unlikely and code size would grow [-Winline]
./marpa.w:15467:13: warning: called from here [-Winline]
./marpa.w: In function 'tree_free':
./marpa.w:12337:1: warning: inlining failed in call to 'bocage_free': --param inline-unit-growth limit reached [-Winline]
./marpa.w:12303:12: warning: called from here [-Winline]
In file included from ./marpa.w:16219:0:
./marpa.w: In function 'dstack_resize2':
./marpa.w:15693:6: warning: inlining failed in call to 'my_malloc': call is unlikely and code size would grow [-Winline]
./marpa.w:15717:1: warning: called from here [-Winline]
./marpa.w: In function 'create_predicted_AHFA_state':
./marpa.w:15140:13: warning: inlining failed in call to 'cil_buffer_add': --param inline-unit-growth limit reached [-Winline]
./marpa.w:15119:1: warning: called from here [-Winline]
In file included from ./marpa.w:16219:0:
./marpa.w:15693:6: warning: inlining failed in call to 'my_malloc.part.32': call is unlikely and code size would grow [-Winline]
./marpa.w:6096:1: warning: called from here [-Winline]
./marpa.w:14571:1: warning: inlining failed in call to 'bv_count': --param inline-unit-growth limit reached [-Winline]
./marpa.w:6172:9: warning: called from here [-Winline]
In file included from ./marpa.w:16219:0:
./marpa.w: In function 'postdot_items_create':
./marpa.w:15693:6: warning: inlining failed in call to 'my_malloc': call is unlikely and code size would grow [-Winline]
./marpa.w:15717:1: warning: called from here [-Winline]
./marpa.w:15140:13: warning: inlining failed in call to 'cil_buffer_add': --param inline-unit-growth limit reached [-Winline]
./marpa.w:15314:1: warning: called from here [-Winline]
In file included from ./marpa.w:16219:0:
./marpa.w:15693:6: warning: inlining failed in call to 'my_malloc': call is unlikely and code size would grow [-Winline]
./marpa.w:15717:1: warning: called from here [-Winline]
./marpa.w: In function 'earley_item_assign':
./marpa.w:15467:13: warning: inlining failed in call to 'psl_new.isra.33': function not considered for inlining [-Winline]
./marpa.w:15565:36: warning: called from here [-Winline]
In file included from ./marpa.w:16219:0:
./marpa.w: In function 'marpa_g_new':
./marpa.w:15693:6: warning: inlining failed in call to 'my_malloc.part.32': call is unlikely and code size would grow [-Winline]
./marpa.w:627:15: warning: called from here [-Winline]
In file included from ./marpa.w:16219:0:
./marpa.w:15693:6: warning: inlining failed in call to 'my_malloc.part.32': call is unlikely and code size would grow [-Winline]
./marpa.w:627:15: warning: called from here [-Winline]
In file included from ./marpa.w:16219:0:
./marpa.w:15693:6: warning: inlining failed in call to 'my_malloc.part.32': call is unlikely and code size would grow [-Winline]
./marpa.w:627:15: warning: called from here [-Winline]
In file included from ./marpa.w:16219:0:
./marpa.w:15693:6: warning: inlining failed in call to 'my_malloc.part.32': call is unlikely and code size would grow [-Winline]
./marpa.w:627:15: warning: called from here [-Winline]
In file included from ./marpa.w:16219:0:
./marpa.w:15693:6: warning: inlining failed in call to 'my_malloc.part.32': call is unlikely and code size would grow [-Winline]
./marpa.w:627:15: warning: called from here [-Winline]
./marpa.w: In function 'marpa_g_unref':
./marpa.w:686:6: warning: inlining failed in call to 'grammar_free': --param inline-unit-growth limit reached [-Winline]
./marpa.w:664:13: warning: called from here [-Winline]
In file included from ./marpa.w:16219:0:
./marpa.w: In function 'marpa_g_precompute':
./marpa.w:15693:6: warning: inlining failed in call to 'my_malloc.part.32': call is unlikely and code size would grow [-Winline]
./marpa.w:2959:5: warning: called from here [-Winline]
./marpa.w:1023:6: warning: inlining failed in call to 'int_event_new': call is unlikely and code size would grow [-Winline]
./marpa.w:3295:14: warning: called from here [-Winline]
In file included from ./marpa.w:16219:0:
./marpa.w:15693:6: warning: inlining failed in call to 'my_malloc.part.32': call is unlikely and code size would grow [-Winline]
./marpa.w:2959:5: warning: called from here [-Winline]
In file included from ./marpa.w:16219:0:
./marpa.w:15693:6: warning: inlining failed in call to 'my_malloc.part.32': call is unlikely and code size would grow [-Winline]
./marpa.w:2959:5: warning: called from here [-Winline]
./marpa.w:1023:6: warning: inlining failed in call to 'int_event_new': call is unlikely and code size would grow [-Winline]
./marpa.w:3429:14: warning: called from here [-Winline]
In file included from ./marpa.w:16219:0:
./marpa.w:15693:6: warning: inlining failed in call to 'my_malloc.part.32': call is unlikely and code size would grow [-Winline]
./marpa.w:2959:5: warning: called from here [-Winline]
./marpa.w:1023:6: warning: inlining failed in call to 'int_event_new': call is unlikely and code size would grow [-Winline]
./marpa.w:4381:14: warning: called from here [-Winline]
In file included from ./marpa.w:16219:0:
./marpa.w:15693:6: warning: inlining failed in call to 'my_malloc.part.32': call is unlikely and code size would grow [-Winline]
./marpa.w:2959:5: warning: called from here [-Winline]
In file included from ./marpa.w:16219:0:
./marpa.w:15693:6: warning: inlining failed in call to 'my_malloc.part.32': call is unlikely and code size would grow [-Winline]
./marpa.w:2959:5: warning: called from here [-Winline]
./marpa.w:2016:1: warning: inlining failed in call to 'irl_start': call is unlikely and code size would grow [-Winline]
./marpa.w:3617:12: warning: called from here [-Winline]
./marpa.w:2016:1: warning: inlining failed in call to 'irl_start': call is unlikely and code size would grow [-Winline]
./marpa.w:4181:5: warning: called from here [-Winline]
./marpa.w:2016:1: warning: inlining failed in call to 'irl_start': call is unlikely and code size would grow [-Winline]
./marpa.w:4250:5: warning: called from here [-Winline]
./marpa.w:2016:1: warning: inlining failed in call to 'irl_start': call is unlikely and code size would grow [-Winline]
./marpa.w:2039:11: warning: called from here [-Winline]
In file included from ./marpa.w:16219:0:
./marpa.w:15693:6: warning: inlining failed in call to 'my_malloc.part.32': function not considered for inlining [-Winline]
./marpa.w:2959:5: warning: called from here [-Winline]
In file included from ./marpa.w:16219:0:
./marpa.w:15693:6: warning: inlining failed in call to 'my_malloc': call is unlikely and code size would grow [-Winline]
./marpa.w:15717:1: warning: called from here [-Winline]
./marpa.w:15693:6: warning: inlining failed in call to 'my_malloc.part.32': function not considered for inlining [-Winline]
./marpa.w:2959:5: warning: called from here [-Winline]
In file included from ./marpa.w:16219:0:
./marpa.w:15693:6: warning: inlining failed in call to 'my_malloc.part.32': call is unlikely and code size would grow [-Winline]
./marpa.w:2959:5: warning: called from here [-Winline]
In file included from ./marpa.w:16219:0:
./marpa.w:15693:6: warning: inlining failed in call to 'my_malloc.part.32': call is unlikely and code size would grow [-Winline]
./marpa.w:2959:5: warning: called from here [-Winline]
In file included from ./marpa.w:16219:0:
./marpa.w:15693:6: warning: inlining failed in call to 'my_malloc.part.32': call is unlikely and code size would grow [-Winline]
./marpa.w:2959:5: warning: called from here [-Winline]
In file included from ./marpa.w:16219:0:
./marpa.w:15693:6: warning: inlining failed in call to 'my_malloc.part.32': call is unlikely and code size would grow [-Winline]
./marpa.w:2959:5: warning: called from here [-Winline]
./marpa.w:6279:9: warning: inlining failed in call to 'transition_new': function not considered for inlining [-Winline]
./marpa.w:6306:42: warning: called from here [-Winline]
./marpa.w:6279:9: warning: inlining failed in call to 'transition_new': --param inline-unit-growth limit reached [-Winline]
./marpa.w:6306:42: warning: called from here [-Winline]
./marpa.w:15140:13: warning: inlining failed in call to 'cil_buffer_add': call is unlikely and code size would grow [-Winline]
./marpa.w:15130:1: warning: called from here [-Winline]
./marpa.w:6279:9: warning: inlining failed in call to 'transition_new': call is unlikely and code size would grow [-Winline]
./marpa.w:6324:42: warning: called from here [-Winline]
./marpa.w:6279:9: warning: inlining failed in call to 'transition_new': function not considered for inlining [-Winline]
./marpa.w:6306:42: warning: called from here [-Winline]
./marpa.w:6279:9: warning: inlining failed in call to 'transition_new': function not considered for inlining [-Winline]
./marpa.w:6324:42: warning: called from here [-Winline]
./marpa.w:6279:9: warning: inlining failed in call to 'transition_new': function not considered for inlining [-Winline]
./marpa.w:6306:42: warning: called from here [-Winline]
In file included from ./marpa.w:16219:0:
./marpa.w:15693:6: warning: inlining failed in call to 'my_malloc.part.32': call is unlikely and code size would grow [-Winline]
./marpa.w:2959:5: warning: called from here [-Winline]
In file included from ./marpa.w:16219:0:
./marpa.w:15693:6: warning: inlining failed in call to 'my_malloc.part.32': call is unlikely and code size would grow [-Winline]
./marpa.w:2959:5: warning: called from here [-Winline]
In file included from ./marpa.w:16219:0:
./marpa.w:15693:6: warning: inlining failed in call to 'my_malloc.part.32': call is unlikely and code size would grow [-Winline]
./marpa.w:2959:5: warning: called from here [-Winline]
In file included from ./marpa.w:16219:0:
./marpa.w:15693:6: warning: inlining failed in call to 'my_malloc.part.32': call is unlikely and code size would grow [-Winline]
./marpa.w:2959:5: warning: called from here [-Winline]
In file included from ./marpa.w:16219:0:
./marpa.w:15693:6: warning: inlining failed in call to 'my_malloc': call is unlikely and code size would grow [-Winline]
./marpa.w:15101:1: warning: called from here [-Winline]
In file included from ./marpa.w:16219:0:
./marpa.w: In function 'marpa_r_new':
./marpa.w:15693:6: warning: inlining failed in call to 'my_malloc.part.32': call is unlikely and code size would grow [-Winline]
./marpa.w:6691:18: warning: called from here [-Winline]
In file included from ./marpa.w:16219:0:
./marpa.w:15693:6: warning: inlining failed in call to 'my_malloc.part.32': call is unlikely and code size would grow [-Winline]
./marpa.w:6691:18: warning: called from here [-Winline]
In file included from ./marpa.w:16219:0:
./marpa.w:15693:6: warning: inlining failed in call to 'my_malloc.part.32': call is unlikely and code size would grow [-Winline]
./marpa.w:6691:18: warning: called from here [-Winline]
In file included from ./marpa.w:16219:0:
./marpa.w:15693:6: warning: inlining failed in call to 'my_malloc.part.32': call is unlikely and code size would grow [-Winline]
./marpa.w:6691:18: warning: called from here [-Winline]
./marpa.w: In function 'marpa_r_unref':
./marpa.w:686:6: warning: inlining failed in call to 'grammar_free': --param inline-unit-growth limit reached [-Winline]
./marpa.w:664:13: warning: called from here [-Winline]
In file included from ./marpa.w:16219:0:
./marpa.w: In function 'marpa_r_earley_set_value':
./marpa.w:15693:6: warning: inlining failed in call to 'my_malloc.part.32': call is unlikely and code size would grow [-Winline]
./marpa.w:7320:5: warning: called from here [-Winline]
In file included from ./marpa.w:16219:0:
./marpa.w: In function 'marpa_r_earley_set_values':
./marpa.w:15693:6: warning: inlining failed in call to 'my_malloc.part.32': call is unlikely and code size would grow [-Winline]
./marpa.w:7344:1: warning: called from here [-Winline]
In file included from ./marpa.w:16219:0:
./marpa.w: In function 'marpa_r_earleme':
./marpa.w:15693:6: warning: inlining failed in call to 'my_malloc.part.32': call is unlikely and code size would grow [-Winline]
./marpa.w:7453:15: warning: called from here [-Winline]
In file included from ./marpa.w:16219:0:
./marpa.w: In function '_marpa_r_earley_set_size':
./marpa.w:15693:6: warning: inlining failed in call to 'my_malloc.part.32': call is unlikely and code size would grow [-Winline]
./marpa.w:7477:5: warning: called from here [-Winline]
In file included from ./marpa.w:16219:0:
./marpa.w: In function '_marpa_r_earley_set_trace':
./marpa.w:15693:6: warning: inlining failed in call to 'my_malloc.part.32': call is unlikely and code size would grow [-Winline]
./marpa.w:7730:1: warning: called from here [-Winline]
In file included from ./marpa.w:16219:0:
./marpa.w: In function 'marpa_r_start_input':
./marpa.w:15693:6: warning: inlining failed in call to 'my_malloc.part.32': call is unlikely and code size would grow [-Winline]
./marpa.w:9059:5: warning: called from here [-Winline]
In file included from ./marpa.w:16219:0:
./marpa.w:15693:6: warning: inlining failed in call to 'my_malloc.part.32': call is unlikely and code size would grow [-Winline]
./marpa.w:9059:5: warning: called from here [-Winline]
In file included from ./marpa.w:16219:0:
./marpa.w:15693:6: warning: inlining failed in call to 'my_malloc.part.32': call is unlikely and code size would grow [-Winline]
./marpa.w:9059:5: warning: called from here [-Winline]
./marpa.w:7580:13: warning: inlining failed in call to 'earley_item_create': --param inline-unit-growth limit reached [-Winline]
./marpa.w:9098:19: warning: called from here [-Winline]
./marpa.w:7580:13: warning: inlining failed in call to 'earley_item_create': --param inline-unit-growth limit reached [-Winline]
./marpa.w:9102:19: warning: called from here [-Winline]
./marpa.w:9634:14: warning: inlining failed in call to 'trigger_events': --param max-inline-insns-single limit reached [-Winline]
./marpa.w:9107:15: warning: called from here [-Winline]
In file included from ./marpa.w:16219:0:
./marpa.w: In function 'marpa_r_earleme_complete':
./marpa.w:15693:6: warning: inlining failed in call to 'my_malloc.part.32': call is unlikely and code size would grow [-Winline]
./marpa.w:9406:1: warning: called from here [-Winline]
./marpa.w:7601:1: warning: inlining failed in call to 'earley_item_assign': --param inline-unit-growth limit reached [-Winline]
./marpa.w:9518:20: warning: called from here [-Winline]
./marpa.w:7601:1: warning: inlining failed in call to 'earley_item_assign': --param inline-unit-growth limit reached [-Winline]
./marpa.w:9525:20: warning: called from here [-Winline]
./marpa.w:15467:13: warning: inlining failed in call to 'psl_new.isra.33': --param inline-unit-growth limit reached [-Winline]
./marpa.w:15565:36: warning: called from here [-Winline]
./marpa.w:15467:13: warning: inlining failed in call to 'psl_new.isra.33': function not considered for inlining [-Winline]
./marpa.w:15565:36: warning: called from here [-Winline]
./marpa.w:7580:13: warning: inlining failed in call to 'earley_item_create': --param inline-unit-growth limit reached [-Winline]
./marpa.w:7624:4: warning: called from here [-Winline]
./marpa.w:7601:1: warning: inlining failed in call to 'earley_item_assign': --param inline-unit-growth limit reached [-Winline]
./marpa.w:9623:7: warning: called from here [-Winline]
./marpa.w:14571:1: warning: inlining failed in call to 'bv_count': --param inline-unit-growth limit reached [-Winline]
./marpa.w:9437:38: warning: called from here [-Winline]
./marpa.w:9634:14: warning: inlining failed in call to 'trigger_events': --param max-inline-insns-single limit reached [-Winline]
./marpa.w:9447:15: warning: called from here [-Winline]
In file included from ./marpa.w:16219:0:
./marpa.w: In function 'marpa_r_progress_report_start':
./marpa.w:15693:6: warning: inlining failed in call to 'my_malloc.part.32': call is unlikely and code size would grow [-Winline]
./marpa.w:11836:5: warning: called from here [-Winline]
In file included from ./marpa.w:16219:0:
./marpa.w: In function 'marpa_b_new':
./marpa.w:15693:6: warning: inlining failed in call to 'my_malloc.part.32': call is unlikely and code size would grow [-Winline]
./marpa.w:12076:14: warning: called from here [-Winline]
./marpa.w:10440:12: warning: inlining failed in call to 'ur_node_new.isra.23': --param inline-unit-growth limit reached [-Winline]
./marpa.w:10459:8: warning: called from here [-Winline]
./marpa.w:10440:12: warning: inlining failed in call to 'ur_node_new.isra.23': --param inline-unit-growth limit reached [-Winline]
./marpa.w:10459:8: warning: called from here [-Winline]
./marpa.w:10440:12: warning: inlining failed in call to 'ur_node_new.isra.23': --param inline-unit-growth limit reached [-Winline]
./marpa.w:10459:8: warning: called from here [-Winline]
./marpa.w:10440:12: warning: inlining failed in call to 'ur_node_new.isra.23': --param inline-unit-growth limit reached [-Winline]
./marpa.w:10459:8: warning: called from here [-Winline]
./marpa.w:10440:12: warning: inlining failed in call to 'ur_node_new.isra.23': --param inline-unit-growth limit reached [-Winline]
./marpa.w:10459:8: warning: called from here [-Winline]
In file included from ./marpa.w:16219:0:
./marpa.w:15693:6: warning: inlining failed in call to 'my_malloc.part.32': call is unlikely and code size would grow [-Winline]
./marpa.w:12076:14: warning: called from here [-Winline]
In file included from ./marpa.w:16219:0:
./marpa.w:15693:6: warning: inlining failed in call to 'my_malloc.part.32': call is unlikely and code size would grow [-Winline]
./marpa.w:12076:14: warning: called from here [-Winline]
./marpa.w:15467:13: warning: inlining failed in call to 'psl_new.isra.33': --param inline-unit-growth limit reached [-Winline]
./marpa.w:15565:36: warning: called from here [-Winline]
./marpa.w:15467:13: warning: inlining failed in call to 'psl_new.isra.33': --param inline-unit-growth limit reached [-Winline]
./marpa.w:15565:36: warning: called from here [-Winline]
In file included from ./marpa.w:16219:0:
./marpa.w:15693:6: warning: inlining failed in call to 'my_malloc': call is unlikely and code size would grow [-Winline]
./marpa.w:15717:1: warning: called from here [-Winline]
./marpa.w:15693:6: warning: inlining failed in call to 'my_malloc': call is unlikely and code size would grow [-Winline]
./marpa.w:15717:1: warning: called from here [-Winline]
./marpa.w:15693:6: warning: inlining failed in call to 'my_malloc.part.32': call is unlikely and code size would grow [-Winline]
./marpa.w:12076:14: warning: called from here [-Winline]
In file included from ./marpa.w:16219:0:
./marpa.w:15693:6: warning: inlining failed in call to 'my_malloc': call is unlikely and code size would grow [-Winline]
./marpa.w:15717:1: warning: called from here [-Winline]
./marpa.w:15693:6: warning: inlining failed in call to 'my_malloc': call is unlikely and code size would grow [-Winline]
./marpa.w:15717:1: warning: called from here [-Winline]
./marpa.w:15693:6: warning: inlining failed in call to 'my_malloc': call is unlikely and code size would grow [-Winline]
./marpa.w:15717:1: warning: called from here [-Winline]
./marpa.w:15693:6: warning: inlining failed in call to 'my_malloc.part.32': call is unlikely and code size would grow [-Winline]
./marpa.w:12076:14: warning: called from here [-Winline]
./marpa.w:15467:13: warning: inlining failed in call to 'psl_new.isra.33': --param inline-unit-growth limit reached [-Winline]
./marpa.w:15565:36: warning: called from here [-Winline]
In file included from ./marpa.w:16219:0:
./marpa.w:15693:6: warning: inlining failed in call to 'my_malloc.part.32': call is unlikely and code size would grow [-Winline]
./marpa.w:12076:14: warning: called from here [-Winline]
./marpa.w: In function 'marpa_b_unref':
./marpa.w:12337:1: warning: inlining failed in call to 'bocage_free': --param inline-unit-growth limit reached [-Winline]
./marpa.w:12303:12: warning: called from here [-Winline]
In file included from ./marpa.w:16219:0:
./marpa.w: In function 'marpa_o_new':
./marpa.w:15693:6: warning: inlining failed in call to 'my_malloc.part.32': call is unlikely and code size would grow [-Winline]
./marpa.w:12508:13: warning: called from here [-Winline]
./marpa.w: In function 'marpa_o_unref':
./marpa.w:12337:1: warning: inlining failed in call to 'bocage_free': function not considered for inlining [-Winline]
./marpa.w:12303:12: warning: called from here [-Winline]
In file included from ./marpa.w:16219:0:
./marpa.w: In function 'marpa_o_rank':
./marpa.w:15693:6: warning: inlining failed in call to 'my_malloc.part.32': call is unlikely and code size would grow [-Winline]
./marpa.w:12654:5: warning: called from here [-Winline]
In file included from ./marpa.w:16219:0:
./marpa.w: In function 'marpa_t_new':
./marpa.w:15693:6: warning: inlining failed in call to 'my_malloc.part.32': call is unlikely and code size would grow [-Winline]
./marpa.w:12954:12: warning: called from here [-Winline]
In file included from ./marpa.w:16219:0:
./marpa.w:15693:6: warning: inlining failed in call to 'my_malloc.part.32': call is unlikely and code size would grow [-Winline]
./marpa.w:12954:12: warning: called from here [-Winline]
In file included from ./marpa.w:16219:0:
./marpa.w:15693:6: warning: inlining failed in call to 'my_malloc.part.32': call is unlikely and code size would grow [-Winline]
./marpa.w:12954:12: warning: called from here [-Winline]
In file included from ./marpa.w:16219:0:
./marpa.w:15693:6: warning: inlining failed in call to 'my_malloc.part.32': call is unlikely and code size would grow [-Winline]
./marpa.w:12954:12: warning: called from here [-Winline]
./marpa.w: In function 'marpa_t_unref':
./marpa.w:13030:14: warning: inlining failed in call to 'tree_free': --param inline-unit-growth limit reached [-Winline]
./marpa.w:13005:10: warning: called from here [-Winline]
In file included from ./marpa.w:16219:0:
./marpa.w: In function 'marpa_v_new':
./marpa.w:15693:6: warning: inlining failed in call to 'my_malloc.part.32': call is unlikely and code size would grow [-Winline]
./marpa.w:13639:13: warning: called from here [-Winline]
./marpa.w: In function 'marpa_v_unref':
./marpa.w:13030:14: warning: inlining failed in call to 'tree_free': --param inline-unit-growth limit reached [-Winline]
./marpa.w:13005:10: warning: called from here [-Winline]
mv -f .deps/marpa.Tpo .deps/marpa.Plo
/bin/sh ./libtool --tag=CC --mode=compile gcc -DHAVE_CONFIG_H -I. -Wundef -Wendif-labels -Wall -Wextra -Wdeclaration-after-statement -Wpointer-arith -Wstrict-prototypes -Wwrite-strings -Wshadow -Winline -Wmissing-declarations -ansi -pedantic -g -O2 -MT avl.lo -MD -MP -MF .deps/avl.Tpo -c -o avl.lo avl.c
libtool: compile: gcc -DHAVE_CONFIG_H -I. -Wundef -Wendif-labels -Wall -Wextra -Wdeclaration-after-statement -Wpointer-arith -Wstrict-prototypes -Wwrite-strings -Wshadow -Winline -Wmissing-declarations -ansi -pedantic -g -O2 -MT avl.lo -MD -MP -MF .deps/avl.Tpo -c avl.c -fPIC -DPIC -o .libs/avl.o
mv -f .deps/avl.Tpo .deps/avl.Plo
/bin/sh ./libtool --tag=CC --mode=link gcc -Wall -Wextra -Wdeclaration-after-statement -Wpointer-arith -Wstrict-prototypes -Wwrite-strings -Wshadow -Winline -Wmissing-declarations -ansi -pedantic -g -O2 -o libmarpa.la marpa_obs.lo marpa.lo avl.lo
libtool: link: ar cru .libs/libmarpa.a .libs/marpa_obs.o .libs/marpa.o .libs/avl.o
libtool: link: ranlib .libs/libmarpa.a
libtool: link: ( cd ".libs" && rm -f "libmarpa.la" && ln -s "../libmarpa.la" "libmarpa.la" )
make[1]: Leaving directory `/home/cpanbuilder/.cpanplus/5.14.2/build/Marpa-R2-2.065_003/libmarpa_build'
cc -I/usr/lib/perl/5.14/CORE -DXS_VERSION="2.065_003" -DVERSION="2.065_003" -fPIC -c -D_REENTRANT -D_GNU_SOURCE -DDEBIAN -fstack-protector -fno-strict-aliasing -pipe -I/usr/local/include -D_LARGEFILE_SOURCE -D_FILE_OFFSET_BITS=64 -I /home/cpanbuilder/.cpanplus/5.14.2/build/Marpa-R2-2.065_003/libmarpa_build -I xs -O2 -g -o lib/Marpa/R2.o lib/Marpa/R2.c
lib/Marpa/R2.xs: In function ‘XS_Marpa__R2__Thin__SLR_g1_lexeme_complete’:
lib/Marpa/R2.xs:6041:10: warning: cast to pointer from integer of different size [-Wint-to-pointer-cast]
ExtUtils::Mkbootstrap::Mkbootstrap('blib/arch/auto/Marpa/R2/R2.bs')
cc -shared -L/usr/local/lib -fstack-protector -o blib/arch/auto/Marpa/R2/R2.so lib/Marpa/R2.o /home/cpanbuilder/.cpanplus/5.14.2/build/Marpa-R2-2.065_003/libmarpa_build/.libs/libmarpa.a
[ERROR] [Mon Jul 29 16:36:55 2013] MAKE TEST failed:
Bareword "Marpa::R2::Internal::Grammar::TRACE_FILE_HANDLE" not allowed while "strict subs" in use at /home/cpanbuilder/.cpanplus/5.14.2/build/Marpa-R2-2.065_003/blib/lib/Marpa/R2/Grammar.pm line 146.
Bareword "Marpa::R2::Internal::Grammar::TRACE_RULES" not allowed while "strict subs" in use at /home/cpanbuilder/.cpanplus/5.14.2/build/Marpa-R2-2.065_003/blib/lib/Marpa/R2/Grammar.pm line 148.
Bareword "Marpa::R2::Internal::Grammar::WARNINGS" not allowed while "strict subs" in use at /home/cpanbuilder/.cpanplus/5.14.2/build/Marpa-R2-2.065_003/blib/lib/Marpa/R2/Grammar.pm line 149.
Bareword "Marpa::R2::Internal::Grammar::INACCESSIBLE_OK" not allowed while "strict subs" in use at /home/cpanbuilder/.cpanplus/5.14.2/build/Marpa-R2-2.065_003/blib/lib/Marpa/R2/Grammar.pm line 150.
Bareword "Marpa::R2::Internal::Grammar::UNPRODUCTIVE_OK" not allowed while "strict subs" in use at /home/cpanbuilder/.cpanplus/5.14.2/build/Marpa-R2-2.065_003/blib/lib/Marpa/R2/Grammar.pm line 151.
Bareword "Marpa::R2::Internal::Grammar::INFINITE_ACTION" not allowed while "strict subs" in use at /home/cpanbuilder/.cpanplus/5.14.2/build/Marpa-R2-2.065_003/blib/lib/Marpa/R2/Grammar.pm line 152.
Bareword "Marpa::R2::Internal::Grammar::SYMBOLS" not allowed while "strict subs" in use at /home/cpanbuilder/.cpanplus/5.14.2/build/Marpa-R2-2.065_003/blib/lib/Marpa/R2/Grammar.pm line 154.
Bareword "Marpa::R2::Internal::Grammar::RULES" not allowed while "strict subs" in use at /home/cpanbuilder/.cpanplus/5.14.2/build/Marpa-R2-2.065_003/blib/lib/Marpa/R2/Grammar.pm line 155.
Bareword "Marpa::R2::Internal::Grammar::RULE_BY_NAME" not allowed while "strict subs" in use at /home/cpanbuilder/.cpanplus/5.14.2/build/Marpa-R2-2.065_003/blib/lib/Marpa/R2/Grammar.pm line 156.
Bareword "Marpa::R2::Internal::Grammar::RULE_NAME_REQUIRED" not allowed while "strict subs" in use at /home/cpanbuilder/.cpanplus/5.14.2/build/Marpa-R2-2.065_003/blib/lib/Marpa/R2/Grammar.pm line 157.
Bareword "Marpa::R2::Internal::Grammar::C" not allowed while "strict subs" in use at /home/cpanbuilder/.cpanplus/5.14.2/build/Marpa-R2-2.065_003/blib/lib/Marpa/R2/Grammar.pm line 159.
Bareword "Marpa::R2::Internal::Grammar::TRACER" not allowed while "strict subs" in use at /home/cpanbuilder/.cpanplus/5.14.2/build/Marpa-R2-2.065_003/blib/lib/Marpa/R2/Grammar.pm line 161.
Bareword "Marpa::R2::Internal::Symbol::ID" not allowed while "strict subs" in use at /home/cpanbuilder/.cpanplus/5.14.2/build/Marpa-R2-2.065_003/blib/lib/Marpa/R2/Grammar.pm line 1225.
Compilation failed in require at /home/cpanbuilder/.cpanplus/5.14.2/build/Marpa-R2-2.065_003/blib/lib/Marpa/R2.pm line 84.
Compilation failed in require at t/00-load.t line 24.
BEGIN failed--compilation aborted at t/00-load.t line 24.
# Looks like your test exited with 255 before it could output anything.
t/00-load.t ............
Dubious, test returned 255 (wstat 65280, 0xff00)
Failed 4/4 subtests
t/ah2.t ................ ok
t/ah_numeric.t ......... ok
t/balanced.t ........... ok
t/bocage.t ............. ok
t/catalan.t ............ ok
t/chaf.t ............... ok
t/code_diag.t .......... ok
t/context.t ............ ok
t/counter.t ............ ok
t/curly.t .............. skipped: PPI not installed: Can't locate PPI.pm in @INC (@INC contains: pperl /home/cpanbuilder/.cpanplus/5.14.2/build/Marpa-R2-2.065_003/blib/lib /home/cpanbuilder/.cpanplus/5.14.2/build/Marpa-R2-2.065_003/blib/arch inc /home/cpanbuilder/perl5/lib/perl5/x86_64-linux-gnu-thread-multi /home/cpanbuilder/perl5/lib/perl5 /home/cpanbuilder/.cpanplus/5.14.2/build/CPAN-Meta-Requirements-2.122/blib/lib /home/cpanbuilder/.cpanplus/5.14.2/build/CPAN-Meta-Requirements-2.122/blib/arch /home/cpanbuilder/.cpanplus/5.14.2/build/CPAN-Meta-YAML-0.008/blib/lib /home/cpanbuilder/.cpanplus/5.14.2/build/CPAN-Meta-YAML-0.008/blib/arch /home/cpanbuilder/.cpanplus/5.14.2/build/JSON-PP-2.27202/blib/lib /home/cpanbuilder/.cpanplus/5.14.2/build/JSON-PP-2.27202/blib/arch /home/cpanbuilder/.cpanplus/5.14.2/build/Parse-CPAN-Meta-1.4405/blib/lib /home/cpanbuilder/.cpanplus/5.14.2/build/Parse-CPAN-Meta-1.4405/blib/arch /home/cpanbuilder/.cpanplus/5.14.2/build/CPAN-Meta-2.131560/blib/lib /home/cpanbuilder/.cpanplus/5.14.2/build/CPAN-Meta-2.131560/blib/arch /home/cpanbuilder/.cpanplus/5.14.2/build/Config-AutoConf-0.22/blib/lib /home/cpanbuilder/.cpanplus/5.14.2/build/Config-AutoConf-0.22/blib/arch /home/cpanbuilder/.cpanplus/5.14.2/build/Module-Build-0.4007/blib/lib /home/cpanbuilder/.cpanplus/5.14.2/build/Module-Build-0.4007/blib/arch /etc/perl /usr/local/lib/perl/5.14.2 /usr/local/share/perl/5.14.2 /usr/lib/perl5 /usr/share/perl5 /usr/lib/perl/5.14 /usr/share/perl/5.14 /usr/local/lib/site_perl .) at t/curly.t line 30.
t/curly2.t ............. skipped: PPI not installed: Can't locate PPI.pm in @INC (@INC contains: pperl /home/cpanbuilder/.cpanplus/5.14.2/build/Marpa-R2-2.065_003/blib/lib /home/cpanbuilder/.cpanplus/5.14.2/build/Marpa-R2-2.065_003/blib/arch inc /home/cpanbuilder/perl5/lib/perl5/x86_64-linux-gnu-thread-multi /home/cpanbuilder/perl5/lib/perl5 /home/cpanbuilder/.cpanplus/5.14.2/build/CPAN-Meta-Requirements-2.122/blib/lib /home/cpanbuilder/.cpanplus/5.14.2/build/CPAN-Meta-Requirements-2.122/blib/arch /home/cpanbuilder/.cpanplus/5.14.2/build/CPAN-Meta-YAML-0.008/blib/lib /home/cpanbuilder/.cpanplus/5.14.2/build/CPAN-Meta-YAML-0.008/blib/arch /home/cpanbuilder/.cpanplus/5.14.2/build/JSON-PP-2.27202/blib/lib /home/cpanbuilder/.cpanplus/5.14.2/build/JSON-PP-2.27202/blib/arch /home/cpanbuilder/.cpanplus/5.14.2/build/Parse-CPAN-Meta-1.4405/blib/lib /home/cpanbuilder/.cpanplus/5.14.2/build/Parse-CPAN-Meta-1.4405/blib/arch /home/cpanbuilder/.cpanplus/5.14.2/build/CPAN-Meta-2.131560/blib/lib /home/cpanbuilder/.cpanplus/5.14.2/build/CPAN-Meta-2.131560/blib/arch /home/cpanbuilder/.cpanplus/5.14.2/build/Config-AutoConf-0.22/blib/lib /home/cpanbuilder/.cpanplus/5.14.2/build/Config-AutoConf-0.22/blib/arch /home/cpanbuilder/.cpanplus/5.14.2/build/Module-Build-0.4007/blib/lib /home/cpanbuilder/.cpanplus/5.14.2/build/Module-Build-0.4007/blib/arch /etc/perl /usr/local/lib/perl/5.14.2 /usr/local/share/perl/5.14.2 /usr/lib/perl5 /usr/share/perl5 /usr/lib/perl/5.14 /usr/share/perl/5.14 /usr/local/lib/site_perl .) at t/curly2.t line 29.
t/debug.t .............. ok
t/debug_leo.t .......... ok
t/debug_seq.t .......... ok
t/deprecated1.t ........ ok
t/dsl.t ................ ok
t/duplicate_parse.t .... ok
t/equation.t ........... ok
t/final_nonnullable.t .. ok
t/gabend.t ............. ok
t/implementation.t ..... ok
t/infinite.t ........... ok
t/infinite2.t .......... ok
t/infinite_plex.t ...... ok
t/initial_nulls.t ...... ok
t/jirotka.t ............ ok
t/leo.t ................ ok
t/leo2.t ............... ok
t/leo3.t ............... ok
t/leo_cycle.t .......... ok
t/leo_example.t ........ ok
t/limits.t ............. ok
t/minus.t .............. ok
t/null_example.t ....... ok
t/null_infinite1.t ..... ok
t/null_infinite4.t ..... ok
t/null_value.t ......... ok
t/pascal.t ............. ok
t/perl.t ............... skipped: PPI not installed: Can't locate PPI.pm in @INC (@INC contains: pperl /home/cpanbuilder/.cpanplus/5.14.2/build/Marpa-R2-2.065_003/blib/lib /home/cpanbuilder/.cpanplus/5.14.2/build/Marpa-R2-2.065_003/blib/arch inc /home/cpanbuilder/perl5/lib/perl5/x86_64-linux-gnu-thread-multi /home/cpanbuilder/perl5/lib/perl5 /home/cpanbuilder/.cpanplus/5.14.2/build/CPAN-Meta-Requirements-2.122/blib/lib /home/cpanbuilder/.cpanplus/5.14.2/build/CPAN-Meta-Requirements-2.122/blib/arch /home/cpanbuilder/.cpanplus/5.14.2/build/CPAN-Meta-YAML-0.008/blib/lib /home/cpanbuilder/.cpanplus/5.14.2/build/CPAN-Meta-YAML-0.008/blib/arch /home/cpanbuilder/.cpanplus/5.14.2/build/JSON-PP-2.27202/blib/lib /home/cpanbuilder/.cpanplus/5.14.2/build/JSON-PP-2.27202/blib/arch /home/cpanbuilder/.cpanplus/5.14.2/build/Parse-CPAN-Meta-1.4405/blib/lib /home/cpanbuilder/.cpanplus/5.14.2/build/Parse-CPAN-Meta-1.4405/blib/arch /home/cpanbuilder/.cpanplus/5.14.2/build/CPAN-Meta-2.131560/blib/lib /home/cpanbuilder/.cpanplus/5.14.2/build/CPAN-Meta-2.131560/blib/arch /home/cpanbuilder/.cpanplus/5.14.2/build/Config-AutoConf-0.22/blib/lib /home/cpanbuilder/.cpanplus/5.14.2/build/Config-AutoConf-0.22/blib/arch /home/cpanbuilder/.cpanplus/5.14.2/build/Module-Build-0.4007/blib/lib /home/cpanbuilder/.cpanplus/5.14.2/build/Module-Build-0.4007/blib/arch /etc/perl /usr/local/lib/perl/5.14.2 /usr/local/share/perl/5.14.2 /usr/lib/perl5 /usr/share/perl5 /usr/lib/perl/5.14 /usr/share/perl/5.14 /usr/local/lib/site_perl .) at t/perl.t line 31.
t/rabend.t ............. ok
t/randal.t ............. ok
t/rewrite.t ............ ok
t/sequence.t ........... ok
t/sequence2.t .......... ok
t/sl_asf.t ............. ok
t/sl_ast.t ............. ok
t/sl_astsyn.t .......... ok
t/sl_calc.t ............ ok
t/sl_completed.t ....... ok
t/sl_diag.t ............ ok
t/sl_dsl.t ............. ok
t/sl_durand.t .......... ok
t/sl_dyck.t ............ ok
t/sl_event.t ........... ok
t/sl_exhaust.t ......... ok
t/sl_external1.t ....... ok
t/sl_fullsyn.t ......... ok
t/sl_gia.t ............. ok
t/sl_gsyn.t ............ ok
t/sl_json.t ............ ok
t/sl_leo.t ............. ok
t/sl_leo2.t ............ ok
t/sl_lexevent.t ........ ok
t/sl_prefix.t .......... ok
t/sl_rank.t ............ ok
t/sl_syn.t ............. ok
t/sl_topsyn.t .......... ok
t/sl_wall.t ............ ok
t/stuifzand.t .......... ok
t/syn_engine.t ......... ok
t/syn_stuifzand.t ...... ok
t/thin_eq.t ............ ok
t/timeflies.t .......... ok
t/use.t ................ skipped: PPI not installed: Can't locate PPI.pm in @INC (@INC contains: pperl /home/cpanbuilder/.cpanplus/5.14.2/build/Marpa-R2-2.065_003/blib/lib /home/cpanbuilder/.cpanplus/5.14.2/build/Marpa-R2-2.065_003/blib/arch inc /home/cpanbuilder/perl5/lib/perl5/x86_64-linux-gnu-thread-multi /home/cpanbuilder/perl5/lib/perl5 /home/cpanbuilder/.cpanplus/5.14.2/build/CPAN-Meta-Requirements-2.122/blib/lib /home/cpanbuilder/.cpanplus/5.14.2/build/CPAN-Meta-Requirements-2.122/blib/arch /home/cpanbuilder/.cpanplus/5.14.2/build/CPAN-Meta-YAML-0.008/blib/lib /home/cpanbuilder/.cpanplus/5.14.2/build/CPAN-Meta-YAML-0.008/blib/arch /home/cpanbuilder/.cpanplus/5.14.2/build/JSON-PP-2.27202/blib/lib /home/cpanbuilder/.cpanplus/5.14.2/build/JSON-PP-2.27202/blib/arch /home/cpanbuilder/.cpanplus/5.14.2/build/Parse-CPAN-Meta-1.4405/blib/lib /home/cpanbuilder/.cpanplus/5.14.2/build/Parse-CPAN-Meta-1.4405/blib/arch /home/cpanbuilder/.cpanplus/5.14.2/build/CPAN-Meta-2.131560/blib/lib /home/cpanbuilder/.cpanplus/5.14.2/build/CPAN-Meta-2.131560/blib/arch /home/cpanbuilder/.cpanplus/5.14.2/build/Config-AutoConf-0.22/blib/lib /home/cpanbuilder/.cpanplus/5.14.2/build/Config-AutoConf-0.22/blib/arch /home/cpanbuilder/.cpanplus/5.14.2/build/Module-Build-0.4007/blib/lib /home/cpanbuilder/.cpanplus/5.14.2/build/Module-Build-0.4007/blib/arch /etc/perl /usr/local/lib/perl/5.14.2 /usr/local/share/perl/5.14.2 /usr/lib/perl5 /usr/share/perl5 /usr/lib/perl/5.14 /usr/share/perl/5.14 /usr/local/lib/site_perl .) at t/use.t line 30.
# Using Marpa::R2::HTML 2.065003
# Using Marpa::R2 2.065003 2013-07-29T16:34:58
html/t/00-load.t ....... ok
Bareword "Marpa::R2::Internal::Grammar::TRACE_FILE_HANDLE" not allowed while "strict subs" in use at lib/Marpa/R2/Grammar.pm line 146.
Bareword "Marpa::R2::Internal::Grammar::TRACE_RULES" not allowed while "strict subs" in use at lib/Marpa/R2/Grammar.pm line 148.
Bareword "Marpa::R2::Internal::Grammar::WARNINGS" not allowed while "strict subs" in use at lib/Marpa/R2/Grammar.pm line 149.
Bareword "Marpa::R2::Internal::Grammar::INACCESSIBLE_OK" not allowed while "strict subs" in use at lib/Marpa/R2/Grammar.pm line 150.
Bareword "Marpa::R2::Internal::Grammar::UNPRODUCTIVE_OK" not allowed while "strict subs" in use at lib/Marpa/R2/Grammar.pm line 151.
Bareword "Marpa::R2::Internal::Grammar::INFINITE_ACTION" not allowed while "strict subs" in use at lib/Marpa/R2/Grammar.pm line 152.
Bareword "Marpa::R2::Internal::Grammar::SYMBOLS" not allowed while "strict subs" in use at lib/Marpa/R2/Grammar.pm line 154.
Bareword "Marpa::R2::Internal::Grammar::RULES" not allowed while "strict subs" in use at lib/Marpa/R2/Grammar.pm line 155.
Bareword "Marpa::R2::Internal::Grammar::RULE_BY_NAME" not allowed while "strict subs" in use at lib/Marpa/R2/Grammar.pm line 156.
Bareword "Marpa::R2::Internal::Grammar::RULE_NAME_REQUIRED" not allowed while "strict subs" in use at lib/Marpa/R2/Grammar.pm line 157.
Bareword "Marpa::R2::Internal::Grammar::C" not allowed while "strict subs" in use at lib/Marpa/R2/Grammar.pm line 159.
Bareword "Marpa::R2::Internal::Grammar::TRACER" not allowed while "strict subs" in use at lib/Marpa/R2/Grammar.pm line 161.
Bareword "Marpa::R2::Internal::Symbol::ID" not allowed while "strict subs" in use at lib/Marpa/R2/Grammar.pm line 1225.
Compilation failed in require at lib/Marpa/R2.pm line 84.
Compilation failed in require at /home/cpanbuilder/.cpanplus/5.14.2/build/Marpa-R2-2.065_003/blib/lib/Marpa/R2/HTML.pm line 47.
BEGIN failed--compilation aborted at /home/cpanbuilder/.cpanplus/5.14.2/build/Marpa-R2-2.065_003/blib/lib/Marpa/R2/HTML.pm line 47.
Compilation failed in require at blib/script/marpa_r2_html_fmt line 24.
BEGIN failed--compilation aborted at blib/script/marpa_r2_html_fmt line 24.
# Failed test 'Inline element containing inline flow'
# at html/t/cfg_fmt.t line 71.
# +---+-----+---+----------------------------------------------------+
# | Ln|Got | Ln|Expected |
# +---+-----+---+----------------------------------------------------+
# * 1|'' * 1|'<html>\n *
# | | * 2| <head> *
# | | * 3| </head> *
# | | * 4| <body> *
# | | * 5| <p> *
# | | * 6| <acme> *
# | | * 7| -during-<span> *
# | | * 8| -more inline stuff-</span></acme></p><p> *
# | | * 9| -new block- *
# | | * 10| </p></body> *
# | | * 11|</html> *
# | | * 12|' *
# +---+-----+---+----------------------------------------------------+
Bareword "Marpa::R2::Internal::Grammar::TRACE_FILE_HANDLE" not allowed while "strict subs" in use at lib/Marpa/R2/Grammar.pm line 146.
Bareword "Marpa::R2::Internal::Grammar::TRACE_RULES" not allowed while "strict subs" in use at lib/Marpa/R2/Grammar.pm line 148.
Bareword "Marpa::R2::Internal::Grammar::WARNINGS" not allowed while "strict subs" in use at lib/Marpa/R2/Grammar.pm line 149.
Bareword "Marpa::R2::Internal::Grammar::INACCESSIBLE_OK" not allowed while "strict subs" in use at lib/Marpa/R2/Grammar.pm line 150.
Bareword "Marpa::R2::Internal::Grammar::UNPRODUCTIVE_OK" not allowed while "strict subs" in use at lib/Marpa/R2/Grammar.pm line 151.
Bareword "Marpa::R2::Internal::Grammar::INFINITE_ACTION" not allowed while "strict subs" in use at lib/Marpa/R2/Grammar.pm line 152.
Bareword "Marpa::R2::Internal::Grammar::SYMBOLS" not allowed while "strict subs" in use at lib/Marpa/R2/Grammar.pm line 154.
Bareword "Marpa::R2::Internal::Grammar::RULES" not allowed while "strict subs" in use at lib/Marpa/R2/Grammar.pm line 155.
Bareword "Marpa::R2::Internal::Grammar::RULE_BY_NAME" not allowed while "strict subs" in use at lib/Marpa/R2/Grammar.pm line 156.
Bareword "Marpa::R2::Internal::Grammar::RULE_NAME_REQUIRED" not allowed while "strict subs" in use at lib/Marpa/R2/Grammar.pm line 157.
Bareword "Marpa::R2::Internal::Grammar::C" not allowed while "strict subs" in use at lib/Marpa/R2/Grammar.pm line 159.
Bareword "Marpa::R2::Internal::Grammar::TRACER" not allowed while "strict subs" in use at lib/Marpa/R2/Grammar.pm line 161.
Bareword "Marpa::R2::Internal::Symbol::ID" not allowed while "strict subs" in use at lib/Marpa/R2/Grammar.pm line 1225.
Compilation failed in require at lib/Marpa/R2.pm line 84.
Compilation failed in require at /home/cpanbuilder/.cpanplus/5.14.2/build/Marpa-R2-2.065_003/blib/lib/Marpa/R2/HTML.pm line 47.
BEGIN failed--compilation aborted at /home/cpanbuilder/.cpanplus/5.14.2/build/Marpa-R2-2.065_003/blib/lib/Marpa/R2/HTML.pm line 47.
Compilation failed in require at blib/script/marpa_r2_html_fmt line 24.
BEGIN failed--compilation aborted at blib/script/marpa_r2_html_fmt line 24.
# Failed test 'Inline element containing block flow'
# at html/t/cfg_fmt.t line 71.
# +---+-----+---+----------------------------------------------+
# | Ln|Got | Ln|Expected |
# +---+-----+---+----------------------------------------------+
# * 1|'' * 1|'<html>\n *
# | | * 2| <head> *
# | | * 3| </head> *
# | | * 4| <body> *
# | | * 5| <acme> *
# | | * 6| -during-<span> *
# | | * 7| -more inline stuff-</span></acme><p> *
# | | * 8| -new block- *
# | | * 9| </p></body> *
# | | * 10|</html> *
# | | * 11|' *
# +---+-----+---+----------------------------------------------+
Bareword "Marpa::R2::Internal::Grammar::TRACE_FILE_HANDLE" not allowed while "strict subs" in use at lib/Marpa/R2/Grammar.pm line 146.
Bareword "Marpa::R2::Internal::Grammar::TRACE_RULES" not allowed while "strict subs" in use at lib/Marpa/R2/Grammar.pm line 148.
Bareword "Marpa::R2::Internal::Grammar::WARNINGS" not allowed while "strict subs" in use at lib/Marpa/R2/Grammar.pm line 149.
Bareword "Marpa::R2::Internal::Grammar::INACCESSIBLE_OK" not allowed while "strict subs" in use at lib/Marpa/R2/Grammar.pm line 150.
Bareword "Marpa::R2::Internal::Grammar::UNPRODUCTIVE_OK" not allowed while "strict subs" in use at lib/Marpa/R2/Grammar.pm line 151.
Bareword "Marpa::R2::Internal::Grammar::INFINITE_ACTION" not allowed while "strict subs" in use at lib/Marpa/R2/Grammar.pm line 152.
Bareword "Marpa::R2::Internal::Grammar::SYMBOLS" not allowed while "strict subs" in use at lib/Marpa/R2/Grammar.pm line 154.
Bareword "Marpa::R2::Internal::Grammar::RULES" not allowed while "strict subs" in use at lib/Marpa/R2/Grammar.pm line 155.
Bareword "Marpa::R2::Internal::Grammar::RULE_BY_NAME" not allowed while "strict subs" in use at lib/Marpa/R2/Grammar.pm line 156.
Bareword "Marpa::R2::Internal::Grammar::RULE_NAME_REQUIRED" not allowed while "strict subs" in use at lib/Marpa/R2/Grammar.pm line 157.
Bareword "Marpa::R2::Internal::Grammar::C" not allowed while "strict subs" in use at lib/Marpa/R2/Grammar.pm line 159.
Bareword "Marpa::R2::Internal::Grammar::TRACER" not allowed while "strict subs" in use at lib/Marpa/R2/Grammar.pm line 161.
Bareword "Marpa::R2::Internal::Symbol::ID" not allowed while "strict subs" in use at lib/Marpa/R2/Grammar.pm line 1225.
Compilation failed in require at lib/Marpa/R2.pm line 84.
Compilation failed in require at /home/cpanbuilder/.cpanplus/5.14.2/build/Marpa-R2-2.065_003/blib/lib/Marpa/R2/HTML.pm line 47.
BEGIN failed--compilation aborted at /home/cpanbuilder/.cpanplus/5.14.2/build/Marpa-R2-2.065_003/blib/lib/Marpa/R2/HTML.pm line 47.
Compilation failed in require at blib/script/marpa_r2_html_fmt line 24.
BEGIN failed--compilation aborted at blib/script/marpa_r2_html_fmt line 24.
# Failed test 'Block element containing mixed flow'
# at html/t/cfg_fmt.t line 71.
# +---+-----+---+---------------------------------------+
# | Ln|Got | Ln|Expected |
# +---+-----+---+---------------------------------------+
# * 1|'' * 1|'<html>\n *
# | | * 2| <head> *
# | | * 3| </head> *
# | | * 4| <body> *
# | | * 5| <acme> *
# | | * 6| -during-<span> *
# | | * 7| -more inline stuff-</span><p> *
# | | * 8| -new block- *
# | | * 9| </p></acme></body> *
# | | * 10|</html> *
# | | * 11|' *
# +---+-----+---+---------------------------------------+
Bareword "Marpa::R2::Internal::Grammar::TRACE_FILE_HANDLE" not allowed while "strict subs" in use at lib/Marpa/R2/Grammar.pm line 146.
Bareword "Marpa::R2::Internal::Grammar::TRACE_RULES" not allowed while "strict subs" in use at lib/Marpa/R2/Grammar.pm line 148.
Bareword "Marpa::R2::Internal::Grammar::WARNINGS" not allowed while "strict subs" in use at lib/Marpa/R2/Grammar.pm line 149.
Bareword "Marpa::R2::Internal::Grammar::INACCESSIBLE_OK" not allowed while "strict subs" in use at lib/Marpa/R2/Grammar.pm line 150.
Bareword "Marpa::R2::Internal::Grammar::UNPRODUCTIVE_OK" not allowed while "strict subs" in use at lib/Marpa/R2/Grammar.pm line 151.
Bareword "Marpa::R2::Internal::Grammar::INFINITE_ACTION" not allowed while "strict subs" in use at lib/Marpa/R2/Grammar.pm line 152.
Bareword "Marpa::R2::Internal::Grammar::SYMBOLS" not allowed while "strict subs" in use at lib/Marpa/R2/Grammar.pm line 154.
Bareword "Marpa::R2::Internal::Grammar::RULES" not allowed while "strict subs" in use at lib/Marpa/R2/Grammar.pm line 155.
Bareword "Marpa::R2::Internal::Grammar::RULE_BY_NAME" not allowed while "strict subs" in use at lib/Marpa/R2/Grammar.pm line 156.
Bareword "Marpa::R2::Internal::Grammar::RULE_NAME_REQUIRED" not allowed while "strict subs" in use at lib/Marpa/R2/Grammar.pm line 157.
Bareword "Marpa::R2::Internal::Grammar::C" not allowed while "strict subs" in use at lib/Marpa/R2/Grammar.pm line 159.
Bareword "Marpa::R2::Internal::Grammar::TRACER" not allowed while "strict subs" in use at lib/Marpa/R2/Grammar.pm line 161.
Bareword "Marpa::R2::Internal::Symbol::ID" not allowed while "strict subs" in use at lib/Marpa/R2/Grammar.pm line 1225.
Compilation failed in require at lib/Marpa/R2.pm line 84.
Compilation failed in require at /home/cpanbuilder/.cpanplus/5.14.2/build/Marpa-R2-2.065_003/blib/lib/Marpa/R2/HTML.pm line 47.
BEGIN failed--compilation aborted at /home/cpanbuilder/.cpanplus/5.14.2/build/Marpa-R2-2.065_003/blib/lib/Marpa/R2/HTML.pm line 47.
Compilation failed in require at blib/script/marpa_r2_html_fmt line 24.
BEGIN failed--compilation aborted at blib/script/marpa_r2_html_fmt line 24.
# Failed test 'Block element containing block flow'
# at html/t/cfg_fmt.t line 71.
# +---+-----+---+---------------------------------------------+
# | Ln|Got | Ln|Expected |
# +---+-----+---+---------------------------------------------+
# * 1|'' * 1|'<html>\n *
# | | * 2| <head> *
# | | * 3| </head> *
# | | * 4| <body> *
# | | * 5| <acme> *
# | | * 6| <p> *
# | | * 7| -during-<span> *
# | | * 8| -more inline stuff-</span></p><p> *
# | | * 9| -new block- *
# | | * 10| </p></acme></body> *
# | | * 11|</html> *
# | | * 12|' *
# +---+-----+---+---------------------------------------------+
Bareword "Marpa::R2::Internal::Grammar::TRACE_FILE_HANDLE" not allowed while "strict subs" in use at lib/Marpa/R2/Grammar.pm line 146.
Bareword "Marpa::R2::Internal::Grammar::TRACE_RULES" not allowed while "strict subs" in use at lib/Marpa/R2/Grammar.pm line 148.
Bareword "Marpa::R2::Internal::Grammar::WARNINGS" not allowed while "strict subs" in use at lib/Marpa/R2/Grammar.pm line 149.
Bareword "Marpa::R2::Internal::Grammar::INACCESSIBLE_OK" not allowed while "strict subs" in use at lib/Marpa/R2/Grammar.pm line 150.
Bareword "Marpa::R2::Internal::Grammar::UNPRODUCTIVE_OK" not allowed while "strict subs" in use at lib/Marpa/R2/Grammar.pm line 151.
Bareword "Marpa::R2::Internal::Grammar::INFINITE_ACTION" not allowed while "strict subs" in use at lib/Marpa/R2/Grammar.pm line 152.
Bareword "Marpa::R2::Internal::Grammar::SYMBOLS" not allowed while "strict subs" in use at lib/Marpa/R2/Grammar.pm line 154.
Bareword "Marpa::R2::Internal::Grammar::RULES" not allowed while "strict subs" in use at lib/Marpa/R2/Grammar.pm line 155.
Bareword "Marpa::R2::Internal::Grammar::RULE_BY_NAME" not allowed while "strict subs" in use at lib/Marpa/R2/Grammar.pm line 156.
Bareword "Marpa::R2::Internal::Grammar::RULE_NAME_REQUIRED" not allowed while "strict subs" in use at lib/Marpa/R2/Grammar.pm line 157.
Bareword "Marpa::R2::Internal::Grammar::C" not allowed while "strict subs" in use at lib/Marpa/R2/Grammar.pm line 159.
Bareword "Marpa::R2::Internal::Grammar::TRACER" not allowed while "strict subs" in use at lib/Marpa/R2/Grammar.pm line 161.
Bareword "Marpa::R2::Internal::Symbol::ID" not allowed while "strict subs" in use at lib/Marpa/R2/Grammar.pm line 1225.
Compilation failed in require at lib/Marpa/R2.pm line 84.
Compilation failed in require at /home/cpanbuilder/.cpanplus/5.14.2/build/Marpa-R2-2.065_003/blib/lib/Marpa/R2/HTML.pm line 47.
BEGIN failed--compilation aborted at /home/cpanbuilder/.cpanplus/5.14.2/build/Marpa-R2-2.065_003/blib/lib/Marpa/R2/HTML.pm line 47.
Compilation failed in require at blib/script/marpa_r2_html_fmt line 24.
BEGIN failed--compilation aborted at blib/script/marpa_r2_html_fmt line 24.
# Failed test 'Block element containing PCDATA'
# at html/t/cfg_fmt.t line 71.
# +---+-----+---+-------------------------------------------+
# | Ln|Got | Ln|Expected |
# +---+-----+---+-------------------------------------------+
# * 1|'' * 1|'<html>\n *
# | | * 2| <head> *
# | | * 3| </head> *
# | | * 4| <body> *
# | | * 5| <acme> *
# | | * 6| -during-</acme><p> *
# | | * 7| <span> *
# | | * 8| -more inline stuff-</span></p><p> *
# | | * 9| -new block- *
# | | * 10| </p></body> *
# | | * 11|</html> *
# | | * 12|' *
# +---+-----+---+-------------------------------------------+
Bareword "Marpa::R2::Internal::Grammar::TRACE_FILE_HANDLE" not allowed while "strict subs" in use at lib/Marpa/R2/Grammar.pm line 146.
Bareword "Marpa::R2::Internal::Grammar::TRACE_RULES" not allowed while "strict subs" in use at lib/Marpa/R2/Grammar.pm line 148.
Bareword "Marpa::R2::Internal::Grammar::WARNINGS" not allowed while "strict subs" in use at lib/Marpa/R2/Grammar.pm line 149.
Bareword "Marpa::R2::Internal::Grammar::INACCESSIBLE_OK" not allowed while "strict subs" in use at lib/Marpa/R2/Grammar.pm line 150.
Bareword "Marpa::R2::Internal::Grammar::UNPRODUCTIVE_OK" not allowed while "strict subs" in use at lib/Marpa/R2/Grammar.pm line 151.
Bareword "Marpa::R2::Internal::Grammar::INFINITE_ACTION" not allowed while "strict subs" in use at lib/Marpa/R2/Grammar.pm line 152.
Bareword "Marpa::R2::Internal::Grammar::SYMBOLS" not allowed while "strict subs" in use at lib/Marpa/R2/Grammar.pm line 154.
Bareword "Marpa::R2::Internal::Grammar::RULES" not allowed while "strict subs" in use at lib/Marpa/R2/Grammar.pm line 155.
Bareword "Marpa::R2::Internal::Grammar::RULE_BY_NAME" not allowed while "strict subs" in use at lib/Marpa/R2/Grammar.pm line 156.
Bareword "Marpa::R2::Internal::Grammar::RULE_NAME_REQUIRED" not allowed while "strict subs" in use at lib/Marpa/R2/Grammar.pm line 157.
Bareword "Marpa::R2::Internal::Grammar::C" not allowed while "strict subs" in use at lib/Marpa/R2/Grammar.pm line 159.
Bareword "Marpa::R2::Internal::Grammar::TRACER" not allowed while "strict subs" in use at lib/Marpa/R2/Grammar.pm line 161.
Bareword "Marpa::R2::Internal::Symbol::ID" not allowed while "strict subs" in use at lib/Marpa/R2/Grammar.pm line 1225.
Compilation failed in require at lib/Marpa/R2.pm line 84.
Compilation failed in require at /home/cpanbuilder/.cpanplus/5.14.2/build/Marpa-R2-2.065_003/blib/lib/Marpa/R2/HTML.pm line 47.
BEGIN failed--compilation aborted at /home/cpanbuilder/.cpanplus/5.14.2/build/Marpa-R2-2.065_003/blib/lib/Marpa/R2/HTML.pm line 47.
Compilation failed in require at blib/script/marpa_r2_html_fmt line 24.
BEGIN failed--compilation aborted at blib/script/marpa_r2_html_fmt line 24.
# Failed test 'Empty block element'
# at html/t/cfg_fmt.t line 71.
# +---+-----+---+-------------------------------------------+
# | Ln|Got | Ln|Expected |
# +---+-----+---+-------------------------------------------+
# * 1|'' * 1|'<html>\n *
# | | * 2| <head> *
# | | * 3| </head> *
# | | * 4| <body> *
# | | * 5| <acme><p> *
# | | * 6| -during-<span> *
# | | * 7| -more inline stuff-</span></p><p> *
# | | * 8| -new block- *
# | | * 9| </p></body> *
# | | * 10|</html> *
# | | * 11|' *
# +---+-----+---+-------------------------------------------+
Bareword "Marpa::R2::Internal::Grammar::TRACE_FILE_HANDLE" not allowed while "strict subs" in use at lib/Marpa/R2/Grammar.pm line 146.
Bareword "Marpa::R2::Internal::Grammar::TRACE_RULES" not allowed while "strict subs" in use at lib/Marpa/R2/Grammar.pm line 148.
Bareword "Marpa::R2::Internal::Grammar::WARNINGS" not allowed while "strict subs" in use at lib/Marpa/R2/Grammar.pm line 149.
Bareword "Marpa::R2::Internal::Grammar::INACCESSIBLE_OK" not allowed while "strict subs" in use at lib/Marpa/R2/Grammar.pm line 150.
Bareword "Marpa::R2::Internal::Grammar::UNPRODUCTIVE_OK" not allowed while "strict subs" in use at lib/Marpa/R2/Grammar.pm line 151.
Bareword "Marpa::R2::Internal::Grammar::INFINITE_ACTION" not allowed while "strict subs" in use at lib/Marpa/R2/Grammar.pm line 152.
Bareword "Marpa::R2::Internal::Grammar::SYMBOLS" not allowed while "strict subs" in use at lib/Marpa/R2/Grammar.pm line 154.
Bareword "Marpa::R2::Internal::Grammar::RULES" not allowed while "strict subs" in use at lib/Marpa/R2/Grammar.pm line 155.
Bareword "Marpa::R2::Internal::Grammar::RULE_BY_NAME" not allowed while "strict subs" in use at lib/Marpa/R2/Grammar.pm line 156.
Bareword "Marpa::R2::Internal::Grammar::RULE_NAME_REQUIRED" not allowed while "strict subs" in use at lib/Marpa/R2/Grammar.pm line 157.
Bareword "Marpa::R2::Internal::Grammar::C" not allowed while "strict subs" in use at lib/Marpa/R2/Grammar.pm line 159.
Bareword "Marpa::R2::Internal::Grammar::TRACER" not allowed while "strict subs" in use at lib/Marpa/R2/Grammar.pm line 161.
Bareword "Marpa::R2::Internal::Symbol::ID" not allowed while "strict subs" in use at lib/Marpa/R2/Grammar.pm line 1225.
Compilation failed in require at lib/Marpa/R2.pm line 84.
Compilation failed in require at /home/cpanbuilder/.cpanplus/5.14.2/build/Marpa-R2-2.065_003/blib/lib/Marpa/R2/HTML.pm line 47.
BEGIN failed--compilation aborted at /home/cpanbuilder/.cpanplus/5.14.2/build/Marpa-R2-2.065_003/blib/lib/Marpa/R2/HTML.pm line 47.
Compilation failed in require at blib/script/marpa_r2_html_fmt line 24.
BEGIN failed--compilation aborted at blib/script/marpa_r2_html_fmt line 24.
# Failed test 'Body allows mixed flow'
# at html/t/cfg_fmt.t line 71.
# +---+-----+---+--------------------------------------+
# | Ln|Got | Ln|Expected |
# +---+-----+---+--------------------------------------+
# * 1|'' * 1|'<html>\n *
# | | * 2| <head> *
# | | * 3| </head> *
# | | * 4| <body> *
# | | * 5| I cannot wait for a start tag<p> *
# | | * 6| I can</p></body> *
# | | * 7|</html> *
# | | * 8|' *
# +---+-----+---+--------------------------------------+
Bareword "Marpa::R2::Internal::Grammar::TRACE_FILE_HANDLE" not allowed while "strict subs" in use at lib/Marpa/R2/Grammar.pm line 146.
Bareword "Marpa::R2::Internal::Grammar::TRACE_RULES" not allowed while "strict subs" in use at lib/Marpa/R2/Grammar.pm line 148.
Bareword "Marpa::R2::Internal::Grammar::WARNINGS" not allowed while "strict subs" in use at lib/Marpa/R2/Grammar.pm line 149.
Bareword "Marpa::R2::Internal::Grammar::INACCESSIBLE_OK" not allowed while "strict subs" in use at lib/Marpa/R2/Grammar.pm line 150.
Bareword "Marpa::R2::Internal::Grammar::UNPRODUCTIVE_OK" not allowed while "strict subs" in use at lib/Marpa/R2/Grammar.pm line 151.
Bareword "Marpa::R2::Internal::Grammar::INFINITE_ACTION" not allowed while "strict subs" in use at lib/Marpa/R2/Grammar.pm line 152.
Bareword "Marpa::R2::Internal::Grammar::SYMBOLS" not allowed while "strict subs" in use at lib/Marpa/R2/Grammar.pm line 154.
Bareword "Marpa::R2::Internal::Grammar::RULES" not allowed while "strict subs" in use at lib/Marpa/R2/Grammar.pm line 155.
Bareword "Marpa::R2::Internal::Grammar::RULE_BY_NAME" not allowed while "strict subs" in use at lib/Marpa/R2/Grammar.pm line 156.
Bareword "Marpa::R2::Internal::Grammar::RULE_NAME_REQUIRED" not allowed while "strict subs" in use at lib/Marpa/R2/Grammar.pm line 157.
Bareword "Marpa::R2::Internal::Grammar::C" not allowed while "strict subs" in use at lib/Marpa/R2/Grammar.pm line 159.
Bareword "Marpa::R2::Internal::Grammar::TRACER" not allowed while "strict subs" in use at lib/Marpa/R2/Grammar.pm line 161.
Bareword "Marpa::R2::Internal::Symbol::ID" not allowed while "strict subs" in use at lib/Marpa/R2/Grammar.pm line 1225.
Compilation failed in require at lib/Marpa/R2.pm line 84.
Compilation failed in require at /home/cpanbuilder/.cpanplus/5.14.2/build/Marpa-R2-2.065_003/blib/lib/Marpa/R2/HTML.pm line 47.
BEGIN failed--compilation aborted at /home/cpanbuilder/.cpanplus/5.14.2/build/Marpa-R2-2.065_003/blib/lib/Marpa/R2/HTML.pm line 47.
Compilation failed in require at blib/script/marpa_r2_html_fmt line 24.
BEGIN failed--compilation aborted at blib/script/marpa_r2_html_fmt line 24.
# Failed test 'Body allows block flow'
# at html/t/cfg_fmt.t line 71.
# +---+-----+---+--------------------------------------------+
# | Ln|Got | Ln|Expected |
# +---+-----+---+--------------------------------------------+
# * 1|'' * 1|'<html>\n *
# | | * 2| <head> *
# | | * 3| </head> *
# | | * 4| <body> *
# | | * 5| <p> *
# | | * 6| I cannot wait for a start tag</p><p> *
# | | * 7| I can</p></body> *
# | | * 8|</html> *
# | | * 9|' *
# +---+-----+---+--------------------------------------------+
Bareword "Marpa::R2::Internal::Grammar::TRACE_FILE_HANDLE" not allowed while "strict subs" in use at lib/Marpa/R2/Grammar.pm line 146.
Bareword "Marpa::R2::Internal::Grammar::TRACE_RULES" not allowed while "strict subs" in use at lib/Marpa/R2/Grammar.pm line 148.
Bareword "Marpa::R2::Internal::Grammar::WARNINGS" not allowed while "strict subs" in use at lib/Marpa/R2/Grammar.pm line 149.
Bareword "Marpa::R2::Internal::Grammar::INACCESSIBLE_OK" not allowed while "strict subs" in use at lib/Marpa/R2/Grammar.pm line 150.
Bareword "Marpa::R2::Internal::Grammar::UNPRODUCTIVE_OK" not allowed while "strict subs" in use at lib/Marpa/R2/Grammar.pm line 151.
Bareword "Marpa::R2::Internal::Grammar::INFINITE_ACTION" not allowed while "strict subs" in use at lib/Marpa/R2/Grammar.pm line 152.
Bareword "Marpa::R2::Internal::Grammar::SYMBOLS" not allowed while "strict subs" in use at lib/Marpa/R2/Grammar.pm line 154.
Bareword "Marpa::R2::Internal::Grammar::RULES" not allowed while "strict subs" in use at lib/Marpa/R2/Grammar.pm line 155.
Bareword "Marpa::R2::Internal::Grammar::RULE_BY_NAME" not allowed while "strict subs" in use at lib/Marpa/R2/Grammar.pm line 156.
Bareword "Marpa::R2::Internal::Grammar::RULE_NAME_REQUIRED" not allowed while "strict subs" in use at lib/Marpa/R2/Grammar.pm line 157.
Bareword "Marpa::R2::Internal::Grammar::C" not allowed while "strict subs" in use at lib/Marpa/R2/Grammar.pm line 159.
Bareword "Marpa::R2::Internal::Grammar::TRACER" not allowed while "strict subs" in use at lib/Marpa/R2/Grammar.pm line 161.
Bareword "Marpa::R2::Internal::Symbol::ID" not allowed while "strict subs" in use at lib/Marpa/R2/Grammar.pm line 1225.
Compilation failed in require at lib/Marpa/R2.pm line 84.
Compilation failed in require at /home/cpanbuilder/.cpanplus/5.14.2/build/Marpa-R2-2.065_003/blib/lib/Marpa/R2/HTML.pm line 47.
BEGIN failed--compilation aborted at /home/cpanbuilder/.cpanplus/5.14.2/build/Marpa-R2-2.065_003/blib/lib/Marpa/R2/HTML.pm line 47.
Compilation failed in require at blib/script/marpa_r2_html_fmt line 24.
BEGIN failed--compilation aborted at blib/script/marpa_r2_html_fmt line 24.
# Failed test 'Body is inline flow'
# at html/t/cfg_fmt.t line 71.
# +---+-----+---+-------------------------------------------+
# | Ln|Got | Ln|Expected |
# +---+-----+---+-------------------------------------------+
# * 1|'' * 1|'<html>\n *
# | | * 2| <head> *
# | | * 3| </head> *
# | | * 4| <body> *
# | | * 5| I cannot wait for a start tag<!-- *
# | | * 6| html_fmt: Next start tag is cruft *
# | | * 7| --><p>I can</body> *
# | | * 8|</html> *
# | | * 9|' *
# +---+-----+---+-------------------------------------------+
Bareword "Marpa::R2::Internal::Grammar::TRACE_FILE_HANDLE" not allowed while "strict subs" in use at lib/Marpa/R2/Grammar.pm line 146.
Bareword "Marpa::R2::Internal::Grammar::TRACE_RULES" not allowed while "strict subs" in use at lib/Marpa/R2/Grammar.pm line 148.
Bareword "Marpa::R2::Internal::Grammar::WARNINGS" not allowed while "strict subs" in use at lib/Marpa/R2/Grammar.pm line 149.
Bareword "Marpa::R2::Internal::Grammar::INACCESSIBLE_OK" not allowed while "strict subs" in use at lib/Marpa/R2/Grammar.pm line 150.
Bareword "Marpa::R2::Internal::Grammar::UNPRODUCTIVE_OK" not allowed while "strict subs" in use at lib/Marpa/R2/Grammar.pm line 151.
Bareword "Marpa::R2::Internal::Grammar::INFINITE_ACTION" not allowed while "strict subs" in use at lib/Marpa/R2/Grammar.pm line 152.
Bareword "Marpa::R2::Internal::Grammar::SYMBOLS" not allowed while "strict subs" in use at lib/Marpa/R2/Grammar.pm line 154.
Bareword "Marpa::R2::Internal::Grammar::RULES" not allowed while "strict subs" in use at lib/Marpa/R2/Grammar.pm line 155.
Bareword "Marpa::R2::Internal::Grammar::RULE_BY_NAME" not allowed while "strict subs" in use at lib/Marpa/R2/Grammar.pm line 156.
Bareword "Marpa::R2::Internal::Grammar::RULE_NAME_REQUIRED" not allowed while "strict subs" in use at lib/Marpa/R2/Grammar.pm line 157.
Bareword "Marpa::R2::Internal::Grammar::C" not allowed while "strict subs" in use at lib/Marpa/R2/Grammar.pm line 159.
Bareword "Marpa::R2::Internal::Grammar::TRACER" not allowed while "strict subs" in use at lib/Marpa/R2/Grammar.pm line 161.
Bareword "Marpa::R2::Internal::Symbol::ID" not allowed while "strict subs" in use at lib/Marpa/R2/Grammar.pm line 1225.
Compilation failed in require at lib/Marpa/R2.pm line 84.
Compilation failed in require at /home/cpanbuilder/.cpanplus/5.14.2/build/Marpa-R2-2.065_003/blib/lib/Marpa/R2/HTML.pm line 47.
BEGIN failed--compilation aborted at /home/cpanbuilder/.cpanplus/5.14.2/build/Marpa-R2-2.065_003/blib/lib/Marpa/R2/HTML.pm line 47.
Compilation failed in require at blib/script/marpa_r2_html_fmt line 24.
BEGIN failed--compilation aborted at blib/script/marpa_r2_html_fmt line 24.
# Failed test 'Body is empty'
# at html/t/cfg_fmt.t line 71.
# +---+-----+---+------------------------------------------+
# | Ln|Got | Ln|Expected |
# +---+-----+---+------------------------------------------+
# * 1|'' * 1|'<html>\n *
# | | * 2| <head> *
# | | * 3| </head><body><!-- *
# | | * 4| html_fmt: Next text is cruft *
# | | * 5| -->I cannot wait for a start tag<!-- *
# | | * 6| html_fmt: Next start tag is cruft *
# | | * 7| --><p><!-- *
# | | * 8| html_fmt: Next text is cruft *
# | | * 9| -->I can</html> *
# | | * 10|' *
# +---+-----+---+------------------------------------------+
# Looks like you failed 10 tests of 20.
html/t/cfg_fmt.t .......
Dubious, test returned 10 (wstat 2560, 0xa00)
Failed 10/20 subtests
html/t/config.t ........ ok
html/t/copy.t .......... ok
html/t/examples.t ...... ok
Bareword "Marpa::R2::Internal::Grammar::TRACE_FILE_HANDLE" not allowed while "strict subs" in use at lib/Marpa/R2/Grammar.pm line 146.
Bareword "Marpa::R2::Internal::Grammar::TRACE_RULES" not allowed while "strict subs" in use at lib/Marpa/R2/Grammar.pm line 148.
Bareword "Marpa::R2::Internal::Grammar::WARNINGS" not allowed while "strict subs" in use at lib/Marpa/R2/Grammar.pm line 149.
Bareword "Marpa::R2::Internal::Grammar::INACCESSIBLE_OK" not allowed while "strict subs" in use at lib/Marpa/R2/Grammar.pm line 150.
Bareword "Marpa::R2::Internal::Grammar::UNPRODUCTIVE_OK" not allowed while "strict subs" in use at lib/Marpa/R2/Grammar.pm line 151.
Bareword "Marpa::R2::Internal::Grammar::INFINITE_ACTION" not allowed while "strict subs" in use at lib/Marpa/R2/Grammar.pm line 152.
Bareword "Marpa::R2::Internal::Grammar::SYMBOLS" not allowed while "strict subs" in use at lib/Marpa/R2/Grammar.pm line 154.
Bareword "Marpa::R2::Internal::Grammar::RULES" not allowed while "strict subs" in use at lib/Marpa/R2/Grammar.pm line 155.
Bareword "Marpa::R2::Internal::Grammar::RULE_BY_NAME" not allowed while "strict subs" in use at lib/Marpa/R2/Grammar.pm line 156.
Bareword "Marpa::R2::Internal::Grammar::RULE_NAME_REQUIRED" not allowed while "strict subs" in use at lib/Marpa/R2/Grammar.pm line 157.
Bareword "Marpa::R2::Internal::Grammar::C" not allowed while "strict subs" in use at lib/Marpa/R2/Grammar.pm line 159.
Bareword "Marpa::R2::Internal::Grammar::TRACER" not allowed while "strict subs" in use at lib/Marpa/R2/Grammar.pm line 161.
Bareword "Marpa::R2::Internal::Symbol::ID" not allowed while "strict subs" in use at lib/Marpa/R2/Grammar.pm line 1225.
Compilation failed in require at lib/Marpa/R2.pm line 84.
Compilation failed in require at /home/cpanbuilder/.cpanplus/5.14.2/build/Marpa-R2-2.065_003/blib/lib/Marpa/R2/HTML.pm line 47.
BEGIN failed--compilation aborted at /home/cpanbuilder/.cpanplus/5.14.2/build/Marpa-R2-2.065_003/blib/lib/Marpa/R2/HTML.pm line 47.
Compilation failed in require at blib/script/marpa_r2_html_fmt line 24.
BEGIN failed--compilation aborted at blib/script/marpa_r2_html_fmt line 24.
# Failed test 'marpa_r2_html_fmt test'
# at html/t/fmt.t line 58.
# +---+-----+---+--------------------------------------------------------------------------------------+
# | Ln|Got | Ln|Expected |
# +---+-----+---+--------------------------------------------------------------------------------------+
# * 1|'' * 1|'<html>\n *
# | | * 2| <!-- html_fmt: Preceeding start tag is replacement for a missing one --> *
# | | * 3| <head> *
# | | * 4| <!-- html_fmt: Preceeding start tag is replacement for a missing one --> *
# | | * 5| <!-- html_fmt: Following end tag is replacement for a missing one --> *
# | | * 6| </head> *
# | | * 7| <body> *
# | | * 8| <!-- html_fmt: Preceeding start tag is replacement for a missing one --> *
# | | * 9| <p> *
# | | * 10| I am before the first pre *
# | | * 11| <!-- html_fmt: Following end tag is replacement for a missing one --> *
# | | * 12| </p><pre> *
# | | * 13| Now is the time *
# | | * 14| for all good birds *
# | | * 15| to fly to *
# | | * 16| the edge of the *
# | | * 17| world and take a *
# | | * 18| look over the edge</pre><!-- *
# | | * 19| html_fmt: An missing end tag was added to close the preceding <pre> element *
# | | * 20| --><!-- *
# | | * 21| html_fmt: Next end tag is cruft *
# | | * 22| --></p> *
# | | * 23| <p> *
# | | * 24| An unterminated graf *
# | | * 25| <!-- html_fmt: Following end tag is replacement for a missing one --> *
# | | * 26| </p><p> *
# | | * 27| A terminated paragraph</p> *
# | | * 28| <p> *
# | | * 29| I am before the second pre</p> *
# | | * 30| <pre> *
# | | * 31| The second pre *
# | | * 32|</pre><!-- *
# | | * 33| html_fmt: An missing end tag was added to close the preceding <pre> element *
# | | * 34| --><p> *
# | | * 35| Unterminated graf *
# | | * 36| <!-- The following a element end tag should be low-level cruft, *
# | | * 37| forcing the end of the paragraph --> *
# | | * 38| <!-- html_fmt: Following end tag is replacement for a missing one --> *
# | | * 39| </p><!-- *
# | | * 40| html_fmt: Next end tag is cruft *
# | | * 41| --></a> *
# | | * 42| <p> *
# | | * 43| A terminated graf *
# | | * 44| </p><p> *
# | | * 45| <!-- html_fmt: Preceeding start tag is replacement for a missing one --> *
# | | * 46| A graf without start or end tags *
# | | * 47| <!-- html_fmt: Following end tag is replacement for a missing one --> *
# | | * 48| </p><table> *
# | | * 49| <tbody> *
# | | * 50| <!-- html_fmt: Preceeding start tag is replacement for a missing one --> *
# | | * 51| <tr> *
# | | * 52| <!-- html_fmt: Preceeding start tag is replacement for a missing one --> *
# | | * 53| <td> *
# | | * 54| <!-- html_fmt: Preceeding start tag is replacement for a missing one --> *
# | | * 55| A very poorly formed table<!-- *
# | | * 56| html_fmt: Following end tag is replacement for a missing one *
# | | * 57| --></td><!-- *
# | | * 58| html_fmt: Following end tag is replacement for a missing one *
# | | * 59| --></tr><!-- *
# | | * 60| html_fmt: Following end tag is replacement for a missing one *
# | | * 61| --></tbody></table> *
# | | * 62| <!-- html_fmt: Next end tag is cruft --> *
# | | * 63| </pre><p> *
# | | * 64| <!-- html_fmt: Preceeding start tag is replacement for a missing one --> *
# | | * 65| The pre end tags to either side of this *
# | | * 66| will be treated as cruft *
# | | * 67| <!-- html_fmt: Following end tag is replacement for a missing one --> *
# | | * 68| </p><!-- *
# | | * 69| html_fmt: Next end tag is cruft *
# | | * 70| --></pre> *
# | | * 71| <p> *
# | | * 72| I am at the end *
# | | * 73| <!-- *
# | | * 74| </p> *
# | | * 75| <p> *
# | | * 76| This is a comment *
# | | * 77| In a browser, *
# | | * 78| you should not see me ... *
# | | * 79| </p> *
# | | * 80|</pre> *
# | | * 81|<p> ... or me ... *
# | | * 82|</pre> *
# | | * 83|<p> ... or me *
# | | * 84|--> *
# | | * 85| <!-- html_fmt: Following end tag is replacement for a missing one --> *
# | | * 86| </p><!-- *
# | | * 87| html_fmt: Following end tag is replacement for a missing one *
# | | * 88| --></body> *
# | | * 89| <!-- html_fmt: Following end tag is replacement for a missing one --> *
# | | * 90|</html> *
# | | * 91|' *
# +---+-----+---+--------------------------------------------------------------------------------------+
#
Bareword "Marpa::R2::Internal::Grammar::TRACE_FILE_HANDLE" not allowed while "strict subs" in use at lib/Marpa/R2/Grammar.pm line 146.
Bareword "Marpa::R2::Internal::Grammar::TRACE_RULES" not allowed while "strict subs" in use at lib/Marpa/R2/Grammar.pm line 148.
Bareword "Marpa::R2::Internal::Grammar::WARNINGS" not allowed while "strict subs" in use at lib/Marpa/R2/Grammar.pm line 149.
Bareword "Marpa::R2::Internal::Grammar::INACCESSIBLE_OK" not allowed while "strict subs" in use at lib/Marpa/R2/Grammar.pm line 150.
Bareword "Marpa::R2::Internal::Grammar::UNPRODUCTIVE_OK" not allowed while "strict subs" in use at lib/Marpa/R2/Grammar.pm line 151.
Bareword "Marpa::R2::Internal::Grammar::INFINITE_ACTION" not allowed while "strict subs" in use at lib/Marpa/R2/Grammar.pm line 152.
Bareword "Marpa::R2::Internal::Grammar::SYMBOLS" not allowed while "strict subs" in use at lib/Marpa/R2/Grammar.pm line 154.
Bareword "Marpa::R2::Internal::Grammar::RULES" not allowed while "strict subs" in use at lib/Marpa/R2/Grammar.pm line 155.
Bareword "Marpa::R2::Internal::Grammar::RULE_BY_NAME" not allowed while "strict subs" in use at lib/Marpa/R2/Grammar.pm line 156.
Bareword "Marpa::R2::Internal::Grammar::RULE_NAME_REQUIRED" not allowed while "strict subs" in use at lib/Marpa/R2/Grammar.pm line 157.
Bareword "Marpa::R2::Internal::Grammar::C" not allowed while "strict subs" in use at lib/Marpa/R2/Grammar.pm line 159.
Bareword "Marpa::R2::Internal::Grammar::TRACER" not allowed while "strict subs" in use at lib/Marpa/R2/Grammar.pm line 161.
Bareword "Marpa::R2::Internal::Symbol::ID" not allowed while "strict subs" in use at lib/Marpa/R2/Grammar.pm line 1225.
Compilation failed in require at lib/Marpa/R2.pm line 84.
Compilation failed in require at /home/cpanbuilder/.cpanplus/5.14.2/build/Marpa-R2-2.065_003/blib/lib/Marpa/R2/HTML.pm line 47.
BEGIN failed--compilation aborted at /home/cpanbuilder/.cpanplus/5.14.2/build/Marpa-R2-2.065_003/blib/lib/Marpa/R2/HTML.pm line 47.
Compilation failed in require at blib/script/marpa_r2_html_fmt line 24.
BEGIN failed--compilation aborted at blib/script/marpa_r2_html_fmt line 24.
# Failed test 'marpa_r2_html_fmt test'
# at html/t/fmt.t line 58.
# +---+-----+---+--------------------------------------------------------------------------------------+
# | Ln|Got | Ln|Expected |
# +---+-----+---+--------------------------------------------------------------------------------------+
# * 1|'' * 1|'<html>\n *
# | | * 2| <!-- html_fmt: Preceeding start tag is replacement for a missing one --> *
# | | * 3| <head> *
# | | * 4| <!-- html_fmt: Preceeding start tag is replacement for a missing one --> *
# | | * 5| <title> *
# | | * 6| Test page *
# | | * 7| <!-- html_fmt: Following end tag is replacement for a missing one --> *
# | | * 8| </title> *
# | | * 9| <!-- html_fmt: Following end tag is replacement for a missing one --> *
# | | * 10| </head> *
# | | * 11| <body> *
# | | * 12| <!-- html_fmt: Preceeding start tag is replacement for a missing one --> *
# | | * 13| <table> *
# | | * 14| <!-- html_fmt: Preceeding start tag is replacement for a missing one --> *
# | | * 15| <tbody> *
# | | * 16| <!-- html_fmt: Preceeding start tag is replacement for a missing one --> *
# | | * 17| <tr> *
# | | * 18| <td> *
# | | * 19| <!-- html_fmt: Preceeding start tag is replacement for a missing one --> *
# | | * 20| x<!-- *
# | | * 21| html_fmt: Following end tag is replacement for a missing one *
# | | * 22| --></td><!-- *
# | | * 23| html_fmt: Following end tag is replacement for a missing one *
# | | * 24| --></tr><!-- *
# | | * 25| html_fmt: Following end tag is replacement for a missing one *
# | | * 26| --></tbody><!-- *
# | | * 27| html_fmt: Following end tag is replacement for a missing one *
# | | * 28| --></table><!-- *
# | | * 29| html_fmt: Next start tag is cruft *
# | | * 30| --><head attr="I am cruft"><p> *
# | | * 31| Final graf *
# | | * 32| <!-- html_fmt: Following end tag is replacement for a missing one --> *
# | | * 33| </p><!-- *
# | | * 34| html_fmt: Following end tag is replacement for a missing one *
# | | * 35| --></body> *
# | | * 36| <!-- html_fmt: Following end tag is replacement for a missing one --> *
# | | * 37|</html> *
# | | * 38|' *
# +---+-----+---+--------------------------------------------------------------------------------------+
#
# Looks like you failed 2 tests of 4.
html/t/fmt.t ...........
Dubious, test returned 2 (wstat 512, 0x200)
Failed 2/4 subtests
html/t/missing.t ....... ok
html/t/parse.t ......... ok
Bareword "Marpa::R2::Internal::Grammar::TRACE_FILE_HANDLE" not allowed while "strict subs" in use at lib/Marpa/R2/Grammar.pm line 146.
Bareword "Marpa::R2::Internal::Grammar::TRACE_RULES" not allowed while "strict subs" in use at lib/Marpa/R2/Grammar.pm line 148.
Bareword "Marpa::R2::Internal::Grammar::WARNINGS" not allowed while "strict subs" in use at lib/Marpa/R2/Grammar.pm line 149.
Bareword "Marpa::R2::Internal::Grammar::INACCESSIBLE_OK" not allowed while "strict subs" in use at lib/Marpa/R2/Grammar.pm line 150.
Bareword "Marpa::R2::Internal::Grammar::UNPRODUCTIVE_OK" not allowed while "strict subs" in use at lib/Marpa/R2/Grammar.pm line 151.
Bareword "Marpa::R2::Internal::Grammar::INFINITE_ACTION" not allowed while "strict subs" in use at lib/Marpa/R2/Grammar.pm line 152.
Bareword "Marpa::R2::Internal::Grammar::SYMBOLS" not allowed while "strict subs" in use at lib/Marpa/R2/Grammar.pm line 154.
Bareword "Marpa::R2::Internal::Grammar::RULES" not allowed while "strict subs" in use at lib/Marpa/R2/Grammar.pm line 155.
Bareword "Marpa::R2::Internal::Grammar::RULE_BY_NAME" not allowed while "strict subs" in use at lib/Marpa/R2/Grammar.pm line 156.
Bareword "Marpa::R2::Internal::Grammar::RULE_NAME_REQUIRED" not allowed while "strict subs" in use at lib/Marpa/R2/Grammar.pm line 157.
Bareword "Marpa::R2::Internal::Grammar::C" not allowed while "strict subs" in use at lib/Marpa/R2/Grammar.pm line 159.
Bareword "Marpa::R2::Internal::Grammar::TRACER" not allowed while "strict subs" in use at lib/Marpa/R2/Grammar.pm line 161.
Bareword "Marpa::R2::Internal::Symbol::ID" not allowed while "strict subs" in use at lib/Marpa/R2/Grammar.pm line 1225.
Compilation failed in require at lib/Marpa/R2.pm line 84.
Compilation failed in require at /home/cpanbuilder/.cpanplus/5.14.2/build/Marpa-R2-2.065_003/blib/lib/Marpa/R2/HTML.pm line 47.
BEGIN failed--compilation aborted at /home/cpanbuilder/.cpanplus/5.14.2/build/Marpa-R2-2.065_003/blib/lib/Marpa/R2/HTML.pm line 47.
Compilation failed in require at blib/script/marpa_r2_html_score line 24.
BEGIN failed--compilation aborted at blib/script/marpa_r2_html_score line 24.
# Failed test 'marpa_r2_html_score test'
# at html/t/score.t line 65.
# +---+-----+---+---------------------------------------------------------+
# | Ln|Got | Ln|Expected |
# +---+-----+---+---------------------------------------------------------+
# * 1|'' * 1|'Complexity Score = 0.533\n *
# | | * 2|Maximum Depth = 6 *
# | | * 3| Maximum Number of Size in Average *
# | | * 4| Element Nesting Elements Characters Size *
# | | * 5|[CRUFT] 1 4 20 5 *
# | | * 6|body 1 1 384 384 *
# | | * 7|head 1 1 0 0 *
# | | * 8|html 1 1 384 384 *
# | | * 9|p 1 9 231 25 *
# | | * 10|pre 1 2 96 48 *
# | | * 11|table 1 1 37 37 *
# | | * 12|tbody 1 1 22 22 *
# | | * 13|td 1 1 22 22 *
# | | * 14|tr 1 1 22 22 *
# | | * 15|' *
# +---+-----+---+---------------------------------------------------------+
#
Bareword "Marpa::R2::Internal::Grammar::TRACE_FILE_HANDLE" not allowed while "strict subs" in use at lib/Marpa/R2/Grammar.pm line 146.
Bareword "Marpa::R2::Internal::Grammar::TRACE_RULES" not allowed while "strict subs" in use at lib/Marpa/R2/Grammar.pm line 148.
Bareword "Marpa::R2::Internal::Grammar::WARNINGS" not allowed while "strict subs" in use at lib/Marpa/R2/Grammar.pm line 149.
Bareword "Marpa::R2::Internal::Grammar::INACCESSIBLE_OK" not allowed while "strict subs" in use at lib/Marpa/R2/Grammar.pm line 150.
Bareword "Marpa::R2::Internal::Grammar::UNPRODUCTIVE_OK" not allowed while "strict subs" in use at lib/Marpa/R2/Grammar.pm line 151.
Bareword "Marpa::R2::Internal::Grammar::INFINITE_ACTION" not allowed while "strict subs" in use at lib/Marpa/R2/Grammar.pm line 152.
Bareword "Marpa::R2::Internal::Grammar::SYMBOLS" not allowed while "strict subs" in use at lib/Marpa/R2/Grammar.pm line 154.
Bareword "Marpa::R2::Internal::Grammar::RULES" not allowed while "strict subs" in use at lib/Marpa/R2/Grammar.pm line 155.
Bareword "Marpa::R2::Internal::Grammar::RULE_BY_NAME" not allowed while "strict subs" in use at lib/Marpa/R2/Grammar.pm line 156.
Bareword "Marpa::R2::Internal::Grammar::RULE_NAME_REQUIRED" not allowed while "strict subs" in use at lib/Marpa/R2/Grammar.pm line 157.
Bareword "Marpa::R2::Internal::Grammar::C" not allowed while "strict subs" in use at lib/Marpa/R2/Grammar.pm line 159.
Bareword "Marpa::R2::Internal::Grammar::TRACER" not allowed while "strict subs" in use at lib/Marpa/R2/Grammar.pm line 161.
Bareword "Marpa::R2::Internal::Symbol::ID" not allowed while "strict subs" in use at lib/Marpa/R2/Grammar.pm line 1225.
Compilation failed in require at lib/Marpa/R2.pm line 84.
Compilation failed in require at /home/cpanbuilder/.cpanplus/5.14.2/build/Marpa-R2-2.065_003/blib/lib/Marpa/R2/HTML.pm line 47.
BEGIN failed--compilation aborted at /home/cpanbuilder/.cpanplus/5.14.2/build/Marpa-R2-2.065_003/blib/lib/Marpa/R2/HTML.pm line 47.
Compilation failed in require at blib/script/marpa_r2_html_score line 24.
BEGIN failed--compilation aborted at blib/script/marpa_r2_html_score line 24.
# Failed test 'marpa_r2_html_score test'
# at html/t/score.t line 65.
# +---+-----+---+---------------------------------------------------------+
# | Ln|Got | Ln|Expected |
# +---+-----+---+---------------------------------------------------------+
# * 1|'' * 1|'Complexity Score = 0.808\n *
# | | * 2|Maximum Depth = 6 *
# | | * 3| Maximum Number of Size in Average *
# | | * 4| Element Nesting Elements Characters Size *
# | | * 5|[CRUFT] 1 1 21 21 *
# | | * 6|body 1 1 38 38 *
# | | * 7|head 1 1 15 15 *
# | | * 8|html 1 1 53 53 *
# | | * 9|p 1 1 12 12 *
# | | * 10|table 1 1 5 5 *
# | | * 11|tbody 1 1 5 5 *
# | | * 12|td 1 1 1 1 *
# | | * 13|title 1 1 15 15 *
# | | * 14|tr 1 1 5 5 *
# | | * 15|' *
# +---+-----+---+---------------------------------------------------------+
#
# Looks like you failed 2 tests of 4.
html/t/score.t .........
Dubious, test returned 2 (wstat 512, 0x200)
Failed 2/4 subtests
html/t/synopsis.t ...... ok
html/t/tang.t .......... ok
Test Summary Report
-------------------
t/00-load.t (Wstat: 65280 Tests: 0 Failed: 0)
Non-zero exit status: 255
Parse errors: Bad plan. You planned 4 tests but ran 0.
html/t/cfg_fmt.t (Wstat: 2560 Tests: 20 Failed: 10)
Failed tests: 1, 3, 5, 7, 9, 11, 13, 15, 17, 19
Non-zero exit status: 10
html/t/fmt.t (Wstat: 512 Tests: 4 Failed: 2)
Failed tests: 2, 4
Non-zero exit status: 2
html/t/score.t (Wstat: 512 Tests: 4 Failed: 2)
Failed tests: 2, 4
Non-zero exit status: 2
Files=86, Tests=748, 47 wallclock secs ( 1.14 usr 0.29 sys + 42.62 cusr 4.26 csys = 48.31 CPU)
Result: FAIL
Failed 4/86 test programs. 14/748 subtests failed.
BEGIN failed--compilation aborted at /usr/bin/cpanp-run-perl line 11.
[MSG] [Mon Jul 29 16:36:55 2013] DEFAULT 'proceed_on_test_failure' HANDLER RETURNING 'sub return value'
MISSING PREREQUISITES:
It was observed that the test suite seem to fail without these modules:
PPI
As such, adding the prerequisite module(s) to 'PREREQ_PM' in your
Makefile.PL should solve this problem. For example:
WriteMakefile(
AUTHOR => 'JKEGL (cpanplus-info@lists.sf.net)',
... # other information
PREREQ_PM => {
'PPI' => '0', # or a minimum working version
}
);
Thanks! :-)
PREREQUISITES:
Here is a list of prerequisites you specified and versions we
managed to load:
Module Name Have Want
Carp 1.26 1.08
Data::Dumper 2.130_02 2.125
ExtUtils::CBuilder 0.280203 0
HTML::Entities 3.69 3.68
HTML::Parser 3.69 3.69
List::Util 1.23 1.21
Scalar::Util 1.23 1.21
Perl module toolchain versions installed:
Module Name Have
CPANPLUS 0.9103
CPANPLUS::Dist::Build 0.54
Cwd 3.36
ExtUtils::CBuilder 0.280203
ExtUtils::Command 1.17
ExtUtils::Install 1.56
ExtUtils::MakeMaker 6.62
ExtUtils::Manifest 1.58
ExtUtils::ParseXS 2.2210
File::Spec 3.33
Module::Build 0.3800
Test::Harness 3.23
Test::More 0.98
version 0.88
******************************** NOTE ********************************
The comments above are created mechanically, possibly without manual
checking by the sender. As there are many people performing automatic
tests on each upload to CPAN, it is likely that you will receive
identical messages about the same problem.
If you believe that the message is mistaken, please reply to the first
one with correction and/or additional informations, and do not take
it personally. We appreciate your patience. :)
**********************************************************************
Additional comments:
This report was machine-generated by CPAN::YACSmoke 0.03.
--
Summary of my perl5 (revision 5 version 14 subversion 2) configuration:
Platform:
osname=linux, osvers=3.2.0-23-generic, archname=x86_64-linux-gnu-thread-multi
uname='linux batsu 3.2.0-23-generic #36-ubuntu smp tue apr 10 20:39:51 utc 2012 x86_64 x86_64 x86_64 gnulinux '
config_args='-Dusethreads -Duselargefiles -Dccflags=-DDEBIAN -D_FORTIFY_SOURCE=2 -g -O2 -fstack-protector --param=ssp-buffer-size=4 -Wformat -Werror=format-security -Dldflags= -Wl,-Bsymbolic-functions -Wl,-z,relro -Dlddlflags=-shared -Wl,-Bsymbolic-functions -Wl,-z,relro -Dcccdlflags=-fPIC -Darchname=x86_64-linux-gnu -Dprefix=/usr -Dprivlib=/usr/share/perl/5.14 -Darchlib=/usr/lib/perl/5.14 -Dvendorprefix=/usr -Dvendorlib=/usr/share/perl5 -Dvendorarch=/usr/lib/perl5 -Dsiteprefix=/usr/local -Dsitelib=/usr/local/share/perl/5.14.2 -Dsitearch=/usr/local/lib/perl/5.14.2 -Dman1dir=/usr/share/man/man1 -Dman3dir=/usr/share/man/man3 -Dsiteman1dir=/usr/local/man/man1 -Dsiteman3dir=/usr/local/man/man3 -Duse64bitint -Dman1ext=1 -Dman3ext=3perl -Dpager=/usr/bin/sensible-pager -Uafs -Ud_csh -Ud_ualarm -Uusesfio -Uusenm -Ui_libutil -DDEBUGGING=-g -Doptimize=-O2 -Duseshrplib -Dlibperl=libperl.so.5.14.2 -des'
hint=recommended, useposix=true, d_sigaction=define
useithreads=define, usemultiplicity=define
useperlio=define, d_sfio=undef, uselargefiles=define, usesocks=undef
use64bitint=define, use64bitall=define, uselongdouble=undef
usemymalloc=n, bincompat5005=undef
Compiler:
cc='cc', ccflags ='-D_REENTRANT -D_GNU_SOURCE -DDEBIAN -fstack-protector -fno-strict-aliasing -pipe -I/usr/local/include -D_LARGEFILE_SOURCE -D_FILE_OFFSET_BITS=64',
optimize='-O2 -g',
cppflags='-D_REENTRANT -D_GNU_SOURCE -DDEBIAN -fstack-protector -fno-strict-aliasing -pipe -I/usr/local/include'
ccversion='', gccversion='4.7.1 20120908 (prerelease)', gccosandvers=''
intsize=4, longsize=8, ptrsize=8, doublesize=8, byteorder=12345678
d_longlong=define, longlongsize=8, d_longdbl=define, longdblsize=16
ivtype='long', ivsize=8, nvtype='double', nvsize=8, Off_t='off_t', lseeksize=8
alignbytes=8, prototype=define
Linker and Libraries:
ld='cc', ldflags =' -fstack-protector -L/usr/local/lib'
libpth=/usr/local/lib /lib/x86_64-linux-gnu /lib/../lib /usr/lib/x86_64-linux-gnu /usr/lib/../lib /lib /usr/lib
libs=-lgdbm -lgdbm_compat -ldb -ldl -lm -lpthread -lc -lcrypt
perllibs=-ldl -lm -lpthread -lc -lcrypt
libc=, so=so, useshrplib=true, libperl=libperl.so.5.14.2
gnulibc_version='2.15'
Dynamic Linking:
dlsrc=dl_dlopen.xs, dlext=so, d_dlsymun=undef, ccdlflags='-Wl,-E'
cccdlflags='-fPIC', lddlflags='-shared -L/usr/local/lib -fstack-protector'
Characteristics of this binary (from libperl):
Compile-time options: MULTIPLICITY PERL_DONT_CREATE_GVSV
PERL_IMPLICIT_CONTEXT PERL_MALLOC_WRAP
PERL_PRESERVE_IVUV USE_64_BIT_ALL USE_64_BIT_INT
USE_ITHREADS USE_LARGE_FILES USE_PERLIO USE_PERL_ATOF
USE_REENTRANT_API
Locally applied patches:
DEBPKG:debian/arm_thread_stress_timeout - http://bugs.debian.org/501970 Raise the timeout of ext/threads/shared/t/stress.t to accommodate slower build hosts
DEBPKG:debian/cpan_definstalldirs - Provide a sensible INSTALLDIRS default for modules installed from CPAN.
DEBPKG:debian/db_file_ver - http://bugs.debian.org/340047 Remove overly restrictive DB_File version check.
DEBPKG:debian/doc_info - Replace generic man(1) instructions with Debian-specific information.
DEBPKG:debian/enc2xs_inc - http://bugs.debian.org/290336 Tweak enc2xs to follow symlinks and ignore missing @INC directories.
DEBPKG:debian/errno_ver - http://bugs.debian.org/343351 Remove Errno version check due to upgrade problems with long-running processes.
DEBPKG:debian/libperl_embed_doc - http://bugs.debian.org/186778 Note that libperl-dev package is required for embedded linking
DEBPKG:fixes/respect_umask - Respect umask during installation
DEBPKG:debian/writable_site_dirs - Set umask approproately for site install directories
DEBPKG:debian/extutils_set_libperl_path - EU:MM: Set location of libperl.a to /usr/lib
DEBPKG:debian/no_packlist_perllocal - Don't install .packlist or perllocal.pod for perl or vendor
DEBPKG:debian/prefix_changes - Fiddle with *PREFIX and variables written to the makefile
DEBPKG:debian/fakeroot - Postpone LD_LIBRARY_PATH evaluation to the binary targets.
DEBPKG:debian/instmodsh_doc - Debian policy doesn't install .packlist files for core or vendor.
DEBPKG:debian/ld_run_path - Remove standard libs from LD_RUN_PATH as per Debian policy.
DEBPKG:debian/libnet_config_path - Set location of libnet.cfg to /etc/perl/Net as /usr may not be writable.
DEBPKG:debian/m68k_thread_stress - http://bugs.debian.org/517938 http://bugs.debian.org/495826 Disable some threads tests on m68k for now due to missing TLS.
DEBPKG:debian/mod_paths - Tweak @INC ordering for Debian
DEBPKG:debian/module_build_man_extensions - http://bugs.debian.org/479460 Adjust Module::Build manual page extensions for the Debian Perl policy
DEBPKG:debian/prune_libs - http://bugs.debian.org/128355 Prune the list of libraries wanted to what we actually need.
DEBPKG:fixes/net_smtp_docs - [rt.cpan.org #36038] http://bugs.debian.org/100195 Document the Net::SMTP 'Port' option
DEBPKG:debian/perlivp - http://bugs.debian.org/510895 Make perlivp skip include directories in /usr/local
DEBPKG:debian/cpanplus_definstalldirs - http://bugs.debian.org/533707 Configure CPANPLUS to use the site directories by default.
DEBPKG:debian/cpanplus_config_path - Save local versions of CPANPLUS::Config::System into /etc/perl.
DEBPKG:debian/deprecate-with-apt - http://bugs.debian.org/580034 Point users to Debian packages of deprecated core modules
DEBPKG:fixes/hurd-ccflags - [a190e64] http://bugs.debian.org/587901 [perl #92244] Make hints/gnu.sh append to $ccflags rather than overriding them
DEBPKG:debian/squelch-locale-warnings - http://bugs.debian.org/508764 Squelch locale warnings in Debian package maintainer scripts
DEBPKG:debian/skip-upstream-git-tests - Skip tests specific to the upstream Git repository
DEBPKG:fixes/extutils-cbuilder-cflags - [011e8fb] http://bugs.debian.org/624460 [perl #89478] Append CFLAGS and LDFLAGS to their Config.pm counterparts in EU::CBuilder
DEBPKG:fixes/module-build-home-directory - http://bugs.debian.org/624850 [rt.cpan.org #67893] Fix failing tilde test when run under a UID without a passwd entry
DEBPKG:debian/patchlevel - http://bugs.debian.org/567489 List packaged patches for 5.14.2-13 in patchlevel.h
DEBPKG:fixes/h2ph-multiarch - [e7ec705] http://bugs.debian.org/625808 [perl #90122] Make h2ph correctly search gcc include directories
DEBPKG:fixes/index-tainting - [3b36395] http://bugs.debian.org/291450 [perl #64804] RT 64804: tainting with index() of a constant
DEBPKG:fixes/document_makemaker_ccflags - http://bugs.debian.org/628522 [rt.cpan.org #68613] Document that CCFLAGS should include $Config{ccflags}
DEBPKG:fixes/sys-syslog-socket-timeout-kfreebsd.patch - http://bugs.debian.org/627821 [rt.cpan.org #69997] Use a socket timeout on GNU/kFreeBSD to catch ICMP port unreachable messages
DEBPKG:fixes/hurd-hints - http://bugs.debian.org/636609 Improve general GNU hints, needed for GNU/Hurd.
DEBPKG:fixes/pod_fixes - [7698aed] http://bugs.debian.org/637816 Fix typos in several pod/perl*.pod files
DEBPKG:debian/find_html2text - http://bugs.debian.org/640479 Configure CPAN::Distribution with correct name of html2text
DEBPKG:fixes/digest_eval_hole - http://bugs.debian.org/644108 Close the eval "require $module" security hole in Digest->new($algorithm)
DEBPKG:fixes/hurd-ndbm - [f0d0a20] [perl #102680] http://bugs.debian.org/645989 Add GNU/Hurd hints for NDBM_File
DEBPKG:fixes/sysconf.t-posix - [8040185] [perl #102888] http://bugs.debian.org/646016 Fix hang in ext/POSIX/t/sysconf.t on GNU/Hurd
DEBPKG:fixes/hurd-largefile - [1fda587] [perl #103014] http://bugs.debian.org/645790 enable LFS on GNU/Hurd
DEBPKG:debian/hurd_test_todo_syslog - http://bugs.debian.org/650093 Disable failing GNU/Hurd tests in cpan/Sys-Syslog/t/syslog.t
DEBPKG:fixes/hurd_skip_itimer_virtual - [rt.cpan.org #72754] http://bugs.debian.org/650094 Skip interval timer tests in Time::HiRes on GNU/Hurd
DEBPKG:debian/hurd_test_skip_sigdispatch - http://bugs.debian.org/650188 Disable failing GNU/Hurd tests op/sigdispatch.t
DEBPKG:debian/hurd_test_skip_stack - http://bugs.debian.org/650175 Disable failing GNU/Hurd tests dist/threads/t/stack.t
DEBPKG:debian/hurd_test_skip_pipe - http://bugs.debian.org/650187 Disable failing GNU/Hurd tests io/pipe.t
DEBPKG:debian/hurd_test_skip_io_pipe - http://bugs.debian.org/650096 Disable failing GNU/Hurd tests dist/IO/t/io_pipe.t
DEBPKG:fixes/manpage_name_CPAN - http://bugs.debian.org/650448 [rt.cpan.org #73396] cpan/CPAN: add NAME headings in modules with POD
DEBPKG:fixes/manpage_name_CPANPLUS - http://bugs.debian.org/650450 [rt.cpan.org #73398] cpan/CPANPLUS: add NAME headings in modules with POD
DEBPKG:fixes/manpage_name_Test-Harness - http://bugs.debian.org/650451 [rt.cpan.org #73399] cpan/Test-Harness: add NAME headings in modules with POD
DEBPKG:fixes/manpage_name_Term-UI - http://bugs.debian.org/650452 [rt.cpan.org #73400] cpan/Term-UI: add NAME headings in modules with POD
DEBPKG:fixes/podlators_ae_ligature_fallback - http://bugs.debian.org/652851 Fix the ASCII fallback string for AE
DEBPKG:fixes/fsf_postal_address - [de89470] Update references to the FSF's postal address
DEBPKG:fixes/cpan_module_pod_fixes - [perl #106870] [rt.cpan.org #73447] [rt.cpan.org #73446] Fix POD formatting in Term-Cap and Pod-Parser
DEBPKG:fixes/cgi_no_shellwords_pl - Use Text::ParseWords instead of shellwords.pl
DEBPKG:fixes/path_max_fallback - [perl #109262] http://bugs.debian.org/656869 Don't use _POSIX_PATH_MAX as a fallback PATH_MAX
DEBPKG:debian/makemaker-pasthru - http://bugs.debian.org/660195 [rt.cpan.org #28632] Make EU::MM pass LD through to recursive Makefile.PL invocations
DEBPKG:fixes/propagate_tainted_errors.patch - http://bugs.debian.org/cgi-bin/bugreport.cgi?bug=663158 [perl #111654] properly propagate tainted errors
DEBPKG:debian/perl5db-x-terminal-emulator.patch - http://bugs.debian.org/668490 Invoke x-terminal-emulator rather than xterm in perl5db.pl
DEBPKG:fixes/socket_cache_propagate - http://bugs.debian.org/cgi-bin/bugreport.cgi?bug=659075 [rt.cpan.org #61577] [perl #112736] sockdomain and socktype undef on newly accepted sockets
DEBPKG:fixes/ipc_open3 - [perl #114454] http://bugs.debian.org/683894 IPC::Open3::open3(..., '-') broken
Built under linux
Compiled at Sep 13 2012 15:41:30
%ENV:
PERL5LIB="/home/cpanbuilder/perl5/lib/perl5/x86_64-linux-gnu-thread-multi:/home/cpanbuilder/perl5/lib/perl5:/home/cpanbuilder/.cpanplus/5.14.2/build/CPAN-Meta-Requirements-2.122/blib/lib:/home/cpanbuilder/.cpanplus/5.14.2/build/CPAN-Meta-Requirements-2.122/blib/arch:/home/cpanbuilder/.cpanplus/5.14.2/build/CPAN-Meta-YAML-0.008/blib/lib:/home/cpanbuilder/.cpanplus/5.14.2/build/CPAN-Meta-YAML-0.008/blib/arch:/home/cpanbuilder/.cpanplus/5.14.2/build/JSON-PP-2.27202/blib/lib:/home/cpanbuilder/.cpanplus/5.14.2/build/JSON-PP-2.27202/blib/arch:/home/cpanbuilder/.cpanplus/5.14.2/build/Parse-CPAN-Meta-1.4405/blib/lib:/home/cpanbuilder/.cpanplus/5.14.2/build/Parse-CPAN-Meta-1.4405/blib/arch:/home/cpanbuilder/.cpanplus/5.14.2/build/CPAN-Meta-2.131560/blib/lib:/home/cpanbuilder/.cpanplus/5.14.2/build/CPAN-Meta-2.131560/blib/arch:/home/cpanbuilder/.cpanplus/5.14.2/build/Config-AutoConf-0.22/blib/lib:/home/cpanbuilder/.cpanplus/5.14.2/build/Config-AutoConf-0.22/blib/arch:/home/cpanbuilder/.cpanplus/5.14.2/build/Module-Build-0.4007/blib/lib:/home/cpanbuilder/.cpanplus/5.14.2/build/Module-Build-0.4007/blib/arch:/home/cpanbuilder/.cpanplus/5.14.2/build/Marpa-R2-2.065_003/blib/lib:/home/cpanbuilder/.cpanplus/5.14.2/build/Marpa-R2-2.065_003/blib/arch"
PERL5_CPANPLUS_IS_RUNNING="16376"
PERL5_CPANPLUS_IS_VERSION="0.9103"
PERL_LOCAL_LIB_ROOT="/home/cpanbuilder/perl5"
PERL_MB_OPT="--install_base /home/cpanbuilder/perl5"
PERL_MM_OPT="INSTALL_BASE=/home/cpanbuilder/perl5"
@INC:
/home/cpanbuilder/perl5/lib/perl5/x86_64-linux-gnu-thread-multi
/home/cpanbuilder/perl5/lib/perl5/x86_64-linux-gnu-thread-multi
/home/cpanbuilder/perl5/lib/perl5
/home/cpanbuilder/.cpanplus/5.14.2/build/CPAN-Meta-Requirements-2.122/blib/lib
/home/cpanbuilder/.cpanplus/5.14.2/build/CPAN-Meta-Requirements-2.122/blib/arch
/home/cpanbuilder/.cpanplus/5.14.2/build/CPAN-Meta-YAML-0.008/blib/lib
/home/cpanbuilder/.cpanplus/5.14.2/build/CPAN-Meta-YAML-0.008/blib/arch
/home/cpanbuilder/.cpanplus/5.14.2/build/JSON-PP-2.27202/blib/lib
/home/cpanbuilder/.cpanplus/5.14.2/build/JSON-PP-2.27202/blib/arch
/home/cpanbuilder/.cpanplus/5.14.2/build/Parse-CPAN-Meta-1.4405/blib/lib
/home/cpanbuilder/.cpanplus/5.14.2/build/Parse-CPAN-Meta-1.4405/blib/arch
/home/cpanbuilder/.cpanplus/5.14.2/build/CPAN-Meta-2.131560/blib/lib
/home/cpanbuilder/.cpanplus/5.14.2/build/CPAN-Meta-2.131560/blib/arch
/home/cpanbuilder/.cpanplus/5.14.2/build/Config-AutoConf-0.22/blib/lib
/home/cpanbuilder/.cpanplus/5.14.2/build/Config-AutoConf-0.22/blib/arch
/home/cpanbuilder/.cpanplus/5.14.2/build/Module-Build-0.4007/blib/lib
/home/cpanbuilder/.cpanplus/5.14.2/build/Module-Build-0.4007/blib/arch
/home/cpanbuilder/.cpanplus/5.14.2/build/Marpa-R2-2.065_003/blib/lib
/home/cpanbuilder/.cpanplus/5.14.2/build/Marpa-R2-2.065_003/blib/arch
/etc/perl
/usr/local/lib/perl/5.14.2
/usr/local/share/perl/5.14.2
/usr/lib/perl5
/usr/share/perl5
/usr/lib/perl/5.14
/usr/share/perl/5.14
/usr/local/lib/site_perl
.