Back
From: metabase:user:314402c4-2aae-11df-837a-5e0a49663a4f
Subject: FAIL Dancer2-Plugin-REST-0.21 v5.18.2 GNU/Linux
Date: 2014-05-10T09:13:12Z
This distribution has been tested as part of the CPAN Testers
project, supporting the Perl programming language. See
http://wiki.cpantesters.org/ for more information or email
questions to cpan-testers-discuss@perl.org
--
Dear Yanick Champoux,
This is a computer-generated report for Dancer2-Plugin-REST-0.21
on perl 5.18.2, created by CPAN-Reporter-1.2011.
Thank you for uploading your work to CPAN. However, there was a problem
testing your distribution.
If you think this report is invalid, please consult the CPAN Testers Wiki
for suggestions on how to avoid getting FAIL reports for missing library
or binary dependencies, unsupported operating systems, and so on:
http://wiki.cpantesters.org/wiki/CPANAuthorNotes
Sections of this report:
* Tester comments
* Program output
* Prerequisites
* Environment and other context
------------------------------
TESTER COMMENTS
------------------------------
Additional comments from tester:
none provided
------------------------------
PROGRAM OUTPUT
------------------------------
Output from './Build test':
t/00-compile.t ........................ ok
# Prerequisite Report:
# Version Module
# -------- ----------------------
# 1.3301 Carp
# 0.21 Class::Load
# 0.140001 Dancer2
# 0.140001 Dancer2::Core::Request
# 0.140001 Dancer2::Plugin
# 0.140001 Dancer2::Test
# 2.151 Data::Dumper
# 6.98 ExtUtils::MakeMaker
# 3.40 File::Spec
# 3.40 File::Spec::Functions
# 1.34 IO::Handle
# 1.13 IPC::Open3
# 2.90 JSON
# 6.06 LWP::UserAgent
# 1.38 List::Util
# 0.4205 Module::Build
# 1.004002 Moo::Role
# 1.001003 Test::More
# 2.02 Test::TCP
# 1.07 strict
# 1.18 warnings
t/00-report-prereqs.t ................. ok
# Failed test 'headers have content_type set to (?^:text/x-data-dumper; charset=UTF-8)'
# at t/02_prepare_serializer_for_format.t line 66.
# 'text/x-data-dumper'
# doesn't match '(?^:text/x-data-dumper; charset=UTF-8)'
# Looks like you failed 1 test of 10.
t/02_prepare_serializer_for_format.t ..
Dubious, test returned 1 (wstat 256, 0x100)
Failed 1/10 subtests
t/03_resource.t ....................... ok
t/04_helpers.t ........................ ok
t/04_plugin_settings.t ................ ok
t/05_named_captures.t ................. ok
Can't locate object method "port" via package "HTTP::Server::PSGI" at t/06_tcp_server.t line 20.
cannot open port: 50467 at /opt/perl-5.18.2/lib/site_perl/5.18.2/Test/TCP.pm line 51.
# Looks like your test exited with 111 before it could output anything.
t/06_tcp_server.t .....................
Dubious, test returned 111 (wstat 28416, 0x6f00)
Failed 2/2 subtests
t/release-distmeta.t .................. skipped: these tests are for release candidate testing
t/release-no-tabs.t ................... skipped: these tests are for release candidate testing
t/release-pod-syntax.t ................ skipped: these tests are for release candidate testing
Test Summary Report
-------------------
t/02_prepare_serializer_for_format.t (Wstat: 256 Tests: 10 Failed: 1)
Failed test: 5
Non-zero exit status: 1
t/06_tcp_server.t (Wstat: 28416 Tests: 0 Failed: 0)
Non-zero exit status: 111
Parse errors: Bad plan. You planned 2 tests but ran 0.
Files=11, Tests=49, 19 wallclock secs ( 0.05 usr 0.06 sys + 2.59 cusr 0.53 csys = 3.23 CPU)
Result: FAIL
Failed 2/11 test programs. 1/49 subtests failed.
------------------------------
PREREQUISITES
------------------------------
Prerequisite modules loaded:
requires:
Module Need Have
---------------------- ------ --------
Carp 0 1.3301
Class::Load 0 0.21
Dancer2 0 0.140001
Dancer2::Plugin 0 0.140001
Moo::Role 0 1.004002
strict 0 1.07
warnings 0 1.18
build_requires:
Module Need Have
---------------------- ------ --------
Dancer2::Core::Request 0 0.140001
Dancer2::Test 0 0.140001
Data::Dumper 0 2.151
ExtUtils::MakeMaker 0 6.98
File::Spec 0 3.40
File::Spec::Functions 0 3.40
IO::Handle 0 1.34
IPC::Open3 0 1.13
JSON 0 2.90
List::Util 0 1.38
LWP::UserAgent 0 6.06
Module::Build 0.3601 0.4205
Test::More 0 1.001003
Test::TCP 0 2.02
configure_requires:
Module Need Have
---------------------- ------ --------
ExtUtils::MakeMaker 6.30 6.98
Module::Build 0.3601 0.4205
------------------------------
ENVIRONMENT AND OTHER CONTEXT
------------------------------
Environment variables:
DBIC_NO_WARN_BAD_PERL = 1
LANG = C
PATH = /usr/local/bin:/usr/bin:/bin:/usr/local/sbin:/usr/sbin:/sbin:/home/eserte/bin/linux-gnu:/home/eserte/bin/sh:/home/eserte/bin:/usr/games:/home/eserte/devel:/home/eserte/src/srezic-misc/scripts
PERL5LIB =
PERL5OPT =
PERL5_CPANPLUS_IS_RUNNING = 17635
PERL5_CPAN_IS_RUNNING = 17635
PERL5_CPAN_IS_RUNNING_IN_RECURSION = 32629,17635
PERLDOC = -MPod::Perldoc::ToTextOverstrike
PERL_BATCH = yes
PERL_CPAN_REPORTER_CONFIG = /var/tmp/cpansmoker-1001/D9GvqKhx9a_config.ini
PERL_EXTUTILS_AUTOINSTALL = --defaultdeps
PERL_HTML_DISPLAY_CLASS = HTML::Display::Mozilla
PERL_PARALLEL_SMOKER = yes
SHELL = /bin/zsh
TERM = screen
TMPDIR = /var/tmp/cpansmoker-1001
Perl special variables (and OS-specific diagnostics, for MSWin32):
$^X = /bbbike/perl-5.18.2/bin/perl5.18.2
$UID/$EUID = 1001 / 1001
$GID = 1001 109 1001
$EGID = 1001 109 1001
Perl module toolchain versions installed:
Module Have
------------------- --------
CPAN 2.05
CPAN::Meta 2.141170
Cwd 3.40
ExtUtils::CBuilder 0.280216
ExtUtils::Command 1.18
ExtUtils::Install 1.67
ExtUtils::MakeMaker 6.98
ExtUtils::Manifest 1.63
ExtUtils::ParseXS 3.24
File::Spec 3.40
JSON 2.90
JSON::PP 2.27203
Module::Build 0.4205
Module::Signature 0.73
Parse::CPAN::Meta 1.4414
Test::Harness 3.30
Test::More 1.001003
YAML 0.90
YAML::Syck 1.27
version 0.9908
--
Summary of my perl5 (revision 5 version 18 subversion 2) configuration:
Platform:
osname=linux, osvers=3.2.0-4-amd64, archname=x86_64-linux
uname='linux eserte 3.2.0-4-amd64 #1 smp debian 3.2.57-3 x86_64 gnulinux '
config_args='-ds -e -Dprefix=/opt/perl-5.18.2'
hint=recommended, useposix=true, d_sigaction=define
useithreads=undef, usemultiplicity=undef
useperlio=define, d_sfio=undef, uselargefiles=define, usesocks=undef
use64bitint=define, use64bitall=define, uselongdouble=undef
usemymalloc=n, bincompat5005=undef
Compiler:
cc='cc', ccflags ='-fno-strict-aliasing -pipe -fstack-protector -I/usr/local/include -D_LARGEFILE_SOURCE -D_FILE_OFFSET_BITS=64',
optimize='-O2',
cppflags='-fno-strict-aliasing -pipe -fstack-protector -I/usr/local/include'
ccversion='', gccversion='4.7.2', gccosandvers=''
intsize=4, longsize=8, ptrsize=8, doublesize=8, byteorder=12345678
d_longlong=define, longlongsize=8, d_longdbl=define, longdblsize=16
ivtype='long', ivsize=8, nvtype='double', nvsize=8, Off_t='off_t', lseeksize=8
alignbytes=8, prototype=define
Linker and Libraries:
ld='cc', ldflags =' -fstack-protector -L/usr/local/lib'
libpth=/usr/local/lib /lib/x86_64-linux-gnu /lib/../lib /usr/lib/x86_64-linux-gnu /usr/lib/../lib /lib /usr/lib
libs=-lnsl -ldb -ldl -lm -lcrypt -lutil -lc
perllibs=-lnsl -ldl -lm -lcrypt -lutil -lc
libc=, so=so, useshrplib=false, libperl=libperl.a
gnulibc_version='2.13'
Dynamic Linking:
dlsrc=dl_dlopen.xs, dlext=so, d_dlsymun=undef, ccdlflags='-Wl,-E'
cccdlflags='-fPIC', lddlflags='-shared -O2 -L/usr/local/lib -fstack-protector'
Characteristics of this binary (from libperl):
Compile-time options: HAS_TIMES PERLIO_LAYERS PERL_DONT_CREATE_GVSV
PERL_HASH_FUNC_ONE_AT_A_TIME_HARD PERL_MALLOC_WRAP
PERL_PRESERVE_IVUV PERL_SAWAMPERSAND USE_64_BIT_ALL
USE_64_BIT_INT USE_LARGE_FILES USE_LOCALE
USE_LOCALE_COLLATE USE_LOCALE_CTYPE
USE_LOCALE_NUMERIC USE_PERLIO USE_PERL_ATOF
Built under linux
Compiled at May 7 2014 07:25:45
%ENV:
PERL5LIB=""
PERL5OPT=""
PERL5_CPANPLUS_IS_RUNNING="17635"
PERL5_CPAN_IS_RUNNING="17635"
PERL5_CPAN_IS_RUNNING_IN_RECURSION="32629,17635"
PERLDOC="-MPod::Perldoc::ToTextOverstrike"
PERL_BATCH="yes"
PERL_CPAN_REPORTER_CONFIG="/var/tmp/cpansmoker-1001/D9GvqKhx9a_config.ini"
PERL_EXTUTILS_AUTOINSTALL="--defaultdeps"
PERL_HTML_DISPLAY_CLASS="HTML::Display::Mozilla"
PERL_PARALLEL_SMOKER="yes"
@INC:
/opt/perl-5.18.2/lib/site_perl/5.18.2/x86_64-linux
/opt/perl-5.18.2/lib/site_perl/5.18.2
/opt/perl-5.18.2/lib/5.18.2/x86_64-linux
/opt/perl-5.18.2/lib/5.18.2
.