Back
From: metabase:user:30f4dfbe-2aae-11df-837a-5e0a49663a4f
Subject: FAIL POE-XS-Loop-Poll-1.000 v5.10.0 Mac OS X
Date: 2011-05-31T15:26:09Z
This distribution has been tested as part of the CPAN Testers
project, supporting the Perl programming language. See
http://wiki.cpantesters.org/ for more information or email
questions to cpan-testers-discuss@perl.org
--
Dear Tony Cook,
This is a computer-generated report for POE-XS-Loop-Poll-1.000
on perl 5.10.0, created by CPAN-Reporter-1.1902.
Thank you for uploading your work to CPAN. However, there was a problem
testing your distribution.
If you think this report is invalid, please consult the CPAN Testers Wiki
for suggestions on how to avoid getting FAIL reports for missing library
or binary dependencies, unsupported operating systems, and so on:
http://wiki.cpantesters.org/wiki/CPANAuthorNotes
Sections of this report:
* Tester comments
* Program output
* Prerequisites
* Environment and other context
------------------------------
TESTER COMMENTS
------------------------------
Additional comments from tester:
none provided
------------------------------
PROGRAM OUTPUT
------------------------------
Output from '/usr/bin/make test':
PERL_DL_NONLAZY=1 /usr/bin/perl "-MExtUtils::Command::MM" "-e" "test_harness(0, 'blib/lib', 'blib/arch')" t/poe_xs_loop_poll/*.t
# Testing POE 1.311, POE::Test::Loops 1.311, Using Loop(POE::XS::Loop::Poll), Perl 5.010000, /usr/bin/perl on darwin
t/poe_xs_loop_poll/00_info.t ....................... ok
t/poe_xs_loop_poll/all_errors.t .................... skipped: most of these should move into other test files
t/poe_xs_loop_poll/comp_tcp.t ...................... ok
# You might see a 'disconnect' error during this test.
# It may be ignored.
t/poe_xs_loop_poll/comp_tcp_concurrent.t ........... ok
t/poe_xs_loop_poll/connect_errors.t ................ ok
t/poe_xs_loop_poll/k_alarms.t ...................... ok
t/poe_xs_loop_poll/k_aliases.t ..................... ok
t/poe_xs_loop_poll/k_detach.t ...................... ok
t/poe_xs_loop_poll/k_run_returns.t ................. ok
t/poe_xs_loop_poll/k_selects.t ..................... ok
# Waiting 2 seconds for child processes to settle.
t/poe_xs_loop_poll/k_sig_child.t ................... ok
# Waiting 2 seconds for child processes to settle.
t/poe_xs_loop_poll/k_signals.t ..................... ok
t/poe_xs_loop_poll/k_signals_rerun.t ............... ok
t/poe_xs_loop_poll/sbk_signal_init.t ............... ok
t/poe_xs_loop_poll/ses_nfa.t ....................... ok
# This test generates some STDERR during trace testing.
=== 40309 === 23 -> _start (from /Users/nigel/perl/lib/perl5/site_perl/POE/Kernel.pm at 1413)
=== 40309 === 23 -> woot (from /Users/nigel/perl/lib/perl5/site_perl/POE/Test/Loops/ses_session.pm at 706)
=== 40309 === 23 -> narf (from /Users/nigel/perl/lib/perl5/site_perl/POE/Kernel.pm at 1816)
=== 40309 === 23 -> _stop (from /Users/nigel/perl/lib/perl5/site_perl/POE/Resource/Sessions.pm at 571)
t/poe_xs_loop_poll/ses_session.t ................... ok
t/poe_xs_loop_poll/wheel_accept.t .................. ok
t/poe_xs_loop_poll/wheel_curses.t .................. skipped: Curses not available
t/poe_xs_loop_poll/wheel_readline.t ................
Failed 6/6 subtests
t/poe_xs_loop_poll/wheel_readwrite.t ............... ok
t/poe_xs_loop_poll/wheel_run.t ..................... ok
t/poe_xs_loop_poll/wheel_run_size.t ................ skipped: This test requires Term::Size
# This test may hang if your firewall blocks IPv6
# packets across your localhost interface.
t/poe_xs_loop_poll/wheel_sf_ipv6.t ................. ok
t/poe_xs_loop_poll/wheel_sf_tcp.t .................. ok
t/poe_xs_loop_poll/wheel_sf_udp.t .................. ok
t/poe_xs_loop_poll/wheel_sf_unix.t ................. ok
t/poe_xs_loop_poll/wheel_tail.t .................... ok
t/poe_xs_loop_poll/z_kogman_sig_order.t ............ ok
t/poe_xs_loop_poll/z_leolo_wheel_run.t ............. ok
# Using '/usr/bin/true' as our thing to run under system()
t/poe_xs_loop_poll/z_merijn_sigchld_system.t ....... ok
t/poe_xs_loop_poll/z_rt39872_sigchld.t ............. ok
# Wait 3
# sending sigusr1
# sent sigusr1
t/poe_xs_loop_poll/z_rt39872_sigchld_stop.t ........ ok
t/poe_xs_loop_poll/z_rt53302_fh_watchers.t ......... ok
t/poe_xs_loop_poll/z_rt54319_bazerka_followtail.t .. ok
t/poe_xs_loop_poll/z_steinert_signal_integrity.t ... ok
Test Summary Report
-------------------
t/poe_xs_loop_poll/wheel_readline.t (Wstat: 14 Tests: 0 Failed: 0)
Non-zero wait status: 14
Parse errors: Bad plan. You planned 6 tests but ran 0.
Files=35, Tests=480, 3121 wallclock secs ( 0.21 usr 0.15 sys + 2481.12 cusr 460.50 csys = 2941.98 CPU)
Result: FAIL
Failed 1/35 test programs. 0/480 subtests failed.
make: *** [test_dynamic] Error 255
------------------------------
PREREQUISITES
------------------------------
Prerequisite modules loaded:
requires:
Module Need Have
------------------- ----- -----
POE 1.003 1.311
configure_requires:
Module Need Have
------------------- ----- -----
ExtUtils::MakeMaker 0 6.56
POE::Test::Loops 1.033 1.311
------------------------------
ENVIRONMENT AND OTHER CONTEXT
------------------------------
Environment variables:
LANG = en_GB.UTF-8
PATH = /usr/bin:/bin:/usr/sbin:/sbin:/usr/local/bin:/usr/X11/bin:/Users/nigel/bin:/Users/nigel/perl/bin
PERL5LIB = /Users/nigel/.cpan/build/IO-Compress-2.035-zz7hyu/blib/arch:/Users/nigel/.cpan/build/IO-Compress-2.035-zz7hyu/blib/lib:/Users/nigel/perl/Library/Perl/Updates/5.10.0:/Users/nigel/perl/Users/nigel/perl::/Users/nigel/perl/lib/perl5:/Users/nigel/perl/lib/perl5/site_perl
PERL5OPT =
PERL5_CPANPLUS_IS_RUNNING = 37279
PERL5_CPAN_IS_RUNNING = 37279
SHELL = /bin/bash
TERM = xterm-color
TMPDIR = /var/folders/Nk/Nkvsv+30ETaF6P8x5wf0rE++-1I/-Tmp-/
VERSIONER_PERL_PREFER_32_BIT = no
VERSIONER_PERL_VERSION = 5.10.0
Perl special variables (and OS-specific diagnostics, for MSWin32):
$^X = /usr/bin/perl
$UID/$EUID = 1077 / 1077
$GID = 20 20 403 401 204 100 98 81 80 79 61 12 402
$EGID = 20 20 403 401 204 100 98 81 80 79 61 12 402
Perl module toolchain versions installed:
Module Have
------------------- --------
CPAN 1.9600
Cwd 3.33
ExtUtils::CBuilder 0.280202
ExtUtils::Command 1.17
ExtUtils::Install 1.54
ExtUtils::MakeMaker 6.56
ExtUtils::Manifest 1.58
ExtUtils::ParseXS 2.2206
File::Spec 3.33
Module::Build 0.3800
Module::Signature 0.68
Test::Harness 3.23
Test::More 0.98
YAML 0.73
YAML::Syck 1.17
version 0.89
--
Summary of my perl5 (revision 5 version 10 subversion 0) configuration:
Platform:
osname=darwin, osvers=10.0, archname=darwin-thread-multi-2level
uname='darwin neige.apple.com 10.0 darwin kernel version 10.0.0d8: tue may 5 19:29:59 pdt 2009; root:xnu-1437.2~2release_i386 i386 '
config_args='-ds -e -Dprefix=/usr -Dccflags=-g -pipe -Dldflags= -Dman3ext=3pm -Duseithreads -Duseshrplib -Dinc_version_list=none -Dcc=gcc-4.2'
hint=recommended, useposix=true, d_sigaction=define
useithreads=define, usemultiplicity=define
useperlio=define, d_sfio=undef, uselargefiles=define, usesocks=undef
use64bitint=define, use64bitall=define, uselongdouble=undef
usemymalloc=n, bincompat5005=undef
Compiler:
cc='gcc-4.2', ccflags ='-arch x86_64 -arch i386 -arch ppc -g -pipe -fno-common -DPERL_DARWIN -fno-strict-aliasing -I/usr/local/include',
optimize='-Os',
cppflags='-g -pipe -fno-common -DPERL_DARWIN -fno-strict-aliasing -I/usr/local/include'
ccversion='', gccversion='4.2.1 (Apple Inc. build 5646)', gccosandvers=''
intsize=4, longsize=8, ptrsize=8, doublesize=8, byteorder=12345678
d_longlong=define, longlongsize=8, d_longdbl=define, longdblsize=16
ivtype='long', ivsize=8, nvtype='double', nvsize=8, Off_t='off_t', lseeksize=8
alignbytes=8, prototype=define
Linker and Libraries:
ld='gcc-4.2 -mmacosx-version-min=10.6', ldflags ='-arch x86_64 -arch i386 -arch ppc -L/usr/local/lib'
libpth=/usr/local/lib /usr/lib
libs=-ldbm -ldl -lm -lutil -lc
perllibs=-ldl -lm -lutil -lc
libc=/usr/lib/libc.dylib, so=dylib, useshrplib=true, libperl=libperl.dylib
gnulibc_version=''
Dynamic Linking:
dlsrc=dl_dlopen.xs, dlext=bundle, d_dlsymun=undef, ccdlflags=' '
cccdlflags=' ', lddlflags='-arch x86_64 -arch i386 -arch ppc -bundle -undefined dynamic_lookup -L/usr/local/lib'
Characteristics of this binary (from libperl):
Compile-time options: MULTIPLICITY PERL_DONT_CREATE_GVSV
PERL_IMPLICIT_CONTEXT PERL_MALLOC_WRAP USE_64_BIT_ALL
USE_64_BIT_INT USE_ITHREADS USE_LARGE_FILES
USE_PERLIO USE_REENTRANT_API
Locally applied patches:
/Library/Perl/Updates/<version> comes before system perl directories
installprivlib and installarchlib points to the Updates directory
Built under darwin
Compiled at Jun 24 2009 00:35:27
%ENV:
PERL5LIB="/Users/nigel/.cpan/build/IO-Compress-2.035-zz7hyu/blib/arch:/Users/nigel/.cpan/build/IO-Compress-2.035-zz7hyu/blib/lib:/Users/nigel/perl/Library/Perl/Updates/5.10.0:/Users/nigel/perl/Users/nigel/perl::/Users/nigel/perl/lib/perl5:/Users/nigel/perl/lib/perl5/site_perl"
PERL5OPT=""
PERL5_CPANPLUS_IS_RUNNING="37279"
PERL5_CPAN_IS_RUNNING="37279"
@INC:
/Users/nigel/.cpan/build/IO-Compress-2.035-zz7hyu/blib/arch
/Users/nigel/.cpan/build/IO-Compress-2.035-zz7hyu/blib/lib
/Users/nigel/perl/Library/Perl/Updates/5.10.0/darwin-thread-multi-2level
/Users/nigel/perl/Library/Perl/Updates/5.10.0
/Users/nigel/perl/Users/nigel/perl
/Users/nigel/perl/lib/perl5/darwin-thread-multi-2level
/Users/nigel/perl/lib/perl5
/Users/nigel/perl/lib/perl5/site_perl/5.10.0/darwin-thread-multi-2level
/Users/nigel/perl/lib/perl5/site_perl/5.10.0
/Users/nigel/perl/lib/perl5/site_perl
/Library/Perl/Updates/5.10.0/darwin-thread-multi-2level
/Library/Perl/Updates/5.10.0
/System/Library/Perl/5.10.0/darwin-thread-multi-2level
/System/Library/Perl/5.10.0
/Library/Perl/5.10.0/darwin-thread-multi-2level
/Library/Perl/5.10.0
/Network/Library/Perl/5.10.0/darwin-thread-multi-2level
/Network/Library/Perl/5.10.0
/Network/Library/Perl
/System/Library/Perl/Extras/5.10.0/darwin-thread-multi-2level
/System/Library/Perl/Extras/5.10.0
.