Report for Kavorka-0.036

Back
From: metabase:user:314402c4-2aae-11df-837a-5e0a49663a4f
Subject: FAIL Kavorka-0.036 v5.21.9 FreeBSD
Date: 2015-03-19T05:53:45Z

This distribution has been tested as part of the CPAN Testers
project, supporting the Perl programming language.  See
http://wiki.cpantesters.org/ for more information or email
questions to cpan-testers-discuss@perl.org


--
Dear Toby Inkster,

This is a computer-generated report for Kavorka-0.036
on perl 5.21.9, created by CPAN-Reporter-1.2011.

Thank you for uploading your work to CPAN.  However, there was a problem
testing your distribution.

If you think this report is invalid, please consult the CPAN Testers Wiki
for suggestions on how to avoid getting FAIL reports for missing library
or binary dependencies, unsupported operating systems, and so on:

http://wiki.cpantesters.org/wiki/CPANAuthorNotes

Sections of this report:

    * Tester comments
    * Program output
    * Prerequisites
    * Environment and other context

------------------------------
TESTER COMMENTS
------------------------------

Additional comments from tester:

none provided

------------------------------
PROGRAM OUTPUT
------------------------------

Output from '/usr/bin/make test':

PERL_DL_NONLAZY=1 "/usr/perl5.21.9t/bin/perl5.21.9" "-MExtUtils::Command::MM" "-MTest::Harness" "-e" "undef *Test::Harness::Switches; test_harness(0, 'blib/lib', 'blib/arch')" t/*.t
t/01basic.t .................... ok
Can't locate object method "_set_declared_name" via package "Kavorka::Sub::Fun" at /usr/local/src/CPAN/build/Kavorka-0.036-wWvtJG/blib/lib/Kavorka/Sub.pm line 182.
t/02named-functions.t .......... 
Dubious, test returned 255 (wstat 65280, 0xff00)
No subtests run 
Can't locate object method "declared_name" via package "Kavorka::Sub::Fun" at /usr/local/src/CPAN/build/Kavorka-0.036-wWvtJG/blib/lib/Kavorka/Sub.pm line 48.
t/03anon-functions.t ........... 
Dubious, test returned 255 (wstat 65280, 0xff00)
No subtests run 
Can't locate object method "_set_declared_name" via package "Kavorka::Sub::Method" at /usr/local/src/CPAN/build/Kavorka-0.036-wWvtJG/blib/lib/Kavorka/Sub.pm line 182.
t/04named-methods.t ............ 
Dubious, test returned 255 (wstat 65280, 0xff00)
No subtests run 
Can't locate object method "declared_name" via package "Kavorka::Sub::Method" at /usr/local/src/CPAN/build/Kavorka-0.036-wWvtJG/blib/lib/Kavorka/Sub.pm line 48.
t/05anon-methods.t ............. 
Dubious, test returned 255 (wstat 65280, 0xff00)
No subtests run 
Can't locate object method "_set_declared_name" via package "Kavorka::Sub::Fun" at /usr/local/src/CPAN/build/Kavorka-0.036-wWvtJG/blib/lib/Kavorka/Sub.pm line 182.
t/10positional.t ............... 
Dubious, test returned 255 (wstat 65280, 0xff00)
No subtests run 
Can't locate object method "_set_declared_name" via package "Kavorka::Sub::Fun" at /usr/local/src/CPAN/build/Kavorka-0.036-wWvtJG/blib/lib/Kavorka/Sub.pm line 182.
t/11named.t .................... 
Dubious, test returned 255 (wstat 65280, 0xff00)
No subtests run 
Can't locate object method "_set_declared_name" via package "Kavorka::Sub::Method" at /usr/local/src/CPAN/build/Kavorka-0.036-wWvtJG/blib/lib/Kavorka/Sub.pm line 182.
t/12invocant.t ................. 
Dubious, test returned 255 (wstat 65280, 0xff00)
No subtests run 
Can't locate object method "_set_declared_name" via package "Kavorka::Sub::Fun" at /usr/local/src/CPAN/build/Kavorka-0.036-wWvtJG/blib/lib/Kavorka/Sub.pm line 182.
t/13slurpy.t ................... 
Dubious, test returned 255 (wstat 65280, 0xff00)
No subtests run 
Can't locate object method "_set_declared_name" via package "Kavorka::Sub::Method" at /usr/local/src/CPAN/build/Kavorka-0.036-wWvtJG/blib/lib/Kavorka/Sub.pm line 182.
t/14underscores.t .............. 
Dubious, test returned 255 (wstat 65280, 0xff00)
No subtests run 
Can't locate object method "_set_declared_name" via package "Kavorka::Sub::Method" at /usr/local/src/CPAN/build/Kavorka-0.036-wWvtJG/blib/lib/Kavorka/Sub.pm line 182.
t/20modifiers-moo.t ............ 
Dubious, test returned 255 (wstat 65280, 0xff00)
No subtests run 
Use of uninitialized value $name in hash element at /usr/perl5.21.9t/lib/site_perl/5.21.9/Moo/HandleMoose.pm line 162.
Use of uninitialized value $name in hash element at /usr/perl5.21.9t/lib/site_perl/5.21.9/Moo/HandleMoose.pm line 162.
Use of uninitialized value $name in hash element at /usr/perl5.21.9t/lib/site_perl/5.21.9/Moo/HandleMoose.pm line 162.
Use of uninitialized value $name in hash element at /usr/perl5.21.9t/lib/site_perl/5.21.9/Moo/HandleMoose.pm line 162.
Use of uninitialized value $name in hash element at /usr/perl5.21.9t/lib/site_perl/5.21.9/Moo/HandleMoose.pm line 162.
Can't locate object method "_set_declared_name" via package "Kavorka::Sub::Method" at /usr/local/src/CPAN/build/Kavorka-0.036-wWvtJG/blib/lib/Kavorka/Sub.pm line 182.
t/21modifiers-moose.t .......... 
Dubious, test returned 255 (wstat 65280, 0xff00)
No subtests run 
t/22modifiers-mouse.t .......... skipped: Test requires module 'Mouse' but it's not found
Can't locate object method "_set_declared_name" via package "Kavorka::Sub::Method" at /usr/local/src/CPAN/build/Kavorka-0.036-wWvtJG/blib/lib/Kavorka/Sub.pm line 182.
t/23modifiers-tiny.t ........... 
Dubious, test returned 255 (wstat 65280, 0xff00)
No subtests run 
Can't locate object method "_set_declared_name" via package "Kavorka::Sub::Method" at /usr/local/src/CPAN/build/Kavorka-0.036-wWvtJG/blib/lib/Kavorka/Sub.pm line 182.
t/24multimodifiers.t ........... 
Dubious, test returned 255 (wstat 65280, 0xff00)
No subtests run 
Use of uninitialized value $name in hash element at /usr/perl5.21.9t/lib/site_perl/5.21.9/Moo/HandleMoose.pm line 162.
Use of uninitialized value $name in hash element at /usr/perl5.21.9t/lib/site_perl/5.21.9/Moo/HandleMoose.pm line 162.
Use of uninitialized value $name in hash element at /usr/perl5.21.9t/lib/site_perl/5.21.9/Moo/HandleMoose.pm line 162.
Use of uninitialized value $name in hash element at /usr/perl5.21.9t/lib/site_perl/5.21.9/Moo/HandleMoose.pm line 162.
Use of uninitialized value $name in hash element at /usr/perl5.21.9t/lib/site_perl/5.21.9/Moo/HandleMoose.pm line 162.
Use of uninitialized value $name in hash element at /usr/perl5.21.9t/lib/site_perl/5.21.9/Moo/HandleMoose.pm line 162.
Can't locate object method "_set_declared_name" via package "Kavorka::Sub::Method" at /usr/local/src/CPAN/build/Kavorka-0.036-wWvtJG/blib/lib/Kavorka/Sub.pm line 182.
t/28modifiers-augment.t ........ 
Dubious, test returned 255 (wstat 65280, 0xff00)
No subtests run 
Use of uninitialized value $name in hash element at /usr/perl5.21.9t/lib/site_perl/5.21.9/Moo/HandleMoose.pm line 162.
Use of uninitialized value $name in hash element at /usr/perl5.21.9t/lib/site_perl/5.21.9/Moo/HandleMoose.pm line 162.
Use of uninitialized value $name in hash element at /usr/perl5.21.9t/lib/site_perl/5.21.9/Moo/HandleMoose.pm line 162.
Use of uninitialized value $name in hash element at /usr/perl5.21.9t/lib/site_perl/5.21.9/Moo/HandleMoose.pm line 162.
Use of uninitialized value $name in hash element at /usr/perl5.21.9t/lib/site_perl/5.21.9/Moo/HandleMoose.pm line 162.
Use of uninitialized value $name in hash element at /usr/perl5.21.9t/lib/site_perl/5.21.9/Moo/HandleMoose.pm line 162.
Can't locate object method "_set_declared_name" via package "Kavorka::Sub::Method" at /usr/local/src/CPAN/build/Kavorka-0.036-wWvtJG/blib/lib/Kavorka/Sub.pm line 182.
t/29modifiers-override.t ....... 
Dubious, test returned 255 (wstat 65280, 0xff00)
No subtests run 
Can't locate object method "_set_declared_name" via package "Kavorka::Multi" at /usr/local/src/CPAN/build/Kavorka-0.036-wWvtJG/blib/lib/Kavorka/Sub.pm line 182.
t/30multi.t .................... 
Dubious, test returned 255 (wstat 65280, 0xff00)
No subtests run 
Can't locate object method "_set_declared_name" via package "Kavorka::Multi" at /usr/local/src/CPAN/build/Kavorka-0.036-wWvtJG/blib/lib/Kavorka/Sub.pm line 182.
t/31multimulti.t ............... 
Dubious, test returned 255 (wstat 65280, 0xff00)
No subtests run 
Can't locate object method "_set_declared_name" via package "Kavorka::Multi" at /usr/local/src/CPAN/build/Kavorka-0.036-wWvtJG/blib/lib/Kavorka/Sub.pm line 182.
t/32multiredefine.t ............ 
Dubious, test returned 255 (wstat 65280, 0xff00)
No subtests run 
Can't locate object method "_set_declared_name" via package "Kavorka::Multi" at /usr/local/src/CPAN/build/Kavorka-0.036-wWvtJG/blib/lib/Kavorka/Sub.pm line 182.
t/33cacheinvalidationishard.t .. 
Dubious, test returned 255 (wstat 65280, 0xff00)
No subtests run 
Can't locate object method "_set_declared_name" via package "Kavorka::Sub::Fun" at /usr/local/src/CPAN/build/Kavorka-0.036-wWvtJG/blib/lib/Kavorka/Sub.pm line 182.
t/50types.t .................... 
Dubious, test returned 255 (wstat 65280, 0xff00)
No subtests run 
Can't locate object method "_set_declared_name" via package "Kavorka::Sub::Fun" at /usr/local/src/CPAN/build/Kavorka-0.036-wWvtJG/blib/lib/Kavorka/Sub.pm line 182.
t/51coerce.t ................... 
Dubious, test returned 255 (wstat 65280, 0xff00)
No subtests run 
Can't locate object method "_set_declared_name" via package "Kavorka::Sub::Fun" at /usr/local/src/CPAN/build/Kavorka-0.036-wWvtJG/blib/lib/Kavorka/Sub.pm line 182.
t/52typeexpr.t ................. 
Dubious, test returned 255 (wstat 65280, 0xff00)
No subtests run 
Use of uninitialized value $name in hash element at /usr/perl5.21.9t/lib/site_perl/5.21.9/Moo/HandleMoose.pm line 162.
Use of uninitialized value $name in hash element at /usr/perl5.21.9t/lib/site_perl/5.21.9/Moo/HandleMoose.pm line 162.
Use of uninitialized value $name in hash element at /usr/perl5.21.9t/lib/site_perl/5.21.9/Moo/HandleMoose.pm line 162.
Use of uninitialized value $name in hash element at /usr/perl5.21.9t/lib/site_perl/5.21.9/Moo/HandleMoose.pm line 162.
Can't locate object method "_set_declared_name" via package "Kavorka::Sub::Fun" at /usr/local/src/CPAN/build/Kavorka-0.036-wWvtJG/blib/lib/Kavorka/Sub.pm line 182.
t/53typeexpr-moosextypes.t ..... 
Dubious, test returned 255 (wstat 65280, 0xff00)
No subtests run 
Can't locate object method "_set_declared_name" via package "Kavorka::Sub::Fun" at /usr/local/src/CPAN/build/Kavorka-0.036-wWvtJG/blib/lib/Kavorka/Sub.pm line 182.
t/54typefallback.t ............. 
Dubious, test returned 255 (wstat 65280, 0xff00)
No subtests run 
Can't locate object method "_set_declared_name" via package "Kavorka::Sub::Fun" at /usr/local/src/CPAN/build/Kavorka-0.036-wWvtJG/blib/lib/Kavorka/Sub.pm line 182.
t/59valueconstraints.t ......... 
Dubious, test returned 2 (wstat 512, 0x200)
No subtests run 
Can't locate object method "_set_declared_name" via package "Kavorka::Sub::Fun" at /usr/local/src/CPAN/build/Kavorka-0.036-wWvtJG/blib/lib/Kavorka/Sub.pm line 182.
t/60alias.t .................... 
Dubious, test returned 255 (wstat 65280, 0xff00)
No subtests run 
Can't locate object method "_set_declared_name" via package "Kavorka::Sub::Fun" at /usr/local/src/CPAN/build/Kavorka-0.036-wWvtJG/blib/lib/Kavorka/Sub.pm line 182.
t/61ro.t ....................... 
Dubious, test returned 255 (wstat 65280, 0xff00)
No subtests run 
Can't locate object method "_set_declared_name" via package "Kavorka::Sub::Fun" at /usr/local/src/CPAN/build/Kavorka-0.036-wWvtJG/blib/lib/Kavorka/Sub.pm line 182.
t/62locked.t ................... 
Dubious, test returned 255 (wstat 65280, 0xff00)
No subtests run 
Can't locate object method "_set_declared_name" via package "Kavorka::Sub::Method" at /usr/local/src/CPAN/build/Kavorka-0.036-wWvtJG/blib/lib/Kavorka/Sub.pm line 182.
t/63freshoverride.t ............ 
Dubious, test returned 255 (wstat 65280, 0xff00)
No subtests run 
Can't locate object method "_set_declared_name" via package "Kavorka::Sub::Fun" at /usr/local/src/CPAN/build/Kavorka-0.036-wWvtJG/blib/lib/Kavorka/Sub.pm line 182.
t/69traits.t ................... 
Dubious, test returned 255 (wstat 65280, 0xff00)
No subtests run 
Can't locate object method "_set_declared_name" via package "Kavorka::Sub::Fun" at /usr/local/src/CPAN/build/Kavorka-0.036-wWvtJG/blib/lib/Kavorka/Sub.pm line 182.
t/70introspection.t ............ 
Dubious, test returned 255 (wstat 65280, 0xff00)
No subtests run 
Use of uninitialized value $name in hash element at /usr/perl5.21.9t/lib/site_perl/5.21.9/Moo/HandleMoose.pm line 162.
Use of uninitialized value $name in hash element at /usr/perl5.21.9t/lib/site_perl/5.21.9/Moo/HandleMoose.pm line 162.
Use of uninitialized value $name in hash element at /usr/perl5.21.9t/lib/site_perl/5.21.9/Moo/HandleMoose.pm line 162.
Use of uninitialized value $name in hash element at /usr/perl5.21.9t/lib/site_perl/5.21.9/Moo/HandleMoose.pm line 162.
Can't call method "add_attribute" on an undefined value at /usr/perl5.21.9t/lib/site_perl/5.21.9/Moo/HandleMoose.pm line 160.
Compilation failed in require at t/71moosemeta.t line 34.
BEGIN failed--compilation aborted at t/71moosemeta.t line 34.
t/71moosemeta.t ................ 
Dubious, test returned 255 (wstat 65280, 0xff00)
No subtests run 
Can't locate object method "_set_declared_name" via package "Kavorka::Sub::Fun" at /usr/local/src/CPAN/build/Kavorka-0.036-wWvtJG/blib/lib/Kavorka/Sub.pm line 182.
t/80returntype.t ............... 
Dubious, test returned 255 (wstat 65280, 0xff00)
No subtests run 
Can't locate object method "_set_declared_name" via package "Kavorka::Sub::Method" at /usr/local/src/CPAN/build/Kavorka-0.036-wWvtJG/blib/lib/Kavorka/Sub.pm line 182.
t/90closures.t ................. 
Dubious, test returned 255 (wstat 65280, 0xff00)
No subtests run 
Can't locate object method "_set_declared_name" via package "Kavorka::Sub::Fun" at /usr/local/src/CPAN/build/Kavorka-0.036-wWvtJG/blib/lib/Kavorka/Sub.pm line 182.
t/91lvalue.t ................... 
Dubious, test returned 255 (wstat 65280, 0xff00)
No subtests run 
Can't locate object method "_set_declared_name" via package "Kavorka::Sub::Fun" at /usr/local/src/CPAN/build/Kavorka-0.036-wWvtJG/blib/lib/Kavorka/Sub.pm line 182.
t/92weirdvars.t ................ 
Dubious, test returned 255 (wstat 65280, 0xff00)
No subtests run 
Can't locate object method "_set_declared_name" via package "Kavorka::Sub::Fun" at /usr/local/src/CPAN/build/Kavorka-0.036-wWvtJG/blib/lib/Kavorka/Sub.pm line 182.
t/93prototypes.t ............... 
Dubious, test returned 255 (wstat 65280, 0xff00)
No subtests run 
Can't locate object method "_set_declared_name" via package "Kavorka::Sub::Method" at /usr/local/src/CPAN/build/Kavorka-0.036-wWvtJG/blib/lib/Kavorka/Sub.pm line 182.
t/94bypassparsing.t ............ 
Dubious, test returned 255 (wstat 65280, 0xff00)
No subtests run 
Can't locate object method "_set_declared_name" via package "Kavorka::Sub::Method" at /usr/local/src/CPAN/build/Kavorka-0.036-wWvtJG/blib/lib/Kavorka/Sub.pm line 182.
t/95rolesatisfaction.t ......... 
Dubious, test returned 255 (wstat 65280, 0xff00)
No subtests run 
t/98undefer.t .................. skipped: Test requires module 'Moops' but it's not found
Can't locate object method "_set_declared_name" via package "Kavorka::Sub::Method" at /usr/local/src/CPAN/build/Kavorka-0.036-wWvtJG/blib/lib/Kavorka/Sub.pm line 182.
t/99threads.t .................. 
Dubious, test returned 255 (wstat 65280, 0xff00)
No subtests run 

Test Summary Report
-------------------
t/02named-functions.t        (Wstat: 65280 Tests: 0 Failed: 0)
  Non-zero exit status: 255
  Parse errors: No plan found in TAP output
t/03anon-functions.t         (Wstat: 65280 Tests: 0 Failed: 0)
  Non-zero exit status: 255
  Parse errors: No plan found in TAP output
t/04named-methods.t          (Wstat: 65280 Tests: 0 Failed: 0)
  Non-zero exit status: 255
  Parse errors: No plan found in TAP output
t/05anon-methods.t           (Wstat: 65280 Tests: 0 Failed: 0)
  Non-zero exit status: 255
  Parse errors: No plan found in TAP output
t/10positional.t             (Wstat: 65280 Tests: 0 Failed: 0)
  Non-zero exit status: 255
  Parse errors: No plan found in TAP output
t/11named.t                  (Wstat: 65280 Tests: 0 Failed: 0)
  Non-zero exit status: 255
  Parse errors: No plan found in TAP output
t/12invocant.t               (Wstat: 65280 Tests: 0 Failed: 0)
  Non-zero exit status: 255
  Parse errors: No plan found in TAP output
t/13slurpy.t                 (Wstat: 65280 Tests: 0 Failed: 0)
  Non-zero exit status: 255
  Parse errors: No plan found in TAP output
t/14underscores.t            (Wstat: 65280 Tests: 0 Failed: 0)
  Non-zero exit status: 255
  Parse errors: No plan found in TAP output
t/20modifiers-moo.t          (Wstat: 65280 Tests: 0 Failed: 0)
  Non-zero exit status: 255
  Parse errors: No plan found in TAP output
t/21modifiers-moose.t        (Wstat: 65280 Tests: 0 Failed: 0)
  Non-zero exit status: 255
  Parse errors: No plan found in TAP output
t/23modifiers-tiny.t         (Wstat: 65280 Tests: 0 Failed: 0)
  Non-zero exit status: 255
  Parse errors: No plan found in TAP output
t/24multimodifiers.t         (Wstat: 65280 Tests: 0 Failed: 0)
  Non-zero exit status: 255
  Parse errors: No plan found in TAP output
t/28modifiers-augment.t      (Wstat: 65280 Tests: 0 Failed: 0)
  Non-zero exit status: 255
  Parse errors: No plan found in TAP output
t/29modifiers-override.t     (Wstat: 65280 Tests: 0 Failed: 0)
  Non-zero exit status: 255
  Parse errors: No plan found in TAP output
t/30multi.t                  (Wstat: 65280 Tests: 0 Failed: 0)
  Non-zero exit status: 255
  Parse errors: No plan found in TAP output
t/31multimulti.t             (Wstat: 65280 Tests: 0 Failed: 0)
  Non-zero exit status: 255
  Parse errors: No plan found in TAP output
t/32multiredefine.t          (Wstat: 65280 Tests: 0 Failed: 0)
  Non-zero exit status: 255
  Parse errors: No plan found in TAP output
t/33cacheinvalidationishard.t (Wstat: 65280 Tests: 0 Failed: 0)
  Non-zero exit status: 255
  Parse errors: No plan found in TAP output
t/50types.t                  (Wstat: 65280 Tests: 0 Failed: 0)
  Non-zero exit status: 255
  Parse errors: No plan found in TAP output
t/51coerce.t                 (Wstat: 65280 Tests: 0 Failed: 0)
  Non-zero exit status: 255
  Parse errors: No plan found in TAP output
t/52typeexpr.t               (Wstat: 65280 Tests: 0 Failed: 0)
  Non-zero exit status: 255
  Parse errors: No plan found in TAP output
t/53typeexpr-moosextypes.t   (Wstat: 65280 Tests: 0 Failed: 0)
  Non-zero exit status: 255
  Parse errors: No plan found in TAP output
t/54typefallback.t           (Wstat: 65280 Tests: 0 Failed: 0)
  Non-zero exit status: 255
  Parse errors: No plan found in TAP output
t/59valueconstraints.t       (Wstat: 512 Tests: 0 Failed: 0)
  Non-zero exit status: 2
  Parse errors: No plan found in TAP output
t/60alias.t                  (Wstat: 65280 Tests: 0 Failed: 0)
  Non-zero exit status: 255
  Parse errors: No plan found in TAP output
t/61ro.t                     (Wstat: 65280 Tests: 0 Failed: 0)
  Non-zero exit status: 255
  Parse errors: No plan found in TAP output
t/62locked.t                 (Wstat: 65280 Tests: 0 Failed: 0)
  Non-zero exit status: 255
  Parse errors: No plan found in TAP output
t/63freshoverride.t          (Wstat: 65280 Tests: 0 Failed: 0)
  Non-zero exit status: 255
  Parse errors: No plan found in TAP output
t/69traits.t                 (Wstat: 65280 Tests: 0 Failed: 0)
  Non-zero exit status: 255
  Parse errors: No plan found in TAP output
t/70introspection.t          (Wstat: 65280 Tests: 0 Failed: 0)
  Non-zero exit status: 255
  Parse errors: No plan found in TAP output
t/71moosemeta.t              (Wstat: 65280 Tests: 0 Failed: 0)
  Non-zero exit status: 255
  Parse errors: No plan found in TAP output
t/80returntype.t             (Wstat: 65280 Tests: 0 Failed: 0)
  Non-zero exit status: 255
  Parse errors: No plan found in TAP output
t/90closures.t               (Wstat: 65280 Tests: 0 Failed: 0)
  Non-zero exit status: 255
  Parse errors: No plan found in TAP output
t/91lvalue.t                 (Wstat: 65280 Tests: 0 Failed: 0)
  Non-zero exit status: 255
  Parse errors: No plan found in TAP output
t/92weirdvars.t              (Wstat: 65280 Tests: 0 Failed: 0)
  Non-zero exit status: 255
  Parse errors: No plan found in TAP output
t/93prototypes.t             (Wstat: 65280 Tests: 0 Failed: 0)
  Non-zero exit status: 255
  Parse errors: No plan found in TAP output
t/94bypassparsing.t          (Wstat: 65280 Tests: 0 Failed: 0)
  Non-zero exit status: 255
  Parse errors: No plan found in TAP output
t/95rolesatisfaction.t       (Wstat: 65280 Tests: 0 Failed: 0)
  Non-zero exit status: 255
  Parse errors: No plan found in TAP output
t/99threads.t                (Wstat: 65280 Tests: 0 Failed: 0)
  Non-zero exit status: 255
  Parse errors: No plan found in TAP output
Files=43, Tests=1, 38 wallclock secs ( 0.30 usr  0.12 sys + 25.52 cusr 11.09 csys = 37.05 CPU)
Result: FAIL
Failed 40/43 test programs. 0/1 subtests failed.
*** [test_dynamic] Error code 255

Stop in /usr/local/src/CPAN/build/Kavorka-0.036-wWvtJG.

------------------------------
PREREQUISITES
------------------------------

Prerequisite modules loaded:

requires:

    Module              Need     Have        
    ------------------- -------- ------------
    Data::Alias         0        1.18        
    Exporter::Tiny      0.026    0.042       
    match::simple       0        0.009       
    Module::Runtime     0        0.014       
    Moo                 1.003001 2.000001    
    namespace::sweep    0.006    0.006       
    PadWalker           0        2.0         
    Parse::Keyword      0.06     0.08        
    perl                5.014    5.021009    
    Return::Type        0.004    0.005       
    Sub::Util           0        1.41        
    Type::Parser        0.032    1.000005    
    Type::Registry      0.032    1.000005    
    Type::Utils         0.032    1.000005    
    Types::Standard     0.032    1.000005    

build_requires:

    Module              Need     Have        
    ------------------- -------- ------------
    Test::Fatal         0        0.014       
    Test::More          0.96     1.301001_098
    Test::Requires      0        0.08        

configure_requires:

    Module              Need     Have        
    ------------------- -------- ------------
    ExtUtils::MakeMaker 6.17     7.04        


------------------------------
ENVIRONMENT AND OTHER CONTEXT
------------------------------

Environment variables:

    DBIC_NO_WARN_BAD_PERL = 1
    LC_ALL = de_DE.UTF-8
    PATH = /usr/local/bin:/usr/bin:/bin:/usr/local/sbin:/usr/sbin:/sbin:/home/e/eserte/bin/freebsd9.1:/home/e/eserte/bin/sh:/home/e/eserte/bin:/usr/games:/home/e/eserte/devel:/home/e/eserte/src/srezic-misc/scripts
    PERL5LIB = /usr/local/src/CPAN/build/Data-Alias-1.18-R4A14O/blib/arch:/usr/local/src/CPAN/build/Data-Alias-1.18-R4A14O/blib/lib:/usr/local/src/CPAN/build/PadWalker-2.0-C4huWu/blib/arch:/usr/local/src/CPAN/build/PadWalker-2.0-C4huWu/blib/lib:/usr/local/src/CPAN/build/match-simple-0.009-UWaJs6/blib/arch:/usr/local/src/CPAN/build/match-simple-0.009-UWaJs6/blib/lib:/usr/local/src/CPAN/build/Sub-Infix-0.004-c2PGG3/blib/arch:/usr/local/src/CPAN/build/Sub-Infix-0.004-c2PGG3/blib/lib:/usr/local/src/CPAN/build/namespace-sweep-0.006-aZxfzi/blib/arch:/usr/local/src/CPAN/build/namespace-sweep-0.006-aZxfzi/blib/lib:/usr/local/src/CPAN/build/Parse-Keyword-0.08-vSnUXV/blib/arch:/usr/local/src/CPAN/build/Parse-Keyword-0.08-vSnUXV/blib/lib:/usr/local/src/CPAN/build/Devel-CallParser-0.002-oswHbi/blib/arch:/usr/local/src/CPAN/build/Devel-CallParser-0.002-oswHbi/blib/lib:/usr/local/src/CPAN/build/Devel-CallChecker-0.006-_GaPx4/blib/arch:/usr/local/src/CPAN/build/Devel-CallChecker-0.006-_GaPx4/blib/lib:/usr/local/src/CPAN/build/DynaLoader-Functions-0.002-1nO1Y_/blib/arch:/usr/local/src/CPAN/build/DynaLoader-Functions-0.002-1nO1Y_/blib/lib:/usr/local/src/CPAN/build/Return-Type-0.005-P5mZ3y/blib/arch:/usr/local/src/CPAN/build/Return-Type-0.005-P5mZ3y/blib/lib:/usr/local/src/CPAN/build/Text-CSV-Slurp-1.02-0Ekeim/blib/arch:/usr/local/src/CPAN/build/Text-CSV-Slurp-1.02-0Ekeim/blib/lib:/usr/local/src/CPAN/build/Text-CSV-1.33-Z9rI8Y/blib/arch:/usr/local/src/CPAN/build/Text-CSV-1.33-Z9rI8Y/blib/lib:/usr/local/src/CPAN/build/Exporter-Tidy-0.08-RhqKw4/blib/arch:/usr/local/src/CPAN/build/Exporter-Tidy-0.08-RhqKw4/blib/lib:/usr/local/src/CPAN/build/Type-Tiny-1.000005-ETykwD/blib/arch:/usr/local/src/CPAN/build/Type-Tiny-1.000005-ETykwD/blib/lib:/usr/local/src/CPAN/build/Modern-Perl-1.20150127-xzPPVv/blib/arch:/usr/local/src/CPAN/build/Modern-Perl-1.20150127-xzPPVv/blib/lib:/usr/local/src/CPAN/build/File-Slurp-9999.19-kuAfGi/blib/arch:/usr/local/src/CPAN/build/File-Slurp-9999.19-kuAfGi/blib/lib:/usr/local/src/CPAN/build/Carp-Assert-0.21-0b13_n/blib/arch:/usr/local/src/CPAN/build/Carp-Assert-0.21-0b13_n/blib/lib
    PERL5OPT = 
    PERL5_CPANPLUS_IS_RUNNING = 10255
    PERL5_CPAN_IS_RUNNING = 10255
    PERL5_CPAN_IS_RUNNING_IN_RECURSION = 6199,10255
    PERLDOC = -MPod::Perldoc::ToTextOverstrike
    PERL_BATCH = yes
    PERL_CPAN_REPORTER_CONFIG = /var/tmp/cpansmoker-1000/vyLJiJmi5v_config.ini
    PERL_EXTUTILS_AUTOINSTALL = --defaultdeps
    PERL_HTML_DISPLAY_CLASS = HTML::Display::Mozilla
    SHELL = /usr/local/bin/zsh
    TERM = screen
    TMPDIR = /var/tmp/cpansmoker-1000

Perl special variables (and OS-specific diagnostics, for MSWin32):

    $^X = /usr/perl5.21.9t/bin/perl5.21.9
    $UID/$EUID = 1000 / 1000
    $GID = 1000 1000 0 5 1023 1024
    $EGID = 1000 1000 0 5 1023 1024

Perl module toolchain versions installed:

    Module              Have        
    ------------------- ------------
    CPAN                2.05        
    CPAN::Meta          2.143240    
    Cwd                 3.54        
    ExtUtils::CBuilder  0.280221    
    ExtUtils::Command   1.20        
    ExtUtils::Install   2.04        
    ExtUtils::MakeMaker 7.04        
    ExtUtils::Manifest  1.70        
    ExtUtils::ParseXS   3.27        
    File::Spec          3.53        
    JSON                2.90        
    JSON::PP            2.27300     
    Module::Build       0.4211      
    Module::Signature   n/a         
    Parse::CPAN::Meta   1.4414      
    Test::Harness       3.35        
    Test::More          1.301001_098
    YAML                1.14        
    YAML::Syck          1.29        
    version             0.9909      


--

Summary of my perl5 (revision 5 version 21 subversion 9) configuration:
   
  Platform:
    osname=freebsd, osvers=9.2-release, archname=amd64-freebsd-thread-multi
    uname='freebsd cvrsnica.herceg.de 9.2-release freebsd 9.2-release #0 r255898: thu sep 26 22:50:31 utc 2013 root@bake.isc.freebsd.org:usrobjusrsrcsysgeneric amd64 '
    config_args='-D usethreads=define -D useshrplib=true -Dprefix=/usr/perl5.21.9t -Dprefix=/usr/perl5.21.9t -Dusemymalloc=n -D cc=ccache cc -D usedevel=define -Duse64bit -de -D hintfile=myfreebsd'
    hint=recommended, useposix=true, d_sigaction=define
    useithreads=define, usemultiplicity=define
    use64bitint=define, use64bitall=define, uselongdouble=undef
    usemymalloc=n, bincompat5005=undef
  Compiler:
    cc='ccache cc', ccflags ='-DHAS_FPSETMASK -DHAS_FLOATINGPOINT_H -fno-strict-aliasing -pipe -fstack-protector -I/usr/local/include -D_FORTIFY_SOURCE=2',
    optimize='-O',
    cppflags='-DHAS_FPSETMASK -DHAS_FLOATINGPOINT_H -fno-strict-aliasing -pipe -fstack-protector -I/usr/local/include'
    ccversion='', gccversion='4.2.1 20070831 patched [FreeBSD]', gccosandvers=''
    intsize=4, longsize=8, ptrsize=8, doublesize=8, byteorder=12345678, doublekind=3
    d_longlong=define, longlongsize=8, d_longdbl=define, longdblsize=16, longdblkind=3
    ivtype='long', ivsize=8, nvtype='double', nvsize=8, Off_t='off_t', lseeksize=8
    alignbytes=8, prototype=define
  Linker and Libraries:
    ld='ccache cc', ldflags ='-pthread -Wl,-E  -fstack-protector -L/usr/local/lib'
    libpth=/usr/lib /usr/local/lib /usr/include/gcc/4.2 /usr/lib
    libs=-lpthread -lgdbm -lm -lcrypt
    perllibs=-lpthread -lm -lcrypt
    libc=, so=so, useshrplib=true, libperl=libperl.so
    gnulibc_version=''
  Dynamic Linking:
    dlsrc=dl_dlopen.xs, dlext=so, d_dlsymun=undef, ccdlflags='  -Wl,-R/usr/perl5.21.9t/lib/5.21.9/amd64-freebsd-thread-multi/CORE'
    cccdlflags='-DPIC -fPIC', lddlflags='-shared  -L/usr/local/lib -fstack-protector'


Characteristics of this binary (from libperl): 
  Compile-time options: HAS_TIMES MULTIPLICITY PERLIO_LAYERS
                        PERL_DONT_CREATE_GVSV
                        PERL_HASH_FUNC_ONE_AT_A_TIME_HARD
                        PERL_IMPLICIT_CONTEXT PERL_MALLOC_WRAP
                        PERL_NEW_COPY_ON_WRITE PERL_PRESERVE_IVUV
                        PERL_USE_DEVEL USE_64_BIT_ALL USE_64_BIT_INT
                        USE_ITHREADS USE_LARGE_FILES USE_LOCALE
                        USE_LOCALE_COLLATE USE_LOCALE_CTYPE
                        USE_LOCALE_NUMERIC USE_LOCALE_TIME USE_PERLIO
                        USE_PERL_ATOF USE_REENTRANT_API
  Built under freebsd
  Compiled at Mar 18 2015 07:55:44
  %ENV:
    PERL5LIB="/usr/local/src/CPAN/build/Data-Alias-1.18-R4A14O/blib/arch:/usr/local/src/CPAN/build/Data-Alias-1.18-R4A14O/blib/lib:/usr/local/src/CPAN/build/PadWalker-2.0-C4huWu/blib/arch:/usr/local/src/CPAN/build/PadWalker-2.0-C4huWu/blib/lib:/usr/local/src/CPAN/build/match-simple-0.009-UWaJs6/blib/arch:/usr/local/src/CPAN/build/match-simple-0.009-UWaJs6/blib/lib:/usr/local/src/CPAN/build/Sub-Infix-0.004-c2PGG3/blib/arch:/usr/local/src/CPAN/build/Sub-Infix-0.004-c2PGG3/blib/lib:/usr/local/src/CPAN/build/namespace-sweep-0.006-aZxfzi/blib/arch:/usr/local/src/CPAN/build/namespace-sweep-0.006-aZxfzi/blib/lib:/usr/local/src/CPAN/build/Parse-Keyword-0.08-vSnUXV/blib/arch:/usr/local/src/CPAN/build/Parse-Keyword-0.08-vSnUXV/blib/lib:/usr/local/src/CPAN/build/Devel-CallParser-0.002-oswHbi/blib/arch:/usr/local/src/CPAN/build/Devel-CallParser-0.002-oswHbi/blib/lib:/usr/local/src/CPAN/build/Devel-CallChecker-0.006-_GaPx4/blib/arch:/usr/local/src/CPAN/build/Devel-CallChecker-0.006-_GaPx4/blib/lib:/usr/local/src/CPAN/build/DynaLoader-Functions-0.002-1nO1Y_/blib/arch:/usr/local/src/CPAN/build/DynaLoader-Functions-0.002-1nO1Y_/blib/lib:/usr/local/src/CPAN/build/Return-Type-0.005-P5mZ3y/blib/arch:/usr/local/src/CPAN/build/Return-Type-0.005-P5mZ3y/blib/lib:/usr/local/src/CPAN/build/Text-CSV-Slurp-1.02-0Ekeim/blib/arch:/usr/local/src/CPAN/build/Text-CSV-Slurp-1.02-0Ekeim/blib/lib:/usr/local/src/CPAN/build/Text-CSV-1.33-Z9rI8Y/blib/arch:/usr/local/src/CPAN/build/Text-CSV-1.33-Z9rI8Y/blib/lib:/usr/local/src/CPAN/build/Exporter-Tidy-0.08-RhqKw4/blib/arch:/usr/local/src/CPAN/build/Exporter-Tidy-0.08-RhqKw4/blib/lib:/usr/local/src/CPAN/build/Type-Tiny-1.000005-ETykwD/blib/arch:/usr/local/src/CPAN/build/Type-Tiny-1.000005-ETykwD/blib/lib:/usr/local/src/CPAN/build/Modern-Perl-1.20150127-xzPPVv/blib/arch:/usr/local/src/CPAN/build/Modern-Perl-1.20150127-xzPPVv/blib/lib:/usr/local/src/CPAN/build/File-Slurp-9999.19-kuAfGi/blib/arch:/usr/local/src/CPAN/build/File-Slurp-9999.19-kuAfGi/blib/lib:/usr/local/src/CPAN/build/Carp-Assert-0.21-0b13_n/blib/arch:/usr/local/src/CPAN/build/Carp-Assert-0.21-0b13_n/blib/lib"
    PERL5OPT=""
    PERL5_CPANPLUS_IS_RUNNING="10255"
    PERL5_CPAN_IS_RUNNING="10255"
    PERL5_CPAN_IS_RUNNING_IN_RECURSION="6199,10255"
    PERLDOC="-MPod::Perldoc::ToTextOverstrike"
    PERL_BATCH="yes"
    PERL_CPAN_REPORTER_CONFIG="/var/tmp/cpansmoker-1000/vyLJiJmi5v_config.ini"
    PERL_EXTUTILS_AUTOINSTALL="--defaultdeps"
    PERL_HTML_DISPLAY_CLASS="HTML::Display::Mozilla"
  @INC:
    /usr/local/src/CPAN/build/Data-Alias-1.18-R4A14O/blib/arch
    /usr/local/src/CPAN/build/Data-Alias-1.18-R4A14O/blib/lib
    /usr/local/src/CPAN/build/PadWalker-2.0-C4huWu/blib/arch
    /usr/local/src/CPAN/build/PadWalker-2.0-C4huWu/blib/lib
    /usr/local/src/CPAN/build/match-simple-0.009-UWaJs6/blib/arch
    /usr/local/src/CPAN/build/match-simple-0.009-UWaJs6/blib/lib
    /usr/local/src/CPAN/build/Sub-Infix-0.004-c2PGG3/blib/arch
    /usr/local/src/CPAN/build/Sub-Infix-0.004-c2PGG3/blib/lib
    /usr/local/src/CPAN/build/namespace-sweep-0.006-aZxfzi/blib/arch
    /usr/local/src/CPAN/build/namespace-sweep-0.006-aZxfzi/blib/lib
    /usr/local/src/CPAN/build/Parse-Keyword-0.08-vSnUXV/blib/arch
    /usr/local/src/CPAN/build/Parse-Keyword-0.08-vSnUXV/blib/lib
    /usr/local/src/CPAN/build/Devel-CallParser-0.002-oswHbi/blib/arch
    /usr/local/src/CPAN/build/Devel-CallParser-0.002-oswHbi/blib/lib
    /usr/local/src/CPAN/build/Devel-CallChecker-0.006-_GaPx4/blib/arch
    /usr/local/src/CPAN/build/Devel-CallChecker-0.006-_GaPx4/blib/lib
    /usr/local/src/CPAN/build/DynaLoader-Functions-0.002-1nO1Y_/blib/arch
    /usr/local/src/CPAN/build/DynaLoader-Functions-0.002-1nO1Y_/blib/lib
    /usr/local/src/CPAN/build/Return-Type-0.005-P5mZ3y/blib/arch
    /usr/local/src/CPAN/build/Return-Type-0.005-P5mZ3y/blib/lib
    /usr/local/src/CPAN/build/Text-CSV-Slurp-1.02-0Ekeim/blib/arch
    /usr/local/src/CPAN/build/Text-CSV-Slurp-1.02-0Ekeim/blib/lib
    /usr/local/src/CPAN/build/Text-CSV-1.33-Z9rI8Y/blib/arch
    /usr/local/src/CPAN/build/Text-CSV-1.33-Z9rI8Y/blib/lib
    /usr/local/src/CPAN/build/Exporter-Tidy-0.08-RhqKw4/blib/arch
    /usr/local/src/CPAN/build/Exporter-Tidy-0.08-RhqKw4/blib/lib
    /usr/local/src/CPAN/build/Type-Tiny-1.000005-ETykwD/blib/arch
    /usr/local/src/CPAN/build/Type-Tiny-1.000005-ETykwD/blib/lib
    /usr/local/src/CPAN/build/Modern-Perl-1.20150127-xzPPVv/blib/arch
    /usr/local/src/CPAN/build/Modern-Perl-1.20150127-xzPPVv/blib/lib
    /usr/local/src/CPAN/build/File-Slurp-9999.19-kuAfGi/blib/arch
    /usr/local/src/CPAN/build/File-Slurp-9999.19-kuAfGi/blib/lib
    /usr/local/src/CPAN/build/Carp-Assert-0.21-0b13_n/blib/arch
    /usr/local/src/CPAN/build/Carp-Assert-0.21-0b13_n/blib/lib
    /usr/perl5.21.9t/lib/site_perl/5.21.9/amd64-freebsd-thread-multi
    /usr/perl5.21.9t/lib/site_perl/5.21.9
    /usr/perl5.21.9t/lib/5.21.9/amd64-freebsd-thread-multi
    /usr/perl5.21.9t/lib/5.21.9
    .